Build Information
Failed to build Mixi2, reference main (c3b891), with Swift 6.2 for Wasm on 10 Jul 2026 14:00:01 UTC.
Build Command
bash -c docker run --pull=always --rm -v "checkouts-53886769-0":/host -w "$PWD" -e JAVA_HOME="/root/.sdkman/candidates/java/current" -e SPI_BUILD="1" -e SPI_PROCESSING="1" registry.gitlab.com/saguaro1/spi-images:wasm-6.2-latest swift build --swift-sdk swift-6.2-RELEASE_wasm 2>&1Build Log
========================================
RunAll
========================================
Builder version: 0e64495ecc1688c3b3e031a5ef1348b5c05091ae
Interrupt handler set up.
========================================
Checkout
========================================
Clone URL: https://github.com/ainame/swift-mixi2.git
Reference: main
Initialized empty Git repository in /host/spi-builder-workspace/.git/
hint: Using 'master' as the name for the initial branch. This default branch name
hint: is subject to change. To configure the initial branch name to use in all
hint: of your new repositories, which will suppress this warning, call:
hint:
hint: git config --global init.defaultBranch <name>
hint:
hint: Names commonly chosen instead of 'master' are 'main', 'trunk' and
hint: 'development'. The just-created branch can be renamed via this command:
hint:
hint: git branch -m <name>
From https://github.com/ainame/swift-mixi2
* branch main -> FETCH_HEAD
* [new branch] main -> origin/main
HEAD is now at c3b891c Prepare 1.2.0 release
Submodule path 'vendor/mixi2-api': checked out '91b0915b43c5291cdff14ac3dc92b3fd8bb40bf9'
Submodule 'vendor/mixi2-api' (https://github.com/mixigroup/mixi2-api) registered for path 'vendor/mixi2-api'
Cloning into '/host/spi-builder-workspace/vendor/mixi2-api'...
Cloned https://github.com/ainame/swift-mixi2.git
Revision (git rev-parse @):
c3b891c2df89912eabb9dd055f9792b4cd05862d
SUCCESS checkout https://github.com/ainame/swift-mixi2.git at main
========================================
Build
========================================
Selected platform: wasm
Swift version: 6.2
Building package at path: $PWD
https://github.com/ainame/swift-mixi2.git
Running build ...
bash -c docker run --pull=always --rm -v "checkouts-53886769-0":/host -w "$PWD" -e JAVA_HOME="/root/.sdkman/candidates/java/current" -e SPI_BUILD="1" -e SPI_PROCESSING="1" registry.gitlab.com/saguaro1/spi-images:wasm-6.2-latest swift build --swift-sdk swift-6.2-RELEASE_wasm 2>&1
wasm-6.2-latest: Pulling from saguaro1/spi-images
Digest: sha256:dc8dffc38f1d92eca7ee5312617822470123661393ed20672e77964f9dcaaffb
Status: Image is up to date for registry.gitlab.com/saguaro1/spi-images:wasm-6.2-latest
Fetching https://github.com/swift-server/swift-service-lifecycle.git
Fetching https://github.com/swiftlang/swift-testing
Fetching https://github.com/apple/swift-protobuf
Fetching https://github.com/apple/swift-crypto
Fetching https://github.com/grpc/grpc-swift-nio-transport
Fetching https://github.com/grpc/grpc-swift-protobuf
[1/2534] Fetching grpc-swift-protobuf
[1116/5304] Fetching grpc-swift-protobuf, swift-service-lifecycle
[5280/11210] Fetching grpc-swift-protobuf, swift-service-lifecycle, grpc-swift-nio-transport
Fetched https://github.com/grpc/grpc-swift-protobuf from cache (0.44s)
[4306/8676] Fetching swift-service-lifecycle, grpc-swift-nio-transport
Fetching https://github.com/grpc/grpc-swift-2
[8677/47992] Fetching swift-service-lifecycle, grpc-swift-nio-transport, swift-testing
[12609/65778] Fetching swift-service-lifecycle, grpc-swift-nio-transport, swift-testing, swift-crypto
[21043/117529] Fetching swift-service-lifecycle, grpc-swift-nio-transport, swift-testing, swift-crypto, swift-protobuf
[34334/147716] Fetching swift-service-lifecycle, grpc-swift-nio-transport, swift-testing, swift-crypto, swift-protobuf, grpc-swift-2
Fetched https://github.com/swiftlang/swift-testing from cache (1.43s)
[73777/108400] Fetching swift-service-lifecycle, grpc-swift-nio-transport, swift-crypto, swift-protobuf, grpc-swift-2
Fetched https://github.com/grpc/grpc-swift-2 from cache (1.04s)
[50785/78213] Fetching swift-service-lifecycle, grpc-swift-nio-transport, swift-crypto, swift-protobuf
Fetched https://github.com/grpc/grpc-swift-nio-transport from cache (1.68s)
[58335/72307] Fetching swift-service-lifecycle, swift-crypto, swift-protobuf
Fetched https://github.com/apple/swift-crypto from cache (1.70s)
[41066/54521] Fetching swift-service-lifecycle, swift-protobuf
Fetched https://github.com/swift-server/swift-service-lifecycle.git from cache (3.61s)
Fetched https://github.com/apple/swift-protobuf from cache (3.64s)
Computing version for https://github.com/grpc/grpc-swift-2
Computed https://github.com/grpc/grpc-swift-2 at 2.4.2 (3.83s)
Fetching https://github.com/apple/swift-collections.git
[1/25985] Fetching swift-collections
Fetched https://github.com/apple/swift-collections.git from cache (1.35s)
Computing version for https://github.com/grpc/grpc-swift-protobuf
Computed https://github.com/grpc/grpc-swift-protobuf at 2.4.1 (1.56s)
Computing version for https://github.com/apple/swift-protobuf
Computed https://github.com/apple/swift-protobuf at 1.38.1 (0.19s)
Computing version for https://github.com/swift-server/swift-service-lifecycle.git
Computed https://github.com/swift-server/swift-service-lifecycle.git at 2.11.0 (0.15s)
Fetching https://github.com/apple/swift-async-algorithms.git
Fetching https://github.com/apple/swift-log.git
[1/7644] Fetching swift-log
[7645/14228] Fetching swift-log, swift-async-algorithms
Fetched https://github.com/apple/swift-log.git from cache (0.43s)
[2963/6584] Fetching swift-async-algorithms
Fetched https://github.com/apple/swift-async-algorithms.git from cache (0.50s)
Computing version for https://github.com/apple/swift-async-algorithms.git
Computed https://github.com/apple/swift-async-algorithms.git at 1.1.5 (0.72s)
Computing version for https://github.com/apple/swift-collections.git
Computed https://github.com/apple/swift-collections.git at 1.6.0 (0.25s)
Computing version for https://github.com/grpc/grpc-swift-nio-transport
Computed https://github.com/grpc/grpc-swift-nio-transport at 2.9.0 (0.18s)
Fetching https://github.com/apple/swift-nio.git
Fetching https://github.com/apple/swift-certificates.git
Fetching https://github.com/apple/swift-nio-ssl.git
Fetching https://github.com/apple/swift-nio-transport-services.git
Fetching https://github.com/apple/swift-nio-http2.git
Fetching https://github.com/apple/swift-asn1.git
[1/1914] Fetching swift-asn1
[480/4774] Fetching swift-asn1, swift-nio-transport-services
Fetched https://github.com/apple/swift-nio-transport-services.git from cache (0.45s)
[1321/1914] Fetching swift-asn1
Fetching https://github.com/apple/swift-nio-extras.git
[1915/9306] Fetching swift-asn1, swift-certificates
[1916/21462] Fetching swift-asn1, swift-certificates, swift-nio-http2
[12538/105971] Fetching swift-asn1, swift-certificates, swift-nio-http2, swift-nio
[22656/121560] Fetching swift-asn1, swift-certificates, swift-nio-http2, swift-nio, swift-nio-ssl
[49139/128158] Fetching swift-asn1, swift-certificates, swift-nio-http2, swift-nio, swift-nio-ssl, swift-nio-extras
Fetched https://github.com/apple/swift-nio-extras.git from cache (0.59s)
[71250/121560] Fetching swift-asn1, swift-certificates, swift-nio-http2, swift-nio, swift-nio-ssl
Fetched https://github.com/apple/swift-asn1.git from cache (1.38s)
[75702/119646] Fetching swift-certificates, swift-nio-http2, swift-nio, swift-nio-ssl
Fetched https://github.com/apple/swift-nio-http2.git from cache (1.38s)
[65236/107490] Fetching swift-certificates, swift-nio, swift-nio-ssl
Fetched https://github.com/apple/swift-nio-ssl.git from cache (1.39s)
[51337/91901] Fetching swift-certificates, swift-nio
Fetched https://github.com/apple/swift-certificates.git from cache (3.23s)
Fetched https://github.com/apple/swift-nio.git from cache (3.26s)
Computing version for https://github.com/apple/swift-nio-http2.git
Computed https://github.com/apple/swift-nio-http2.git at 1.44.0 (3.44s)
Fetching https://github.com/apple/swift-atomics.git
[1/1868] Fetching swift-atomics
Fetched https://github.com/apple/swift-atomics.git from cache (0.51s)
Computing version for https://github.com/apple/swift-atomics.git
Computed https://github.com/apple/swift-atomics.git at 1.3.1 (0.68s)
Computing version for https://github.com/apple/swift-nio-ssl.git
Computed https://github.com/apple/swift-nio-ssl.git at 2.37.1 (0.19s)
Computing version for https://github.com/apple/swift-nio.git
Computed https://github.com/apple/swift-nio.git at 2.101.2 (0.36s)
Fetching https://github.com/apple/swift-system.git
[1/6098] Fetching swift-system
Fetched https://github.com/apple/swift-system.git from cache (0.55s)
Computing version for https://github.com/apple/swift-certificates.git
Computed https://github.com/apple/swift-certificates.git at 1.19.3 (1.49s)
Computing version for https://github.com/apple/swift-crypto
Computed https://github.com/apple/swift-crypto at 3.15.1 (1.12s)
Computing version for https://github.com/apple/swift-asn1.git
Computed https://github.com/apple/swift-asn1.git at 1.7.1 (0.19s)
Computing version for https://github.com/apple/swift-nio-transport-services.git
Computed https://github.com/apple/swift-nio-transport-services.git at 1.28.0 (0.17s)
Computing version for https://github.com/apple/swift-system.git
Computed https://github.com/apple/swift-system.git at 1.7.4 (0.19s)
Computing version for https://github.com/swiftlang/swift-testing
Computed https://github.com/swiftlang/swift-testing at 6.3.2 (1.56s)
Fetching https://github.com/swiftlang/swift-syntax.git
[1/75903] Fetching swift-syntax
Fetched https://github.com/swiftlang/swift-syntax.git from cache (2.70s)
Computing version for https://github.com/apple/swift-nio-extras.git
Computed https://github.com/apple/swift-nio-extras.git at 1.34.3 (2.98s)
Fetching https://github.com/apple/swift-algorithms.git
Fetching https://github.com/apple/swift-http-structured-headers.git
Fetching https://github.com/apple/swift-http-types.git
[1/1219] Fetching swift-http-types
[50/7293] Fetching swift-http-types, swift-algorithms
[7294/8542] Fetching swift-http-types, swift-algorithms, swift-http-structured-headers
Fetched https://github.com/apple/swift-http-structured-headers.git from cache (0.66s)
Fetched https://github.com/apple/swift-http-types.git from cache (0.66s)
Fetched https://github.com/apple/swift-algorithms.git from cache (0.66s)
Computing version for https://github.com/apple/swift-algorithms.git
Computed https://github.com/apple/swift-algorithms.git at 1.2.1 (0.85s)
Fetching https://github.com/apple/swift-numerics.git
[1/6441] Fetching swift-numerics
Fetched https://github.com/apple/swift-numerics.git from cache (0.49s)
Computing version for https://github.com/apple/swift-http-types.git
Computed https://github.com/apple/swift-http-types.git at 1.6.0 (0.65s)
Computing version for https://github.com/apple/swift-numerics.git
Computed https://github.com/apple/swift-numerics.git at 1.1.1 (0.15s)
Computing version for https://github.com/apple/swift-http-structured-headers.git
Computed https://github.com/apple/swift-http-structured-headers.git at 1.7.0 (0.16s)
Computing version for https://github.com/apple/swift-log.git
Computed https://github.com/apple/swift-log.git at 1.14.0 (0.17s)
Computing version for https://github.com/swiftlang/swift-syntax.git
Computed https://github.com/swiftlang/swift-syntax.git at 603.0.2 (0.27s)
Creating working copy for https://github.com/apple/swift-numerics.git
Working copy of https://github.com/apple/swift-numerics.git resolved at 1.1.1
Creating working copy for https://github.com/apple/swift-nio.git
Working copy of https://github.com/apple/swift-nio.git resolved at 2.101.2
Creating working copy for https://github.com/apple/swift-protobuf
Working copy of https://github.com/apple/swift-protobuf resolved at 1.38.1
Creating working copy for https://github.com/apple/swift-nio-extras.git
Working copy of https://github.com/apple/swift-nio-extras.git resolved at 1.34.3
Creating working copy for https://github.com/apple/swift-certificates.git
Working copy of https://github.com/apple/swift-certificates.git resolved at 1.19.3
Creating working copy for https://github.com/apple/swift-http-types.git
Working copy of https://github.com/apple/swift-http-types.git resolved at 1.6.0
Creating working copy for https://github.com/apple/swift-collections.git
Working copy of https://github.com/apple/swift-collections.git resolved at 1.6.0
Creating working copy for https://github.com/grpc/grpc-swift-nio-transport
Working copy of https://github.com/grpc/grpc-swift-nio-transport resolved at 2.9.0
Creating working copy for https://github.com/grpc/grpc-swift-2
Working copy of https://github.com/grpc/grpc-swift-2 resolved at 2.4.2
Creating working copy for https://github.com/apple/swift-algorithms.git
Working copy of https://github.com/apple/swift-algorithms.git resolved at 1.2.1
Creating working copy for https://github.com/apple/swift-log.git
Working copy of https://github.com/apple/swift-log.git resolved at 1.14.0
Creating working copy for https://github.com/apple/swift-nio-http2.git
Working copy of https://github.com/apple/swift-nio-http2.git resolved at 1.44.0
Creating working copy for https://github.com/apple/swift-nio-transport-services.git
Working copy of https://github.com/apple/swift-nio-transport-services.git resolved at 1.28.0
Creating working copy for https://github.com/swift-server/swift-service-lifecycle.git
Working copy of https://github.com/swift-server/swift-service-lifecycle.git resolved at 2.11.0
Creating working copy for https://github.com/swiftlang/swift-testing
Working copy of https://github.com/swiftlang/swift-testing resolved at 6.3.2
Creating working copy for https://github.com/apple/swift-atomics.git
Working copy of https://github.com/apple/swift-atomics.git resolved at 1.3.1
Creating working copy for https://github.com/swiftlang/swift-syntax.git
Working copy of https://github.com/swiftlang/swift-syntax.git resolved at 603.0.2
Creating working copy for https://github.com/apple/swift-nio-ssl.git
Working copy of https://github.com/apple/swift-nio-ssl.git resolved at 2.37.1
Creating working copy for https://github.com/apple/swift-crypto
Working copy of https://github.com/apple/swift-crypto resolved at 3.15.1
Creating working copy for https://github.com/apple/swift-asn1.git
Working copy of https://github.com/apple/swift-asn1.git resolved at 1.7.1
Creating working copy for https://github.com/grpc/grpc-swift-protobuf
Working copy of https://github.com/grpc/grpc-swift-protobuf resolved at 2.4.1
Creating working copy for https://github.com/apple/swift-async-algorithms.git
Working copy of https://github.com/apple/swift-async-algorithms.git resolved at 1.1.5
Creating working copy for https://github.com/apple/swift-http-structured-headers.git
Working copy of https://github.com/apple/swift-http-structured-headers.git resolved at 1.7.0
Creating working copy for https://github.com/apple/swift-system.git
Working copy of https://github.com/apple/swift-system.git resolved at 1.7.4
Downloading binary artifact https://github.com/nicklockwood/SwiftFormat/releases/download/0.59.1/swiftformat.artifactbundle.zip
[16375/46305413] Downloading https://github.com/nicklockwood/SwiftFormat/releases/download/0.59.1/swiftformat.artifactbundle.zip
Downloaded https://github.com/nicklockwood/SwiftFormat/releases/download/0.59.1/swiftformat.artifactbundle.zip (2.89s)
[1/1] Compiling plugin SwiftFormatPlugin
[2/2] Compiling plugin SwiftProtobufPlugin
[3/3] Compiling plugin generate-grpc-code-from-protos
[4/4] Compiling plugin GRPCProtobufGenerator
Building for debugging...
[4/828] Write sources
[34/828] Compiling CNIOWindows WSAStartup.c
[34/828] Write sources
[34/828] Compiling CNIOLinux shim.c
[34/828] Compiling CNIOOpenBSD shim.c
[34/828] Write sources
[45/828] Compiling CNIOWindows shim.c
[46/828] Compiling CNIOLinux liburing_shims.c
[47/828] Compiling CNIOPosix event_loop_id.c
[48/828] Compiling CNIODarwin shim.c
[49/828] Compiling CNIOWASI CNIOWASI.c
[50/828] Compiling _AtomicsShims.c
[51/828] Compiling CNIOFreeBSD shim.c
[52/828] Compiling CNIOLLHTTP c_nio_http.c
[53/828] Compiling fiat_p256_adx_sqr.S
[54/828] Compiling fiat_p256_adx_mul.S
[55/828] Compiling CNIOLLHTTP c_nio_api.c
[56/828] Compiling fiat_curve25519_adx_square.S
[57/828] Write swift-version-24593BA9C3E375BF.txt
[58/828] Compiling fiat_curve25519_adx_mul.S
[59/832] Compiling CNIOBoringSSLShims shims.c
[61/834] Emitting module _NIODataStructures
[61/834] Compiling CNIOLLHTTP c_nio_llhttp.c
[62/836] Compiling tls13_client.cc
[63/836] Compiling tls_record.cc
[64/836] Compiling tls_method.cc
[66/867] Emitting module _CertificateInternals
[66/948] Compiling tls13_server.cc
[67/966] Compiling tls13_enc.cc
[69/969] Compiling InternalCollectionsUtilities UnsafeMutableBufferPointer+Extras.swift
[70/969] Compiling InternalCollectionsUtilities UnsafeMutableRawBufferPointer+Extras.swift
[71/971] Compiling InternalCollectionsUtilities UnsafeBufferPointer+Extras.swift
[73/971] Compiling InternalCollectionsUtilities _UnsafeBitSet+_Word.swift
[74/971] Compiling InternalCollectionsUtilities _UnsafeBitSet.swift
[75/971] Compiling InternalCollectionsUtilities String+Padding.swift
[76/971] Compiling InternalCollectionsUtilities _UnsafeBitSet+Index.swift
[77/971] Compiling ConcurrencyHelpers LockedValueBox.swift
[78/973] Compiling InternalCollectionsUtilities _SortedCollection.swift
[79/973] Compiling InternalCollectionsUtilities _UniqueCollection.swift
[80/973] Compiling InternalCollectionsUtilities FixedWidthInteger+roundUpToPowerOfTwo.swift
[82/973] Compiling _NIODataStructures _TinyArray.swift
[84/973] Compiling SwiftASN1 DER.swift
[85/973] Compiling InternalCollectionsUtilities Integer rank.swift
[86/973] Compiling InternalCollectionsUtilities UInt+first and last set bit.swift
[87/973] Compiling InternalCollectionsUtilities UInt+reversed.swift
[88/973] Compiling _NIODataStructures PriorityQueue.swift
[92/973] Emitting module InternalCollectionsUtilities
[93/973] Compiling _NIOBase64 Base64.swift
[94/973] Emitting module _NIOBase64
[95/973] Compiling InternalCollectionsUtilities Debugging.swift
[96/973] Compiling InternalCollectionsUtilities Descriptions.swift
[98/973] Compiling InternalCollectionsUtilities LifetimeOverride.swift
[99/973] Compiling InternalCollectionsUtilities RandomAccessCollection+Offsets.swift
[100/973] Compiling InternalCollectionsUtilities Span+Extras.swift
[107/975] Compiling Logging Logger+With.swift
[109/976] Compiling Logging LoggingSystem.swift
[110/976] Compiling _CertificateInternals _TinyArray.swift
[111/977] Compiling Logging Logger+Attributes.swift
[115/977] Emitting module SwiftASN1
[116/1070] Compiling Logging Logger.swift
[117/1070] Compiling ContainersPreview Producer+Map.swift
[118/1070] Compiling ContainersPreview Producer+Reduce.swift
[119/1070] Compiling ContainersPreview Producer.swift
[120/1070] Compiling ContainersPreview InputSpan.swift
[121/1070] Compiling ContainersPreview MutableRef.swift
[122/1070] Compiling ContainersPreview Drain+Map.swift
[123/1070] Compiling ContainersPreview Drain+Reduce.swift
[124/1070] Compiling ContainersPreview Drain.swift
[125/1070] Compiling ContainersPreview Producer+Collect.swift
[126/1070] Compiling ContainersPreview Producer+Filter.swift
[127/1074] Compiling ContainersPreview Container+SpanwiseZip.swift
[128/1074] Compiling ContainersPreview Container.swift
[129/1074] Compiling ContainersPreview ContainerIterator.swift
[130/1074] Compiling ContainersPreview DynamicContainer.swift
[131/1074] Compiling ContainersPreview MutableContainer.swift
[132/1074] Compiling ContainersPreview BorrowingIteratorProtocol+Map.swift
[133/1074] Compiling ContainersPreview BorrowingIteratorProtocol+Reduce.swift
[134/1074] Compiling ContainersPreview BorrowingIteratorProtocol+SpanwiseZip.swift
[135/1074] Compiling ContainersPreview BorrowingIteratorProtocol.swift
[136/1074] Compiling ContainersPreview BorrowingSequence+Algorithms.swift
[137/1074] Compiling ContainersPreview BorrowingSequence+Standard Conformances.swift
[138/1074] Compiling ContainersPreview BorrowingSequence+Utilities.swift
[139/1074] Compiling ContainersPreview BorrowingSequence.swift
[140/1074] Compiling ContainersPreview BidirectionalContainer.swift
[141/1074] Compiling ContainersPreview Container+Filter.swift
[142/1074] Compiling ContainersPreview PermutableContainer.swift
[143/1074] Compiling ContainersPreview RandomAccessContainer.swift
[144/1074] Compiling ContainersPreview RangeExpression2.swift
[145/1074] Compiling ContainersPreview RangeReplaceableContainer.swift
[146/1074] Compiling ContainersPreview Strideable+Limits.swift
[147/1074] Compiling ConcurrencyHelpers Lock.swift
[148/1074] Emitting module ConcurrencyHelpers
[149/1074] Compiling ContainersPreview Ref.swift
[150/1074] Compiling ContainersPreview Shared.swift
[151/1074] Compiling ContainersPreview SpanIterator.swift
[152/1074] Compiling ContainersPreview UniqueBox.swift
[153/1075] Compiling Logging MetadataProvider.swift
[155/1075] Emitting module ContainersPreview
[156/1075] Compiling ContainersPreview OutputSpan+Extras.swift
[157/1075] Compiling ContainersPreview TemporaryAllocation.swift
[158/1075] Compiling ContainersPreview BorrowingIteratorProtocol+Copy.swift
[159/1075] Compiling ContainersPreview BorrowingIteratorProtocol+ElementsEqual.swift
[160/1075] Compiling ContainersPreview BorrowingIteratorProtocol+Filter.swift
[163/1076] Emitting module Logging
[168/1077] Compiling _NIODataStructures Heap.swift
[177/1095] Compiling OrderedCollections OrderedSet+Partial SetAlgebra formSymmetricDifference.swift
[178/1095] Compiling OrderedCollections OrderedSet+Partial SetAlgebra formUnion.swift
[179/1095] Compiling OrderedCollections OrderedSet+Partial SetAlgebra intersection.swift
[180/1095] Compiling OrderedCollections OrderedSet+Partial SetAlgebra isDisjoint.swift
[181/1095] Compiling OrderedCollections OrderedSet+Partial SetAlgebra isEqualSet.swift
[182/1095] Compiling OrderedCollections OrderedSet+Partial SetAlgebra isStrictSubset.swift
[183/1095] Compiling OrderedCollections OrderedSet+Partial SetAlgebra isStrictSuperset.swift
[184/1095] Compiling OrderedCollections OrderedSet+Partial SetAlgebra isSubset.swift
[185/1095] Compiling SwiftProtobuf TextFormatDecoder.swift
[186/1095] Compiling SwiftProtobuf TextFormatDecodingError.swift
[187/1095] Compiling SwiftProtobuf TextFormatDecodingOptions.swift
[188/1095] Compiling SwiftProtobuf TextFormatEncoder.swift
[189/1122] Compiling UnixSignals UnixSignal.swift
[190/1134] Compiling OrderedCollections OrderedSet+Partial SetAlgebra isSuperset.swift
[191/1134] Compiling OrderedCollections OrderedSet+Partial SetAlgebra subtract.swift
[192/1134] Compiling OrderedCollections OrderedSet+Partial SetAlgebra subtracting.swift
[193/1134] Compiling OrderedCollections OrderedSet+Partial SetAlgebra symmetricDifference.swift
[194/1134] Compiling OrderedCollections OrderedSet+Partial SetAlgebra union.swift
[195/1134] Compiling OrderedCollections OrderedSet+Partial SetAlgebra+Basics.swift
[196/1134] Compiling OrderedCollections OrderedSet+RandomAccessCollection.swift
[197/1134] Compiling OrderedCollections OrderedSet+ReserveCapacity.swift
[206/1141] Compiling UnixSignals UnixSignalsSequence.swift
[207/1141] Emitting module UnixSignals
[209/1142] Compiling DequeModule UniqueDeque+Container.swift
[210/1142] Compiling DequeModule UniqueDeque+Deprecated.swift
[211/1142] Compiling DequeModule UniqueDeque+Descriptions.swift
[212/1142] Compiling DequeModule UniqueDeque+Equatable.swift
[213/1142] Compiling DequeModule UniqueDeque+Experimental.swift
[214/1147] Compiling DequeModule _DequeBuffer.swift
[215/1147] Compiling DequeModule _DequeBufferHeader.swift
[216/1147] Compiling DequeModule RigidDeque+Append.swift
[217/1147] Compiling DequeModule RigidDeque+Consumption.swift
[218/1147] Compiling DequeModule RigidDeque+Container.swift
[219/1147] Compiling DequeModule RigidDeque+Descriptions.swift
[220/1147] Compiling DequeModule UniqueDeque+Hashable.swift
[221/1147] Compiling DequeModule UniqueDeque+Initializers.swift
[222/1147] Compiling DequeModule UniqueDeque+Insertions.swift
[223/1147] Compiling DequeModule UniqueDeque+Prepend.swift
[224/1147] Compiling DequeModule UniqueDeque+Removals.swift
[225/1147] Emitting module SwiftProtobuf
[226/1147] Compiling DequeModule RigidDeque+Equatable.swift
[227/1147] Compiling DequeModule RigidDeque+Experimental.swift
[228/1147] Compiling DequeModule RigidDeque+Hashable.swift
[229/1147] Compiling DequeModule RigidDeque+Initializers.swift
[230/1147] Compiling DequeModule RigidDeque+Insertions.swift
[231/1147] Compiling DequeModule RigidDeque+Prepend.swift
[232/1147] Compiling DequeModule RigidDeque+Removals.swift
[233/1147] Compiling DequeModule RigidDeque+Replacements.swift
[242/1147] Compiling DequeModule RigidDeque+Testing.swift
[243/1147] Compiling DequeModule RigidDeque.swift
[244/1147] Compiling DequeModule UniqueDeque+Append.swift
[245/1147] Compiling DequeModule UniqueDeque+Consumption.swift
[246/1147] Compiling DequeModule Deque+CustomReflectable.swift
[247/1147] Compiling DequeModule Deque+Descriptions.swift
[248/1147] Compiling DequeModule Deque+Equatable.swift
[249/1147] Compiling DequeModule Deque+ExpressibleByArrayLiteral.swift
[254/1147] Compiling DequeModule Deque+Extras.swift
[255/1147] Compiling DequeModule Deque+Hashable.swift
[256/1147] Compiling DequeModule Deque+Testing.swift
[257/1147] Compiling DequeModule Deque._Storage.swift
[258/1147] Compiling DequeModule Deque._UnsafeHandle.swift
[259/1147] Compiling DequeModule Deque.swift
[260/1147] Compiling DequeModule Deque+Codable.swift
[261/1147] Compiling DequeModule Deque+Collection.swift
[261/1147] Compiling tls13_both.cc
[278/1147] Compiling ssl_versions.cc
[279/1147] Compiling t1_enc.cc
[293/1147] Compiling OrderedCollections OrderedSet+Sendable.swift
[294/1147] Compiling OrderedCollections OrderedSet+SubSequence.swift
[295/1147] Compiling OrderedCollections OrderedSet+Testing.swift
[296/1147] Compiling OrderedCollections OrderedSet+UnorderedView.swift
[297/1147] Compiling OrderedCollections OrderedSet+UnstableInternals.swift
[298/1147] Compiling OrderedCollections OrderedSet.swift
[299/1147] Compiling OrderedCollections _UnsafeBitset.swift
[299/1147] Compiling ssl_x509.cc
[300/1147] Compiling ssl_transcript.cc
[302/1147] Emitting module OrderedCollections
[308/1148] Compiling DequeModule UniqueDeque+Replacements.swift
[309/1148] Compiling DequeModule UniqueDeque.swift
[310/1148] Compiling DequeModule _DequeSlot.swift
[311/1148] Compiling DequeModule _UnsafeDequeHandle.swift
[312/1148] Compiling DequeModule _UnsafeDequeSegments.swift
[340/1148] Compiling SwiftProtobuf TextFormatEncodingOptions.swift
[341/1148] Compiling SwiftProtobuf TextFormatEncodingVisitor.swift
[342/1148] Compiling SwiftProtobuf TextFormatScanner.swift
[343/1148] Compiling SwiftProtobuf TimeUtils.swift
[344/1148] Compiling SwiftProtobuf UnknownStorage.swift
[345/1148] Compiling SwiftProtobuf UnsafeRawPointer+Shims.swift
[346/1148] Compiling SwiftProtobuf Varint.swift
[347/1148] Compiling SwiftProtobuf Version.swift
[348/1148] Compiling SwiftProtobuf Visitor.swift
[349/1148] Compiling SwiftProtobuf WireFormat.swift
[350/1148] Compiling SwiftProtobuf ZigZag.swift
[354/1148] Compiling SwiftProtobuf Message+JSONAdditions_Data.swift
[355/1148] Compiling SwiftProtobuf Message+JSONArrayAdditions.swift
[356/1148] Compiling SwiftProtobuf Message+JSONArrayAdditions_Data.swift
[357/1148] Compiling SwiftProtobuf Message+TextFormatAdditions.swift
[358/1148] Compiling SwiftProtobuf Message.swift
[359/1148] Compiling SwiftProtobuf MessageExtension.swift
[360/1148] Compiling SwiftProtobuf NameMap.swift
[361/1148] Compiling SwiftProtobuf PathDecoder.swift
[362/1148] Compiling SwiftProtobuf PathVisitor.swift
[362/1148] Compiling ssl_stat.cc
[363/1148] Compiling ssl_session.cc
[364/1148] Compiling ssl_privkey.cc
[365/1148] Compiling ssl_key_share.cc
[366/1148] Compiling ssl_file.cc
[368/1148] Emitting module DequeModule
[368/1148] Compiling ssl_lib.cc
[381/1148] Compiling ssl_credential.cc
[388/1149] Compiling ssl_cipher.cc
[389/1204] Compiling ssl_cert.cc
[390/1204] Compiling ssl_buffer.cc
[391/1204] Compiling ssl_asn1.cc
[392/1204] Compiling s3_pkt.cc
[393/1204] Compiling ssl_aead_ctx.cc
[394/1204] Compiling s3_lib.cc
[395/1204] Compiling handshake_server.cc
[396/1204] Compiling s3_both.cc
[397/1204] Compiling handshake_client.cc
[399/1204] Compiling GRPCCore RPCWriter+Map.swift
/host/spi-builder-workspace/.build/checkouts/grpc-swift-2/Sources/GRPCCore/Call/Client/Internal/RetryDelaySequence.swift:27:8: error: Unsupported OS
25 | public import ucrt // should be @usableFromInline
26 | #else
27 | #error("Unsupported OS")
| `- error: Unsupported OS
28 | #endif
29 |
/host/spi-builder-workspace/.build/checkouts/grpc-swift-2/Sources/GRPCCore/Timeout.swift:17:17: error: no such module 'Dispatch'
15 | */
16 |
17 | internal import Dispatch
| `- error: no such module 'Dispatch'
18 |
19 | /// A timeout for a gRPC call.
[400/1204] Compiling GRPCCore RPCWriter+MessageToRPCResponsePart.swift
/host/spi-builder-workspace/.build/checkouts/grpc-swift-2/Sources/GRPCCore/Call/Client/Internal/RetryDelaySequence.swift:27:8: error: Unsupported OS
25 | public import ucrt // should be @usableFromInline
26 | #else
27 | #error("Unsupported OS")
| `- error: Unsupported OS
28 | #endif
29 |
/host/spi-builder-workspace/.build/checkouts/grpc-swift-2/Sources/GRPCCore/Timeout.swift:17:17: error: no such module 'Dispatch'
15 | */
16 |
17 | internal import Dispatch
| `- error: no such module 'Dispatch'
18 |
19 | /// A timeout for a gRPC call.
[401/1204] Compiling GRPCCore RPCWriter+Serialize.swift
/host/spi-builder-workspace/.build/checkouts/grpc-swift-2/Sources/GRPCCore/Call/Client/Internal/RetryDelaySequence.swift:27:8: error: Unsupported OS
25 | public import ucrt // should be @usableFromInline
26 | #else
27 | #error("Unsupported OS")
| `- error: Unsupported OS
28 | #endif
29 |
/host/spi-builder-workspace/.build/checkouts/grpc-swift-2/Sources/GRPCCore/Timeout.swift:17:17: error: no such module 'Dispatch'
15 | */
16 |
17 | internal import Dispatch
| `- error: no such module 'Dispatch'
18 |
19 | /// A timeout for a gRPC call.
[402/1204] Compiling GRPCCore UncheckedAsyncIteratorSequence.swift
/host/spi-builder-workspace/.build/checkouts/grpc-swift-2/Sources/GRPCCore/Call/Client/Internal/RetryDelaySequence.swift:27:8: error: Unsupported OS
25 | public import ucrt // should be @usableFromInline
26 | #else
27 | #error("Unsupported OS")
| `- error: Unsupported OS
28 | #endif
29 |
/host/spi-builder-workspace/.build/checkouts/grpc-swift-2/Sources/GRPCCore/Timeout.swift:17:17: error: no such module 'Dispatch'
15 | */
16 |
17 | internal import Dispatch
| `- error: no such module 'Dispatch'
18 |
19 | /// A timeout for a gRPC call.
[403/1204] Compiling GRPCCore RPCAsyncSequence.swift
/host/spi-builder-workspace/.build/checkouts/grpc-swift-2/Sources/GRPCCore/Call/Client/Internal/RetryDelaySequence.swift:27:8: error: Unsupported OS
25 | public import ucrt // should be @usableFromInline
26 | #else
27 | #error("Unsupported OS")
| `- error: Unsupported OS
28 | #endif
29 |
/host/spi-builder-workspace/.build/checkouts/grpc-swift-2/Sources/GRPCCore/Timeout.swift:17:17: error: no such module 'Dispatch'
15 | */
16 |
17 | internal import Dispatch
| `- error: no such module 'Dispatch'
18 |
19 | /// A timeout for a gRPC call.
[404/1204] Compiling GRPCCore RPCWriter+Closable.swift
/host/spi-builder-workspace/.build/checkouts/grpc-swift-2/Sources/GRPCCore/Call/Client/Internal/RetryDelaySequence.swift:27:8: error: Unsupported OS
25 | public import ucrt // should be @usableFromInline
26 | #else
27 | #error("Unsupported OS")
| `- error: Unsupported OS
28 | #endif
29 |
/host/spi-builder-workspace/.build/checkouts/grpc-swift-2/Sources/GRPCCore/Timeout.swift:17:17: error: no such module 'Dispatch'
15 | */
16 |
17 | internal import Dispatch
| `- error: no such module 'Dispatch'
18 |
19 | /// A timeout for a gRPC call.
[405/1204] Compiling GRPCCore RPCWriter.swift
/host/spi-builder-workspace/.build/checkouts/grpc-swift-2/Sources/GRPCCore/Call/Client/Internal/RetryDelaySequence.swift:27:8: error: Unsupported OS
25 | public import ucrt // should be @usableFromInline
26 | #else
27 | #error("Unsupported OS")
| `- error: Unsupported OS
28 | #endif
29 |
/host/spi-builder-workspace/.build/checkouts/grpc-swift-2/Sources/GRPCCore/Timeout.swift:17:17: error: no such module 'Dispatch'
15 | */
16 |
17 | internal import Dispatch
| `- error: no such module 'Dispatch'
18 |
19 | /// A timeout for a gRPC call.
[406/1211] Compiling GRPCCore CompressionAlgorithm.swift
/host/spi-builder-workspace/.build/checkouts/grpc-swift-2/Sources/GRPCCore/Call/Client/Internal/RetryDelaySequence.swift:27:8: error: Unsupported OS
25 | public import ucrt // should be @usableFromInline
26 | #else
27 | #error("Unsupported OS")
| `- error: Unsupported OS
28 | #endif
29 |
/host/spi-builder-workspace/.build/checkouts/grpc-swift-2/Sources/GRPCCore/Timeout.swift:17:17: error: no such module 'Dispatch'
15 | */
16 |
17 | internal import Dispatch
| `- error: no such module 'Dispatch'
18 |
19 | /// A timeout for a gRPC call.
[407/1211] Compiling GRPCCore GRPCContiguousBytes.swift
/host/spi-builder-workspace/.build/checkouts/grpc-swift-2/Sources/GRPCCore/Call/Client/Internal/RetryDelaySequence.swift:27:8: error: Unsupported OS
25 | public import ucrt // should be @usableFromInline
26 | #else
27 | #error("Unsupported OS")
| `- error: Unsupported OS
28 | #endif
29 |
/host/spi-builder-workspace/.build/checkouts/grpc-swift-2/Sources/GRPCCore/Timeout.swift:17:17: error: no such module 'Dispatch'
15 | */
16 |
17 | internal import Dispatch
| `- error: no such module 'Dispatch'
18 |
19 | /// A timeout for a gRPC call.
[408/1211] Compiling GRPCCore MethodConfig.swift
/host/spi-builder-workspace/.build/checkouts/grpc-swift-2/Sources/GRPCCore/Call/Client/Internal/RetryDelaySequence.swift:27:8: error: Unsupported OS
25 | public import ucrt // should be @usableFromInline
26 | #else
27 | #error("Unsupported OS")
| `- error: Unsupported OS
28 | #endif
29 |
/host/spi-builder-workspace/.build/checkouts/grpc-swift-2/Sources/GRPCCore/Timeout.swift:17:17: error: no such module 'Dispatch'
15 | */
16 |
17 | internal import Dispatch
| `- error: no such module 'Dispatch'
18 |
19 | /// A timeout for a gRPC call.
[409/1211] Compiling GRPCCore ServiceConfig.swift
/host/spi-builder-workspace/.build/checkouts/grpc-swift-2/Sources/GRPCCore/Call/Client/Internal/RetryDelaySequence.swift:27:8: error: Unsupported OS
25 | public import ucrt // should be @usableFromInline
26 | #else
27 | #error("Unsupported OS")
| `- error: Unsupported OS
28 | #endif
29 |
/host/spi-builder-workspace/.build/checkouts/grpc-swift-2/Sources/GRPCCore/Timeout.swift:17:17: error: no such module 'Dispatch'
15 | */
16 |
17 | internal import Dispatch
| `- error: no such module 'Dispatch'
18 |
19 | /// A timeout for a gRPC call.
[410/1211] Compiling GRPCCore GRPCClient.swift
/host/spi-builder-workspace/.build/checkouts/grpc-swift-2/Sources/GRPCCore/Call/Client/Internal/RetryDelaySequence.swift:27:8: error: Unsupported OS
25 | public import ucrt // should be @usableFromInline
26 | #else
27 | #error("Unsupported OS")
| `- error: Unsupported OS
28 | #endif
29 |
/host/spi-builder-workspace/.build/checkouts/grpc-swift-2/Sources/GRPCCore/Timeout.swift:17:17: error: no such module 'Dispatch'
15 | */
16 |
17 | internal import Dispatch
| `- error: no such module 'Dispatch'
18 |
19 | /// A timeout for a gRPC call.
[411/1211] Compiling GRPCCore GRPCServer.swift
/host/spi-builder-workspace/.build/checkouts/grpc-swift-2/Sources/GRPCCore/Call/Client/Internal/RetryDelaySequence.swift:27:8: error: Unsupported OS
25 | public import ucrt // should be @usableFromInline
26 | #else
27 | #error("Unsupported OS")
| `- error: Unsupported OS
28 | #endif
29 |
/host/spi-builder-workspace/.build/checkouts/grpc-swift-2/Sources/GRPCCore/Timeout.swift:17:17: error: no such module 'Dispatch'
15 | */
16 |
17 | internal import Dispatch
| `- error: no such module 'Dispatch'
18 |
19 | /// A timeout for a gRPC call.
[412/1211] Compiling GRPCCore Base64.swift
/host/spi-builder-workspace/.build/checkouts/grpc-swift-2/Sources/GRPCCore/Call/Client/Internal/RetryDelaySequence.swift:27:8: error: Unsupported OS
25 | public import ucrt // should be @usableFromInline
26 | #else
27 | #error("Unsupported OS")
| `- error: Unsupported OS
28 | #endif
29 |
/host/spi-builder-workspace/.build/checkouts/grpc-swift-2/Sources/GRPCCore/Timeout.swift:17:17: error: no such module 'Dispatch'
15 | */
16 |
17 | internal import Dispatch
| `- error: no such module 'Dispatch'
18 |
19 | /// A timeout for a gRPC call.
[413/1211] Compiling GRPCCore UnsafeTransfer.swift
/host/spi-builder-workspace/.build/checkouts/grpc-swift-2/Sources/GRPCCore/Call/Client/Internal/RetryDelaySequence.swift:27:8: error: Unsupported OS
25 | public import ucrt // should be @usableFromInline
26 | #else
27 | #error("Unsupported OS")
| `- error: Unsupported OS
28 | #endif
29 |
/host/spi-builder-workspace/.build/checkouts/grpc-swift-2/Sources/GRPCCore/Timeout.swift:17:17: error: no such module 'Dispatch'
15 | */
16 |
17 | internal import Dispatch
| `- error: no such module 'Dispatch'
18 |
19 | /// A timeout for a gRPC call.
[413/1211] Compiling handshake.cc
[415/1211] Compiling GRPCCore CallOptions.swift
/host/spi-builder-workspace/.build/checkouts/grpc-swift-2/Sources/GRPCCore/Call/Client/Internal/RetryDelaySequence.swift:27:8: error: Unsupported OS
25 | public import ucrt // should be @usableFromInline
26 | #else
27 | #error("Unsupported OS")
| `- error: Unsupported OS
28 | #endif
29 |
/host/spi-builder-workspace/.build/checkouts/grpc-swift-2/Sources/GRPCCore/Timeout.swift:17:17: error: no such module 'Dispatch'
15 | */
16 |
17 | internal import Dispatch
| `- error: no such module 'Dispatch'
18 |
19 | /// A timeout for a gRPC call.
[416/1211] Compiling GRPCCore ClientContext.swift
/host/spi-builder-workspace/.build/checkouts/grpc-swift-2/Sources/GRPCCore/Call/Client/Internal/RetryDelaySequence.swift:27:8: error: Unsupported OS
25 | public import ucrt // should be @usableFromInline
26 | #else
27 | #error("Unsupported OS")
| `- error: Unsupported OS
28 | #endif
29 |
/host/spi-builder-workspace/.build/checkouts/grpc-swift-2/Sources/GRPCCore/Timeout.swift:17:17: error: no such module 'Dispatch'
15 | */
16 |
17 | internal import Dispatch
| `- error: no such module 'Dispatch'
18 |
19 | /// A timeout for a gRPC call.
[417/1211] Compiling GRPCCore ClientInterceptor.swift
/host/spi-builder-workspace/.build/checkouts/grpc-swift-2/Sources/GRPCCore/Call/Client/Internal/RetryDelaySequence.swift:27:8: error: Unsupported OS
25 | public import ucrt // should be @usableFromInline
26 | #else
27 | #error("Unsupported OS")
| `- error: Unsupported OS
28 | #endif
29 |
/host/spi-builder-workspace/.build/checkouts/grpc-swift-2/Sources/GRPCCore/Timeout.swift:17:17: error: no such module 'Dispatch'
15 | */
16 |
17 | internal import Dispatch
| `- error: no such module 'Dispatch'
18 |
19 | /// A timeout for a gRPC call.
[418/1211] Compiling GRPCCore ClientRequest.swift
/host/spi-builder-workspace/.build/checkouts/grpc-swift-2/Sources/GRPCCore/Call/Client/Internal/RetryDelaySequence.swift:27:8: error: Unsupported OS
25 | public import ucrt // should be @usableFromInline
26 | #else
27 | #error("Unsupported OS")
| `- error: Unsupported OS
28 | #endif
29 |
/host/spi-builder-workspace/.build/checkouts/grpc-swift-2/Sources/GRPCCore/Timeout.swift:17:17: error: no such module 'Dispatch'
15 | */
16 |
17 | internal import Dispatch
| `- error: no such module 'Dispatch'
18 |
19 | /// A timeout for a gRPC call.
[419/1211] Compiling GRPCCore ClientResponse.swift
/host/spi-builder-workspace/.build/checkouts/grpc-swift-2/Sources/GRPCCore/Call/Client/Internal/RetryDelaySequence.swift:27:8: error: Unsupported OS
25 | public import ucrt // should be @usableFromInline
26 | #else
27 | #error("Unsupported OS")
| `- error: Unsupported OS
28 | #endif
29 |
/host/spi-builder-workspace/.build/checkouts/grpc-swift-2/Sources/GRPCCore/Timeout.swift:17:17: error: no such module 'Dispatch'
15 | */
16 |
17 | internal import Dispatch
| `- error: no such module 'Dispatch'
18 |
19 | /// A timeout for a gRPC call.
[420/1211] Compiling GRPCCore ClientRPCExecutor+HedgingExecutor.swift
/host/spi-builder-workspace/.build/checkouts/grpc-swift-2/Sources/GRPCCore/Call/Client/Internal/RetryDelaySequence.swift:27:8: error: Unsupported OS
25 | public import ucrt // should be @usableFromInline
26 | #else
27 | #error("Unsupported OS")
| `- error: Unsupported OS
28 | #endif
29 |
/host/spi-builder-workspace/.build/checkouts/grpc-swift-2/Sources/GRPCCore/Timeout.swift:17:17: error: no such module 'Dispatch'
15 | */
16 |
17 | internal import Dispatch
| `- error: no such module 'Dispatch'
18 |
19 | /// A timeout for a gRPC call.
[421/1211] Compiling GRPCCore ClientRPCExecutor+OneShotExecutor.swift
/host/spi-builder-workspace/.build/checkouts/grpc-swift-2/Sources/GRPCCore/Call/Client/Internal/RetryDelaySequence.swift:27:8: error: Unsupported OS
25 | public import ucrt // should be @usableFromInline
26 | #else
27 | #error("Unsupported OS")
| `- error: Unsupported OS
28 | #endif
29 |
/host/spi-builder-workspace/.build/checkouts/grpc-swift-2/Sources/GRPCCore/Timeout.swift:17:17: error: no such module 'Dispatch'
15 | */
16 |
17 | internal import Dispatch
| `- error: no such module 'Dispatch'
18 |
19 | /// A timeout for a gRPC call.
[422/1211] Compiling GRPCCore ClientRPCExecutor+RetryExecutor.swift
/host/spi-builder-workspace/.build/checkouts/grpc-swift-2/Sources/GRPCCore/Call/Client/Internal/RetryDelaySequence.swift:27:8: error: Unsupported OS
25 | public import ucrt // should be @usableFromInline
26 | #else
27 | #error("Unsupported OS")
| `- error: Unsupported OS
28 | #endif
29 |
/host/spi-builder-workspace/.build/checkouts/grpc-swift-2/Sources/GRPCCore/Timeout.swift:17:17: error: no such module 'Dispatch'
15 | */
16 |
17 | internal import Dispatch
| `- error: no such module 'Dispatch'
18 |
19 | /// A timeout for a gRPC call.
[423/1211] Compiling GRPCCore RPCRouter.swift
/host/spi-builder-workspace/.build/checkouts/grpc-swift-2/Sources/GRPCCore/Call/Client/Internal/RetryDelaySequence.swift:27:8: error: Unsupported OS
25 | public import ucrt // should be @usableFromInline
26 | #else
27 | #error("Unsupported OS")
| `- error: Unsupported OS
28 | #endif
29 |
/host/spi-builder-workspace/.build/checkouts/grpc-swift-2/Sources/GRPCCore/Timeout.swift:17:17: error: no such module 'Dispatch'
15 | */
16 |
17 | internal import Dispatch
| `- error: no such module 'Dispatch'
18 |
19 | /// A timeout for a gRPC call.
[424/1211] Compiling GRPCCore RegistrableRPCService.swift
/host/spi-builder-workspace/.build/checkouts/grpc-swift-2/Sources/GRPCCore/Call/Client/Internal/RetryDelaySequence.swift:27:8: error: Unsupported OS
25 | public import ucrt // should be @usableFromInline
26 | #else
27 | #error("Unsupported OS")
| `- error: Unsupported OS
28 | #endif
29 |
/host/spi-builder-workspace/.build/checkouts/grpc-swift-2/Sources/GRPCCore/Timeout.swift:17:17: error: no such module 'Dispatch'
15 | */
16 |
17 | internal import Dispatch
| `- error: no such module 'Dispatch'
18 |
19 | /// A timeout for a gRPC call.
[425/1211] Compiling GRPCCore ServerContext+RPCCancellationHandle.swift
/host/spi-builder-workspace/.build/checkouts/grpc-swift-2/Sources/GRPCCore/Call/Client/Internal/RetryDelaySequence.swift:27:8: error: Unsupported OS
25 | public import ucrt // should be @usableFromInline
26 | #else
27 | #error("Unsupported OS")
| `- error: Unsupported OS
28 | #endif
29 |
/host/spi-builder-workspace/.build/checkouts/grpc-swift-2/Sources/GRPCCore/Timeout.swift:17:17: error: no such module 'Dispatch'
15 | */
16 |
17 | internal import Dispatch
| `- error: no such module 'Dispatch'
18 |
19 | /// A timeout for a gRPC call.
[426/1211] Compiling GRPCCore ServerContext.swift
/host/spi-builder-workspace/.build/checkouts/grpc-swift-2/Sources/GRPCCore/Call/Client/Internal/RetryDelaySequence.swift:27:8: error: Unsupported OS
25 | public import ucrt // should be @usableFromInline
26 | #else
27 | #error("Unsupported OS")
| `- error: Unsupported OS
28 | #endif
29 |
/host/spi-builder-workspace/.build/checkouts/grpc-swift-2/Sources/GRPCCore/Timeout.swift:17:17: error: no such module 'Dispatch'
15 | */
16 |
17 | internal import Dispatch
| `- error: no such module 'Dispatch'
18 |
19 | /// A timeout for a gRPC call.
[427/1211] Compiling GRPCCore ServerInterceptor.swift
/host/spi-builder-workspace/.build/checkouts/grpc-swift-2/Sources/GRPCCore/Call/Client/Internal/RetryDelaySequence.swift:27:8: error: Unsupported OS
25 | public import ucrt // should be @usableFromInline
26 | #else
27 | #error("Unsupported OS")
| `- error: Unsupported OS
28 | #endif
29 |
/host/spi-builder-workspace/.build/checkouts/grpc-swift-2/Sources/GRPCCore/Timeout.swift:17:17: error: no such module 'Dispatch'
15 | */
16 |
17 | internal import Dispatch
| `- error: no such module 'Dispatch'
18 |
19 | /// A timeout for a gRPC call.
[428/1211] Compiling GRPCCore ServerRequest.swift
/host/spi-builder-workspace/.build/checkouts/grpc-swift-2/Sources/GRPCCore/Call/Client/Internal/RetryDelaySequence.swift:27:8: error: Unsupported OS
25 | public import ucrt // should be @usableFromInline
26 | #else
27 | #error("Unsupported OS")
| `- error: Unsupported OS
28 | #endif
29 |
/host/spi-builder-workspace/.build/checkouts/grpc-swift-2/Sources/GRPCCore/Timeout.swift:17:17: error: no such module 'Dispatch'
15 | */
16 |
17 | internal import Dispatch
| `- error: no such module 'Dispatch'
18 |
19 | /// A timeout for a gRPC call.
[429/1211] Compiling GRPCCore ServerResponse.swift
/host/spi-builder-workspace/.build/checkouts/grpc-swift-2/Sources/GRPCCore/Call/Client/Internal/RetryDelaySequence.swift:27:8: error: Unsupported OS
25 | public import ucrt // should be @usableFromInline
26 | #else
27 | #error("Unsupported OS")
| `- error: Unsupported OS
28 | #endif
29 |
/host/spi-builder-workspace/.build/checkouts/grpc-swift-2/Sources/GRPCCore/Timeout.swift:17:17: error: no such module 'Dispatch'
15 | */
16 |
17 | internal import Dispatch
| `- error: no such module 'Dispatch'
18 |
19 | /// A timeout for a gRPC call.
[430/1211] Compiling GRPCCore Coding.swift
/host/spi-builder-workspace/.build/checkouts/grpc-swift-2/Sources/GRPCCore/Call/Client/Internal/RetryDelaySequence.swift:27:8: error: Unsupported OS
25 | public import ucrt // should be @usableFromInline
26 | #else
27 | #error("Unsupported OS")
| `- error: Unsupported OS
28 | #endif
29 |
/host/spi-builder-workspace/.build/checkouts/grpc-swift-2/Sources/GRPCCore/Timeout.swift:17:17: error: no such module 'Dispatch'
15 | */
16 |
17 | internal import Dispatch
| `- error: no such module 'Dispatch'
18 |
19 | /// A timeout for a gRPC call.
[431/1211] Compiling GRPCCore RPCWriterProtocol.swift
/host/spi-builder-workspace/.build/checkouts/grpc-swift-2/Sources/GRPCCore/Call/Client/Internal/RetryDelaySequence.swift:27:8: error: Unsupported OS
25 | public import ucrt // should be @usableFromInline
26 | #else
27 | #error("Unsupported OS")
| `- error: Unsupported OS
28 | #endif
29 |
/host/spi-builder-workspace/.build/checkouts/grpc-swift-2/Sources/GRPCCore/Timeout.swift:17:17: error: no such module 'Dispatch'
15 | */
16 |
17 | internal import Dispatch
| `- error: no such module 'Dispatch'
18 |
19 | /// A timeout for a gRPC call.
[432/1211] Compiling GRPCCore Timeout.swift
/host/spi-builder-workspace/.build/checkouts/grpc-swift-2/Sources/GRPCCore/Call/Client/Internal/RetryDelaySequence.swift:27:8: error: Unsupported OS
25 | public import ucrt // should be @usableFromInline
26 | #else
27 | #error("Unsupported OS")
| `- error: Unsupported OS
28 | #endif
29 |
/host/spi-builder-workspace/.build/checkouts/grpc-swift-2/Sources/GRPCCore/Timeout.swift:17:17: error: no such module 'Dispatch'
15 | */
16 |
17 | internal import Dispatch
| `- error: no such module 'Dispatch'
18 |
19 | /// A timeout for a gRPC call.
[433/1211] Compiling GRPCCore ClientTransport.swift
/host/spi-builder-workspace/.build/checkouts/grpc-swift-2/Sources/GRPCCore/Call/Client/Internal/RetryDelaySequence.swift:27:8: error: Unsupported OS
25 | public import ucrt // should be @usableFromInline
26 | #else
27 | #error("Unsupported OS")
| `- error: Unsupported OS
28 | #endif
29 |
/host/spi-builder-workspace/.build/checkouts/grpc-swift-2/Sources/GRPCCore/Timeout.swift:17:17: error: no such module 'Dispatch'
15 | */
16 |
17 | internal import Dispatch
| `- error: no such module 'Dispatch'
18 |
19 | /// A timeout for a gRPC call.
[434/1211] Compiling GRPCCore RPCParts.swift
/host/spi-builder-workspace/.build/checkouts/grpc-swift-2/Sources/GRPCCore/Call/Client/Internal/RetryDelaySequence.swift:27:8: error: Unsupported OS
25 | public import ucrt // should be @usableFromInline
26 | #else
27 | #error("Unsupported OS")
| `- error: Unsupported OS
28 | #endif
29 |
/host/spi-builder-workspace/.build/checkouts/grpc-swift-2/Sources/GRPCCore/Timeout.swift:17:17: error: no such module 'Dispatch'
15 | */
16 |
17 | internal import Dispatch
| `- error: no such module 'Dispatch'
18 |
19 | /// A timeout for a gRPC call.
[435/1211] Compiling GRPCCore RPCStream.swift
/host/spi-builder-workspace/.build/checkouts/grpc-swift-2/Sources/GRPCCore/Call/Client/Internal/RetryDelaySequence.swift:27:8: error: Unsupported OS
25 | public import ucrt // should be @usableFromInline
26 | #else
27 | #error("Unsupported OS")
| `- error: Unsupported OS
28 | #endif
29 |
/host/spi-builder-workspace/.build/checkouts/grpc-swift-2/Sources/GRPCCore/Timeout.swift:17:17: error: no such module 'Dispatch'
15 | */
16 |
17 | internal import Dispatch
| `- error: no such module 'Dispatch'
18 |
19 | /// A timeout for a gRPC call.
[436/1211] Compiling GRPCCore RetryThrottle.swift
/host/spi-builder-workspace/.build/checkouts/grpc-swift-2/Sources/GRPCCore/Call/Client/Internal/RetryDelaySequence.swift:27:8: error: Unsupported OS
25 | public import ucrt // should be @usableFromInline
26 | #else
27 | #error("Unsupported OS")
| `- error: Unsupported OS
28 | #endif
29 |
/host/spi-builder-workspace/.build/checkouts/grpc-swift-2/Sources/GRPCCore/Timeout.swift:17:17: error: no such module 'Dispatch'
15 | */
16 |
17 | internal import Dispatch
| `- error: no such module 'Dispatch'
18 |
19 | /// A timeout for a gRPC call.
[437/1211] Compiling GRPCCore ServerTransport.swift
/host/spi-builder-workspace/.build/checkouts/grpc-swift-2/Sources/GRPCCore/Call/Client/Internal/RetryDelaySequence.swift:27:8: error: Unsupported OS
25 | public import ucrt // should be @usableFromInline
26 | #else
27 | #error("Unsupported OS")
| `- error: Unsupported OS
28 | #endif
29 |
/host/spi-builder-workspace/.build/checkouts/grpc-swift-2/Sources/GRPCCore/Timeout.swift:17:17: error: no such module 'Dispatch'
15 | */
16 |
17 | internal import Dispatch
| `- error: no such module 'Dispatch'
18 |
19 | /// A timeout for a gRPC call.
[437/1211] Compiling handoff.cc
[439/1211] Compiling GRPCCore RuntimeError.swift
/host/spi-builder-workspace/.build/checkouts/grpc-swift-2/Sources/GRPCCore/Call/Client/Internal/RetryDelaySequence.swift:27:8: error: Unsupported OS
25 | public import ucrt // should be @usableFromInline
26 | #else
27 | #error("Unsupported OS")
| `- error: Unsupported OS
28 | #endif
29 |
/host/spi-builder-workspace/.build/checkouts/grpc-swift-2/Sources/GRPCCore/Timeout.swift:17:17: error: no such module 'Dispatch'
15 | */
16 |
17 | internal import Dispatch
| `- error: no such module 'Dispatch'
18 |
19 | /// A timeout for a gRPC call.
[440/1211] Compiling GRPCCore ServiceDescriptor.swift
/host/spi-builder-workspace/.build/checkouts/grpc-swift-2/Sources/GRPCCore/Call/Client/Internal/RetryDelaySequence.swift:27:8: error: Unsupported OS
25 | public import ucrt // should be @usableFromInline
26 | #else
27 | #error("Unsupported OS")
| `- error: Unsupported OS
28 | #endif
29 |
/host/spi-builder-workspace/.build/checkouts/grpc-swift-2/Sources/GRPCCore/Timeout.swift:17:17: error: no such module 'Dispatch'
15 | */
16 |
17 | internal import Dispatch
| `- error: no such module 'Dispatch'
18 |
19 | /// A timeout for a gRPC call.
[441/1211] Compiling GRPCCore Status.swift
/host/spi-builder-workspace/.build/checkouts/grpc-swift-2/Sources/GRPCCore/Call/Client/Internal/RetryDelaySequence.swift:27:8: error: Unsupported OS
25 | public import ucrt // should be @usableFromInline
26 | #else
27 | #error("Unsupported OS")
| `- error: Unsupported OS
28 | #endif
29 |
/host/spi-builder-workspace/.build/checkouts/grpc-swift-2/Sources/GRPCCore/Timeout.swift:17:17: error: no such module 'Dispatch'
15 | */
16 |
17 | internal import Dispatch
| `- error: no such module 'Dispatch'
18 |
19 | /// A timeout for a gRPC call.
[442/1211] Compiling GRPCCore AsyncSequenceOfOne.swift
/host/spi-builder-workspace/.build/checkouts/grpc-swift-2/Sources/GRPCCore/Call/Client/Internal/RetryDelaySequence.swift:27:8: error: Unsupported OS
25 | public import ucrt // should be @usableFromInline
26 | #else
27 | #error("Unsupported OS")
| `- error: Unsupported OS
28 | #endif
29 |
/host/spi-builder-workspace/.build/checkouts/grpc-swift-2/Sources/GRPCCore/Timeout.swift:17:17: error: no such module 'Dispatch'
15 | */
16 |
17 | internal import Dispatch
| `- error: no such module 'Dispatch'
18 |
19 | /// A timeout for a gRPC call.
[443/1211] Compiling GRPCCore BroadcastAsyncSequence+RPCWriter.swift
/host/spi-builder-workspace/.build/checkouts/grpc-swift-2/Sources/GRPCCore/Call/Client/Internal/RetryDelaySequence.swift:27:8: error: Unsupported OS
25 | public import ucrt // should be @usableFromInline
26 | #else
27 | #error("Unsupported OS")
| `- error: Unsupported OS
28 | #endif
29 |
/host/spi-builder-workspace/.build/checkouts/grpc-swift-2/Sources/GRPCCore/Timeout.swift:17:17: error: no such module 'Dispatch'
15 | */
16 |
17 | internal import Dispatch
| `- error: no such module 'Dispatch'
18 |
19 | /// A timeout for a gRPC call.
[444/1211] Compiling GRPCCore BroadcastAsyncSequence.swift
/host/spi-builder-workspace/.build/checkouts/grpc-swift-2/Sources/GRPCCore/Call/Client/Internal/RetryDelaySequence.swift:27:8: error: Unsupported OS
25 | public import ucrt // should be @usableFromInline
26 | #else
27 | #error("Unsupported OS")
| `- error: Unsupported OS
28 | #endif
29 |
/host/spi-builder-workspace/.build/checkouts/grpc-swift-2/Sources/GRPCCore/Timeout.swift:17:17: error: no such module 'Dispatch'
15 | */
16 |
17 | internal import Dispatch
| `- error: no such module 'Dispatch'
18 |
19 | /// A timeout for a gRPC call.
[445/1211] Compiling GRPCCore GRPCAsyncThrowingStream.swift
/host/spi-builder-workspace/.build/checkouts/grpc-swift-2/Sources/GRPCCore/Call/Client/Internal/RetryDelaySequence.swift:27:8: error: Unsupported OS
25 | public import ucrt // should be @usableFromInline
26 | #else
27 | #error("Unsupported OS")
| `- error: Unsupported OS
28 | #endif
29 |
/host/spi-builder-workspace/.build/checkouts/grpc-swift-2/Sources/GRPCCore/Timeout.swift:17:17: error: no such module 'Dispatch'
15 | */
16 |
17 | internal import Dispatch
| `- error: no such module 'Dispatch'
18 |
19 | /// A timeout for a gRPC call.
[446/1211] Compiling GRPCCore Metadata+GRPC.swift
/host/spi-builder-workspace/.build/checkouts/grpc-swift-2/Sources/GRPCCore/Call/Client/Internal/RetryDelaySequence.swift:27:8: error: Unsupported OS
25 | public import ucrt // should be @usableFromInline
26 | #else
27 | #error("Unsupported OS")
| `- error: Unsupported OS
28 | #endif
29 |
/host/spi-builder-workspace/.build/checkouts/grpc-swift-2/Sources/GRPCCore/Timeout.swift:17:17: error: no such module 'Dispatch'
15 | */
16 |
17 | internal import Dispatch
| `- error: no such module 'Dispatch'
18 |
19 | /// A timeout for a gRPC call.
[447/1211] Compiling GRPCCore MethodConfigs.swift
/host/spi-builder-workspace/.build/checkouts/grpc-swift-2/Sources/GRPCCore/Call/Client/Internal/RetryDelaySequence.swift:27:8: error: Unsupported OS
25 | public import ucrt // should be @usableFromInline
26 | #else
27 | #error("Unsupported OS")
| `- error: Unsupported OS
28 | #endif
29 |
/host/spi-builder-workspace/.build/checkouts/grpc-swift-2/Sources/GRPCCore/Timeout.swift:17:17: error: no such module 'Dispatch'
15 | */
16 |
17 | internal import Dispatch
| `- error: no such module 'Dispatch'
18 |
19 | /// A timeout for a gRPC call.
[448/1211] Compiling GRPCCore Result+Catching.swift
/host/spi-builder-workspace/.build/checkouts/grpc-swift-2/Sources/GRPCCore/Call/Client/Internal/RetryDelaySequence.swift:27:8: error: Unsupported OS
25 | public import ucrt // should be @usableFromInline
26 | #else
27 | #error("Unsupported OS")
| `- error: Unsupported OS
28 | #endif
29 |
/host/spi-builder-workspace/.build/checkouts/grpc-swift-2/Sources/GRPCCore/Timeout.swift:17:17: error: no such module 'Dispatch'
15 | */
16 |
17 | internal import Dispatch
| `- error: no such module 'Dispatch'
18 |
19 | /// A timeout for a gRPC call.
[449/1211] Compiling GRPCCore String+Extensions.swift
/host/spi-builder-workspace/.build/checkouts/grpc-swift-2/Sources/GRPCCore/Call/Client/Internal/RetryDelaySequence.swift:27:8: error: Unsupported OS
25 | public import ucrt // should be @usableFromInline
26 | #else
27 | #error("Unsupported OS")
| `- error: Unsupported OS
28 | #endif
29 |
/host/spi-builder-workspace/.build/checkouts/grpc-swift-2/Sources/GRPCCore/Timeout.swift:17:17: error: no such module 'Dispatch'
15 | */
16 |
17 | internal import Dispatch
| `- error: no such module 'Dispatch'
18 |
19 | /// A timeout for a gRPC call.
[450/1211] Compiling GRPCCore TaskGroup+CancellableTask.swift
/host/spi-builder-workspace/.build/checkouts/grpc-swift-2/Sources/GRPCCore/Call/Client/Internal/RetryDelaySequence.swift:27:8: error: Unsupported OS
25 | public import ucrt // should be @usableFromInline
26 | #else
27 | #error("Unsupported OS")
| `- error: Unsupported OS
28 | #endif
29 |
/host/spi-builder-workspace/.build/checkouts/grpc-swift-2/Sources/GRPCCore/Timeout.swift:17:17: error: no such module 'Dispatch'
15 | */
16 |
17 | internal import Dispatch
| `- error: no such module 'Dispatch'
18 |
19 | /// A timeout for a gRPC call.
[451/1211] Compiling GRPCCore Metadata.swift
/host/spi-builder-workspace/.build/checkouts/grpc-swift-2/Sources/GRPCCore/Call/Client/Internal/RetryDelaySequence.swift:27:8: error: Unsupported OS
25 | public import ucrt // should be @usableFromInline
26 | #else
27 | #error("Unsupported OS")
| `- error: Unsupported OS
28 | #endif
29 |
/host/spi-builder-workspace/.build/checkouts/grpc-swift-2/Sources/GRPCCore/Timeout.swift:17:17: error: no such module 'Dispatch'
15 | */
16 |
17 | internal import Dispatch
| `- error: no such module 'Dispatch'
18 |
19 | /// A timeout for a gRPC call.
[452/1211] Compiling GRPCCore MethodDescriptor.swift
/host/spi-builder-workspace/.build/checkouts/grpc-swift-2/Sources/GRPCCore/Call/Client/Internal/RetryDelaySequence.swift:27:8: error: Unsupported OS
25 | public import ucrt // should be @usableFromInline
26 | #else
27 | #error("Unsupported OS")
| `- error: Unsupported OS
28 | #endif
29 |
/host/spi-builder-workspace/.build/checkouts/grpc-swift-2/Sources/GRPCCore/Timeout.swift:17:17: error: no such module 'Dispatch'
15 | */
16 |
17 | internal import Dispatch
| `- error: no such module 'Dispatch'
18 |
19 | /// A timeout for a gRPC call.
[453/1211] Compiling GRPCCore RPCError.swift
/host/spi-builder-workspace/.build/checkouts/grpc-swift-2/Sources/GRPCCore/Call/Client/Internal/RetryDelaySequence.swift:27:8: error: Unsupported OS
25 | public import ucrt // should be @usableFromInline
26 | #else
27 | #error("Unsupported OS")
| `- error: Unsupported OS
28 | #endif
29 |
/host/spi-builder-workspace/.build/checkouts/grpc-swift-2/Sources/GRPCCore/Timeout.swift:17:17: error: no such module 'Dispatch'
15 | */
16 |
17 | internal import Dispatch
| `- error: no such module 'Dispatch'
18 |
19 | /// A timeout for a gRPC call.
[454/1211] Compiling GRPCCore ClientRPCExecutor.swift
/host/spi-builder-workspace/.build/checkouts/grpc-swift-2/Sources/GRPCCore/Call/Client/Internal/RetryDelaySequence.swift:27:8: error: Unsupported OS
25 | public import ucrt // should be @usableFromInline
26 | #else
27 | #error("Unsupported OS")
| `- error: Unsupported OS
28 | #endif
29 |
/host/spi-builder-workspace/.build/checkouts/grpc-swift-2/Sources/GRPCCore/Timeout.swift:17:17: error: no such module 'Dispatch'
15 | */
16 |
17 | internal import Dispatch
| `- error: no such module 'Dispatch'
18 |
19 | /// A timeout for a gRPC call.
[455/1211] Compiling GRPCCore ClientRequest+Convenience.swift
/host/spi-builder-workspace/.build/checkouts/grpc-swift-2/Sources/GRPCCore/Call/Client/Internal/RetryDelaySequence.swift:27:8: error: Unsupported OS
25 | public import ucrt // should be @usableFromInline
26 | #else
27 | #error("Unsupported OS")
| `- error: Unsupported OS
28 | #endif
29 |
/host/spi-builder-workspace/.build/checkouts/grpc-swift-2/Sources/GRPCCore/Timeout.swift:17:17: error: no such module 'Dispatch'
15 | */
16 |
17 | internal import Dispatch
| `- error: no such module 'Dispatch'
18 |
19 | /// A timeout for a gRPC call.
[456/1211] Compiling GRPCCore ClientResponse+Convenience.swift
/host/spi-builder-workspace/.build/checkouts/grpc-swift-2/Sources/GRPCCore/Call/Client/Internal/RetryDelaySequence.swift:27:8: error: Unsupported OS
25 | public import ucrt // should be @usableFromInline
26 | #else
27 | #error("Unsupported OS")
| `- error: Unsupported OS
28 | #endif
29 |
/host/spi-builder-workspace/.build/checkouts/grpc-swift-2/Sources/GRPCCore/Timeout.swift:17:17: error: no such module 'Dispatch'
15 | */
16 |
17 | internal import Dispatch
| `- error: no such module 'Dispatch'
18 |
19 | /// A timeout for a gRPC call.
[457/1211] Compiling GRPCCore ClientStreamExecutor.swift
/host/spi-builder-workspace/.build/checkouts/grpc-swift-2/Sources/GRPCCore/Call/Client/Internal/RetryDelaySequence.swift:27:8: error: Unsupported OS
25 | public import ucrt // should be @usableFromInline
26 | #else
27 | #error("Unsupported OS")
| `- error: Unsupported OS
28 | #endif
29 |
/host/spi-builder-workspace/.build/checkouts/grpc-swift-2/Sources/GRPCCore/Timeout.swift:17:17: error: no such module 'Dispatch'
15 | */
16 |
17 | internal import Dispatch
| `- error: no such module 'Dispatch'
18 |
19 | /// A timeout for a gRPC call.
[458/1211] Compiling GRPCCore RetryDelaySequence.swift
/host/spi-builder-workspace/.build/checkouts/grpc-swift-2/Sources/GRPCCore/Call/Client/Internal/RetryDelaySequence.swift:27:8: error: Unsupported OS
25 | public import ucrt // should be @usableFromInline
26 | #else
27 | #error("Unsupported OS")
| `- error: Unsupported OS
28 | #endif
29 |
/host/spi-builder-workspace/.build/checkouts/grpc-swift-2/Sources/GRPCCore/Timeout.swift:17:17: error: no such module 'Dispatch'
15 | */
16 |
17 | internal import Dispatch
| `- error: no such module 'Dispatch'
18 |
19 | /// A timeout for a gRPC call.
[459/1211] Compiling GRPCCore ConditionalInterceptor.swift
/host/spi-builder-workspace/.build/checkouts/grpc-swift-2/Sources/GRPCCore/Call/Client/Internal/RetryDelaySequence.swift:27:8: error: Unsupported OS
25 | public import ucrt // should be @usableFromInline
26 | #else
27 | #error("Unsupported OS")
| `- error: Unsupported OS
28 | #endif
29 |
/host/spi-builder-workspace/.build/checkouts/grpc-swift-2/Sources/GRPCCore/Timeout.swift:17:17: error: no such module 'Dispatch'
15 | */
16 |
17 | internal import Dispatch
| `- error: no such module 'Dispatch'
18 |
19 | /// A timeout for a gRPC call.
[460/1211] Compiling GRPCCore ServerCancellationManager.swift
/host/spi-builder-workspace/.build/checkouts/grpc-swift-2/Sources/GRPCCore/Call/Client/Internal/RetryDelaySequence.swift:27:8: error: Unsupported OS
25 | public import ucrt // should be @usableFromInline
26 | #else
27 | #error("Unsupported OS")
| `- error: Unsupported OS
28 | #endif
29 |
/host/spi-builder-workspace/.build/checkouts/grpc-swift-2/Sources/GRPCCore/Timeout.swift:17:17: error: no such module 'Dispatch'
15 | */
16 |
17 | internal import Dispatch
| `- error: no such module 'Dispatch'
18 |
19 | /// A timeout for a gRPC call.
[461/1211] Compiling GRPCCore ServerRPCExecutor.swift
/host/spi-builder-workspace/.build/checkouts/grpc-swift-2/Sources/GRPCCore/Call/Client/Internal/RetryDelaySequence.swift:27:8: error: Unsupported OS
25 | public import ucrt // should be @usableFromInline
26 | #else
27 | #error("Unsupported OS")
| `- error: Unsupported OS
28 | #endif
29 |
/host/spi-builder-workspace/.build/checkouts/grpc-swift-2/Sources/GRPCCore/Timeout.swift:17:17: error: no such module 'Dispatch'
15 | */
16 |
17 | internal import Dispatch
| `- error: no such module 'Dispatch'
18 |
19 | /// A timeout for a gRPC call.
error: emit-module command failed with exit code 1 (use -v to see invocation)
[462/1211] Emitting module GRPCCore
/host/spi-builder-workspace/.build/checkouts/grpc-swift-2/Sources/GRPCCore/Call/Client/Internal/RetryDelaySequence.swift:27:8: error: Unsupported OS
25 | public import ucrt // should be @usableFromInline
26 | #else
27 | #error("Unsupported OS")
| `- error: Unsupported OS
28 | #endif
29 |
/host/spi-builder-workspace/.build/checkouts/grpc-swift-2/Sources/GRPCCore/Timeout.swift:17:17: error: no such module 'Dispatch'
15 | */
16 |
17 | internal import Dispatch
| `- error: no such module 'Dispatch'
18 |
19 | /// A timeout for a gRPC call.
[462/1211] Compiling dtls_method.cc
[462/1211] Compiling d1_srtp.cc
[462/1211] Compiling d1_pkt.cc
[462/1211] Compiling encrypted_client_hello.cc
[462/1211] Compiling extensions.cc
[462/1211] Compiling dtls_record.cc
BUILD FAILURE 6.2 wasm