The Swift Package Index logo.Swift Package Index

Build Information

Failed to build AMAUtils, reference 3.0.8 (abbe23), with Swift 6.2 for macOS (Xcode) using Xcode 26.3 on 23 Sep 2026 11:10:14 UTC.

Build Command

env DEVELOPER_DIR=/Applications/Xcode-26.3.0.app xcrun xcodebuild -IDEClonedSourcePackagesDirPathOverride=$PWD/.dependencies -skipMacroValidation -skipPackagePluginValidation -derivedDataPath $PWD/.derivedData build -scheme AMAUtils -destination platform=macOS,arch=arm64

Build Log

========================================
RunAll
========================================
Builder version: 5.1.0
Interrupt handler set up.
========================================
Checkout
========================================
Clone URL: https://github.com/vbmobile/AMAUtils.git
Reference: 3.0.8
Initialized empty Git repository in /Users/admin/builder/spi-builder-workspace/.git/
From https://github.com/vbmobile/AMAUtils
 * tag               3.0.8      -> FETCH_HEAD
HEAD is now at abbe231 Update AMAUtils binary to 3.0.8
Cloned https://github.com/vbmobile/AMAUtils.git
Revision (git rev-parse @):
abbe23199c45eae51c0e5c47d56f5247d5fa9c5b
SUCCESS checkout https://github.com/vbmobile/AMAUtils.git at 3.0.8
========================================
Build
========================================
Selected platform:         macosXcodebuild
Swift version:             6.2
Building package at path:  $PWD
https://github.com/vbmobile/AMAUtils.git
Command line invocation:
    /Applications/Xcode-26.3.0.app/Contents/Developer/usr/bin/xcodebuild -IDEClonedSourcePackagesDirPathOverride=/Users/admin/builder/spi-builder-workspace/.dependencies -resolvePackageDependencies
Resolve Package Graph
Resolve Package Graph
Resolved source packages:
  AMAUtils: /Users/admin/builder/spi-builder-workspace
resolved source packages: AMAUtils
2026-09-23 07:09:49.417 xcodebuild[532:3039] [MT] IDERunDestination: Supported platforms for the buildables in the current scheme is empty.
{
  "dependencies" : [
  ],
  "manifest_display_name" : "AMAUtils",
  "name" : "AMAUtils",
  "path" : "/Users/admin/builder/spi-builder-workspace",
  "platforms" : [
    {
      "name" : "ios",
      "version" : "15.0"
    }
  ],
  "products" : [
    {
      "name" : "AMAUtils",
      "targets" : [
        "AMAUtilsWrapper"
      ],
      "type" : {
        "library" : [
          "automatic"
        ]
      }
    }
  ],
  "swift_languages_versions" : [
    "5"
  ],
  "targets" : [
    {
      "c99name" : "AMAUtilsWrapper",
      "module_type" : "SwiftTarget",
      "name" : "AMAUtilsWrapper",
      "path" : "Sources",
      "product_memberships" : [
        "AMAUtils"
      ],
      "sources" : [
        "dummy.swift"
      ],
      "target_dependencies" : [
        "AMAUtils"
      ],
      "type" : "library"
    },
    {
      "c99name" : "AMAUtils",
      "module_type" : "BinaryTarget",
      "name" : "AMAUtils",
      "path" : "remote/archive/AMAUtils-3.0.8.zip",
      "product_memberships" : [
        "AMAUtils"
      ],
      "sources" : [
      ],
      "type" : "binary"
    }
  ],
  "tools_version" : "6.0"
}
{
  "workspace" : {
    "name" : "spi-builder-workspace",
    "schemes" : [
      "AMAUtils"
    ]
  }
}
2026-09-23 07:10:07.896 xcodebuild[682:4179] [MT] IDERunDestination: Supported platforms for the buildables in the current scheme is empty.
Running build ...
env DEVELOPER_DIR=/Applications/Xcode-26.3.0.app xcrun xcodebuild -IDEClonedSourcePackagesDirPathOverride=$PWD/.dependencies -skipMacroValidation -skipPackagePluginValidation -derivedDataPath $PWD/.derivedData build -scheme AMAUtils -destination platform=macOS,arch=arm64
Command line invocation:
    /Applications/Xcode-26.3.0.app/Contents/Developer/usr/bin/xcodebuild -IDEClonedSourcePackagesDirPathOverride=/Users/admin/builder/spi-builder-workspace/.dependencies -skipMacroValidation -skipPackagePluginValidation -derivedDataPath /Users/admin/builder/spi-builder-workspace/.derivedData build -scheme AMAUtils -destination platform=macOS,arch=arm64
Resolve Package Graph
Resolved source packages:
  AMAUtils: /Users/admin/builder/spi-builder-workspace
ComputePackagePrebuildTargetDependencyGraph
Prepare packages
CreateBuildRequest
SendProjectDescription
CreateBuildOperation
ComputeTargetDependencyGraph
note: Building targets in dependency order
note: Target dependency graph (2 targets)
    Target 'AMAUtils' in project 'AMAUtils'
        ➜ Explicit dependency on target 'AMAUtilsWrapper' in project 'AMAUtils'
    Target 'AMAUtilsWrapper' in project 'AMAUtils' (no dependencies)
GatherProvisioningInputs
CreateBuildDescription
ExecuteExternalTool /Applications/Xcode-26.3.0.app/Contents/Developer/Toolchains/XcodeDefault.xctoolchain/usr/bin/clang -v -E -dM -isysroot /Applications/Xcode-26.3.0.app/Contents/Developer/Platforms/MacOSX.platform/Developer/SDKs/MacOSX26.2.sdk -x c -c /dev/null
ExecuteExternalTool /Applications/Xcode-26.3.0.app/Contents/Developer/Toolchains/XcodeDefault.xctoolchain/usr/bin/swiftc --version
ExecuteExternalTool /Applications/Xcode-26.3.0.app/Contents/Developer/Toolchains/XcodeDefault.xctoolchain/usr/bin/ld -version_details
Build description signature: c1faba25ef93ff1abecdc0ed94904593
Build description path: /Users/admin/builder/spi-builder-workspace/.derivedData/Build/Intermediates.noindex/XCBuildData/c1faba25ef93ff1abecdc0ed94904593.xcbuilddata
/Users/admin/builder/spi-builder-workspace/.dependencies/artifacts/spi-builder-workspace/AMAUtils/AMAUtils.xcframework:1:1: error: While building for macOS, no library for this platform was found in '/Users/admin/builder/spi-builder-workspace/.dependencies/artifacts/spi-builder-workspace/AMAUtils/AMAUtils.xcframework'. (in target 'AMAUtilsWrapper' from project 'AMAUtils')
/Users/admin/builder/spi-builder-workspace/.dependencies/artifacts/spi-builder-workspace/AMAUtils/AMAUtils.xcframework:1:1: error: While building for macOS, no library for this platform was found in '/Users/admin/builder/spi-builder-workspace/.dependencies/artifacts/spi-builder-workspace/AMAUtils/AMAUtils.xcframework'. (in target 'AMAUtils' from project 'AMAUtils')
2026-09-23 07:10:09.354 xcodebuild[684:4226] [MT] IDERunDestination: Supported platforms for the buildables in the current scheme is empty.
--- xcodebuild: WARNING: Using the first of multiple matching destinations:
{ platform:macOS, arch:arm64, id:0a1291d764fdd0be245ae0d4000ee43f57055523, name:My Mac }
{ platform:macOS, arch:arm64, variant:Mac Catalyst, id:0a1291d764fdd0be245ae0d4000ee43f57055523, name:My Mac }
{ platform:macOS, arch:arm64, variant:DriverKit, id:0a1291d764fdd0be245ae0d4000ee43f57055523, name:My Mac }
{ platform:macOS, arch:arm64, variant:Designed for [iPad,iPhone], id:0a1291d764fdd0be245ae0d4000ee43f57055523, name:My Mac }
** BUILD FAILED **
The following build commands failed:
	Building workspace spi-builder-workspace with scheme AMAUtils
(1 failure)
Command line invocation:
    /Applications/Xcode-26.3.0.app/Contents/Developer/usr/bin/xcodebuild -IDEClonedSourcePackagesDirPathOverride=/Users/admin/builder/spi-builder-workspace/.dependencies -resolvePackageDependencies
Resolve Package Graph
Resolved source packages:
  AMAUtils: /Users/admin/builder/spi-builder-workspace
resolved source packages: AMAUtils
2026-09-23 07:10:11.728 xcodebuild[699:4339] [MT] IDERunDestination: Supported platforms for the buildables in the current scheme is empty.
{
  "dependencies" : [
  ],
  "manifest_display_name" : "AMAUtils",
  "name" : "AMAUtils",
  "path" : "/Users/admin/builder/spi-builder-workspace",
  "platforms" : [
    {
      "name" : "ios",
      "version" : "15.0"
    }
  ],
  "products" : [
    {
      "name" : "AMAUtils",
      "targets" : [
        "AMAUtilsWrapper"
      ],
      "type" : {
        "library" : [
          "automatic"
        ]
      }
    }
  ],
  "swift_languages_versions" : [
    "5"
  ],
  "targets" : [
    {
      "c99name" : "AMAUtilsWrapper",
      "module_type" : "SwiftTarget",
      "name" : "AMAUtilsWrapper",
      "path" : "Sources",
      "product_memberships" : [
        "AMAUtils"
      ],
      "sources" : [
        "dummy.swift"
      ],
      "target_dependencies" : [
        "AMAUtils"
      ],
      "type" : "library"
    },
    {
      "c99name" : "AMAUtils",
      "module_type" : "BinaryTarget",
      "name" : "AMAUtils",
      "path" : "remote/archive/AMAUtils-3.0.8.zip",
      "product_memberships" : [
        "AMAUtils"
      ],
      "sources" : [
      ],
      "type" : "binary"
    }
  ],
  "tools_version" : "6.0"
}
{
  "workspace" : {
    "name" : "spi-builder-workspace",
    "schemes" : [
      "AMAUtils"
    ]
  }
}
2026-09-23 07:10:12.769 xcodebuild[707:4399] [MT] IDERunDestination: Supported platforms for the buildables in the current scheme is empty.
Running build ...
env DEVELOPER_DIR=/Applications/Xcode-26.3.0.app xcrun xcodebuild -IDEClonedSourcePackagesDirPathOverride=$PWD/.dependencies -skipMacroValidation -skipPackagePluginValidation -derivedDataPath $PWD/.derivedData build -scheme AMAUtils -destination platform=macOS,arch=arm64
Command line invocation:
    /Applications/Xcode-26.3.0.app/Contents/Developer/usr/bin/xcodebuild -IDEClonedSourcePackagesDirPathOverride=/Users/admin/builder/spi-builder-workspace/.dependencies -skipMacroValidation -skipPackagePluginValidation -derivedDataPath /Users/admin/builder/spi-builder-workspace/.derivedData build -scheme AMAUtils -destination platform=macOS,arch=arm64
Resolve Package Graph
Resolved source packages:
  AMAUtils: /Users/admin/builder/spi-builder-workspace
ComputePackagePrebuildTargetDependencyGraph
Prepare packages
CreateBuildRequest
SendProjectDescription
CreateBuildOperation
ComputeTargetDependencyGraph
note: Building targets in dependency order
note: Target dependency graph (2 targets)
    Target 'AMAUtils' in project 'AMAUtils'
        ➜ Explicit dependency on target 'AMAUtilsWrapper' in project 'AMAUtils'
    Target 'AMAUtilsWrapper' in project 'AMAUtils' (no dependencies)
GatherProvisioningInputs
CreateBuildDescription
ExecuteExternalTool /Applications/Xcode-26.3.0.app/Contents/Developer/Toolchains/XcodeDefault.xctoolchain/usr/bin/clang -v -E -dM -isysroot /Applications/Xcode-26.3.0.app/Contents/Developer/Platforms/MacOSX.platform/Developer/SDKs/MacOSX26.2.sdk -x c -c /dev/null
ExecuteExternalTool /Applications/Xcode-26.3.0.app/Contents/Developer/Toolchains/XcodeDefault.xctoolchain/usr/bin/swiftc --version
ExecuteExternalTool /Applications/Xcode-26.3.0.app/Contents/Developer/Toolchains/XcodeDefault.xctoolchain/usr/bin/ld -version_details
Build description signature: c1faba25ef93ff1abecdc0ed94904593
Build description path: /Users/admin/builder/spi-builder-workspace/.derivedData/Build/Intermediates.noindex/XCBuildData/c1faba25ef93ff1abecdc0ed94904593.xcbuilddata
/Users/admin/builder/spi-builder-workspace/.dependencies/artifacts/spi-builder-workspace/AMAUtils/AMAUtils.xcframework:1:1: error: While building for macOS, no library for this platform was found in '/Users/admin/builder/spi-builder-workspace/.dependencies/artifacts/spi-builder-workspace/AMAUtils/AMAUtils.xcframework'. (in target 'AMAUtilsWrapper' from project 'AMAUtils')
/Users/admin/builder/spi-builder-workspace/.dependencies/artifacts/spi-builder-workspace/AMAUtils/AMAUtils.xcframework:1:1: error: While building for macOS, no library for this platform was found in '/Users/admin/builder/spi-builder-workspace/.dependencies/artifacts/spi-builder-workspace/AMAUtils/AMAUtils.xcframework'. (in target 'AMAUtils' from project 'AMAUtils')
2026-09-23 07:10:13.603 xcodebuild[709:4431] [MT] IDERunDestination: Supported platforms for the buildables in the current scheme is empty.
--- xcodebuild: WARNING: Using the first of multiple matching destinations:
{ platform:macOS, arch:arm64, id:0a1291d764fdd0be245ae0d4000ee43f57055523, name:My Mac }
{ platform:macOS, arch:arm64, variant:Mac Catalyst, id:0a1291d764fdd0be245ae0d4000ee43f57055523, name:My Mac }
{ platform:macOS, arch:arm64, variant:DriverKit, id:0a1291d764fdd0be245ae0d4000ee43f57055523, name:My Mac }
{ platform:macOS, arch:arm64, variant:Designed for [iPad,iPhone], id:0a1291d764fdd0be245ae0d4000ee43f57055523, name:My Mac }
** BUILD FAILED **
The following build commands failed:
	Building workspace spi-builder-workspace with scheme AMAUtils
(1 failure)
BUILD FAILURE 6.2 macosXcodebuild