The Swift Package Index logo.Swift Package Index

Build Information

Failed to build EvaluationsFrameworkCLI, reference main (76c463), with Swift 6.2 for Linux on 14 Aug 2026 13:19:16 UTC.

Build Command

bash -c docker run --pull=always --rm -v "checkouts-54344843-0":/host -w "$PWD" -e JAVA_HOME="/root/.sdkman/candidates/java/current" -e SPI_BUILD="1" -e SPI_PROCESSING="1" registry.gitlab.com/saguaro1/spi-images:basic-6.2-latest swift build --triple x86_64-unknown-linux-gnu 2>&1

Build Log

========================================
RunAll
========================================
Builder version: 5.0.1
Interrupt handler set up.
========================================
Checkout
========================================
Clone URL: https://github.com/rudrankriyam/Evaluations-Framework-CLI.git
Reference: main
Initialized empty Git repository in /host/spi-builder-workspace/.git/
hint: Using 'master' as the name for the initial branch. This default branch name
hint: is subject to change. To configure the initial branch name to use in all
hint: of your new repositories, which will suppress this warning, call:
hint:
hint: 	git config --global init.defaultBranch <name>
hint:
hint: Names commonly chosen instead of 'master' are 'main', 'trunk' and
hint: 'development'. The just-created branch can be renamed via this command:
hint:
hint: 	git branch -m <name>
From https://github.com/rudrankriyam/Evaluations-Framework-CLI
 * branch            main       -> FETCH_HEAD
 * [new branch]      main       -> origin/main
HEAD is now at 76c4636 Merge pull request #9 from rudrankriyam/codex/agent-evaluation-lab
Cloned https://github.com/rudrankriyam/Evaluations-Framework-CLI.git
Revision (git rev-parse @):
76c46369152cc421a8d7cedb0766780b9b6ce610
SUCCESS checkout https://github.com/rudrankriyam/Evaluations-Framework-CLI.git at main
========================================
Build
========================================
Selected platform:         linux
Swift version:             6.2
Building package at path:  $PWD
https://github.com/rudrankriyam/Evaluations-Framework-CLI.git
Running build ...
bash -c docker run --pull=always --rm -v "checkouts-54344843-0":/host -w "$PWD" -e JAVA_HOME="/root/.sdkman/candidates/java/current" -e SPI_BUILD="1" -e SPI_PROCESSING="1" registry.gitlab.com/saguaro1/spi-images:basic-6.2-latest swift build --triple x86_64-unknown-linux-gnu 2>&1
basic-6.2-latest: Pulling from saguaro1/spi-images
Digest: sha256:4f3911e0f09a6ac47ac813ad3222aa373869118ee0ae384fd641a13da74b5e3f
Status: Image is up to date for registry.gitlab.com/saguaro1/spi-images:basic-6.2-latest
Fetching https://github.com/apple/swift-argument-parser.git
[1/18304] Fetching swift-argument-parser
Fetched https://github.com/apple/swift-argument-parser.git from cache (0.79s)
Computing version for https://github.com/apple/swift-argument-parser.git
Computed https://github.com/apple/swift-argument-parser.git at 1.8.2 (0.96s)
Creating working copy for https://github.com/apple/swift-argument-parser.git
Working copy of https://github.com/apple/swift-argument-parser.git resolved at 1.8.2
[1/1] Compiling plugin GenerateManual
[2/2] Compiling plugin GenerateDoccReference
Building for debugging...
[2/15] Write sources
[7/15] Write swift-version-24593BA9C3E375BF.txt
[9/24] Emitting module ArgumentParserToolInfo
[10/24] Compiling ArgumentParserToolInfo ToolInfo.swift
[11/25] Wrapping AST for ArgumentParserToolInfo for debugging
[13/72] Emitting module ArgumentParser
[14/78] Compiling ArgumentParser Mutex.swift
[15/78] Compiling ArgumentParser Platform.swift
[16/78] Compiling ArgumentParser SequenceExtensions.swift
[17/78] Compiling ArgumentParser StringExtensions.swift
[18/78] Compiling ArgumentParser SwiftExtensions.swift
[19/78] Compiling ArgumentParser Tree.swift
[20/78] Compiling XCEvalFormat EvaluationSample.swift
[21/78] Compiling ArgumentParser Name.swift
[22/78] Compiling ArgumentParser Parsed.swift
[23/78] Compiling ArgumentParser ParsedValues.swift
[24/78] Compiling ArgumentParser ParserError.swift
[25/78] Compiling ArgumentParser SplitArguments.swift
[26/78] Compiling ArgumentParser DumpHelpGenerator.swift
[27/78] Compiling XCEvalFormat JSONValue.swift
[28/78] Compiling XCEvalFormat XCEvalFormat.swift
[29/78] Compiling ArgumentParser HelpCommand.swift
[30/78] Compiling ArgumentParser HelpGenerator.swift
[31/78] Compiling ArgumentParser MessageInfo.swift
[32/78] Compiling ArgumentParser UsageGenerator.swift
[33/78] Compiling ArgumentParser CollectionExtensions.swift
[34/78] Compiling ArgumentParser Foundation.swift
[35/78] Compiling ArgumentParser AsyncCompletionsValidator.swift
[36/78] Compiling ArgumentParser CodingKeyValidator.swift
[37/78] Compiling ArgumentParser NonsenseFlagsValidator.swift
[38/78] Compiling ArgumentParser ParsableArgumentsValidation.swift
[39/78] Compiling ArgumentParser PositionalArgumentsValidator.swift
[40/78] Compiling ArgumentParser UniqueNamesValidator.swift
[41/78] Compiling ArgumentParser BashCompletionsGenerator.swift
[42/78] Compiling ArgumentParser CompletionsGenerator.swift
[43/78] Compiling ArgumentParser FishCompletionsGenerator.swift
[44/78] Compiling ArgumentParser ZshCompletionsGenerator.swift
[45/78] Compiling ArgumentParser Argument.swift
[46/78] Compiling ArgumentParser ArgumentDiscussion.swift
[47/78] Compiling ArgumentParser ArgumentHelp.swift
[48/78] Compiling ArgumentParser ParentCommand.swift
[49/78] Compiling ArgumentParser AsyncParsableCommand.swift
[50/78] Compiling ArgumentParser CommandConfiguration.swift
[51/78] Compiling ArgumentParser CommandGroup.swift
[52/78] Compiling ArgumentParser EnumerableFlag.swift
[53/78] Compiling ArgumentParser ExpressibleByArgument.swift
[54/78] Compiling ArgumentParser ParsableArguments.swift
[55/78] Compiling ArgumentParser ArgumentVisibility.swift
[56/78] Compiling ArgumentParser CompletionKind.swift
[57/78] Compiling ArgumentParser Errors.swift
[58/78] Compiling ArgumentParser Flag.swift
[59/78] Compiling ArgumentParser NameSpecification.swift
[60/78] Compiling ArgumentParser Option.swift
[61/78] Compiling ArgumentParser OptionGroup.swift
[62/78] Compiling ArgumentParser ParsableCommand.swift
[63/78] Compiling ArgumentParser ArgumentDecoder.swift
[64/78] Compiling ArgumentParser ArgumentDefinition.swift
[65/78] Compiling ArgumentParser ArgumentSet.swift
[66/78] Compiling ArgumentParser CommandParser.swift
[67/78] Compiling ArgumentParser InputKey.swift
[68/78] Compiling ArgumentParser InputOrigin.swift
[69/79] Wrapping AST for ArgumentParser for debugging
[71/79] Compiling XCEvalFormat CommandDocuments.swift
[72/79] Emitting module XCEvalFormat
[73/79] Compiling XCEvalFormat DiscoveryCommandDocuments.swift
[74/79] Compiling XCEvalFormat AgentCommandDocuments.swift
[75/80] Wrapping AST for XCEvalFormat for debugging
[77/100] Compiling XCEvalCore EvaluationAuthoringRecipe.swift
/host/spi-builder-workspace/Sources/XCEvalCore/EvaluationAnalysis.swift:1:8: error: no such module 'CryptoKit'
  1 | import CryptoKit
    |        `- error: no such module 'CryptoKit'
  2 | import Foundation
  3 | import XCEvalFormat
[78/100] Compiling XCEvalCore EvaluationAuthoringRecipeVerifier.swift
/host/spi-builder-workspace/Sources/XCEvalCore/EvaluationAnalysis.swift:1:8: error: no such module 'CryptoKit'
  1 | import CryptoKit
    |        `- error: no such module 'CryptoKit'
  2 | import Foundation
  3 | import XCEvalFormat
[79/100] Compiling XCEvalCore EvaluationDatasetDigest.swift
/host/spi-builder-workspace/Sources/XCEvalCore/EvaluationAnalysis.swift:1:8: error: no such module 'CryptoKit'
  1 | import CryptoKit
    |        `- error: no such module 'CryptoKit'
  2 | import Foundation
  3 | import XCEvalFormat
[80/102] Compiling XCEvalCore EvaluationDatasetLifecycle.swift
/host/spi-builder-workspace/Sources/XCEvalCore/EvaluationAnalysis.swift:1:8: error: no such module 'CryptoKit'
  1 | import CryptoKit
    |        `- error: no such module 'CryptoKit'
  2 | import Foundation
  3 | import XCEvalFormat
[81/102] Compiling XCEvalCore EvaluationDatasetModels.swift
/host/spi-builder-workspace/Sources/XCEvalCore/EvaluationAnalysis.swift:1:8: error: no such module 'CryptoKit'
  1 | import CryptoKit
    |        `- error: no such module 'CryptoKit'
  2 | import Foundation
  3 | import XCEvalFormat
[82/102] Compiling XCEvalCore EvaluationDatasetValidation.swift
/host/spi-builder-workspace/Sources/XCEvalCore/EvaluationAnalysis.swift:1:8: error: no such module 'CryptoKit'
  1 | import CryptoKit
    |        `- error: no such module 'CryptoKit'
  2 | import Foundation
  3 | import XCEvalFormat
[83/102] Compiling XCEvalCore EvaluationDeltaGate.swift
/host/spi-builder-workspace/Sources/XCEvalCore/EvaluationAnalysis.swift:1:8: error: no such module 'CryptoKit'
  1 | import CryptoKit
    |        `- error: no such module 'CryptoKit'
  2 | import Foundation
  3 | import XCEvalFormat
[84/102] Compiling XCEvalCore EvaluationPipelineConfiguration.swift
/host/spi-builder-workspace/Sources/XCEvalCore/EvaluationAnalysis.swift:1:8: error: no such module 'CryptoKit'
  1 | import CryptoKit
    |        `- error: no such module 'CryptoKit'
  2 | import Foundation
  3 | import XCEvalFormat
[85/102] Compiling XCEvalCore EvaluationTargetManifest.swift
/host/spi-builder-workspace/Sources/XCEvalCore/EvaluationAnalysis.swift:1:8: error: no such module 'CryptoKit'
  1 | import CryptoKit
    |        `- error: no such module 'CryptoKit'
  2 | import Foundation
  3 | import XCEvalFormat
error: emit-module command failed with exit code 1 (use -v to see invocation)
[86/102] Emitting module XCEvalCore
/host/spi-builder-workspace/Sources/XCEvalCore/EvaluationAnalysis.swift:1:8: error: no such module 'CryptoKit'
  1 | import CryptoKit
    |        `- error: no such module 'CryptoKit'
  2 | import Foundation
  3 | import XCEvalFormat
[87/102] Compiling XCEvalCore XcodeEnvironment.swift
/host/spi-builder-workspace/Sources/XCEvalCore/EvaluationAnalysis.swift:1:8: error: no such module 'CryptoKit'
  1 | import CryptoKit
    |        `- error: no such module 'CryptoKit'
  2 | import Foundation
  3 | import XCEvalFormat
[88/102] Compiling XCEvalCore XcodeEvaluationExporter.swift
/host/spi-builder-workspace/Sources/XCEvalCore/EvaluationAnalysis.swift:1:8: error: no such module 'CryptoKit'
  1 | import CryptoKit
    |        `- error: no such module 'CryptoKit'
  2 | import Foundation
  3 | import XCEvalFormat
[89/102] Compiling XCEvalCore EvaluationAnalysis.swift
/host/spi-builder-workspace/Sources/XCEvalCore/EvaluationAnalysis.swift:1:8: error: no such module 'CryptoKit'
  1 | import CryptoKit
    |        `- error: no such module 'CryptoKit'
  2 | import Foundation
  3 | import XCEvalFormat
[90/102] Compiling XCEvalCore EvaluationArtifact.swift
/host/spi-builder-workspace/Sources/XCEvalCore/EvaluationAnalysis.swift:1:8: error: no such module 'CryptoKit'
  1 | import CryptoKit
    |        `- error: no such module 'CryptoKit'
  2 | import Foundation
  3 | import XCEvalFormat
[91/102] Compiling XCEvalCore EvaluationArtifactLoader.swift
/host/spi-builder-workspace/Sources/XCEvalCore/EvaluationAnalysis.swift:1:8: error: no such module 'CryptoKit'
  1 | import CryptoKit
    |        `- error: no such module 'CryptoKit'
  2 | import Foundation
  3 | import XCEvalFormat
[92/102] Compiling XCEvalCore ProcessModels.swift
/host/spi-builder-workspace/Sources/XCEvalCore/EvaluationAnalysis.swift:1:8: error: no such module 'CryptoKit'
  1 | import CryptoKit
    |        `- error: no such module 'CryptoKit'
  2 | import Foundation
  3 | import XCEvalFormat
[93/102] Compiling XCEvalCore ProcessRunner.swift
/host/spi-builder-workspace/Sources/XCEvalCore/EvaluationAnalysis.swift:1:8: error: no such module 'CryptoKit'
  1 | import CryptoKit
    |        `- error: no such module 'CryptoKit'
  2 | import Foundation
  3 | import XCEvalFormat
[94/102] Compiling XCEvalCore ProvenanceModels.swift
/host/spi-builder-workspace/Sources/XCEvalCore/EvaluationAnalysis.swift:1:8: error: no such module 'CryptoKit'
  1 | import CryptoKit
    |        `- error: no such module 'CryptoKit'
  2 | import Foundation
  3 | import XCEvalFormat
[95/102] Compiling XCEvalCore XCEvalArtifactDocument+EvaluationArtifact.swift
/host/spi-builder-workspace/Sources/XCEvalCore/EvaluationAnalysis.swift:1:8: error: no such module 'CryptoKit'
  1 | import CryptoKit
    |        `- error: no such module 'CryptoKit'
  2 | import Foundation
  3 | import XCEvalFormat
[96/102] Compiling XCEvalCore EvaluationsAPICatalog.swift
/host/spi-builder-workspace/Sources/XCEvalCore/EvaluationAnalysis.swift:1:8: error: no such module 'CryptoKit'
  1 | import CryptoKit
    |        `- error: no such module 'CryptoKit'
  2 | import Foundation
  3 | import XCEvalFormat
[97/102] Compiling XCEvalCore OperationReceipt.swift
/host/spi-builder-workspace/Sources/XCEvalCore/EvaluationAnalysis.swift:1:8: error: no such module 'CryptoKit'
  1 | import CryptoKit
    |        `- error: no such module 'CryptoKit'
  2 | import Foundation
  3 | import XCEvalFormat
[98/102] Compiling XCEvalCore PathSafety.swift
/host/spi-builder-workspace/Sources/XCEvalCore/EvaluationAnalysis.swift:1:8: error: no such module 'CryptoKit'
  1 | import CryptoKit
    |        `- error: no such module 'CryptoKit'
  2 | import Foundation
  3 | import XCEvalFormat
BUILD FAILURE 6.2 linux