Build Information
Failed to build Sitrep, reference main (ae446f), with Swift 6.3 for Wasm on 15 Sep 2026 14:06:53 UTC.
Build Command
bash -c docker run --pull=always --rm -v "checkouts-54344847-1":/host -w "$PWD" -e JAVA_HOME="/root/.sdkman/candidates/java/current" -e SPI_BUILD="1" -e SPI_PROCESSING="1" registry.gitlab.com/saguaro1/spi-images:wasm-6.3-latest swift build --swift-sdk swift-6.3.2-RELEASE_wasm 2>&1Build Log
========================================
RunAll
========================================
Builder version: 5.0.2
Interrupt handler set up.
========================================
Checkout
========================================
Clone URL: https://github.com/twostraws/Sitrep.git
Reference: main
Initialized empty Git repository in /host/spi-builder-workspace/.git/
hint: Using 'master' as the name for the initial branch. This default branch name
hint: is subject to change. To configure the initial branch name to use in all
hint: of your new repositories, which will suppress this warning, call:
hint:
hint: git config --global init.defaultBranch <name>
hint:
hint: Names commonly chosen instead of 'master' are 'main', 'trunk' and
hint: 'development'. The just-created branch can be renamed via this command:
hint:
hint: git branch -m <name>
From https://github.com/twostraws/Sitrep
* branch main -> FETCH_HEAD
* [new branch] main -> origin/main
HEAD is now at ae446f9 Merge pull request #47 from Joseph-Cursio/fix/file-path-fixtures
Cloned https://github.com/twostraws/Sitrep.git
Revision (git rev-parse @):
ae446f9142c5be08a88b8452f015ed1e5284bca4
SUCCESS checkout https://github.com/twostraws/Sitrep.git at main
========================================
Build
========================================
Selected platform: wasm
Swift version: 6.3
Building package at path: $PWD
https://github.com/twostraws/Sitrep.git
Running build ...
bash -c docker run --pull=always --rm -v "checkouts-54344847-1":/host -w "$PWD" -e JAVA_HOME="/root/.sdkman/candidates/java/current" -e SPI_BUILD="1" -e SPI_PROCESSING="1" registry.gitlab.com/saguaro1/spi-images:wasm-6.3-latest swift build --swift-sdk swift-6.3.2-RELEASE_wasm 2>&1
wasm-6.3-latest: Pulling from saguaro1/spi-images
Digest: sha256:253aad7f5b11d25cf9eaef34120b94cd8a325782929c57fb304a7711494a3f9a
Status: Image is up to date for registry.gitlab.com/saguaro1/spi-images:wasm-6.3-latest
Fetching https://github.com/jpsim/Yams.git
Fetching https://github.com/apple/swift-syntax.git
Fetching https://github.com/apple/swift-argument-parser
[1/11861] Fetching yams
[713/30720] Fetching yams, swift-argument-parser
Fetched https://github.com/apple/swift-argument-parser from cache (1.08s)
[1/79894] Fetching swift-syntax
Fetched https://github.com/jpsim/Yams.git from cache (4.90s)
Fetched https://github.com/apple/swift-syntax.git from cache (4.91s)
Computing version for https://github.com/apple/swift-syntax.git
Computed https://github.com/apple/swift-syntax.git at 602.0.0 (6.44s)
Computing version for https://github.com/apple/swift-argument-parser
Computed https://github.com/apple/swift-argument-parser at 1.8.2 (0.32s)
Computing version for https://github.com/jpsim/Yams.git
Computed https://github.com/jpsim/Yams.git at 6.2.2 (0.27s)
Creating working copy for https://github.com/apple/swift-syntax.git
Working copy of https://github.com/apple/swift-syntax.git resolved at 602.0.0
Creating working copy for https://github.com/apple/swift-argument-parser
Working copy of https://github.com/apple/swift-argument-parser resolved at 1.8.2
Creating working copy for https://github.com/jpsim/Yams.git
Working copy of https://github.com/jpsim/Yams.git resolved at 6.2.2
Downloading package prebuilt https://download.swift.org/prebuilts/swift-syntax/602.0.0/swift-6.3.2-RELEASE-ubuntu_jammy_x86_64-MacroSupport.tar.gz
Downloaded https://download.swift.org/prebuilts/swift-syntax/602.0.0/swift-6.3.2-RELEASE-ubuntu_jammy_x86_64-MacroSupport.tar.gz (0.30s)
[1/1] Compiling plugin GenerateManual
[2/2] Compiling plugin GenerateDoccReference
Building for debugging...
[2/36] Compiling _SwiftSyntaxCShims PlatformMutex.c
[3/36] Write sources
[4/36] Compiling reader.c
[5/36] Write sources
[16/36] Compiling writer.c
[17/36] Write swift-version-24593BA9C3E375BF.txt
[18/36] Compiling api.c
[19/36] Compiling parser.c
[20/44] Compiling emitter.c
[22/48] Emitting module SwiftSyntax601
[23/48] Emitting module SwiftSyntax509
[23/48] Compiling scanner.c
[25/68] Emitting module Yams
[26/70] Compiling Yams Tag.swift
[27/70] Compiling Yams YamlAnchorProviding.swift
[28/70] Compiling SwiftSyntax602 Empty.swift
[29/70] Emitting module SwiftSyntax510
[30/70] Emitting module SwiftSyntax602
[31/70] Compiling SwiftSyntax510 Empty.swift
[32/72] Emitting module SwiftSyntax600
[33/72] Compiling SwiftSyntax600 Empty.swift
[37/73] Compiling SwiftSyntax601 Empty.swift
[37/74] Wrapping AST for SwiftSyntax600 for debugging
[38/74] Wrapping AST for SwiftSyntax602 for debugging
[39/74] Wrapping AST for SwiftSyntax510 for debugging
[41/74] Wrapping AST for SwiftSyntax601 for debugging
[43/74] Compiling SwiftSyntax509 Empty.swift
[45/75] Compiling Yams Mark.swift
[46/75] Compiling Yams Node.Alias.swift
[47/75] Compiling Yams Node.Mapping.swift
[47/75] Wrapping AST for SwiftSyntax509 for debugging
[49/115] Emitting module ArgumentParserToolInfo
[50/115] Compiling ArgumentParserToolInfo ToolInfo.swift
[51/139] Wrapping AST for ArgumentParserToolInfo for debugging
[53/186] Compiling ArgumentParser InputKey.swift
[54/186] Compiling ArgumentParser InputOrigin.swift
[55/186] Compiling ArgumentParser NameSpecification.swift
[56/186] Compiling ArgumentParser Option.swift
[57/186] Compiling ArgumentParser OptionGroup.swift
[58/186] Compiling ArgumentParser BashCompletionsGenerator.swift
[59/186] Compiling ArgumentParser CompletionsGenerator.swift
[60/186] Compiling ArgumentParser FishCompletionsGenerator.swift
[61/186] Compiling ArgumentParser ZshCompletionsGenerator.swift
/host/spi-builder-workspace/.build/checkouts/Yams/Sources/Yams/Representer.swift:342:45: error: cannot find 'DBL_DECIMAL_DIG' in scope
340 | // Since `NumberFormatter` creates a string with insufficient precision for Decode,
341 | // it uses with `String(format:...)`
342 | let string = String(format: "%.*g", DBL_DECIMAL_DIG, self)
| `- error: cannot find 'DBL_DECIMAL_DIG' in scope
343 | // "%*.g" does not use scientific notation if the exponent is less than –4.
344 | // So fallback to using `NumberFormatter` if string does not uses scientific notation.
[62/186] Compiling ArgumentParser Argument.swift
/host/spi-builder-workspace/.build/checkouts/Yams/Sources/Yams/Representer.swift:342:45: error: cannot find 'DBL_DECIMAL_DIG' in scope
340 | // Since `NumberFormatter` creates a string with insufficient precision for Decode,
341 | // it uses with `String(format:...)`
342 | let string = String(format: "%.*g", DBL_DECIMAL_DIG, self)
| `- error: cannot find 'DBL_DECIMAL_DIG' in scope
343 | // "%*.g" does not use scientific notation if the exponent is less than –4.
344 | // So fallback to using `NumberFormatter` if string does not uses scientific notation.
[63/186] Compiling ArgumentParser ArgumentDiscussion.swift
/host/spi-builder-workspace/.build/checkouts/Yams/Sources/Yams/Representer.swift:342:45: error: cannot find 'DBL_DECIMAL_DIG' in scope
340 | // Since `NumberFormatter` creates a string with insufficient precision for Decode,
341 | // it uses with `String(format:...)`
342 | let string = String(format: "%.*g", DBL_DECIMAL_DIG, self)
| `- error: cannot find 'DBL_DECIMAL_DIG' in scope
343 | // "%*.g" does not use scientific notation if the exponent is less than –4.
344 | // So fallback to using `NumberFormatter` if string does not uses scientific notation.
[64/186] Compiling ArgumentParser Errors.swift
[65/186] Compiling ArgumentParser Flag.swift
[66/186] Compiling ArgumentParser ParsableCommand.swift
[67/186] Compiling ArgumentParser ArgumentDecoder.swift
[68/186] Compiling ArgumentParser ArgumentDefinition.swift
BUILD FAILURE 6.3 wasm