The Swift Package Index logo.Swift Package Index

Build Information

Failed to build swift-mcp-toolkit, reference v0.3.0 (ea47d6), with Swift 6.4 for visionOS using Xcode 27.0 on 25 Sep 2026 03:04:39 UTC.

Build Command

env DEVELOPER_DIR=/Applications/Xcode-27.0.0-Release.Candidate.app xcrun xcodebuild -IDEClonedSourcePackagesDirPathOverride=$PWD/.dependencies -skipMacroValidation -skipPackagePluginValidation -derivedDataPath $PWD/.derivedData build -scheme swift-mcp-toolkit -destination generic/platform=xrOS

Build Log

SwiftCompile normal arm64 /Users/admin/builder/spi-builder-workspace/.dependencies/checkouts/swift-sdk/Sources/MCP/Base/Authorization/OAuthURLValidator.swift (in target 'MCP' from project 'mcp-swift-sdk')
    cd /Users/admin/builder/spi-builder-workspace/.swiftpm/xcode
    builtin-SwiftPerFileCompile OAuthURLValidator.swift
SwiftCompile normal arm64 /Users/admin/builder/spi-builder-workspace/.dependencies/checkouts/swift-sdk/Sources/MCP/Base/Authorization/OAuthWWWAuthenticateParser.swift (in target 'MCP' from project 'mcp-swift-sdk')
    cd /Users/admin/builder/spi-builder-workspace/.swiftpm/xcode
    builtin-SwiftPerFileCompile OAuthWWWAuthenticateParser.swift
SwiftCompile normal arm64 /Users/admin/builder/spi-builder-workspace/.dependencies/checkouts/swift-sdk/Sources/MCP/Base/Authorization/PKCE.swift (in target 'MCP' from project 'mcp-swift-sdk')
    cd /Users/admin/builder/spi-builder-workspace/.swiftpm/xcode
    builtin-SwiftPerFileCompile PKCE.swift
SwiftCompile normal arm64 /Users/admin/builder/spi-builder-workspace/.dependencies/checkouts/swift-sdk/Sources/MCP/Base/Authorization/TokenStorage.swift (in target 'MCP' from project 'mcp-swift-sdk')
    cd /Users/admin/builder/spi-builder-workspace/.swiftpm/xcode
    builtin-SwiftPerFileCompile TokenStorage.swift
SwiftCompile normal arm64 /Users/admin/builder/spi-builder-workspace/.dependencies/checkouts/swift-sdk/Sources/MCP/Base/Error.swift (in target 'MCP' from project 'mcp-swift-sdk')
    cd /Users/admin/builder/spi-builder-workspace/.swiftpm/xcode
    builtin-SwiftPerFileCompile Error.swift
SwiftDriverJobDiscovery normal arm64 Compiling ID.swift, Icon.swift, Lifecycle.swift, Messages.swift, PendingRequest.swift (in target 'MCP' from project 'mcp-swift-sdk')
SwiftCompile normal arm64 Compiling\ FieldEmitter.swift,\ SchemaEmitter.swift /Users/admin/builder/spi-builder-workspace/.dependencies/checkouts/swift-json-schema/Sources/JSONSchemaMacro/Schemable/Emission/FieldEmitter.swift /Users/admin/builder/spi-builder-workspace/.dependencies/checkouts/swift-json-schema/Sources/JSONSchemaMacro/Schemable/Emission/SchemaEmitter.swift (in target 'JSONSchemaMacro' from project 'swift-json-schema')
SwiftCompile normal arm64 /Users/admin/builder/spi-builder-workspace/.dependencies/checkouts/swift-json-schema/Sources/JSONSchemaMacro/Schemable/Emission/FieldEmitter.swift (in target 'JSONSchemaMacro' from project 'swift-json-schema')
    cd /Users/admin/builder/spi-builder-workspace/.swiftpm/xcode
    builtin-SwiftPerFileCompile FieldEmitter.swift
SwiftCompile normal arm64 /Users/admin/builder/spi-builder-workspace/.dependencies/checkouts/swift-json-schema/Sources/JSONSchemaMacro/Schemable/Emission/SchemaEmitter.swift (in target 'JSONSchemaMacro' from project 'swift-json-schema')
    cd /Users/admin/builder/spi-builder-workspace/.swiftpm/xcode
    builtin-SwiftPerFileCompile SchemaEmitter.swift
SwiftDriverJobDiscovery normal arm64 Compiling Cancellation.swift, Ping.swift, Progress.swift, RequestContext.swift, Value.swift (in target 'MCP' from project 'mcp-swift-sdk')
SwiftCompile normal arm64 Compiling\ SchemableMacro.swift,\ TypeSpecificOptionMacros.swift /Users/admin/builder/spi-builder-workspace/.dependencies/checkouts/swift-json-schema/Sources/JSONSchemaMacro/Schemable/SchemableMacro.swift /Users/admin/builder/spi-builder-workspace/.dependencies/checkouts/swift-json-schema/Sources/JSONSchemaMacro/TypeSpecificOptionMacros.swift (in target 'JSONSchemaMacro' from project 'swift-json-schema')
SwiftCompile normal arm64 /Users/admin/builder/spi-builder-workspace/.dependencies/checkouts/swift-json-schema/Sources/JSONSchemaMacro/Schemable/SchemableMacro.swift (in target 'JSONSchemaMacro' from project 'swift-json-schema')
    cd /Users/admin/builder/spi-builder-workspace/.swiftpm/xcode
    builtin-SwiftPerFileCompile SchemableMacro.swift
SwiftCompile normal arm64 /Users/admin/builder/spi-builder-workspace/.dependencies/checkouts/swift-json-schema/Sources/JSONSchemaMacro/TypeSpecificOptionMacros.swift (in target 'JSONSchemaMacro' from project 'swift-json-schema')
    cd /Users/admin/builder/spi-builder-workspace/.swiftpm/xcode
    builtin-SwiftPerFileCompile TypeSpecificOptionMacros.swift
SwiftDriverJobDiscovery normal arm64 Emitting module for MCP (in target 'MCP' from project 'mcp-swift-sdk')
SwiftDriver\ Compilation\ Requirements MCP normal arm64 com.apple.xcode.tools.swift.compiler (in target 'MCP' from project 'mcp-swift-sdk')
    cd /Users/admin/builder/spi-builder-workspace/.swiftpm/xcode
    builtin-Swift-Compilation-Requirements -- /Applications/Xcode-27.0.0-Release.Candidate.app/Contents/Developer/Toolchains/XcodeDefault.xctoolchain/usr/bin/swiftc -parse-as-library -module-name MCP -Onone @/Users/admin/builder/spi-builder-workspace/.derivedData/Build/Intermediates.noindex/mcp-swift-sdk.build/Debug-xros/MCP-t.build/Objects-normal/arm64/MCP.SwiftFileList -DSWIFT_PACKAGE -DDEBUG -DSWIFT_MODULE_RESOURCE_BUNDLE_UNAVAILABLE -Xcc -fmodule-map-file\=/Users/admin/builder/spi-builder-workspace/.dependencies/checkouts/swift-system/Sources/CSystem/include/module.modulemap -DXcode -enable-upcoming-feature StrictConcurrency -plugin-path /Applications/Xcode-27.0.0-Release.Candidate.app/Contents/Developer/Toolchains/XcodeDefault.xctoolchain/usr/lib/swift/host/plugins/testing -enable-experimental-feature DebugDescriptionMacro -sdk /Applications/Xcode-27.0.0-Release.Candidate.app/Contents/Developer/Platforms/XROS.platform/Developer/SDKs/XROS27.0.sdk -target arm64-apple-xros1.0 -g -module-cache-path /Users/admin/builder/spi-builder-workspace/.derivedData/ModuleCache.noindex -Xfrontend -serialize-debugging-options -profile-coverage-mapping -profile-generate -enable-testing -suppress-warnings -index-store-path /Users/admin/builder/spi-builder-workspace/.derivedData/Index.noindex/DataStore -Xcc -D_LIBCPP_HARDENING_MODE\=_LIBCPP_HARDENING_MODE_DEBUG -swift-version 6 -I /Users/admin/builder/spi-builder-workspace/.derivedData/Build/Products/Debug-xros -Isystem /Applications/Xcode-27.0.0-Release.Candidate.app/Contents/Developer/Platforms/XROS.platform/Developer/usr/lib -F /Users/admin/builder/spi-builder-workspace/.derivedData/Build/Products/Debug-xros/PackageFrameworks -F /Users/admin/builder/spi-builder-workspace/.derivedData/Build/Products/Debug-xros -F /Applications/Xcode-27.0.0-Release.Candidate.app/Contents/Developer/Platforms/XROS.platform/Developer/Library/Frameworks -F /Applications/Xcode-27.0.0-Release.Candidate.app/Contents/Developer/Platforms/XROS.platform/Developer/SDKs/XROS27.0.sdk/Developer/Library/Frameworks -c -j10 -enable-batch-mode -incremental -Xcc -ivfsstatcache -Xcc /Users/admin/builder/spi-builder-workspace/.derivedData/SDKStatCaches.noindex/xros27.0-24M361-e829b21a6f8c9b70876ba0858053c044735bd543db762f57723cac368afd1ce4.sdkstatcache -output-file-map /Users/admin/builder/spi-builder-workspace/.derivedData/Build/Intermediates.noindex/mcp-swift-sdk.build/Debug-xros/MCP-t.build/Objects-normal/arm64/MCP-OutputFileMap.json -save-temps -no-color-diagnostics -explicit-module-build -module-cache-path /Users/admin/builder/spi-builder-workspace/.derivedData/Build/Intermediates.noindex/SwiftExplicitPrecompiledModules -clang-scanner-module-cache-path /Users/admin/builder/spi-builder-workspace/.derivedData/ModuleCache.noindex -sdk-module-cache-path /Users/admin/builder/spi-builder-workspace/.derivedData/SDKExplicitPrecompiledModules -emit-dependencies -emit-module -emit-module-path /Users/admin/builder/spi-builder-workspace/.derivedData/Build/Intermediates.noindex/mcp-swift-sdk.build/Debug-xros/MCP-t.build/Objects-normal/arm64/MCP.swiftmodule -serialize-diagnostics -dependency-scan-serialize-diagnostics-path /Users/admin/builder/spi-builder-workspace/.derivedData/Build/Intermediates.noindex/mcp-swift-sdk.build/Debug-xros/MCP-t.build/Objects-normal/arm64/MCP-dependency-scan.dia -user-module-version 0.12.1 -validate-clang-modules-once -clang-build-session-file /Users/admin/builder/spi-builder-workspace/.derivedData/ModuleCache.noindex/Session.modulevalidation -Xcc -fmodules-prune-interval\=86400 -Xcc -fmodules-prune-after\=345600 -package-name swift_sdk -emit-const-values -const-gather-protocols-list /Users/admin/builder/spi-builder-workspace/.derivedData/Build/Intermediates.noindex/mcp-swift-sdk.build/Debug-xros/MCP-t.build/Objects-normal/arm64/MCP_const_extract_protocols.json -Xcc -I/Users/admin/builder/spi-builder-workspace/.dependencies/checkouts/swift-system/Sources/CSystem/include -Xcc -I/Users/admin/builder/spi-builder-workspace/.derivedData/Build/Products/Debug-xros/include -Xcc -I/Users/admin/builder/spi-builder-workspace/.derivedData/Build/Intermediates.noindex/mcp-swift-sdk.build/Debug-xros/MCP-t.build/DerivedSources-normal/arm64 -Xcc -I/Users/admin/builder/spi-builder-workspace/.derivedData/Build/Intermediates.noindex/mcp-swift-sdk.build/Debug-xros/MCP-t.build/DerivedSources/arm64 -Xcc -I/Users/admin/builder/spi-builder-workspace/.derivedData/Build/Intermediates.noindex/mcp-swift-sdk.build/Debug-xros/MCP-t.build/DerivedSources -Xcc -DSWIFT_PACKAGE -Xcc -DDEBUG\=1 -emit-objc-header -emit-objc-header-path /Users/admin/builder/spi-builder-workspace/.derivedData/Build/Intermediates.noindex/mcp-swift-sdk.build/Debug-xros/MCP-t.build/Objects-normal/arm64/MCP-Swift.h -working-directory /Users/admin/builder/spi-builder-workspace/.swiftpm/xcode -experimental-emit-module-separately -disable-cmo
SwiftDriverJobDiscovery normal arm64 Compiling StatelessHTTPServerTransport.swift, InMemoryTransport.swift, NetworkTransport.swift, StdioTransport.swift, UnitInterval.swift (in target 'MCP' from project 'mcp-swift-sdk')
SwiftCompile normal arm64 Compiling\ DiagnosticCollector.swift,\ InitializerDiagnostics.swift,\ SchemaOptionsDiagnostics.swift /Users/admin/builder/spi-builder-workspace/.dependencies/checkouts/swift-json-schema/Sources/JSONSchemaMacro/Schemable/Diagnostics/DiagnosticCollector.swift /Users/admin/builder/spi-builder-workspace/.dependencies/checkouts/swift-json-schema/Sources/JSONSchemaMacro/Schemable/Diagnostics/InitializerDiagnostics.swift /Users/admin/builder/spi-builder-workspace/.dependencies/checkouts/swift-json-schema/Sources/JSONSchemaMacro/Schemable/Diagnostics/SchemaOptionsDiagnostics.swift (in target 'JSONSchemaMacro' from project 'swift-json-schema')
SwiftCompile normal arm64 /Users/admin/builder/spi-builder-workspace/.dependencies/checkouts/swift-json-schema/Sources/JSONSchemaMacro/Schemable/Diagnostics/DiagnosticCollector.swift (in target 'JSONSchemaMacro' from project 'swift-json-schema')
    cd /Users/admin/builder/spi-builder-workspace/.swiftpm/xcode
    builtin-SwiftPerFileCompile DiagnosticCollector.swift
SwiftCompile normal arm64 /Users/admin/builder/spi-builder-workspace/.dependencies/checkouts/swift-json-schema/Sources/JSONSchemaMacro/Schemable/Diagnostics/InitializerDiagnostics.swift (in target 'JSONSchemaMacro' from project 'swift-json-schema')
    cd /Users/admin/builder/spi-builder-workspace/.swiftpm/xcode
    builtin-SwiftPerFileCompile InitializerDiagnostics.swift
SwiftCompile normal arm64 /Users/admin/builder/spi-builder-workspace/.dependencies/checkouts/swift-json-schema/Sources/JSONSchemaMacro/Schemable/Diagnostics/SchemaOptionsDiagnostics.swift (in target 'JSONSchemaMacro' from project 'swift-json-schema')
    cd /Users/admin/builder/spi-builder-workspace/.swiftpm/xcode
    builtin-SwiftPerFileCompile SchemaOptionsDiagnostics.swift
SwiftMergeGeneratedHeaders /Users/admin/builder/spi-builder-workspace/.derivedData/Build/Intermediates.noindex/GeneratedModuleMaps-xros/MCP-Swift.h /Users/admin/builder/spi-builder-workspace/.derivedData/Build/Intermediates.noindex/mcp-swift-sdk.build/Debug-xros/MCP-t.build/Objects-normal/arm64/MCP-Swift.h (in target 'MCP' from project 'mcp-swift-sdk')
    cd /Users/admin/builder/spi-builder-workspace/.dependencies/checkouts/swift-sdk
    builtin-swiftHeaderTool -arch arm64 /Users/admin/builder/spi-builder-workspace/.derivedData/Build/Intermediates.noindex/mcp-swift-sdk.build/Debug-xros/MCP-t.build/Objects-normal/arm64/MCP-Swift.h -o /Users/admin/builder/spi-builder-workspace/.derivedData/Build/Intermediates.noindex/GeneratedModuleMaps-xros/MCP-Swift.h
SwiftDriverJobDiscovery normal arm64 Compiling Transport.swift, HTTPClientTransport.swift, HTTPRequestValidation.swift, HTTPServerTypes.swift, StatefulHTTPServerTransport.swift (in target 'MCP' from project 'mcp-swift-sdk')
Copy /Users/admin/builder/spi-builder-workspace/.derivedData/Build/Products/Debug-xros/MCP.swiftmodule/arm64-apple-xros.swiftmodule /Users/admin/builder/spi-builder-workspace/.derivedData/Build/Intermediates.noindex/mcp-swift-sdk.build/Debug-xros/MCP-t.build/Objects-normal/arm64/MCP.swiftmodule (in target 'MCP' from project 'mcp-swift-sdk')
    cd /Users/admin/builder/spi-builder-workspace/.dependencies/checkouts/swift-sdk
    builtin-copy -exclude .DS_Store -exclude CVS -exclude .svn -exclude .git -exclude .hg -resolve-src-symlinks -rename /Users/admin/builder/spi-builder-workspace/.derivedData/Build/Intermediates.noindex/mcp-swift-sdk.build/Debug-xros/MCP-t.build/Objects-normal/arm64/MCP.swiftmodule /Users/admin/builder/spi-builder-workspace/.derivedData/Build/Products/Debug-xros/MCP.swiftmodule/arm64-apple-xros.swiftmodule
Copy /Users/admin/builder/spi-builder-workspace/.derivedData/Build/Products/Debug-xros/MCP.swiftmodule/arm64-apple-xros.swiftdoc /Users/admin/builder/spi-builder-workspace/.derivedData/Build/Intermediates.noindex/mcp-swift-sdk.build/Debug-xros/MCP-t.build/Objects-normal/arm64/MCP.swiftdoc (in target 'MCP' from project 'mcp-swift-sdk')
    cd /Users/admin/builder/spi-builder-workspace/.dependencies/checkouts/swift-sdk
    builtin-copy -exclude .DS_Store -exclude CVS -exclude .svn -exclude .git -exclude .hg -resolve-src-symlinks -rename /Users/admin/builder/spi-builder-workspace/.derivedData/Build/Intermediates.noindex/mcp-swift-sdk.build/Debug-xros/MCP-t.build/Objects-normal/arm64/MCP.swiftdoc /Users/admin/builder/spi-builder-workspace/.derivedData/Build/Products/Debug-xros/MCP.swiftmodule/arm64-apple-xros.swiftdoc
Copy /Users/admin/builder/spi-builder-workspace/.derivedData/Build/Products/Debug-xros/MCP.swiftmodule/arm64-apple-xros.abi.json /Users/admin/builder/spi-builder-workspace/.derivedData/Build/Intermediates.noindex/mcp-swift-sdk.build/Debug-xros/MCP-t.build/Objects-normal/arm64/MCP.abi.json (in target 'MCP' from project 'mcp-swift-sdk')
    cd /Users/admin/builder/spi-builder-workspace/.dependencies/checkouts/swift-sdk
    builtin-copy -exclude .DS_Store -exclude CVS -exclude .svn -exclude .git -exclude .hg -resolve-src-symlinks -rename /Users/admin/builder/spi-builder-workspace/.derivedData/Build/Intermediates.noindex/mcp-swift-sdk.build/Debug-xros/MCP-t.build/Objects-normal/arm64/MCP.abi.json /Users/admin/builder/spi-builder-workspace/.derivedData/Build/Products/Debug-xros/MCP.swiftmodule/arm64-apple-xros.abi.json
Copy /Users/admin/builder/spi-builder-workspace/.derivedData/Build/Products/Debug-xros/MCP.swiftmodule/Project/arm64-apple-xros.swiftsourceinfo /Users/admin/builder/spi-builder-workspace/.derivedData/Build/Intermediates.noindex/mcp-swift-sdk.build/Debug-xros/MCP-t.build/Objects-normal/arm64/MCP.swiftsourceinfo (in target 'MCP' from project 'mcp-swift-sdk')
    cd /Users/admin/builder/spi-builder-workspace/.dependencies/checkouts/swift-sdk
    builtin-copy -exclude .DS_Store -exclude CVS -exclude .svn -exclude .git -exclude .hg -resolve-src-symlinks -rename /Users/admin/builder/spi-builder-workspace/.derivedData/Build/Intermediates.noindex/mcp-swift-sdk.build/Debug-xros/MCP-t.build/Objects-normal/arm64/MCP.swiftsourceinfo /Users/admin/builder/spi-builder-workspace/.derivedData/Build/Products/Debug-xros/MCP.swiftmodule/Project/arm64-apple-xros.swiftsourceinfo
SwiftCompile normal arm64 Compiling\ SchemableEnumCase.swift,\ SchemableMember.swift /Users/admin/builder/spi-builder-workspace/.dependencies/checkouts/swift-json-schema/Sources/JSONSchemaMacro/Schemable/Parsing/SchemableEnumCase.swift /Users/admin/builder/spi-builder-workspace/.dependencies/checkouts/swift-json-schema/Sources/JSONSchemaMacro/Schemable/Parsing/SchemableMember.swift (in target 'JSONSchemaMacro' from project 'swift-json-schema')
SwiftCompile normal arm64 /Users/admin/builder/spi-builder-workspace/.dependencies/checkouts/swift-json-schema/Sources/JSONSchemaMacro/Schemable/Parsing/SchemableEnumCase.swift (in target 'JSONSchemaMacro' from project 'swift-json-schema')
    cd /Users/admin/builder/spi-builder-workspace/.swiftpm/xcode
    builtin-SwiftPerFileCompile SchemableEnumCase.swift
SwiftCompile normal arm64 /Users/admin/builder/spi-builder-workspace/.dependencies/checkouts/swift-json-schema/Sources/JSONSchemaMacro/Schemable/Parsing/SchemableMember.swift (in target 'JSONSchemaMacro' from project 'swift-json-schema')
    cd /Users/admin/builder/spi-builder-workspace/.swiftpm/xcode
    builtin-SwiftPerFileCompile SchemableMember.swift
SwiftDriverJobDiscovery normal arm64 Compiling OAuthAuthorizationCodeFlow.swift, OAuthAuthorizer.swift, OAuthClientRegistrar.swift, OAuthConfiguration.swift, OAuthConstants.swift (in target 'MCP' from project 'mcp-swift-sdk')
SwiftCompile normal arm64 Compiling\ SchemaOptionsGenerator.swift,\ TypeSchemaEmitter.swift /Users/admin/builder/spi-builder-workspace/.dependencies/checkouts/swift-json-schema/Sources/JSONSchemaMacro/Schemable/Emission/SchemaOptionsGenerator.swift /Users/admin/builder/spi-builder-workspace/.dependencies/checkouts/swift-json-schema/Sources/JSONSchemaMacro/Schemable/Emission/TypeSchemaEmitter.swift (in target 'JSONSchemaMacro' from project 'swift-json-schema')
SwiftCompile normal arm64 /Users/admin/builder/spi-builder-workspace/.dependencies/checkouts/swift-json-schema/Sources/JSONSchemaMacro/Schemable/Emission/SchemaOptionsGenerator.swift (in target 'JSONSchemaMacro' from project 'swift-json-schema')
    cd /Users/admin/builder/spi-builder-workspace/.swiftpm/xcode
    builtin-SwiftPerFileCompile SchemaOptionsGenerator.swift
SwiftCompile normal arm64 /Users/admin/builder/spi-builder-workspace/.dependencies/checkouts/swift-json-schema/Sources/JSONSchemaMacro/Schemable/Emission/TypeSchemaEmitter.swift (in target 'JSONSchemaMacro' from project 'swift-json-schema')
    cd /Users/admin/builder/spi-builder-workspace/.swiftpm/xcode
    builtin-SwiftPerFileCompile TypeSchemaEmitter.swift
SwiftDriverJobDiscovery normal arm64 Compiling OAuthDiscovery.swift, OAuthDiscoveryClient.swift, OAuthErrors.swift, OAuthModels.swift, OAuthTokenEndpointClient.swift (in target 'MCP' from project 'mcp-swift-sdk')
SwiftCompile normal arm64 Compiling\ SupportedPrimitive.swift,\ SwiftSyntaxExtensions.swift /Users/admin/builder/spi-builder-workspace/.dependencies/checkouts/swift-json-schema/Sources/JSONSchemaMacro/Schemable/Parsing/SupportedPrimitive.swift /Users/admin/builder/spi-builder-workspace/.dependencies/checkouts/swift-json-schema/Sources/JSONSchemaMacro/Schemable/Parsing/SwiftSyntaxExtensions.swift (in target 'JSONSchemaMacro' from project 'swift-json-schema')
SwiftCompile normal arm64 /Users/admin/builder/spi-builder-workspace/.dependencies/checkouts/swift-json-schema/Sources/JSONSchemaMacro/Schemable/Parsing/SupportedPrimitive.swift (in target 'JSONSchemaMacro' from project 'swift-json-schema')
    cd /Users/admin/builder/spi-builder-workspace/.swiftpm/xcode
    builtin-SwiftPerFileCompile SupportedPrimitive.swift
SwiftCompile normal arm64 /Users/admin/builder/spi-builder-workspace/.dependencies/checkouts/swift-json-schema/Sources/JSONSchemaMacro/Schemable/Parsing/SwiftSyntaxExtensions.swift (in target 'JSONSchemaMacro' from project 'swift-json-schema')
    cd /Users/admin/builder/spi-builder-workspace/.swiftpm/xcode
    builtin-SwiftPerFileCompile SwiftSyntaxExtensions.swift
SwiftDriverJobDiscovery normal arm64 Compiling SchemableMacro.swift, TypeSpecificOptionMacros.swift (in target 'JSONSchemaMacro' from project 'swift-json-schema')
SwiftCompile normal arm64 Compiling\ ExcludeFromSchemaMacro.swift,\ JSONSchemaMacroPlugin.swift,\ SchemaOptions.swift /Users/admin/builder/spi-builder-workspace/.dependencies/checkouts/swift-json-schema/Sources/JSONSchemaMacro/ExcludeFromSchemaMacro.swift /Users/admin/builder/spi-builder-workspace/.dependencies/checkouts/swift-json-schema/Sources/JSONSchemaMacro/JSONSchemaMacroPlugin.swift /Users/admin/builder/spi-builder-workspace/.dependencies/checkouts/swift-json-schema/Sources/JSONSchemaMacro/SchemaOptions.swift (in target 'JSONSchemaMacro' from project 'swift-json-schema')
SwiftCompile normal arm64 /Users/admin/builder/spi-builder-workspace/.dependencies/checkouts/swift-json-schema/Sources/JSONSchemaMacro/ExcludeFromSchemaMacro.swift (in target 'JSONSchemaMacro' from project 'swift-json-schema')
    cd /Users/admin/builder/spi-builder-workspace/.swiftpm/xcode
    builtin-SwiftPerFileCompile ExcludeFromSchemaMacro.swift
SwiftCompile normal arm64 /Users/admin/builder/spi-builder-workspace/.dependencies/checkouts/swift-json-schema/Sources/JSONSchemaMacro/JSONSchemaMacroPlugin.swift (in target 'JSONSchemaMacro' from project 'swift-json-schema')
    cd /Users/admin/builder/spi-builder-workspace/.swiftpm/xcode
    builtin-SwiftPerFileCompile JSONSchemaMacroPlugin.swift
SwiftCompile normal arm64 /Users/admin/builder/spi-builder-workspace/.dependencies/checkouts/swift-json-schema/Sources/JSONSchemaMacro/SchemaOptions.swift (in target 'JSONSchemaMacro' from project 'swift-json-schema')
    cd /Users/admin/builder/spi-builder-workspace/.swiftpm/xcode
    builtin-SwiftPerFileCompile SchemaOptions.swift
SwiftCompile normal arm64 Compiling\ CompositionKeyword.swift,\ ParsedOptions.swift /Users/admin/builder/spi-builder-workspace/.dependencies/checkouts/swift-json-schema/Sources/JSONSchemaMacro/Schemable/Parsing/CompositionKeyword.swift /Users/admin/builder/spi-builder-workspace/.dependencies/checkouts/swift-json-schema/Sources/JSONSchemaMacro/Schemable/Parsing/ParsedOptions.swift (in target 'JSONSchemaMacro' from project 'swift-json-schema')
SwiftCompile normal arm64 /Users/admin/builder/spi-builder-workspace/.dependencies/checkouts/swift-json-schema/Sources/JSONSchemaMacro/Schemable/Parsing/CompositionKeyword.swift (in target 'JSONSchemaMacro' from project 'swift-json-schema')
    cd /Users/admin/builder/spi-builder-workspace/.swiftpm/xcode
    builtin-SwiftPerFileCompile CompositionKeyword.swift
SwiftCompile normal arm64 /Users/admin/builder/spi-builder-workspace/.dependencies/checkouts/swift-json-schema/Sources/JSONSchemaMacro/Schemable/Parsing/ParsedOptions.swift (in target 'JSONSchemaMacro' from project 'swift-json-schema')
    cd /Users/admin/builder/spi-builder-workspace/.swiftpm/xcode
    builtin-SwiftPerFileCompile ParsedOptions.swift
SwiftDriverJobDiscovery normal arm64 Compiling OAuthURLValidator.swift, OAuthWWWAuthenticateParser.swift, PKCE.swift, TokenStorage.swift, Error.swift (in target 'MCP' from project 'mcp-swift-sdk')
SwiftDriverJobDiscovery normal arm64 Compiling FieldEmitter.swift, SchemaEmitter.swift (in target 'JSONSchemaMacro' from project 'swift-json-schema')
SwiftCompile normal arm64 Compiling\ FieldPlan.swift,\ SchemaPlan.swift /Users/admin/builder/spi-builder-workspace/.dependencies/checkouts/swift-json-schema/Sources/JSONSchemaMacro/Schemable/Planning/FieldPlan.swift /Users/admin/builder/spi-builder-workspace/.dependencies/checkouts/swift-json-schema/Sources/JSONSchemaMacro/Schemable/Planning/SchemaPlan.swift (in target 'JSONSchemaMacro' from project 'swift-json-schema')
SwiftCompile normal arm64 /Users/admin/builder/spi-builder-workspace/.dependencies/checkouts/swift-json-schema/Sources/JSONSchemaMacro/Schemable/Planning/FieldPlan.swift (in target 'JSONSchemaMacro' from project 'swift-json-schema')
    cd /Users/admin/builder/spi-builder-workspace/.swiftpm/xcode
    builtin-SwiftPerFileCompile FieldPlan.swift
SwiftCompile normal arm64 /Users/admin/builder/spi-builder-workspace/.dependencies/checkouts/swift-json-schema/Sources/JSONSchemaMacro/Schemable/Planning/SchemaPlan.swift (in target 'JSONSchemaMacro' from project 'swift-json-schema')
    cd /Users/admin/builder/spi-builder-workspace/.swiftpm/xcode
    builtin-SwiftPerFileCompile SchemaPlan.swift
SwiftCompile normal arm64 Compiling\ SchemaType.swift,\ SchemableDeclaration.swift /Users/admin/builder/spi-builder-workspace/.dependencies/checkouts/swift-json-schema/Sources/JSONSchemaMacro/Schemable/Parsing/SchemaType.swift /Users/admin/builder/spi-builder-workspace/.dependencies/checkouts/swift-json-schema/Sources/JSONSchemaMacro/Schemable/Parsing/SchemableDeclaration.swift (in target 'JSONSchemaMacro' from project 'swift-json-schema')
SwiftCompile normal arm64 /Users/admin/builder/spi-builder-workspace/.dependencies/checkouts/swift-json-schema/Sources/JSONSchemaMacro/Schemable/Parsing/SchemaType.swift (in target 'JSONSchemaMacro' from project 'swift-json-schema')
    cd /Users/admin/builder/spi-builder-workspace/.swiftpm/xcode
    builtin-SwiftPerFileCompile SchemaType.swift
SwiftCompile normal arm64 /Users/admin/builder/spi-builder-workspace/.dependencies/checkouts/swift-json-schema/Sources/JSONSchemaMacro/Schemable/Parsing/SchemableDeclaration.swift (in target 'JSONSchemaMacro' from project 'swift-json-schema')
    cd /Users/admin/builder/spi-builder-workspace/.swiftpm/xcode
    builtin-SwiftPerFileCompile SchemableDeclaration.swift
SwiftDriverJobDiscovery normal arm64 Compiling SchemableEnumCase.swift, SchemableMember.swift (in target 'JSONSchemaMacro' from project 'swift-json-schema')
SwiftDriver\ Compilation JSONSchema normal arm64 com.apple.xcode.tools.swift.compiler (in target 'JSONSchema' from project 'swift-json-schema')
    cd /Users/admin/builder/spi-builder-workspace/.swiftpm/xcode
    builtin-Swift-Compilation -- /Applications/Xcode-27.0.0-Release.Candidate.app/Contents/Developer/Toolchains/XcodeDefault.xctoolchain/usr/bin/swiftc -parse-as-library -module-name JSONSchema -Onone @/Users/admin/builder/spi-builder-workspace/.derivedData/Build/Intermediates.noindex/swift-json-schema.build/Debug-xros/JSONSchema-t.build/Objects-normal/arm64/JSONSchema.SwiftFileList -DSWIFT_PACKAGE -DDEBUG -DSWIFT_MODULE_RESOURCE_BUNDLE_AVAILABLE -DXcode -plugin-path /Applications/Xcode-27.0.0-Release.Candidate.app/Contents/Developer/Toolchains/XcodeDefault.xctoolchain/usr/lib/swift/host/plugins/testing -enable-experimental-feature DebugDescriptionMacro -sdk /Applications/Xcode-27.0.0-Release.Candidate.app/Contents/Developer/Platforms/XROS.platform/Developer/SDKs/XROS27.0.sdk -target arm64-apple-xros1.0 -g -module-cache-path /Users/admin/builder/spi-builder-workspace/.derivedData/ModuleCache.noindex -Xfrontend -serialize-debugging-options -profile-coverage-mapping -profile-generate -enable-testing -suppress-warnings -index-store-path /Users/admin/builder/spi-builder-workspace/.derivedData/Index.noindex/DataStore -Xcc -D_LIBCPP_HARDENING_MODE\=_LIBCPP_HARDENING_MODE_DEBUG -swift-version 6 -I /Users/admin/builder/spi-builder-workspace/.derivedData/Build/Products/Debug-xros -Isystem /Applications/Xcode-27.0.0-Release.Candidate.app/Contents/Developer/Platforms/XROS.platform/Developer/usr/lib -F /Users/admin/builder/spi-builder-workspace/.derivedData/Build/Products/Debug-xros/PackageFrameworks -F /Users/admin/builder/spi-builder-workspace/.derivedData/Build/Products/Debug-xros -F /Applications/Xcode-27.0.0-Release.Candidate.app/Contents/Developer/Platforms/XROS.platform/Developer/Library/Frameworks -F /Applications/Xcode-27.0.0-Release.Candidate.app/Contents/Developer/Platforms/XROS.platform/Developer/SDKs/XROS27.0.sdk/Developer/Library/Frameworks -c -j10 -enable-batch-mode -incremental -Xcc -ivfsstatcache -Xcc /Users/admin/builder/spi-builder-workspace/.derivedData/SDKStatCaches.noindex/xros27.0-24M361-e829b21a6f8c9b70876ba0858053c044735bd543db762f57723cac368afd1ce4.sdkstatcache -output-file-map /Users/admin/builder/spi-builder-workspace/.derivedData/Build/Intermediates.noindex/swift-json-schema.build/Debug-xros/JSONSchema-t.build/Objects-normal/arm64/JSONSchema-OutputFileMap.json -save-temps -no-color-diagnostics -explicit-module-build -module-cache-path /Users/admin/builder/spi-builder-workspace/.derivedData/Build/Intermediates.noindex/SwiftExplicitPrecompiledModules -clang-scanner-module-cache-path /Users/admin/builder/spi-builder-workspace/.derivedData/ModuleCache.noindex -sdk-module-cache-path /Users/admin/builder/spi-builder-workspace/.derivedData/SDKExplicitPrecompiledModules -emit-dependencies -emit-module -emit-module-path /Users/admin/builder/spi-builder-workspace/.derivedData/Build/Intermediates.noindex/swift-json-schema.build/Debug-xros/JSONSchema-t.build/Objects-normal/arm64/JSONSchema.swiftmodule -serialize-diagnostics -dependency-scan-serialize-diagnostics-path /Users/admin/builder/spi-builder-workspace/.derivedData/Build/Intermediates.noindex/swift-json-schema.build/Debug-xros/JSONSchema-t.build/Objects-normal/arm64/JSONSchema-dependency-scan.dia -user-module-version 0.14.1 -validate-clang-modules-once -clang-build-session-file /Users/admin/builder/spi-builder-workspace/.derivedData/ModuleCache.noindex/Session.modulevalidation -Xcc -fmodules-prune-interval\=86400 -Xcc -fmodules-prune-after\=345600 -package-name swift_json_schema -emit-const-values -const-gather-protocols-list /Users/admin/builder/spi-builder-workspace/.derivedData/Build/Intermediates.noindex/swift-json-schema.build/Debug-xros/JSONSchema-t.build/Objects-normal/arm64/JSONSchema_const_extract_protocols.json -Xcc -I/Users/admin/builder/spi-builder-workspace/.derivedData/Build/Products/Debug-xros/include -Xcc -I/Users/admin/builder/spi-builder-workspace/.derivedData/Build/Intermediates.noindex/swift-json-schema.build/Debug-xros/JSONSchema-t.build/DerivedSources-normal/arm64 -Xcc -I/Users/admin/builder/spi-builder-workspace/.derivedData/Build/Intermediates.noindex/swift-json-schema.build/Debug-xros/JSONSchema-t.build/DerivedSources/arm64 -Xcc -I/Users/admin/builder/spi-builder-workspace/.derivedData/Build/Intermediates.noindex/swift-json-schema.build/Debug-xros/JSONSchema-t.build/DerivedSources -Xcc -DSWIFT_PACKAGE -Xcc -DDEBUG\=1 -emit-objc-header -emit-objc-header-path /Users/admin/builder/spi-builder-workspace/.derivedData/Build/Intermediates.noindex/swift-json-schema.build/Debug-xros/JSONSchema-t.build/Objects-normal/arm64/JSONSchema-Swift.h -working-directory /Users/admin/builder/spi-builder-workspace/.swiftpm/xcode -experimental-emit-module-separately -disable-cmo
SwiftDriverJobDiscovery normal arm64 Compiling SchemaOptionsGenerator.swift, TypeSchemaEmitter.swift (in target 'JSONSchemaMacro' from project 'swift-json-schema')
SwiftDriver\ Compilation EventSource normal arm64 com.apple.xcode.tools.swift.compiler (in target 'EventSource' from project 'EventSource')
    cd /Users/admin/builder/spi-builder-workspace/.swiftpm/xcode
    builtin-Swift-Compilation -- /Applications/Xcode-27.0.0-Release.Candidate.app/Contents/Developer/Toolchains/XcodeDefault.xctoolchain/usr/bin/swiftc -parse-as-library -module-name EventSource -Onone @/Users/admin/builder/spi-builder-workspace/.derivedData/Build/Intermediates.noindex/EventSource.build/Debug-xros/EventSource-t.build/Objects-normal/arm64/EventSource.SwiftFileList -DSWIFT_PACKAGE -DDEBUG -DSWIFT_MODULE_RESOURCE_BUNDLE_UNAVAILABLE -DXcode -plugin-path /Applications/Xcode-27.0.0-Release.Candidate.app/Contents/Developer/Toolchains/XcodeDefault.xctoolchain/usr/lib/swift/host/plugins/testing -enable-experimental-feature DebugDescriptionMacro -sdk /Applications/Xcode-27.0.0-Release.Candidate.app/Contents/Developer/Platforms/XROS.platform/Developer/SDKs/XROS27.0.sdk -target arm64-apple-xros1.0 -g -module-cache-path /Users/admin/builder/spi-builder-workspace/.derivedData/ModuleCache.noindex -Xfrontend -serialize-debugging-options -profile-coverage-mapping -profile-generate -enable-testing -suppress-warnings -index-store-path /Users/admin/builder/spi-builder-workspace/.derivedData/Index.noindex/DataStore -Xcc -D_LIBCPP_HARDENING_MODE\=_LIBCPP_HARDENING_MODE_DEBUG -swift-version 6 -I /Users/admin/builder/spi-builder-workspace/.derivedData/Build/Products/Debug-xros -Isystem /Applications/Xcode-27.0.0-Release.Candidate.app/Contents/Developer/Platforms/XROS.platform/Developer/usr/lib -F /Users/admin/builder/spi-builder-workspace/.derivedData/Build/Products/Debug-xros -F /Applications/Xcode-27.0.0-Release.Candidate.app/Contents/Developer/Platforms/XROS.platform/Developer/Library/Frameworks -F /Applications/Xcode-27.0.0-Release.Candidate.app/Contents/Developer/Platforms/XROS.platform/Developer/SDKs/XROS27.0.sdk/Developer/Library/Frameworks -c -j10 -enable-batch-mode -incremental -Xcc -ivfsstatcache -Xcc /Users/admin/builder/spi-builder-workspace/.derivedData/SDKStatCaches.noindex/xros27.0-24M361-e829b21a6f8c9b70876ba0858053c044735bd543db762f57723cac368afd1ce4.sdkstatcache -output-file-map /Users/admin/builder/spi-builder-workspace/.derivedData/Build/Intermediates.noindex/EventSource.build/Debug-xros/EventSource-t.build/Objects-normal/arm64/EventSource-OutputFileMap.json -save-temps -no-color-diagnostics -explicit-module-build -module-cache-path /Users/admin/builder/spi-builder-workspace/.derivedData/Build/Intermediates.noindex/SwiftExplicitPrecompiledModules -clang-scanner-module-cache-path /Users/admin/builder/spi-builder-workspace/.derivedData/ModuleCache.noindex -sdk-module-cache-path /Users/admin/builder/spi-builder-workspace/.derivedData/SDKExplicitPrecompiledModules -emit-dependencies -emit-module -emit-module-path /Users/admin/builder/spi-builder-workspace/.derivedData/Build/Intermediates.noindex/EventSource.build/Debug-xros/EventSource-t.build/Objects-normal/arm64/EventSource.swiftmodule -serialize-diagnostics -dependency-scan-serialize-diagnostics-path /Users/admin/builder/spi-builder-workspace/.derivedData/Build/Intermediates.noindex/EventSource.build/Debug-xros/EventSource-t.build/Objects-normal/arm64/EventSource-dependency-scan.dia -user-module-version 1.5.1 -validate-clang-modules-once -clang-build-session-file /Users/admin/builder/spi-builder-workspace/.derivedData/ModuleCache.noindex/Session.modulevalidation -Xcc -fmodules-prune-interval\=86400 -Xcc -fmodules-prune-after\=345600 -package-name eventsource -emit-const-values -const-gather-protocols-list /Users/admin/builder/spi-builder-workspace/.derivedData/Build/Intermediates.noindex/EventSource.build/Debug-xros/EventSource-t.build/Objects-normal/arm64/EventSource_const_extract_protocols.json -Xcc -I/Users/admin/builder/spi-builder-workspace/.derivedData/Build/Products/Debug-xros/include -Xcc -I/Users/admin/builder/spi-builder-workspace/.derivedData/Build/Intermediates.noindex/EventSource.build/Debug-xros/EventSource-t.build/DerivedSources-normal/arm64 -Xcc -I/Users/admin/builder/spi-builder-workspace/.derivedData/Build/Intermediates.noindex/EventSource.build/Debug-xros/EventSource-t.build/DerivedSources/arm64 -Xcc -I/Users/admin/builder/spi-builder-workspace/.derivedData/Build/Intermediates.noindex/EventSource.build/Debug-xros/EventSource-t.build/DerivedSources -Xcc -DSWIFT_PACKAGE -Xcc -DDEBUG\=1 -emit-objc-header -emit-objc-header-path /Users/admin/builder/spi-builder-workspace/.derivedData/Build/Intermediates.noindex/EventSource.build/Debug-xros/EventSource-t.build/Objects-normal/arm64/EventSource-Swift.h -working-directory /Users/admin/builder/spi-builder-workspace/.swiftpm/xcode -experimental-emit-module-separately -disable-cmo
Ld /Users/admin/builder/spi-builder-workspace/.derivedData/Build/Products/Debug-xros/EventSource.o normal (in target 'EventSource' from project 'EventSource')
    cd /Users/admin/builder/spi-builder-workspace/.dependencies/checkouts/eventsource
    /Applications/Xcode-27.0.0-Release.Candidate.app/Contents/Developer/Toolchains/XcodeDefault.xctoolchain/usr/bin/clang -Xlinker -reproducible -target arm64-apple-xros1.0 -r -isysroot /Applications/Xcode-27.0.0-Release.Candidate.app/Contents/Developer/Platforms/XROS.platform/Developer/SDKs/XROS27.0.sdk -O0 -w -Xlinker -no_warn_duplicate_libraries -F/Users/admin/builder/spi-builder-workspace/.derivedData/Build/Intermediates.noindex/EagerLinkingTBDs/Debug-xros -F/Users/admin/builder/spi-builder-workspace/.derivedData/Build/Products/Debug-xros -iframework /Applications/Xcode-27.0.0-Release.Candidate.app/Contents/Developer/Platforms/XROS.platform/Developer/Library/Frameworks -iframework /Applications/Xcode-27.0.0-Release.Candidate.app/Contents/Developer/Platforms/XROS.platform/Developer/SDKs/XROS27.0.sdk/Developer/Library/Frameworks -filelist /Users/admin/builder/spi-builder-workspace/.derivedData/Build/Intermediates.noindex/EventSource.build/Debug-xros/EventSource-t.build/Objects-normal/arm64/EventSource.LinkFileList -nostdlib -Xlinker -object_path_lto -Xlinker /Users/admin/builder/spi-builder-workspace/.derivedData/Build/Intermediates.noindex/EventSource.build/Debug-xros/EventSource-t.build/Objects-normal/arm64/EventSource_lto.o -Xlinker -no_deduplicate -Xlinker -debug_variant -Xlinker -dependency_info -Xlinker /Users/admin/builder/spi-builder-workspace/.derivedData/Build/Intermediates.noindex/EventSource.build/Debug-xros/EventSource-t.build/Objects-normal/arm64/EventSource_dependency_info.dat -fobjc-link-runtime -L/Applications/Xcode-27.0.0-Release.Candidate.app/Contents/Developer/Toolchains/XcodeDefault.xctoolchain/usr/lib/swift/xros -L/usr/lib/swift -Xlinker -add_ast_path -Xlinker /Users/admin/builder/spi-builder-workspace/.derivedData/Build/Intermediates.noindex/EventSource.build/Debug-xros/EventSource-t.build/Objects-normal/arm64/EventSource.swiftmodule -o /Users/admin/builder/spi-builder-workspace/.derivedData/Build/Products/Debug-xros/EventSource.o
ExtractAppIntentsMetadata (in target 'SystemPackage' from project 'swift-system')
    cd /Users/admin/builder/spi-builder-workspace/.dependencies/checkouts/swift-system
    /Applications/Xcode-27.0.0-Release.Candidate.app/Contents/Developer/Toolchains/XcodeDefault.xctoolchain/usr/bin/appintentsmetadataprocessor --toolchain-dir /var/run/com.apple.security.cryptexd/mnt/com.apple.MobileAsset.MetalToolchain-v27.1.266.1.66rdiX/Metal.xctoolchain --module-name SystemPackage --sdk-root /Applications/Xcode-27.0.0-Release.Candidate.app/Contents/Developer/Platforms/XROS.platform/Developer/SDKs/XROS27.0.sdk --xcode-version 27A266a --platform-family xrOS --deployment-target 1.0 --bundle-identifier swift-system.SystemPackage --output /Users/admin/builder/spi-builder-workspace/.derivedData/Build/Products/Debug-xros/SystemPackage.appintents --target-triple arm64-apple-xros1.0 --binary-file /Users/admin/builder/spi-builder-workspace/.derivedData/Build/Products/Debug-xros/SystemPackage.o --dependency-file /Users/admin/builder/spi-builder-workspace/.derivedData/Build/Intermediates.noindex/swift-system.build/Debug-xros/SystemPackage-t.build/Objects-normal/arm64/SystemPackage_dependency_info.dat --stringsdata-file /Users/admin/builder/spi-builder-workspace/.derivedData/Build/Intermediates.noindex/swift-system.build/Debug-xros/SystemPackage-t.build/Objects-normal/arm64/ExtractedAppShortcutsMetadata.stringsdata --source-file-list /Users/admin/builder/spi-builder-workspace/.derivedData/Build/Intermediates.noindex/swift-system.build/Debug-xros/SystemPackage-t.build/Objects-normal/arm64/SystemPackage.SwiftFileList --metadata-file-list /Users/admin/builder/spi-builder-workspace/.derivedData/Build/Intermediates.noindex/swift-system.build/Debug-xros/SystemPackage-t.build/SystemPackage.DependencyMetadataFileList --static-metadata-file-list /Users/admin/builder/spi-builder-workspace/.derivedData/Build/Intermediates.noindex/swift-system.build/Debug-xros/SystemPackage-t.build/SystemPackage.DependencyStaticMetadataFileList --swift-const-vals-list /Users/admin/builder/spi-builder-workspace/.derivedData/Build/Intermediates.noindex/swift-system.build/Debug-xros/SystemPackage-t.build/Objects-normal/arm64/SystemPackage.SwiftConstValuesFileList --force --compile-time-extraction --deployment-aware-processing --no-app-shortcuts-localization
2026-09-24 23:04:26.146 appintentsmetadataprocessor[1402:7447] Starting appintentsmetadataprocessor export
2026-09-24 23:04:26.219 appintentsmetadataprocessor[1402:7447] Extracted no relevant App Intents symbols, skipping writing output
ExtractAppIntentsMetadata (in target 'OrderedJSON' from project 'swift-json-schema')
    cd /Users/admin/builder/spi-builder-workspace/.dependencies/checkouts/swift-json-schema
    /Applications/Xcode-27.0.0-Release.Candidate.app/Contents/Developer/Toolchains/XcodeDefault.xctoolchain/usr/bin/appintentsmetadataprocessor --toolchain-dir /var/run/com.apple.security.cryptexd/mnt/com.apple.MobileAsset.MetalToolchain-v27.1.266.1.66rdiX/Metal.xctoolchain --module-name OrderedJSON --sdk-root /Applications/Xcode-27.0.0-Release.Candidate.app/Contents/Developer/Platforms/XROS.platform/Developer/SDKs/XROS27.0.sdk --xcode-version 27A266a --platform-family xrOS --deployment-target 1.0 --bundle-identifier swift-json-schema.OrderedJSON --output /Users/admin/builder/spi-builder-workspace/.derivedData/Build/Products/Debug-xros/OrderedJSON.appintents --target-triple arm64-apple-xros1.0 --binary-file /Users/admin/builder/spi-builder-workspace/.derivedData/Build/Products/Debug-xros/OrderedJSON.o --dependency-file /Users/admin/builder/spi-builder-workspace/.derivedData/Build/Intermediates.noindex/swift-json-schema.build/Debug-xros/OrderedJSON-t.build/Objects-normal/arm64/OrderedJSON_dependency_info.dat --stringsdata-file /Users/admin/builder/spi-builder-workspace/.derivedData/Build/Intermediates.noindex/swift-json-schema.build/Debug-xros/OrderedJSON-t.build/Objects-normal/arm64/ExtractedAppShortcutsMetadata.stringsdata --source-file-list /Users/admin/builder/spi-builder-workspace/.derivedData/Build/Intermediates.noindex/swift-json-schema.build/Debug-xros/OrderedJSON-t.build/Objects-normal/arm64/OrderedJSON.SwiftFileList --metadata-file-list /Users/admin/builder/spi-builder-workspace/.derivedData/Build/Intermediates.noindex/swift-json-schema.build/Debug-xros/OrderedJSON-t.build/OrderedJSON.DependencyMetadataFileList --static-metadata-file-list /Users/admin/builder/spi-builder-workspace/.derivedData/Build/Intermediates.noindex/swift-json-schema.build/Debug-xros/OrderedJSON-t.build/OrderedJSON.DependencyStaticMetadataFileList --swift-const-vals-list /Users/admin/builder/spi-builder-workspace/.derivedData/Build/Intermediates.noindex/swift-json-schema.build/Debug-xros/OrderedJSON-t.build/Objects-normal/arm64/OrderedJSON.SwiftConstValuesFileList --force --compile-time-extraction --deployment-aware-processing --no-app-shortcuts-localization
2026-09-24 23:04:26.199 appintentsmetadataprocessor[1403:7455] Starting appintentsmetadataprocessor export
2026-09-24 23:04:26.267 appintentsmetadataprocessor[1403:7455] Extracted no relevant App Intents symbols, skipping writing output
SwiftDriverJobDiscovery normal arm64 Compiling ExcludeFromSchemaMacro.swift, JSONSchemaMacroPlugin.swift, SchemaOptions.swift (in target 'JSONSchemaMacro' from project 'swift-json-schema')
ExtractAppIntentsMetadata (in target 'EventSource' from project 'EventSource')
    cd /Users/admin/builder/spi-builder-workspace/.dependencies/checkouts/eventsource
    /Applications/Xcode-27.0.0-Release.Candidate.app/Contents/Developer/Toolchains/XcodeDefault.xctoolchain/usr/bin/appintentsmetadataprocessor --toolchain-dir /var/run/com.apple.security.cryptexd/mnt/com.apple.MobileAsset.MetalToolchain-v27.1.266.1.66rdiX/Metal.xctoolchain --module-name EventSource --sdk-root /Applications/Xcode-27.0.0-Release.Candidate.app/Contents/Developer/Platforms/XROS.platform/Developer/SDKs/XROS27.0.sdk --xcode-version 27A266a --platform-family xrOS --deployment-target 1.0 --bundle-identifier eventsource.EventSource --output /Users/admin/builder/spi-builder-workspace/.derivedData/Build/Products/Debug-xros/EventSource.appintents --target-triple arm64-apple-xros1.0 --binary-file /Users/admin/builder/spi-builder-workspace/.derivedData/Build/Products/Debug-xros/EventSource.o --dependency-file /Users/admin/builder/spi-builder-workspace/.derivedData/Build/Intermediates.noindex/EventSource.build/Debug-xros/EventSource-t.build/Objects-normal/arm64/EventSource_dependency_info.dat --stringsdata-file /Users/admin/builder/spi-builder-workspace/.derivedData/Build/Intermediates.noindex/EventSource.build/Debug-xros/EventSource-t.build/Objects-normal/arm64/ExtractedAppShortcutsMetadata.stringsdata --source-file-list /Users/admin/builder/spi-builder-workspace/.derivedData/Build/Intermediates.noindex/EventSource.build/Debug-xros/EventSource-t.build/Objects-normal/arm64/EventSource.SwiftFileList --metadata-file-list /Users/admin/builder/spi-builder-workspace/.derivedData/Build/Intermediates.noindex/EventSource.build/Debug-xros/EventSource-t.build/EventSource.DependencyMetadataFileList --static-metadata-file-list /Users/admin/builder/spi-builder-workspace/.derivedData/Build/Intermediates.noindex/EventSource.build/Debug-xros/EventSource-t.build/EventSource.DependencyStaticMetadataFileList --swift-const-vals-list /Users/admin/builder/spi-builder-workspace/.derivedData/Build/Intermediates.noindex/EventSource.build/Debug-xros/EventSource-t.build/Objects-normal/arm64/EventSource.SwiftConstValuesFileList --force --compile-time-extraction --deployment-aware-processing --no-app-shortcuts-localization
2026-09-24 23:04:26.239 appintentsmetadataprocessor[1404:7460] Starting appintentsmetadataprocessor export
2026-09-24 23:04:26.313 appintentsmetadataprocessor[1404:7460] Extracted no relevant App Intents symbols, skipping writing output
Ld /Users/admin/builder/spi-builder-workspace/.derivedData/Build/Products/Debug-xros/JSONSchema.o normal (in target 'JSONSchema' from project 'swift-json-schema')
    cd /Users/admin/builder/spi-builder-workspace/.dependencies/checkouts/swift-json-schema
    /Applications/Xcode-27.0.0-Release.Candidate.app/Contents/Developer/Toolchains/XcodeDefault.xctoolchain/usr/bin/clang -Xlinker -reproducible -target arm64-apple-xros1.0 -r -isysroot /Applications/Xcode-27.0.0-Release.Candidate.app/Contents/Developer/Platforms/XROS.platform/Developer/SDKs/XROS27.0.sdk -O0 -w -Xlinker -no_warn_duplicate_libraries -F/Users/admin/builder/spi-builder-workspace/.derivedData/Build/Intermediates.noindex/EagerLinkingTBDs/Debug-xros -F/Users/admin/builder/spi-builder-workspace/.derivedData/Build/Products/Debug-xros/PackageFrameworks -F/Users/admin/builder/spi-builder-workspace/.derivedData/Build/Products/Debug-xros -iframework /Applications/Xcode-27.0.0-Release.Candidate.app/Contents/Developer/Platforms/XROS.platform/Developer/Library/Frameworks -iframework /Applications/Xcode-27.0.0-Release.Candidate.app/Contents/Developer/Platforms/XROS.platform/Developer/SDKs/XROS27.0.sdk/Developer/Library/Frameworks -filelist /Users/admin/builder/spi-builder-workspace/.derivedData/Build/Intermediates.noindex/swift-json-schema.build/Debug-xros/JSONSchema-t.build/Objects-normal/arm64/JSONSchema.LinkFileList -nostdlib -Xlinker -object_path_lto -Xlinker /Users/admin/builder/spi-builder-workspace/.derivedData/Build/Intermediates.noindex/swift-json-schema.build/Debug-xros/JSONSchema-t.build/Objects-normal/arm64/JSONSchema_lto.o -Xlinker -no_deduplicate -Xlinker -debug_variant -Xlinker -dependency_info -Xlinker /Users/admin/builder/spi-builder-workspace/.derivedData/Build/Intermediates.noindex/swift-json-schema.build/Debug-xros/JSONSchema-t.build/Objects-normal/arm64/JSONSchema_dependency_info.dat -fobjc-link-runtime -L/Applications/Xcode-27.0.0-Release.Candidate.app/Contents/Developer/Toolchains/XcodeDefault.xctoolchain/usr/lib/swift/xros -L/usr/lib/swift -Xlinker -add_ast_path -Xlinker /Users/admin/builder/spi-builder-workspace/.derivedData/Build/Intermediates.noindex/swift-json-schema.build/Debug-xros/JSONSchema-t.build/Objects-normal/arm64/JSONSchema.swiftmodule -o /Users/admin/builder/spi-builder-workspace/.derivedData/Build/Products/Debug-xros/JSONSchema.o
SwiftDriverJobDiscovery normal arm64 Compiling CompositionKeyword.swift, ParsedOptions.swift (in target 'JSONSchemaMacro' from project 'swift-json-schema')
ExtractAppIntentsMetadata (in target 'JSONSchema' from project 'swift-json-schema')
    cd /Users/admin/builder/spi-builder-workspace/.dependencies/checkouts/swift-json-schema
    /Applications/Xcode-27.0.0-Release.Candidate.app/Contents/Developer/Toolchains/XcodeDefault.xctoolchain/usr/bin/appintentsmetadataprocessor --toolchain-dir /var/run/com.apple.security.cryptexd/mnt/com.apple.MobileAsset.MetalToolchain-v27.1.266.1.66rdiX/Metal.xctoolchain --module-name JSONSchema --sdk-root /Applications/Xcode-27.0.0-Release.Candidate.app/Contents/Developer/Platforms/XROS.platform/Developer/SDKs/XROS27.0.sdk --xcode-version 27A266a --platform-family xrOS --deployment-target 1.0 --bundle-identifier swift-json-schema.JSONSchema --output /Users/admin/builder/spi-builder-workspace/.derivedData/Build/Products/Debug-xros/JSONSchema.appintents --target-triple arm64-apple-xros1.0 --binary-file /Users/admin/builder/spi-builder-workspace/.derivedData/Build/Products/Debug-xros/JSONSchema.o --dependency-file /Users/admin/builder/spi-builder-workspace/.derivedData/Build/Intermediates.noindex/swift-json-schema.build/Debug-xros/JSONSchema-t.build/Objects-normal/arm64/JSONSchema_dependency_info.dat --stringsdata-file /Users/admin/builder/spi-builder-workspace/.derivedData/Build/Intermediates.noindex/swift-json-schema.build/Debug-xros/JSONSchema-t.build/Objects-normal/arm64/ExtractedAppShortcutsMetadata.stringsdata --source-file-list /Users/admin/builder/spi-builder-workspace/.derivedData/Build/Intermediates.noindex/swift-json-schema.build/Debug-xros/JSONSchema-t.build/Objects-normal/arm64/JSONSchema.SwiftFileList --metadata-file-list /Users/admin/builder/spi-builder-workspace/.derivedData/Build/Intermediates.noindex/swift-json-schema.build/Debug-xros/JSONSchema-t.build/JSONSchema.DependencyMetadataFileList --static-metadata-file-list /Users/admin/builder/spi-builder-workspace/.derivedData/Build/Intermediates.noindex/swift-json-schema.build/Debug-xros/JSONSchema-t.build/JSONSchema.DependencyStaticMetadataFileList --swift-const-vals-list /Users/admin/builder/spi-builder-workspace/.derivedData/Build/Intermediates.noindex/swift-json-schema.build/Debug-xros/JSONSchema-t.build/Objects-normal/arm64/JSONSchema.SwiftConstValuesFileList --force --compile-time-extraction --deployment-aware-processing --no-app-shortcuts-localization
2026-09-24 23:04:26.328 appintentsmetadataprocessor[1407:7479] Starting appintentsmetadataprocessor export
2026-09-24 23:04:26.393 appintentsmetadataprocessor[1407:7479] Extracted no relevant App Intents symbols, skipping writing output
SwiftDriverJobDiscovery normal arm64 Compiling DiagnosticCollector.swift, InitializerDiagnostics.swift, SchemaOptionsDiagnostics.swift (in target 'JSONSchemaMacro' from project 'swift-json-schema')
SwiftDriverJobDiscovery normal arm64 Compiling FieldPlan.swift, SchemaPlan.swift (in target 'JSONSchemaMacro' from project 'swift-json-schema')
SwiftDriverJobDiscovery normal arm64 Compiling SchemaType.swift, SchemableDeclaration.swift (in target 'JSONSchemaMacro' from project 'swift-json-schema')
SwiftDriverJobDiscovery normal arm64 Compiling Versioning.swift, Client.swift, Elicitation.swift, Roots.swift (in target 'MCP' from project 'mcp-swift-sdk')
SwiftDriverJobDiscovery normal arm64 Compiling Sampling.swift, Data+Extensions.swift, Completion.swift, Logging.swift (in target 'MCP' from project 'mcp-swift-sdk')
SwiftDriverJobDiscovery normal arm64 Compiling SupportedPrimitive.swift, SwiftSyntaxExtensions.swift (in target 'JSONSchemaMacro' from project 'swift-json-schema')
SwiftDriver\ Compilation JSONSchemaMacro normal arm64 com.apple.xcode.tools.swift.compiler (in target 'JSONSchemaMacro' from project 'swift-json-schema')
    cd /Users/admin/builder/spi-builder-workspace/.swiftpm/xcode
    builtin-Swift-Compilation -- /Applications/Xcode-27.0.0-Release.Candidate.app/Contents/Developer/Toolchains/XcodeDefault.xctoolchain/usr/bin/swiftc -parse-as-library -module-name JSONSchemaMacro -Onone @/Users/admin/builder/spi-builder-workspace/.derivedData/Build/Intermediates.noindex/swift-json-schema.build/Debug/JSONSchemaMacro-t.build/Objects-normal/arm64/JSONSchemaMacro.SwiftFileList -DSWIFT_PACKAGE -DDEBUG -DXcode -I /Users/admin/builder/spi-builder-workspace/.dependencies/prebuilts/swift-syntax/604.0.0/swiftlang-6.4.0.34.1-macosx27.0-MacroSupport/Modules -I /Users/admin/builder/spi-builder-workspace/.dependencies/checkouts/swift-syntax/Sources/_SwiftSyntaxCShims/include -I /Users/admin/builder/spi-builder-workspace/.dependencies/checkouts/swift-syntax/Sources/_SwiftLibraryPluginProviderCShims/include -plugin-path /Applications/Xcode-27.0.0-Release.Candidate.app/Contents/Developer/Toolchains/XcodeDefault.xctoolchain/usr/lib/swift/host/plugins/testing -enable-experimental-feature DebugDescriptionMacro -sdk /Applications/Xcode-27.0.0-Release.Candidate.app/Contents/Developer/Platforms/MacOSX.platform/Developer/SDKs/MacOSX27.0.sdk -target arm64-apple-macos13.0 -g -module-cache-path /Users/admin/builder/spi-builder-workspace/.derivedData/ModuleCache.noindex -Xfrontend -serialize-debugging-options -profile-coverage-mapping -profile-generate -enable-testing -suppress-warnings -index-store-path /Users/admin/builder/spi-builder-workspace/.derivedData/Index.noindex/DataStore -Xcc -D_LIBCPP_HARDENING_MODE\=_LIBCPP_HARDENING_MODE_DEBUG -swift-version 6 -I /Users/admin/builder/spi-builder-workspace/.derivedData/Build/Products/Debug -Isystem /Applications/Xcode-27.0.0-Release.Candidate.app/Contents/Developer/Platforms/MacOSX.platform/Developer/usr/lib -F /Users/admin/builder/spi-builder-workspace/.derivedData/Build/Products/Debug -F /Applications/Xcode-27.0.0-Release.Candidate.app/Contents/Developer/Platforms/MacOSX.platform/Developer/Library/Frameworks -c -j10 -enable-batch-mode -incremental -Xcc -ivfsstatcache -Xcc /Users/admin/builder/spi-builder-workspace/.derivedData/SDKStatCaches.noindex/macosx27.0-26A425-e829b21a6f8c9b70876ba0858053c0446a22442a12e9d48fe1a705f55a1adfc4.sdkstatcache -output-file-map /Users/admin/builder/spi-builder-workspace/.derivedData/Build/Intermediates.noindex/swift-json-schema.build/Debug/JSONSchemaMacro-t.build/Objects-normal/arm64/JSONSchemaMacro-OutputFileMap.json -save-temps -no-color-diagnostics -explicit-module-build -module-cache-path /Users/admin/builder/spi-builder-workspace/.derivedData/Build/Intermediates.noindex/SwiftExplicitPrecompiledModules -clang-scanner-module-cache-path /Users/admin/builder/spi-builder-workspace/.derivedData/ModuleCache.noindex -sdk-module-cache-path /Users/admin/builder/spi-builder-workspace/.derivedData/SDKExplicitPrecompiledModules -emit-dependencies -emit-module -emit-module-path /Users/admin/builder/spi-builder-workspace/.derivedData/Build/Intermediates.noindex/swift-json-schema.build/Debug/JSONSchemaMacro-t.build/Objects-normal/arm64/JSONSchemaMacro.swiftmodule -serialize-diagnostics -dependency-scan-serialize-diagnostics-path /Users/admin/builder/spi-builder-workspace/.derivedData/Build/Intermediates.noindex/swift-json-schema.build/Debug/JSONSchemaMacro-t.build/Objects-normal/arm64/JSONSchemaMacro-dependency-scan.dia -user-module-version 0.14.1 -validate-clang-modules-once -clang-build-session-file /Users/admin/builder/spi-builder-workspace/.derivedData/ModuleCache.noindex/Session.modulevalidation -Xcc -fmodules-prune-interval\=86400 -Xcc -fmodules-prune-after\=345600 -package-name swift_json_schema -emit-const-values -const-gather-protocols-list /Users/admin/builder/spi-builder-workspace/.derivedData/Build/Intermediates.noindex/swift-json-schema.build/Debug/JSONSchemaMacro-t.build/Objects-normal/arm64/JSONSchemaMacro_const_extract_protocols.json -Xcc -I/Users/admin/builder/spi-builder-workspace/.derivedData/Build/Products/Debug/include -Xcc -I/Users/admin/builder/spi-builder-workspace/.derivedData/Build/Intermediates.noindex/swift-json-schema.build/Debug/JSONSchemaMacro-t.build/DerivedSources-normal/arm64 -Xcc -I/Users/admin/builder/spi-builder-workspace/.derivedData/Build/Intermediates.noindex/swift-json-schema.build/Debug/JSONSchemaMacro-t.build/DerivedSources/arm64 -Xcc -I/Users/admin/builder/spi-builder-workspace/.derivedData/Build/Intermediates.noindex/swift-json-schema.build/Debug/JSONSchemaMacro-t.build/DerivedSources -Xcc -DSWIFT_PACKAGE -Xcc -DDEBUG\=1 -working-directory /Users/admin/builder/spi-builder-workspace/.swiftpm/xcode -experimental-emit-module-separately -disable-cmo
Ld /Users/admin/builder/spi-builder-workspace/.derivedData/Build/Products/Debug/JSONSchemaMacro normal (in target 'JSONSchemaMacro' from project 'swift-json-schema')
    cd /Users/admin/builder/spi-builder-workspace/.dependencies/checkouts/swift-json-schema
    /Applications/Xcode-27.0.0-Release.Candidate.app/Contents/Developer/Toolchains/XcodeDefault.xctoolchain/usr/bin/swiftc -Xlinker -reproducible -target arm64-apple-macos13.0 -emit-executable -sdk /Applications/Xcode-27.0.0-Release.Candidate.app/Contents/Developer/Platforms/MacOSX.platform/Developer/SDKs/MacOSX27.0.sdk -suppress-warnings -Xlinker -no_warn_duplicate_libraries -L/Users/admin/builder/spi-builder-workspace/.derivedData/Build/Intermediates.noindex/EagerLinkingTBDs/Debug -L/Users/admin/builder/spi-builder-workspace/.derivedData/Build/Products/Debug -L/Users/admin/builder/spi-builder-workspace/.dependencies/prebuilts/swift-syntax/604.0.0/swiftlang-6.4.0.34.1-macosx27.0-MacroSupport/lib -L/Applications/Xcode-27.0.0-Release.Candidate.app/Contents/Developer/Platforms/MacOSX.platform/Developer/usr/lib -F/Users/admin/builder/spi-builder-workspace/.derivedData/Build/Intermediates.noindex/EagerLinkingTBDs/Debug -F/Users/admin/builder/spi-builder-workspace/.derivedData/Build/Products/Debug -Fsystem /Applications/Xcode-27.0.0-Release.Candidate.app/Contents/Developer/Platforms/MacOSX.platform/Developer/Library/Frameworks @/Users/admin/builder/spi-builder-workspace/.derivedData/Build/Intermediates.noindex/swift-json-schema.build/Debug/JSONSchemaMacro-t.build/Objects-normal/arm64/JSONSchemaMacro.LinkFileList -Xlinker -rpath -Xlinker /usr/lib/swift -Xlinker -object_path_lto -Xlinker /Users/admin/builder/spi-builder-workspace/.derivedData/Build/Intermediates.noindex/swift-json-schema.build/Debug/JSONSchemaMacro-t.build/Objects-normal/arm64/JSONSchemaMacro_lto.o -Xclang-linker -rdynamic -Xlinker -no_deduplicate -Xlinker -debug_variant -Xlinker -dependency_info -Xlinker /Users/admin/builder/spi-builder-workspace/.derivedData/Build/Intermediates.noindex/swift-json-schema.build/Debug/JSONSchemaMacro-t.build/Objects-normal/arm64/JSONSchemaMacro_dependency_info.dat -link-objc-runtime -profile-generate -L/Applications/Xcode-27.0.0-Release.Candidate.app/Contents/Developer/Toolchains/XcodeDefault.xctoolchain/usr/lib/swift/macosx -L/usr/lib/swift -Xlinker -add_ast_path -Xlinker /Users/admin/builder/spi-builder-workspace/.derivedData/Build/Intermediates.noindex/swift-json-schema.build/Debug/JSONSchemaMacro-t.build/Objects-normal/arm64/JSONSchemaMacro.swiftmodule -lMacroSupport -o /Users/admin/builder/spi-builder-workspace/.derivedData/Build/Products/Debug/JSONSchemaMacro -no-stdlib-rpath
SwiftDriverJobDiscovery normal arm64 Compiling Prompts.swift, Resources.swift, Server.swift, Tools.swift (in target 'MCP' from project 'mcp-swift-sdk')
SwiftDriver\ Compilation MCP normal arm64 com.apple.xcode.tools.swift.compiler (in target 'MCP' from project 'mcp-swift-sdk')
    cd /Users/admin/builder/spi-builder-workspace/.swiftpm/xcode
    builtin-Swift-Compilation -- /Applications/Xcode-27.0.0-Release.Candidate.app/Contents/Developer/Toolchains/XcodeDefault.xctoolchain/usr/bin/swiftc -parse-as-library -module-name MCP -Onone @/Users/admin/builder/spi-builder-workspace/.derivedData/Build/Intermediates.noindex/mcp-swift-sdk.build/Debug-xros/MCP-t.build/Objects-normal/arm64/MCP.SwiftFileList -DSWIFT_PACKAGE -DDEBUG -DSWIFT_MODULE_RESOURCE_BUNDLE_UNAVAILABLE -Xcc -fmodule-map-file\=/Users/admin/builder/spi-builder-workspace/.dependencies/checkouts/swift-system/Sources/CSystem/include/module.modulemap -DXcode -enable-upcoming-feature StrictConcurrency -plugin-path /Applications/Xcode-27.0.0-Release.Candidate.app/Contents/Developer/Toolchains/XcodeDefault.xctoolchain/usr/lib/swift/host/plugins/testing -enable-experimental-feature DebugDescriptionMacro -sdk /Applications/Xcode-27.0.0-Release.Candidate.app/Contents/Developer/Platforms/XROS.platform/Developer/SDKs/XROS27.0.sdk -target arm64-apple-xros1.0 -g -module-cache-path /Users/admin/builder/spi-builder-workspace/.derivedData/ModuleCache.noindex -Xfrontend -serialize-debugging-options -profile-coverage-mapping -profile-generate -enable-testing -suppress-warnings -index-store-path /Users/admin/builder/spi-builder-workspace/.derivedData/Index.noindex/DataStore -Xcc -D_LIBCPP_HARDENING_MODE\=_LIBCPP_HARDENING_MODE_DEBUG -swift-version 6 -I /Users/admin/builder/spi-builder-workspace/.derivedData/Build/Products/Debug-xros -Isystem /Applications/Xcode-27.0.0-Release.Candidate.app/Contents/Developer/Platforms/XROS.platform/Developer/usr/lib -F /Users/admin/builder/spi-builder-workspace/.derivedData/Build/Products/Debug-xros/PackageFrameworks -F /Users/admin/builder/spi-builder-workspace/.derivedData/Build/Products/Debug-xros -F /Applications/Xcode-27.0.0-Release.Candidate.app/Contents/Developer/Platforms/XROS.platform/Developer/Library/Frameworks -F /Applications/Xcode-27.0.0-Release.Candidate.app/Contents/Developer/Platforms/XROS.platform/Developer/SDKs/XROS27.0.sdk/Developer/Library/Frameworks -c -j10 -enable-batch-mode -incremental -Xcc -ivfsstatcache -Xcc /Users/admin/builder/spi-builder-workspace/.derivedData/SDKStatCaches.noindex/xros27.0-24M361-e829b21a6f8c9b70876ba0858053c044735bd543db762f57723cac368afd1ce4.sdkstatcache -output-file-map /Users/admin/builder/spi-builder-workspace/.derivedData/Build/Intermediates.noindex/mcp-swift-sdk.build/Debug-xros/MCP-t.build/Objects-normal/arm64/MCP-OutputFileMap.json -save-temps -no-color-diagnostics -explicit-module-build -module-cache-path /Users/admin/builder/spi-builder-workspace/.derivedData/Build/Intermediates.noindex/SwiftExplicitPrecompiledModules -clang-scanner-module-cache-path /Users/admin/builder/spi-builder-workspace/.derivedData/ModuleCache.noindex -sdk-module-cache-path /Users/admin/builder/spi-builder-workspace/.derivedData/SDKExplicitPrecompiledModules -emit-dependencies -emit-module -emit-module-path /Users/admin/builder/spi-builder-workspace/.derivedData/Build/Intermediates.noindex/mcp-swift-sdk.build/Debug-xros/MCP-t.build/Objects-normal/arm64/MCP.swiftmodule -serialize-diagnostics -dependency-scan-serialize-diagnostics-path /Users/admin/builder/spi-builder-workspace/.derivedData/Build/Intermediates.noindex/mcp-swift-sdk.build/Debug-xros/MCP-t.build/Objects-normal/arm64/MCP-dependency-scan.dia -user-module-version 0.12.1 -validate-clang-modules-once -clang-build-session-file /Users/admin/builder/spi-builder-workspace/.derivedData/ModuleCache.noindex/Session.modulevalidation -Xcc -fmodules-prune-interval\=86400 -Xcc -fmodules-prune-after\=345600 -package-name swift_sdk -emit-const-values -const-gather-protocols-list /Users/admin/builder/spi-builder-workspace/.derivedData/Build/Intermediates.noindex/mcp-swift-sdk.build/Debug-xros/MCP-t.build/Objects-normal/arm64/MCP_const_extract_protocols.json -Xcc -I/Users/admin/builder/spi-builder-workspace/.dependencies/checkouts/swift-system/Sources/CSystem/include -Xcc -I/Users/admin/builder/spi-builder-workspace/.derivedData/Build/Products/Debug-xros/include -Xcc -I/Users/admin/builder/spi-builder-workspace/.derivedData/Build/Intermediates.noindex/mcp-swift-sdk.build/Debug-xros/MCP-t.build/DerivedSources-normal/arm64 -Xcc -I/Users/admin/builder/spi-builder-workspace/.derivedData/Build/Intermediates.noindex/mcp-swift-sdk.build/Debug-xros/MCP-t.build/DerivedSources/arm64 -Xcc -I/Users/admin/builder/spi-builder-workspace/.derivedData/Build/Intermediates.noindex/mcp-swift-sdk.build/Debug-xros/MCP-t.build/DerivedSources -Xcc -DSWIFT_PACKAGE -Xcc -DDEBUG\=1 -emit-objc-header -emit-objc-header-path /Users/admin/builder/spi-builder-workspace/.derivedData/Build/Intermediates.noindex/mcp-swift-sdk.build/Debug-xros/MCP-t.build/Objects-normal/arm64/MCP-Swift.h -working-directory /Users/admin/builder/spi-builder-workspace/.swiftpm/xcode -experimental-emit-module-separately -disable-cmo
Ld /Users/admin/builder/spi-builder-workspace/.derivedData/Build/Products/Debug-xros/MCP.o normal (in target 'MCP' from project 'mcp-swift-sdk')
    cd /Users/admin/builder/spi-builder-workspace/.dependencies/checkouts/swift-sdk
    /Applications/Xcode-27.0.0-Release.Candidate.app/Contents/Developer/Toolchains/XcodeDefault.xctoolchain/usr/bin/clang -Xlinker -reproducible -target arm64-apple-xros1.0 -r -isysroot /Applications/Xcode-27.0.0-Release.Candidate.app/Contents/Developer/Platforms/XROS.platform/Developer/SDKs/XROS27.0.sdk -O0 -w -Xlinker -no_warn_duplicate_libraries -F/Users/admin/builder/spi-builder-workspace/.derivedData/Build/Intermediates.noindex/EagerLinkingTBDs/Debug-xros -F/Users/admin/builder/spi-builder-workspace/.derivedData/Build/Products/Debug-xros/PackageFrameworks -F/Users/admin/builder/spi-builder-workspace/.derivedData/Build/Products/Debug-xros -iframework /Applications/Xcode-27.0.0-Release.Candidate.app/Contents/Developer/Platforms/XROS.platform/Developer/Library/Frameworks -iframework /Applications/Xcode-27.0.0-Release.Candidate.app/Contents/Developer/Platforms/XROS.platform/Developer/SDKs/XROS27.0.sdk/Developer/Library/Frameworks -filelist /Users/admin/builder/spi-builder-workspace/.derivedData/Build/Intermediates.noindex/mcp-swift-sdk.build/Debug-xros/MCP-t.build/Objects-normal/arm64/MCP.LinkFileList -nostdlib -Xlinker -object_path_lto -Xlinker /Users/admin/builder/spi-builder-workspace/.derivedData/Build/Intermediates.noindex/mcp-swift-sdk.build/Debug-xros/MCP-t.build/Objects-normal/arm64/MCP_lto.o -Xlinker -no_deduplicate -Xlinker -debug_variant -Xlinker -dependency_info -Xlinker /Users/admin/builder/spi-builder-workspace/.derivedData/Build/Intermediates.noindex/mcp-swift-sdk.build/Debug-xros/MCP-t.build/Objects-normal/arm64/MCP_dependency_info.dat -fobjc-link-runtime -L/Applications/Xcode-27.0.0-Release.Candidate.app/Contents/Developer/Toolchains/XcodeDefault.xctoolchain/usr/lib/swift/xros -L/usr/lib/swift -Xlinker -add_ast_path -Xlinker /Users/admin/builder/spi-builder-workspace/.derivedData/Build/Intermediates.noindex/mcp-swift-sdk.build/Debug-xros/MCP-t.build/Objects-normal/arm64/MCP.swiftmodule -o /Users/admin/builder/spi-builder-workspace/.derivedData/Build/Products/Debug-xros/MCP.o
ExtractAppIntentsMetadata (in target 'MCP' from project 'mcp-swift-sdk')
    cd /Users/admin/builder/spi-builder-workspace/.dependencies/checkouts/swift-sdk
    /Applications/Xcode-27.0.0-Release.Candidate.app/Contents/Developer/Toolchains/XcodeDefault.xctoolchain/usr/bin/appintentsmetadataprocessor --toolchain-dir /var/run/com.apple.security.cryptexd/mnt/com.apple.MobileAsset.MetalToolchain-v27.1.266.1.66rdiX/Metal.xctoolchain --module-name MCP --sdk-root /Applications/Xcode-27.0.0-Release.Candidate.app/Contents/Developer/Platforms/XROS.platform/Developer/SDKs/XROS27.0.sdk --xcode-version 27A266a --platform-family xrOS --deployment-target 1.0 --bundle-identifier swift-sdk.MCP --output /Users/admin/builder/spi-builder-workspace/.derivedData/Build/Products/Debug-xros/MCP.appintents --target-triple arm64-apple-xros1.0 --binary-file /Users/admin/builder/spi-builder-workspace/.derivedData/Build/Products/Debug-xros/MCP.o --dependency-file /Users/admin/builder/spi-builder-workspace/.derivedData/Build/Intermediates.noindex/mcp-swift-sdk.build/Debug-xros/MCP-t.build/Objects-normal/arm64/MCP_dependency_info.dat --stringsdata-file /Users/admin/builder/spi-builder-workspace/.derivedData/Build/Intermediates.noindex/mcp-swift-sdk.build/Debug-xros/MCP-t.build/Objects-normal/arm64/ExtractedAppShortcutsMetadata.stringsdata --source-file-list /Users/admin/builder/spi-builder-workspace/.derivedData/Build/Intermediates.noindex/mcp-swift-sdk.build/Debug-xros/MCP-t.build/Objects-normal/arm64/MCP.SwiftFileList --metadata-file-list /Users/admin/builder/spi-builder-workspace/.derivedData/Build/Intermediates.noindex/mcp-swift-sdk.build/Debug-xros/MCP-t.build/MCP.DependencyMetadataFileList --static-metadata-file-list /Users/admin/builder/spi-builder-workspace/.derivedData/Build/Intermediates.noindex/mcp-swift-sdk.build/Debug-xros/MCP-t.build/MCP.DependencyStaticMetadataFileList --swift-const-vals-list /Users/admin/builder/spi-builder-workspace/.derivedData/Build/Intermediates.noindex/mcp-swift-sdk.build/Debug-xros/MCP-t.build/Objects-normal/arm64/MCP.SwiftConstValuesFileList --force --compile-time-extraction --deployment-aware-processing --no-app-shortcuts-localization
2026-09-24 23:04:27.176 appintentsmetadataprocessor[1430:7527] Starting appintentsmetadataprocessor export
2026-09-24 23:04:27.236 appintentsmetadataprocessor[1430:7527] Extracted no relevant App Intents symbols, skipping writing output
RegisterExecutionPolicyException /Users/admin/builder/spi-builder-workspace/.derivedData/Build/Products/Debug/JSONSchemaMacro (in target 'JSONSchemaMacro' from project 'swift-json-schema')
    cd /Users/admin/builder/spi-builder-workspace/.dependencies/checkouts/swift-json-schema
    builtin-RegisterExecutionPolicyException /Users/admin/builder/spi-builder-workspace/.derivedData/Build/Products/Debug/JSONSchemaMacro
SwiftDriver JSONSchemaBuilder normal arm64 com.apple.xcode.tools.swift.compiler (in target 'JSONSchemaBuilder' from project 'swift-json-schema')
    cd /Users/admin/builder/spi-builder-workspace/.swiftpm/xcode
    builtin-SwiftDriver -- /Applications/Xcode-27.0.0-Release.Candidate.app/Contents/Developer/Toolchains/XcodeDefault.xctoolchain/usr/bin/swiftc -parse-as-library -module-name JSONSchemaBuilder -Onone @/Users/admin/builder/spi-builder-workspace/.derivedData/Build/Intermediates.noindex/swift-json-schema.build/Debug-xros/JSONSchemaBuilder-t.build/Objects-normal/arm64/JSONSchemaBuilder.SwiftFileList -DSWIFT_PACKAGE -DDEBUG -DSWIFT_MODULE_RESOURCE_BUNDLE_UNAVAILABLE -DXcode -plugin-path /Applications/Xcode-27.0.0-Release.Candidate.app/Contents/Developer/Toolchains/XcodeDefault.xctoolchain/usr/lib/swift/host/plugins/testing -enable-experimental-feature DebugDescriptionMacro -sdk /Applications/Xcode-27.0.0-Release.Candidate.app/Contents/Developer/Platforms/XROS.platform/Developer/SDKs/XROS27.0.sdk -target arm64-apple-xros1.0 -g -module-cache-path /Users/admin/builder/spi-builder-workspace/.derivedData/ModuleCache.noindex -Xfrontend -serialize-debugging-options -profile-coverage-mapping -profile-generate -enable-testing -suppress-warnings -index-store-path /Users/admin/builder/spi-builder-workspace/.derivedData/Index.noindex/DataStore -Xcc -D_LIBCPP_HARDENING_MODE\=_LIBCPP_HARDENING_MODE_DEBUG -swift-version 6 -I /Users/admin/builder/spi-builder-workspace/.derivedData/Build/Products/Debug-xros -Isystem /Applications/Xcode-27.0.0-Release.Candidate.app/Contents/Developer/Platforms/XROS.platform/Developer/usr/lib -F /Users/admin/builder/spi-builder-workspace/.derivedData/Build/Products/Debug-xros/PackageFrameworks -F /Users/admin/builder/spi-builder-workspace/.derivedData/Build/Products/Debug-xros -F /Applications/Xcode-27.0.0-Release.Candidate.app/Contents/Developer/Platforms/XROS.platform/Developer/Library/Frameworks -F /Applications/Xcode-27.0.0-Release.Candidate.app/Contents/Developer/Platforms/XROS.platform/Developer/SDKs/XROS27.0.sdk/Developer/Library/Frameworks -Xfrontend -load-plugin-executable -Xfrontend /Users/admin/builder/spi-builder-workspace/.derivedData/Build/Products/Debug/JSONSchemaMacro\#JSONSchemaMacro -c -j10 -enable-batch-mode -incremental -Xcc -ivfsstatcache -Xcc /Users/admin/builder/spi-builder-workspace/.derivedData/SDKStatCaches.noindex/xros27.0-24M361-e829b21a6f8c9b70876ba0858053c044735bd543db762f57723cac368afd1ce4.sdkstatcache -output-file-map /Users/admin/builder/spi-builder-workspace/.derivedData/Build/Intermediates.noindex/swift-json-schema.build/Debug-xros/JSONSchemaBuilder-t.build/Objects-normal/arm64/JSONSchemaBuilder-OutputFileMap.json -save-temps -no-color-diagnostics -explicit-module-build -module-cache-path /Users/admin/builder/spi-builder-workspace/.derivedData/Build/Intermediates.noindex/SwiftExplicitPrecompiledModules -clang-scanner-module-cache-path /Users/admin/builder/spi-builder-workspace/.derivedData/ModuleCache.noindex -sdk-module-cache-path /Users/admin/builder/spi-builder-workspace/.derivedData/SDKExplicitPrecompiledModules -emit-dependencies -emit-module -emit-module-path /Users/admin/builder/spi-builder-workspace/.derivedData/Build/Intermediates.noindex/swift-json-schema.build/Debug-xros/JSONSchemaBuilder-t.build/Objects-normal/arm64/JSONSchemaBuilder.swiftmodule -serialize-diagnostics -dependency-scan-serialize-diagnostics-path /Users/admin/builder/spi-builder-workspace/.derivedData/Build/Intermediates.noindex/swift-json-schema.build/Debug-xros/JSONSchemaBuilder-t.build/Objects-normal/arm64/JSONSchemaBuilder-dependency-scan.dia -user-module-version 0.14.1 -validate-clang-modules-once -clang-build-session-file /Users/admin/builder/spi-builder-workspace/.derivedData/ModuleCache.noindex/Session.modulevalidation -Xcc -fmodules-prune-interval\=86400 -Xcc -fmodules-prune-after\=345600 -package-name swift_json_schema -emit-const-values -const-gather-protocols-list /Users/admin/builder/spi-builder-workspace/.derivedData/Build/Intermediates.noindex/swift-json-schema.build/Debug-xros/JSONSchemaBuilder-t.build/Objects-normal/arm64/JSONSchemaBuilder_const_extract_protocols.json -Xcc -I/Users/admin/builder/spi-builder-workspace/.derivedData/Build/Products/Debug-xros/include -Xcc -I/Users/admin/builder/spi-builder-workspace/.derivedData/Build/Intermediates.noindex/swift-json-schema.build/Debug-xros/JSONSchemaBuilder-t.build/DerivedSources-normal/arm64 -Xcc -I/Users/admin/builder/spi-builder-workspace/.derivedData/Build/Intermediates.noindex/swift-json-schema.build/Debug-xros/JSONSchemaBuilder-t.build/DerivedSources/arm64 -Xcc -I/Users/admin/builder/spi-builder-workspace/.derivedData/Build/Intermediates.noindex/swift-json-schema.build/Debug-xros/JSONSchemaBuilder-t.build/DerivedSources -Xcc -DSWIFT_PACKAGE -Xcc -DDEBUG\=1 -emit-objc-header -emit-objc-header-path /Users/admin/builder/spi-builder-workspace/.derivedData/Build/Intermediates.noindex/swift-json-schema.build/Debug-xros/JSONSchemaBuilder-t.build/Objects-normal/arm64/JSONSchemaBuilder-Swift.h -working-directory /Users/admin/builder/spi-builder-workspace/.swiftpm/xcode -experimental-emit-module-separately -disable-cmo
SwiftCompile normal arm64 Compiling\ AdditionalProperties.swift,\ AnySchemaComponent.swift,\ CompactMap.swift,\ Conditional.swift,\ Constant.swift,\ Enum.swift,\ FlatMap.swift /Users/admin/builder/spi-builder-workspace/.dependencies/checkouts/swift-json-schema/Sources/JSONSchemaBuilder/JSONComponent/Modifier/AdditionalProperties.swift /Users/admin/builder/spi-builder-workspace/.dependencies/checkouts/swift-json-schema/Sources/JSONSchemaBuilder/JSONComponent/Modifier/AnySchemaComponent.swift /Users/admin/builder/spi-builder-workspace/.dependencies/checkouts/swift-json-schema/Sources/JSONSchemaBuilder/JSONComponent/Modifier/CompactMap.swift /Users/admin/builder/spi-builder-workspace/.dependencies/checkouts/swift-json-schema/Sources/JSONSchemaBuilder/JSONComponent/Modifier/Conditional.swift /Users/admin/builder/spi-builder-workspace/.dependencies/checkouts/swift-json-schema/Sources/JSONSchemaBuilder/JSONComponent/Modifier/Constant.swift /Users/admin/builder/spi-builder-workspace/.dependencies/checkouts/swift-json-schema/Sources/JSONSchemaBuilder/JSONComponent/Modifier/Enum.swift /Users/admin/builder/spi-builder-workspace/.dependencies/checkouts/swift-json-schema/Sources/JSONSchemaBuilder/JSONComponent/Modifier/FlatMap.swift (in target 'JSONSchemaBuilder' from project 'swift-json-schema')
SwiftCompile normal arm64 /Users/admin/builder/spi-builder-workspace/.dependencies/checkouts/swift-json-schema/Sources/JSONSchemaBuilder/JSONComponent/Modifier/AdditionalProperties.swift (in target 'JSONSchemaBuilder' from project 'swift-json-schema')
    cd /Users/admin/builder/spi-builder-workspace/.swiftpm/xcode
    builtin-SwiftPerFileCompile AdditionalProperties.swift
SwiftCompile normal arm64 /Users/admin/builder/spi-builder-workspace/.dependencies/checkouts/swift-json-schema/Sources/JSONSchemaBuilder/JSONComponent/Modifier/AnySchemaComponent.swift (in target 'JSONSchemaBuilder' from project 'swift-json-schema')
    cd /Users/admin/builder/spi-builder-workspace/.swiftpm/xcode
    builtin-SwiftPerFileCompile AnySchemaComponent.swift
SwiftCompile normal arm64 /Users/admin/builder/spi-builder-workspace/.dependencies/checkouts/swift-json-schema/Sources/JSONSchemaBuilder/JSONComponent/Modifier/CompactMap.swift (in target 'JSONSchemaBuilder' from project 'swift-json-schema')
    cd /Users/admin/builder/spi-builder-workspace/.swiftpm/xcode
    builtin-SwiftPerFileCompile CompactMap.swift
SwiftCompile normal arm64 /Users/admin/builder/spi-builder-workspace/.dependencies/checkouts/swift-json-schema/Sources/JSONSchemaBuilder/JSONComponent/Modifier/Conditional.swift (in target 'JSONSchemaBuilder' from project 'swift-json-schema')
    cd /Users/admin/builder/spi-builder-workspace/.swiftpm/xcode
    builtin-SwiftPerFileCompile Conditional.swift
SwiftCompile normal arm64 /Users/admin/builder/spi-builder-workspace/.dependencies/checkouts/swift-json-schema/Sources/JSONSchemaBuilder/JSONComponent/Modifier/Constant.swift (in target 'JSONSchemaBuilder' from project 'swift-json-schema')
    cd /Users/admin/builder/spi-builder-workspace/.swiftpm/xcode
    builtin-SwiftPerFileCompile Constant.swift
SwiftCompile normal arm64 /Users/admin/builder/spi-builder-workspace/.dependencies/checkouts/swift-json-schema/Sources/JSONSchemaBuilder/JSONComponent/Modifier/Enum.swift (in target 'JSONSchemaBuilder' from project 'swift-json-schema')
    cd /Users/admin/builder/spi-builder-workspace/.swiftpm/xcode
    builtin-SwiftPerFileCompile Enum.swift
SwiftCompile normal arm64 /Users/admin/builder/spi-builder-workspace/.dependencies/checkouts/swift-json-schema/Sources/JSONSchemaBuilder/JSONComponent/Modifier/FlatMap.swift (in target 'JSONSchemaBuilder' from project 'swift-json-schema')
    cd /Users/admin/builder/spi-builder-workspace/.swiftpm/xcode
    builtin-SwiftPerFileCompile FlatMap.swift
SwiftCompile normal arm64 Compiling\ JSONPropertyBuilder.swift,\ JSONPropertySchemaBuilder.swift,\ JSONSchemaBuilder.swift,\ JSONValueBuilder.swift,\ ConditionalSchema.swift,\ JSONAnyValue.swift,\ JSONBooleanSchema.swift,\ JSONComposition.swift /Users/admin/builder/spi-builder-workspace/.dependencies/checkouts/swift-json-schema/Sources/JSONSchemaBuilder/Builders/JSONPropertyBuilder.swift /Users/admin/builder/spi-builder-workspace/.dependencies/checkouts/swift-json-schema/Sources/JSONSchemaBuilder/Builders/JSONPropertySchemaBuilder.swift /Users/admin/builder/spi-builder-workspace/.dependencies/checkouts/swift-json-schema/Sources/JSONSchemaBuilder/Builders/JSONSchemaBuilder.swift /Users/admin/builder/spi-builder-workspace/.dependencies/checkouts/swift-json-schema/Sources/JSONSchemaBuilder/Builders/JSONValueBuilder.swift /Users/admin/builder/spi-builder-workspace/.dependencies/checkouts/swift-json-schema/Sources/JSONSchemaBuilder/JSONComponent/ConditionalSchema.swift /Users/admin/builder/spi-builder-workspace/.dependencies/checkouts/swift-json-schema/Sources/JSONSchemaBuilder/JSONComponent/JSONAnyValue.swift /Users/admin/builder/spi-builder-workspace/.dependencies/checkouts/swift-json-schema/Sources/JSONSchemaBuilder/JSONComponent/JSONBooleanSchema.swift /Users/admin/builder/spi-builder-workspace/.dependencies/checkouts/swift-json-schema/Sources/JSONSchemaBuilder/JSONComponent/JSONComposition.swift (in target 'JSONSchemaBuilder' from project 'swift-json-schema')
SwiftCompile normal arm64 /Users/admin/builder/spi-builder-workspace/.dependencies/checkouts/swift-json-schema/Sources/JSONSchemaBuilder/Builders/JSONPropertyBuilder.swift (in target 'JSONSchemaBuilder' from project 'swift-json-schema')
    cd /Users/admin/builder/spi-builder-workspace/.swiftpm/xcode
    builtin-SwiftPerFileCompile JSONPropertyBuilder.swift
SwiftCompile normal arm64 /Users/admin/builder/spi-builder-workspace/.dependencies/checkouts/swift-json-schema/Sources/JSONSchemaBuilder/Builders/JSONPropertySchemaBuilder.swift (in target 'JSONSchemaBuilder' from project 'swift-json-schema')
    cd /Users/admin/builder/spi-builder-workspace/.swiftpm/xcode
    builtin-SwiftPerFileCompile JSONPropertySchemaBuilder.swift
SwiftCompile normal arm64 /Users/admin/builder/spi-builder-workspace/.dependencies/checkouts/swift-json-schema/Sources/JSONSchemaBuilder/Builders/JSONSchemaBuilder.swift (in target 'JSONSchemaBuilder' from project 'swift-json-schema')
    cd /Users/admin/builder/spi-builder-workspace/.swiftpm/xcode
    builtin-SwiftPerFileCompile JSONSchemaBuilder.swift
SwiftCompile normal arm64 /Users/admin/builder/spi-builder-workspace/.dependencies/checkouts/swift-json-schema/Sources/JSONSchemaBuilder/Builders/JSONValueBuilder.swift (in target 'JSONSchemaBuilder' from project 'swift-json-schema')
    cd /Users/admin/builder/spi-builder-workspace/.swiftpm/xcode
    builtin-SwiftPerFileCompile JSONValueBuilder.swift
SwiftCompile normal arm64 /Users/admin/builder/spi-builder-workspace/.dependencies/checkouts/swift-json-schema/Sources/JSONSchemaBuilder/JSONComponent/ConditionalSchema.swift (in target 'JSONSchemaBuilder' from project 'swift-json-schema')
    cd /Users/admin/builder/spi-builder-workspace/.swiftpm/xcode
    builtin-SwiftPerFileCompile ConditionalSchema.swift
SwiftCompile normal arm64 /Users/admin/builder/spi-builder-workspace/.dependencies/checkouts/swift-json-schema/Sources/JSONSchemaBuilder/JSONComponent/JSONAnyValue.swift (in target 'JSONSchemaBuilder' from project 'swift-json-schema')
    cd /Users/admin/builder/spi-builder-workspace/.swiftpm/xcode
    builtin-SwiftPerFileCompile JSONAnyValue.swift
SwiftCompile normal arm64 /Users/admin/builder/spi-builder-workspace/.dependencies/checkouts/swift-json-schema/Sources/JSONSchemaBuilder/JSONComponent/JSONBooleanSchema.swift (in target 'JSONSchemaBuilder' from project 'swift-json-schema')
    cd /Users/admin/builder/spi-builder-workspace/.swiftpm/xcode
    builtin-SwiftPerFileCompile JSONBooleanSchema.swift
SwiftCompile normal arm64 /Users/admin/builder/spi-builder-workspace/.dependencies/checkouts/swift-json-schema/Sources/JSONSchemaBuilder/JSONComponent/JSONComposition.swift (in target 'JSONSchemaBuilder' from project 'swift-json-schema')
    cd /Users/admin/builder/spi-builder-workspace/.swiftpm/xcode
    builtin-SwiftPerFileCompile JSONComposition.swift
SwiftCompile normal arm64 Compiling\ JSONComponents.swift,\ Map.swift,\ MergedComponent.swift,\ OptionalComponent.swift,\ OrNullModifier.swift,\ PassthroughComponent.swift,\ PatternProperties.swift /Users/admin/builder/spi-builder-workspace/.dependencies/checkouts/swift-json-schema/Sources/JSONSchemaBuilder/JSONComponent/Modifier/JSONComponents.swift /Users/admin/builder/spi-builder-workspace/.dependencies/checkouts/swift-json-schema/Sources/JSONSchemaBuilder/JSONComponent/Modifier/Map.swift /Users/admin/builder/spi-builder-workspace/.dependencies/checkouts/swift-json-schema/Sources/JSONSchemaBuilder/JSONComponent/Modifier/MergedComponent.swift /Users/admin/builder/spi-builder-workspace/.dependencies/checkouts/swift-json-schema/Sources/JSONSchemaBuilder/JSONComponent/Modifier/OptionalComponent.swift /Users/admin/builder/spi-builder-workspace/.dependencies/checkouts/swift-json-schema/Sources/JSONSchemaBuilder/JSONComponent/Modifier/OrNullModifier.swift /Users/admin/builder/spi-builder-workspace/.dependencies/checkouts/swift-json-schema/Sources/JSONSchemaBuilder/JSONComponent/Modifier/PassthroughComponent.swift /Users/admin/builder/spi-builder-workspace/.dependencies/checkouts/swift-json-schema/Sources/JSONSchemaBuilder/JSONComponent/Modifier/PatternProperties.swift (in target 'JSONSchemaBuilder' from project 'swift-json-schema')
SwiftCompile normal arm64 /Users/admin/builder/spi-builder-workspace/.dependencies/checkouts/swift-json-schema/Sources/JSONSchemaBuilder/JSONComponent/Modifier/JSONComponents.swift (in target 'JSONSchemaBuilder' from project 'swift-json-schema')
    cd /Users/admin/builder/spi-builder-workspace/.swiftpm/xcode
    builtin-SwiftPerFileCompile JSONComponents.swift
SwiftCompile normal arm64 /Users/admin/builder/spi-builder-workspace/.dependencies/checkouts/swift-json-schema/Sources/JSONSchemaBuilder/JSONComponent/Modifier/Map.swift (in target 'JSONSchemaBuilder' from project 'swift-json-schema')
    cd /Users/admin/builder/spi-builder-workspace/.swiftpm/xcode
    builtin-SwiftPerFileCompile Map.swift
SwiftCompile normal arm64 /Users/admin/builder/spi-builder-workspace/.dependencies/checkouts/swift-json-schema/Sources/JSONSchemaBuilder/JSONComponent/Modifier/MergedComponent.swift (in target 'JSONSchemaBuilder' from project 'swift-json-schema')
    cd /Users/admin/builder/spi-builder-workspace/.swiftpm/xcode
    builtin-SwiftPerFileCompile MergedComponent.swift
SwiftCompile normal arm64 /Users/admin/builder/spi-builder-workspace/.dependencies/checkouts/swift-json-schema/Sources/JSONSchemaBuilder/JSONComponent/Modifier/OptionalComponent.swift (in target 'JSONSchemaBuilder' from project 'swift-json-schema')
    cd /Users/admin/builder/spi-builder-workspace/.swiftpm/xcode
    builtin-SwiftPerFileCompile OptionalComponent.swift
SwiftCompile normal arm64 /Users/admin/builder/spi-builder-workspace/.dependencies/checkouts/swift-json-schema/Sources/JSONSchemaBuilder/JSONComponent/Modifier/OrNullModifier.swift (in target 'JSONSchemaBuilder' from project 'swift-json-schema')
    cd /Users/admin/builder/spi-builder-workspace/.swiftpm/xcode
    builtin-SwiftPerFileCompile OrNullModifier.swift
SwiftCompile normal arm64 /Users/admin/builder/spi-builder-workspace/.dependencies/checkouts/swift-json-schema/Sources/JSONSchemaBuilder/JSONComponent/Modifier/PassthroughComponent.swift (in target 'JSONSchemaBuilder' from project 'swift-json-schema')
    cd /Users/admin/builder/spi-builder-workspace/.swiftpm/xcode
    builtin-SwiftPerFileCompile PassthroughComponent.swift
SwiftCompile normal arm64 /Users/admin/builder/spi-builder-workspace/.dependencies/checkouts/swift-json-schema/Sources/JSONSchemaBuilder/JSONComponent/Modifier/PatternProperties.swift (in target 'JSONSchemaBuilder' from project 'swift-json-schema')
    cd /Users/admin/builder/spi-builder-workspace/.swiftpm/xcode
    builtin-SwiftPerFileCompile PatternProperties.swift
SwiftCompile normal arm64 Compiling\ JSONDynamicReference.swift,\ JSONReference.swift,\ JSONSchema.swift,\ JSONSchemaComponent+Annotations.swift,\ JSONSchemaComponent+Conditionals.swift,\ JSONSchemaComponent+Content.swift,\ JSONSchemaComponent+Identifiers.swift,\ JSONSchemaComponent.swift /Users/admin/builder/spi-builder-workspace/.dependencies/checkouts/swift-json-schema/Sources/JSONSchemaBuilder/JSONComponent/JSONDynamicReference.swift /Users/admin/builder/spi-builder-workspace/.dependencies/checkouts/swift-json-schema/Sources/JSONSchemaBuilder/JSONComponent/JSONReference.swift /Users/admin/builder/spi-builder-workspace/.dependencies/checkouts/swift-json-schema/Sources/JSONSchemaBuilder/JSONComponent/JSONSchema.swift /Users/admin/builder/spi-builder-workspace/.dependencies/checkouts/swift-json-schema/Sources/JSONSchemaBuilder/JSONComponent/JSONSchemaComponent+Annotations.swift /Users/admin/builder/spi-builder-workspace/.dependencies/checkouts/swift-json-schema/Sources/JSONSchemaBuilder/JSONComponent/JSONSchemaComponent+Conditionals.swift /Users/admin/builder/spi-builder-workspace/.dependencies/checkouts/swift-json-schema/Sources/JSONSchemaBuilder/JSONComponent/JSONSchemaComponent+Content.swift /Users/admin/builder/spi-builder-workspace/.dependencies/checkouts/swift-json-schema/Sources/JSONSchemaBuilder/JSONComponent/JSONSchemaComponent+Identifiers.swift /Users/admin/builder/spi-builder-workspace/.dependencies/checkouts/swift-json-schema/Sources/JSONSchemaBuilder/JSONComponent/JSONSchemaComponent.swift (in target 'JSONSchemaBuilder' from project 'swift-json-schema')
SwiftCompile normal arm64 /Users/admin/builder/spi-builder-workspace/.dependencies/checkouts/swift-json-schema/Sources/JSONSchemaBuilder/JSONComponent/JSONDynamicReference.swift (in target 'JSONSchemaBuilder' from project 'swift-json-schema')
    cd /Users/admin/builder/spi-builder-workspace/.swiftpm/xcode
    builtin-SwiftPerFileCompile JSONDynamicReference.swift
SwiftCompile normal arm64 /Users/admin/builder/spi-builder-workspace/.dependencies/checkouts/swift-json-schema/Sources/JSONSchemaBuilder/JSONComponent/JSONReference.swift (in target 'JSONSchemaBuilder' from project 'swift-json-schema')
    cd /Users/admin/builder/spi-builder-workspace/.swiftpm/xcode
    builtin-SwiftPerFileCompile JSONReference.swift
SwiftCompile normal arm64 /Users/admin/builder/spi-builder-workspace/.dependencies/checkouts/swift-json-schema/Sources/JSONSchemaBuilder/JSONComponent/JSONSchema.swift (in target 'JSONSchemaBuilder' from project 'swift-json-schema')
    cd /Users/admin/builder/spi-builder-workspace/.swiftpm/xcode
    builtin-SwiftPerFileCompile JSONSchema.swift
SwiftCompile normal arm64 /Users/admin/builder/spi-builder-workspace/.dependencies/checkouts/swift-json-schema/Sources/JSONSchemaBuilder/JSONComponent/JSONSchemaComponent+Annotations.swift (in target 'JSONSchemaBuilder' from project 'swift-json-schema')
    cd /Users/admin/builder/spi-builder-workspace/.swiftpm/xcode
    builtin-SwiftPerFileCompile JSONSchemaComponent+Annotations.swift
SwiftCompile normal arm64 /Users/admin/builder/spi-builder-workspace/.dependencies/checkouts/swift-json-schema/Sources/JSONSchemaBuilder/JSONComponent/JSONSchemaComponent+Conditionals.swift (in target 'JSONSchemaBuilder' from project 'swift-json-schema')
    cd /Users/admin/builder/spi-builder-workspace/.swiftpm/xcode
    builtin-SwiftPerFileCompile JSONSchemaComponent+Conditionals.swift
SwiftCompile normal arm64 /Users/admin/builder/spi-builder-workspace/.dependencies/checkouts/swift-json-schema/Sources/JSONSchemaBuilder/JSONComponent/JSONSchemaComponent+Content.swift (in target 'JSONSchemaBuilder' from project 'swift-json-schema')
    cd /Users/admin/builder/spi-builder-workspace/.swiftpm/xcode
    builtin-SwiftPerFileCompile JSONSchemaComponent+Content.swift
SwiftCompile normal arm64 /Users/admin/builder/spi-builder-workspace/.dependencies/checkouts/swift-json-schema/Sources/JSONSchemaBuilder/JSONComponent/JSONSchemaComponent+Identifiers.swift (in target 'JSONSchemaBuilder' from project 'swift-json-schema')
    cd /Users/admin/builder/spi-builder-workspace/.swiftpm/xcode
    builtin-SwiftPerFileCompile JSONSchemaComponent+Identifiers.swift
SwiftCompile normal arm64 /Users/admin/builder/spi-builder-workspace/.dependencies/checkouts/swift-json-schema/Sources/JSONSchemaBuilder/JSONComponent/JSONSchemaComponent.swift (in target 'JSONSchemaBuilder' from project 'swift-json-schema')
    cd /Users/admin/builder/spi-builder-workspace/.swiftpm/xcode
    builtin-SwiftPerFileCompile JSONSchemaComponent.swift
SwiftCompile normal arm64 Compiling\ JSONNumber.swift,\ JSONObject.swift,\ JSONString.swift,\ JSONProperty.swift,\ JSONPropertyComponent.swift,\ JSONPropertyComponents.swift,\ PropertyArray.swift /Users/admin/builder/spi-builder-workspace/.dependencies/checkouts/swift-json-schema/Sources/JSONSchemaBuilder/JSONComponent/TypeSpecific/JSONNumber.swift /Users/admin/builder/spi-builder-workspace/.dependencies/checkouts/swift-json-schema/Sources/JSONSchemaBuilder/JSONComponent/TypeSpecific/JSONObject.swift /Users/admin/builder/spi-builder-workspace/.dependencies/checkouts/swift-json-schema/Sources/JSONSchemaBuilder/JSONComponent/TypeSpecific/JSONString.swift /Users/admin/builder/spi-builder-workspace/.dependencies/checkouts/swift-json-schema/Sources/JSONSchemaBuilder/JSONPropertyComponent/JSONProperty.swift /Users/admin/builder/spi-builder-workspace/.dependencies/checkouts/swift-json-schema/Sources/JSONSchemaBuilder/JSONPropertyComponent/JSONPropertyComponent.swift /Users/admin/builder/spi-builder-workspace/.dependencies/checkouts/swift-json-schema/Sources/JSONSchemaBuilder/JSONPropertyComponent/Modifier/JSONPropertyComponents.swift /Users/admin/builder/spi-builder-workspace/.dependencies/checkouts/swift-json-schema/Sources/JSONSchemaBuilder/JSONPropertyComponent/Modifier/PropertyArray.swift (in target 'JSONSchemaBuilder' from project 'swift-json-schema')
SwiftCompile normal arm64 /Users/admin/builder/spi-builder-workspace/.dependencies/checkouts/swift-json-schema/Sources/JSONSchemaBuilder/JSONComponent/TypeSpecific/JSONNumber.swift (in target 'JSONSchemaBuilder' from project 'swift-json-schema')
    cd /Users/admin/builder/spi-builder-workspace/.swiftpm/xcode
    builtin-SwiftPerFileCompile JSONNumber.swift
SwiftCompile normal arm64 /Users/admin/builder/spi-builder-workspace/.dependencies/checkouts/swift-json-schema/Sources/JSONSchemaBuilder/JSONComponent/TypeSpecific/JSONObject.swift (in target 'JSONSchemaBuilder' from project 'swift-json-schema')
    cd /Users/admin/builder/spi-builder-workspace/.swiftpm/xcode
    builtin-SwiftPerFileCompile JSONObject.swift
SwiftCompile normal arm64 /Users/admin/builder/spi-builder-workspace/.dependencies/checkouts/swift-json-schema/Sources/JSONSchemaBuilder/JSONComponent/TypeSpecific/JSONString.swift (in target 'JSONSchemaBuilder' from project 'swift-json-schema')
    cd /Users/admin/builder/spi-builder-workspace/.swiftpm/xcode
    builtin-SwiftPerFileCompile JSONString.swift
SwiftCompile normal arm64 /Users/admin/builder/spi-builder-workspace/.dependencies/checkouts/swift-json-schema/Sources/JSONSchemaBuilder/JSONPropertyComponent/JSONProperty.swift (in target 'JSONSchemaBuilder' from project 'swift-json-schema')
    cd /Users/admin/builder/spi-builder-workspace/.swiftpm/xcode
    builtin-SwiftPerFileCompile JSONProperty.swift
SwiftCompile normal arm64 /Users/admin/builder/spi-builder-workspace/.dependencies/checkouts/swift-json-schema/Sources/JSONSchemaBuilder/JSONPropertyComponent/JSONPropertyComponent.swift (in target 'JSONSchemaBuilder' from project 'swift-json-schema')
    cd /Users/admin/builder/spi-builder-workspace/.swiftpm/xcode
    builtin-SwiftPerFileCompile JSONPropertyComponent.swift
SwiftCompile normal arm64 /Users/admin/builder/spi-builder-workspace/.dependencies/checkouts/swift-json-schema/Sources/JSONSchemaBuilder/JSONPropertyComponent/Modifier/JSONPropertyComponents.swift (in target 'JSONSchemaBuilder' from project 'swift-json-schema')
    cd /Users/admin/builder/spi-builder-workspace/.swiftpm/xcode
    builtin-SwiftPerFileCompile JSONPropertyComponents.swift
SwiftCompile normal arm64 /Users/admin/builder/spi-builder-workspace/.dependencies/checkouts/swift-json-schema/Sources/JSONSchemaBuilder/JSONPropertyComponent/Modifier/PropertyArray.swift (in target 'JSONSchemaBuilder' from project 'swift-json-schema')
    cd /Users/admin/builder/spi-builder-workspace/.swiftpm/xcode
    builtin-SwiftPerFileCompile PropertyArray.swift
SwiftCompile normal arm64 Compiling\ PropertyCompactMap.swift,\ PropertyConditional.swift,\ PropertyFlatMap.swift,\ PropertyOptionalComponent.swift,\ JSONValue+Schema.swift,\ ExcludeFromSchema.swift,\ SchemaOptions.swift /Users/admin/builder/spi-builder-workspace/.dependencies/checkouts/swift-json-schema/Sources/JSONSchemaBuilder/JSONPropertyComponent/Modifier/PropertyCompactMap.swift /Users/admin/builder/spi-builder-workspace/.dependencies/checkouts/swift-json-schema/Sources/JSONSchemaBuilder/JSONPropertyComponent/Modifier/PropertyConditional.swift /Users/admin/builder/spi-builder-workspace/.dependencies/checkouts/swift-json-schema/Sources/JSONSchemaBuilder/JSONPropertyComponent/Modifier/PropertyFlatMap.swift /Users/admin/builder/spi-builder-workspace/.dependencies/checkouts/swift-json-schema/Sources/JSONSchemaBuilder/JSONPropertyComponent/Modifier/PropertyOptionalComponent.swift /Users/admin/builder/spi-builder-workspace/.dependencies/checkouts/swift-json-schema/Sources/JSONSchemaBuilder/JSONValue+Schema.swift /Users/admin/builder/spi-builder-workspace/.dependencies/checkouts/swift-json-schema/Sources/JSONSchemaBuilder/Macros/SchemaOptions/ExcludeFromSchema.swift /Users/admin/builder/spi-builder-workspace/.dependencies/checkouts/swift-json-schema/Sources/JSONSchemaBuilder/Macros/SchemaOptions/SchemaOptions.swift (in target 'JSONSchemaBuilder' from project 'swift-json-schema')
SwiftCompile normal arm64 /Users/admin/builder/spi-builder-workspace/.dependencies/checkouts/swift-json-schema/Sources/JSONSchemaBuilder/JSONPropertyComponent/Modifier/PropertyCompactMap.swift (in target 'JSONSchemaBuilder' from project 'swift-json-schema')
    cd /Users/admin/builder/spi-builder-workspace/.swiftpm/xcode
    builtin-SwiftPerFileCompile PropertyCompactMap.swift
SwiftCompile normal arm64 /Users/admin/builder/spi-builder-workspace/.dependencies/checkouts/swift-json-schema/Sources/JSONSchemaBuilder/JSONPropertyComponent/Modifier/PropertyConditional.swift (in target 'JSONSchemaBuilder' from project 'swift-json-schema')
    cd /Users/admin/builder/spi-builder-workspace/.swiftpm/xcode
    builtin-SwiftPerFileCompile PropertyConditional.swift
SwiftCompile normal arm64 /Users/admin/builder/spi-builder-workspace/.dependencies/checkouts/swift-json-schema/Sources/JSONSchemaBuilder/JSONPropertyComponent/Modifier/PropertyFlatMap.swift (in target 'JSONSchemaBuilder' from project 'swift-json-schema')
    cd /Users/admin/builder/spi-builder-workspace/.swiftpm/xcode
    builtin-SwiftPerFileCompile PropertyFlatMap.swift
SwiftCompile normal arm64 /Users/admin/builder/spi-builder-workspace/.dependencies/checkouts/swift-json-schema/Sources/JSONSchemaBuilder/JSONPropertyComponent/Modifier/PropertyOptionalComponent.swift (in target 'JSONSchemaBuilder' from project 'swift-json-schema')
    cd /Users/admin/builder/spi-builder-workspace/.swiftpm/xcode
    builtin-SwiftPerFileCompile PropertyOptionalComponent.swift
SwiftCompile normal arm64 /Users/admin/builder/spi-builder-workspace/.dependencies/checkouts/swift-json-schema/Sources/JSONSchemaBuilder/JSONValue+Schema.swift (in target 'JSONSchemaBuilder' from project 'swift-json-schema')
    cd /Users/admin/builder/spi-builder-workspace/.swiftpm/xcode
    builtin-SwiftPerFileCompile JSONValue+Schema.swift
SwiftCompile normal arm64 /Users/admin/builder/spi-builder-workspace/.dependencies/checkouts/swift-json-schema/Sources/JSONSchemaBuilder/Macros/SchemaOptions/ExcludeFromSchema.swift (in target 'JSONSchemaBuilder' from project 'swift-json-schema')
    cd /Users/admin/builder/spi-builder-workspace/.swiftpm/xcode
    builtin-SwiftPerFileCompile ExcludeFromSchema.swift
SwiftCompile normal arm64 /Users/admin/builder/spi-builder-workspace/.dependencies/checkouts/swift-json-schema/Sources/JSONSchemaBuilder/Macros/SchemaOptions/SchemaOptions.swift (in target 'JSONSchemaBuilder' from project 'swift-json-schema')
    cd /Users/admin/builder/spi-builder-workspace/.swiftpm/xcode
    builtin-SwiftPerFileCompile SchemaOptions.swift
SwiftCompile normal arm64 Compiling\ ArrayOptions.swift,\ NumberOptions.swift,\ ObjectOptions.swift,\ StringOptions.swift,\ Schemable.swift,\ ParseIssue.swift,\ Parsed.swift /Users/admin/builder/spi-builder-workspace/.dependencies/checkouts/swift-json-schema/Sources/JSONSchemaBuilder/Macros/SchemaOptions/TypeSpecific/ArrayOptions.swift /Users/admin/builder/spi-builder-workspace/.dependencies/checkouts/swift-json-schema/Sources/JSONSchemaBuilder/Macros/SchemaOptions/TypeSpecific/NumberOptions.swift /Users/admin/builder/spi-builder-workspace/.dependencies/checkouts/swift-json-schema/Sources/JSONSchemaBuilder/Macros/SchemaOptions/TypeSpecific/ObjectOptions.swift /Users/admin/builder/spi-builder-workspace/.dependencies/checkouts/swift-json-schema/Sources/JSONSchemaBuilder/Macros/SchemaOptions/TypeSpecific/StringOptions.swift /Users/admin/builder/spi-builder-workspace/.dependencies/checkouts/swift-json-schema/Sources/JSONSchemaBuilder/Macros/Schemable.swift /Users/admin/builder/spi-builder-workspace/.dependencies/checkouts/swift-json-schema/Sources/JSONSchemaBuilder/Parsing/ParseIssue.swift /Users/admin/builder/spi-builder-workspace/.dependencies/checkouts/swift-json-schema/Sources/JSONSchemaBuilder/Parsing/Parsed.swift (in target 'JSONSchemaBuilder' from project 'swift-json-schema')
SwiftCompile normal arm64 /Users/admin/builder/spi-builder-workspace/.dependencies/checkouts/swift-json-schema/Sources/JSONSchemaBuilder/Macros/SchemaOptions/TypeSpecific/ArrayOptions.swift (in target 'JSONSchemaBuilder' from project 'swift-json-schema')
    cd /Users/admin/builder/spi-builder-workspace/.swiftpm/xcode
    builtin-SwiftPerFileCompile ArrayOptions.swift
SwiftCompile normal arm64 /Users/admin/builder/spi-builder-workspace/.dependencies/checkouts/swift-json-schema/Sources/JSONSchemaBuilder/Macros/SchemaOptions/TypeSpecific/NumberOptions.swift (in target 'JSONSchemaBuilder' from project 'swift-json-schema')
    cd /Users/admin/builder/spi-builder-workspace/.swiftpm/xcode
    builtin-SwiftPerFileCompile NumberOptions.swift
SwiftCompile normal arm64 /Users/admin/builder/spi-builder-workspace/.dependencies/checkouts/swift-json-schema/Sources/JSONSchemaBuilder/Macros/SchemaOptions/TypeSpecific/ObjectOptions.swift (in target 'JSONSchemaBuilder' from project 'swift-json-schema')
    cd /Users/admin/builder/spi-builder-workspace/.swiftpm/xcode
    builtin-SwiftPerFileCompile ObjectOptions.swift
SwiftCompile normal arm64 /Users/admin/builder/spi-builder-workspace/.dependencies/checkouts/swift-json-schema/Sources/JSONSchemaBuilder/Macros/SchemaOptions/TypeSpecific/StringOptions.swift (in target 'JSONSchemaBuilder' from project 'swift-json-schema')
    cd /Users/admin/builder/spi-builder-workspace/.swiftpm/xcode
    builtin-SwiftPerFileCompile StringOptions.swift
SwiftCompile normal arm64 /Users/admin/builder/spi-builder-workspace/.dependencies/checkouts/swift-json-schema/Sources/JSONSchemaBuilder/Macros/Schemable.swift (in target 'JSONSchemaBuilder' from project 'swift-json-schema')
    cd /Users/admin/builder/spi-builder-workspace/.swiftpm/xcode
    builtin-SwiftPerFileCompile Schemable.swift
SwiftCompile normal arm64 /Users/admin/builder/spi-builder-workspace/.dependencies/checkouts/swift-json-schema/Sources/JSONSchemaBuilder/Parsing/ParseIssue.swift (in target 'JSONSchemaBuilder' from project 'swift-json-schema')
    cd /Users/admin/builder/spi-builder-workspace/.swiftpm/xcode
    builtin-SwiftPerFileCompile ParseIssue.swift
SwiftCompile normal arm64 /Users/admin/builder/spi-builder-workspace/.dependencies/checkouts/swift-json-schema/Sources/JSONSchemaBuilder/Parsing/Parsed.swift (in target 'JSONSchemaBuilder' from project 'swift-json-schema')
    cd /Users/admin/builder/spi-builder-workspace/.swiftpm/xcode
    builtin-SwiftPerFileCompile Parsed.swift
SwiftCompile normal arm64 Compiling\ JSONArrayValue.swift,\ JSONBooleanValue.swift,\ JSONIntegerValue.swift,\ JSONNullValue.swift,\ JSONNumberValue.swift,\ JSONObjectValue.swift,\ JSONStringValue.swift /Users/admin/builder/spi-builder-workspace/.dependencies/checkouts/swift-json-schema/Sources/JSONSchemaBuilder/Values/TypeSpecific/JSONArrayValue.swift /Users/admin/builder/spi-builder-workspace/.dependencies/checkouts/swift-json-schema/Sources/JSONSchemaBuilder/Values/TypeSpecific/JSONBooleanValue.swift /Users/admin/builder/spi-builder-workspace/.dependencies/checkouts/swift-json-schema/Sources/JSONSchemaBuilder/Values/TypeSpecific/JSONIntegerValue.swift /Users/admin/builder/spi-builder-workspace/.dependencies/checkouts/swift-json-schema/Sources/JSONSchemaBuilder/Values/TypeSpecific/JSONNullValue.swift /Users/admin/builder/spi-builder-workspace/.dependencies/checkouts/swift-json-schema/Sources/JSONSchemaBuilder/Values/TypeSpecific/JSONNumberValue.swift /Users/admin/builder/spi-builder-workspace/.dependencies/checkouts/swift-json-schema/Sources/JSONSchemaBuilder/Values/TypeSpecific/JSONObjectValue.swift /Users/admin/builder/spi-builder-workspace/.dependencies/checkouts/swift-json-schema/Sources/JSONSchemaBuilder/Values/TypeSpecific/JSONStringValue.swift (in target 'JSONSchemaBuilder' from project 'swift-json-schema')
SwiftCompile normal arm64 /Users/admin/builder/spi-builder-workspace/.dependencies/checkouts/swift-json-schema/Sources/JSONSchemaBuilder/Values/TypeSpecific/JSONArrayValue.swift (in target 'JSONSchemaBuilder' from project 'swift-json-schema')
    cd /Users/admin/builder/spi-builder-workspace/.swiftpm/xcode
    builtin-SwiftPerFileCompile JSONArrayValue.swift
SwiftCompile normal arm64 /Users/admin/builder/spi-builder-workspace/.dependencies/checkouts/swift-json-schema/Sources/JSONSchemaBuilder/Values/TypeSpecific/JSONBooleanValue.swift (in target 'JSONSchemaBuilder' from project 'swift-json-schema')
    cd /Users/admin/builder/spi-builder-workspace/.swiftpm/xcode
    builtin-SwiftPerFileCompile JSONBooleanValue.swift
SwiftCompile normal arm64 /Users/admin/builder/spi-builder-workspace/.dependencies/checkouts/swift-json-schema/Sources/JSONSchemaBuilder/Values/TypeSpecific/JSONIntegerValue.swift (in target 'JSONSchemaBuilder' from project 'swift-json-schema')
    cd /Users/admin/builder/spi-builder-workspace/.swiftpm/xcode
    builtin-SwiftPerFileCompile JSONIntegerValue.swift
SwiftCompile normal arm64 /Users/admin/builder/spi-builder-workspace/.dependencies/checkouts/swift-json-schema/Sources/JSONSchemaBuilder/Values/TypeSpecific/JSONNullValue.swift (in target 'JSONSchemaBuilder' from project 'swift-json-schema')
    cd /Users/admin/builder/spi-builder-workspace/.swiftpm/xcode
    builtin-SwiftPerFileCompile JSONNullValue.swift
SwiftCompile normal arm64 /Users/admin/builder/spi-builder-workspace/.dependencies/checkouts/swift-json-schema/Sources/JSONSchemaBuilder/Values/TypeSpecific/JSONNumberValue.swift (in target 'JSONSchemaBuilder' from project 'swift-json-schema')
    cd /Users/admin/builder/spi-builder-workspace/.swiftpm/xcode
    builtin-SwiftPerFileCompile JSONNumberValue.swift
SwiftCompile normal arm64 /Users/admin/builder/spi-builder-workspace/.dependencies/checkouts/swift-json-schema/Sources/JSONSchemaBuilder/Values/TypeSpecific/JSONObjectValue.swift (in target 'JSONSchemaBuilder' from project 'swift-json-schema')
    cd /Users/admin/builder/spi-builder-workspace/.swiftpm/xcode
    builtin-SwiftPerFileCompile JSONObjectValue.swift
SwiftCompile normal arm64 /Users/admin/builder/spi-builder-workspace/.dependencies/checkouts/swift-json-schema/Sources/JSONSchemaBuilder/Values/TypeSpecific/JSONStringValue.swift (in target 'JSONSchemaBuilder' from project 'swift-json-schema')
    cd /Users/admin/builder/spi-builder-workspace/.swiftpm/xcode
    builtin-SwiftPerFileCompile JSONStringValue.swift
SwiftEmitModule normal arm64 Emitting\ module\ for\ JSONSchemaBuilder (in target 'JSONSchemaBuilder' from project 'swift-json-schema')
SwiftCompile normal arm64 (in target 'JSONSchemaBuilder' from project 'swift-json-schema')
    cd /Users/admin/builder/spi-builder-workspace/.swiftpm/xcode

SwiftCompile normal arm64 Compiling\ ParsingScope.swift,\ ProjectionScope.swift,\ KeyEncodingStrategy.swift,\ SchemaAnchorName.swift,\ SchemaReferenceURI.swift,\ JSONPropertyValue.swift,\ JSONValueRepresentable.swift /Users/admin/builder/spi-builder-workspace/.dependencies/checkouts/swift-json-schema/Sources/JSONSchemaBuilder/Parsing/ParsingScope.swift /Users/admin/builder/spi-builder-workspace/.dependencies/checkouts/swift-json-schema/Sources/JSONSchemaBuilder/Parsing/ProjectionScope.swift /Users/admin/builder/spi-builder-workspace/.dependencies/checkouts/swift-json-schema/Sources/JSONSchemaBuilder/Utils/KeyEncodingStrategy.swift /Users/admin/builder/spi-builder-workspace/.dependencies/checkouts/swift-json-schema/Sources/JSONSchemaBuilder/Utils/SchemaAnchorName.swift /Users/admin/builder/spi-builder-workspace/.dependencies/checkouts/swift-json-schema/Sources/JSONSchemaBuilder/Utils/SchemaReferenceURI.swift /Users/admin/builder/spi-builder-workspace/.dependencies/checkouts/swift-json-schema/Sources/JSONSchemaBuilder/Values/JSONPropertyValue.swift /Users/admin/builder/spi-builder-workspace/.dependencies/checkouts/swift-json-schema/Sources/JSONSchemaBuilder/Values/JSONValueRepresentable.swift (in target 'JSONSchemaBuilder' from project 'swift-json-schema')
SwiftCompile normal arm64 /Users/admin/builder/spi-builder-workspace/.dependencies/checkouts/swift-json-schema/Sources/JSONSchemaBuilder/Parsing/ParsingScope.swift (in target 'JSONSchemaBuilder' from project 'swift-json-schema')
    cd /Users/admin/builder/spi-builder-workspace/.swiftpm/xcode
    builtin-SwiftPerFileCompile ParsingScope.swift
SwiftCompile normal arm64 /Users/admin/builder/spi-builder-workspace/.dependencies/checkouts/swift-json-schema/Sources/JSONSchemaBuilder/Parsing/ProjectionScope.swift (in target 'JSONSchemaBuilder' from project 'swift-json-schema')
    cd /Users/admin/builder/spi-builder-workspace/.swiftpm/xcode
    builtin-SwiftPerFileCompile ProjectionScope.swift
SwiftCompile normal arm64 /Users/admin/builder/spi-builder-workspace/.dependencies/checkouts/swift-json-schema/Sources/JSONSchemaBuilder/Utils/KeyEncodingStrategy.swift (in target 'JSONSchemaBuilder' from project 'swift-json-schema')
    cd /Users/admin/builder/spi-builder-workspace/.swiftpm/xcode
    builtin-SwiftPerFileCompile KeyEncodingStrategy.swift
SwiftCompile normal arm64 /Users/admin/builder/spi-builder-workspace/.dependencies/checkouts/swift-json-schema/Sources/JSONSchemaBuilder/Utils/SchemaAnchorName.swift (in target 'JSONSchemaBuilder' from project 'swift-json-schema')
    cd /Users/admin/builder/spi-builder-workspace/.swiftpm/xcode
    builtin-SwiftPerFileCompile SchemaAnchorName.swift
SwiftCompile normal arm64 /Users/admin/builder/spi-builder-workspace/.dependencies/checkouts/swift-json-schema/Sources/JSONSchemaBuilder/Utils/SchemaReferenceURI.swift (in target 'JSONSchemaBuilder' from project 'swift-json-schema')
    cd /Users/admin/builder/spi-builder-workspace/.swiftpm/xcode
    builtin-SwiftPerFileCompile SchemaReferenceURI.swift
SwiftCompile normal arm64 /Users/admin/builder/spi-builder-workspace/.dependencies/checkouts/swift-json-schema/Sources/JSONSchemaBuilder/Values/JSONPropertyValue.swift (in target 'JSONSchemaBuilder' from project 'swift-json-schema')
    cd /Users/admin/builder/spi-builder-workspace/.swiftpm/xcode
    builtin-SwiftPerFileCompile JSONPropertyValue.swift
SwiftCompile normal arm64 /Users/admin/builder/spi-builder-workspace/.dependencies/checkouts/swift-json-schema/Sources/JSONSchemaBuilder/Values/JSONValueRepresentable.swift (in target 'JSONSchemaBuilder' from project 'swift-json-schema')
    cd /Users/admin/builder/spi-builder-workspace/.swiftpm/xcode
    builtin-SwiftPerFileCompile JSONValueRepresentable.swift
SwiftCompile normal arm64 Compiling\ Projection.swift,\ PropertyNames.swift,\ RuntimeComponent.swift,\ SchemaValue.swift,\ JSONArray.swift,\ JSONBoolean.swift,\ JSONNull.swift /Users/admin/builder/spi-builder-workspace/.dependencies/checkouts/swift-json-schema/Sources/JSONSchemaBuilder/JSONComponent/Modifier/Projection.swift /Users/admin/builder/spi-builder-workspace/.dependencies/checkouts/swift-json-schema/Sources/JSONSchemaBuilder/JSONComponent/Modifier/PropertyNames.swift /Users/admin/builder/spi-builder-workspace/.dependencies/checkouts/swift-json-schema/Sources/JSONSchemaBuilder/JSONComponent/RuntimeComponent.swift /Users/admin/builder/spi-builder-workspace/.dependencies/checkouts/swift-json-schema/Sources/JSONSchemaBuilder/JSONComponent/SchemaValue.swift /Users/admin/builder/spi-builder-workspace/.dependencies/checkouts/swift-json-schema/Sources/JSONSchemaBuilder/JSONComponent/TypeSpecific/JSONArray.swift /Users/admin/builder/spi-builder-workspace/.dependencies/checkouts/swift-json-schema/Sources/JSONSchemaBuilder/JSONComponent/TypeSpecific/JSONBoolean.swift /Users/admin/builder/spi-builder-workspace/.dependencies/checkouts/swift-json-schema/Sources/JSONSchemaBuilder/JSONComponent/TypeSpecific/JSONNull.swift (in target 'JSONSchemaBuilder' from project 'swift-json-schema')
SwiftCompile normal arm64 /Users/admin/builder/spi-builder-workspace/.dependencies/checkouts/swift-json-schema/Sources/JSONSchemaBuilder/JSONComponent/Modifier/Projection.swift (in target 'JSONSchemaBuilder' from project 'swift-json-schema')
    cd /Users/admin/builder/spi-builder-workspace/.swiftpm/xcode
    builtin-SwiftPerFileCompile Projection.swift
SwiftCompile normal arm64 /Users/admin/builder/spi-builder-workspace/.dependencies/checkouts/swift-json-schema/Sources/JSONSchemaBuilder/JSONComponent/Modifier/PropertyNames.swift (in target 'JSONSchemaBuilder' from project 'swift-json-schema')
    cd /Users/admin/builder/spi-builder-workspace/.swiftpm/xcode
    builtin-SwiftPerFileCompile PropertyNames.swift
SwiftCompile normal arm64 /Users/admin/builder/spi-builder-workspace/.dependencies/checkouts/swift-json-schema/Sources/JSONSchemaBuilder/JSONComponent/RuntimeComponent.swift (in target 'JSONSchemaBuilder' from project 'swift-json-schema')
    cd /Users/admin/builder/spi-builder-workspace/.swiftpm/xcode
    builtin-SwiftPerFileCompile RuntimeComponent.swift
SwiftCompile normal arm64 /Users/admin/builder/spi-builder-workspace/.dependencies/checkouts/swift-json-schema/Sources/JSONSchemaBuilder/JSONComponent/SchemaValue.swift (in target 'JSONSchemaBuilder' from project 'swift-json-schema')
    cd /Users/admin/builder/spi-builder-workspace/.swiftpm/xcode
    builtin-SwiftPerFileCompile SchemaValue.swift
SwiftCompile normal arm64 /Users/admin/builder/spi-builder-workspace/.dependencies/checkouts/swift-json-schema/Sources/JSONSchemaBuilder/JSONComponent/TypeSpecific/JSONArray.swift (in target 'JSONSchemaBuilder' from project 'swift-json-schema')
    cd /Users/admin/builder/spi-builder-workspace/.swiftpm/xcode
    builtin-SwiftPerFileCompile JSONArray.swift
SwiftCompile normal arm64 /Users/admin/builder/spi-builder-workspace/.dependencies/checkouts/swift-json-schema/Sources/JSONSchemaBuilder/JSONComponent/TypeSpecific/JSONBoolean.swift (in target 'JSONSchemaBuilder' from project 'swift-json-schema')
    cd /Users/admin/builder/spi-builder-workspace/.swiftpm/xcode
    builtin-SwiftPerFileCompile JSONBoolean.swift
SwiftCompile normal arm64 /Users/admin/builder/spi-builder-workspace/.dependencies/checkouts/swift-json-schema/Sources/JSONSchemaBuilder/JSONComponent/TypeSpecific/JSONNull.swift (in target 'JSONSchemaBuilder' from project 'swift-json-schema')
    cd /Users/admin/builder/spi-builder-workspace/.swiftpm/xcode
    builtin-SwiftPerFileCompile JSONNull.swift
SwiftDriverJobDiscovery normal arm64 Compiling JSONArrayValue.swift, JSONBooleanValue.swift, JSONIntegerValue.swift, JSONNullValue.swift, JSONNumberValue.swift, JSONObjectValue.swift, JSONStringValue.swift (in target 'JSONSchemaBuilder' from project 'swift-json-schema')
SwiftDriverJobDiscovery normal arm64 Compiling AdditionalProperties.swift, AnySchemaComponent.swift, CompactMap.swift, Conditional.swift, Constant.swift, Enum.swift, FlatMap.swift (in target 'JSONSchemaBuilder' from project 'swift-json-schema')
SwiftDriverJobDiscovery normal arm64 Compiling JSONNumber.swift, JSONObject.swift, JSONString.swift, JSONProperty.swift, JSONPropertyComponent.swift, JSONPropertyComponents.swift, PropertyArray.swift (in target 'JSONSchemaBuilder' from project 'swift-json-schema')
SwiftDriverJobDiscovery normal arm64 Compiling JSONComponents.swift, Map.swift, MergedComponent.swift, OptionalComponent.swift, OrNullModifier.swift, PassthroughComponent.swift, PatternProperties.swift (in target 'JSONSchemaBuilder' from project 'swift-json-schema')
SwiftDriverJobDiscovery normal arm64 Compiling JSONDynamicReference.swift, JSONReference.swift, JSONSchema.swift, JSONSchemaComponent+Annotations.swift, JSONSchemaComponent+Conditionals.swift, JSONSchemaComponent+Content.swift, JSONSchemaComponent+Identifiers.swift, JSONSchemaComponent.swift (in target 'JSONSchemaBuilder' from project 'swift-json-schema')
SwiftDriverJobDiscovery normal arm64 Compiling JSONPropertyBuilder.swift, JSONPropertySchemaBuilder.swift, JSONSchemaBuilder.swift, JSONValueBuilder.swift, ConditionalSchema.swift, JSONAnyValue.swift, JSONBooleanSchema.swift, JSONComposition.swift (in target 'JSONSchemaBuilder' from project 'swift-json-schema')
SwiftDriverJobDiscovery normal arm64 Compiling ParsingScope.swift, ProjectionScope.swift, KeyEncodingStrategy.swift, SchemaAnchorName.swift, SchemaReferenceURI.swift, JSONPropertyValue.swift, JSONValueRepresentable.swift (in target 'JSONSchemaBuilder' from project 'swift-json-schema')
SwiftDriverJobDiscovery normal arm64 Compiling Projection.swift, PropertyNames.swift, RuntimeComponent.swift, SchemaValue.swift, JSONArray.swift, JSONBoolean.swift, JSONNull.swift (in target 'JSONSchemaBuilder' from project 'swift-json-schema')
SwiftDriverJobDiscovery normal arm64 Compiling PropertyCompactMap.swift, PropertyConditional.swift, PropertyFlatMap.swift, PropertyOptionalComponent.swift, JSONValue+Schema.swift, ExcludeFromSchema.swift, SchemaOptions.swift (in target 'JSONSchemaBuilder' from project 'swift-json-schema')
SwiftDriverJobDiscovery normal arm64 Emitting module for JSONSchemaBuilder (in target 'JSONSchemaBuilder' from project 'swift-json-schema')
SwiftDriver\ Compilation\ Requirements JSONSchemaBuilder normal arm64 com.apple.xcode.tools.swift.compiler (in target 'JSONSchemaBuilder' from project 'swift-json-schema')
    cd /Users/admin/builder/spi-builder-workspace/.swiftpm/xcode
    builtin-Swift-Compilation-Requirements -- /Applications/Xcode-27.0.0-Release.Candidate.app/Contents/Developer/Toolchains/XcodeDefault.xctoolchain/usr/bin/swiftc -parse-as-library -module-name JSONSchemaBuilder -Onone @/Users/admin/builder/spi-builder-workspace/.derivedData/Build/Intermediates.noindex/swift-json-schema.build/Debug-xros/JSONSchemaBuilder-t.build/Objects-normal/arm64/JSONSchemaBuilder.SwiftFileList -DSWIFT_PACKAGE -DDEBUG -DSWIFT_MODULE_RESOURCE_BUNDLE_UNAVAILABLE -DXcode -plugin-path /Applications/Xcode-27.0.0-Release.Candidate.app/Contents/Developer/Toolchains/XcodeDefault.xctoolchain/usr/lib/swift/host/plugins/testing -enable-experimental-feature DebugDescriptionMacro -sdk /Applications/Xcode-27.0.0-Release.Candidate.app/Contents/Developer/Platforms/XROS.platform/Developer/SDKs/XROS27.0.sdk -target arm64-apple-xros1.0 -g -module-cache-path /Users/admin/builder/spi-builder-workspace/.derivedData/ModuleCache.noindex -Xfrontend -serialize-debugging-options -profile-coverage-mapping -profile-generate -enable-testing -suppress-warnings -index-store-path /Users/admin/builder/spi-builder-workspace/.derivedData/Index.noindex/DataStore -Xcc -D_LIBCPP_HARDENING_MODE\=_LIBCPP_HARDENING_MODE_DEBUG -swift-version 6 -I /Users/admin/builder/spi-builder-workspace/.derivedData/Build/Products/Debug-xros -Isystem /Applications/Xcode-27.0.0-Release.Candidate.app/Contents/Developer/Platforms/XROS.platform/Developer/usr/lib -F /Users/admin/builder/spi-builder-workspace/.derivedData/Build/Products/Debug-xros/PackageFrameworks -F /Users/admin/builder/spi-builder-workspace/.derivedData/Build/Products/Debug-xros -F /Applications/Xcode-27.0.0-Release.Candidate.app/Contents/Developer/Platforms/XROS.platform/Developer/Library/Frameworks -F /Applications/Xcode-27.0.0-Release.Candidate.app/Contents/Developer/Platforms/XROS.platform/Developer/SDKs/XROS27.0.sdk/Developer/Library/Frameworks -Xfrontend -load-plugin-executable -Xfrontend /Users/admin/builder/spi-builder-workspace/.derivedData/Build/Products/Debug/JSONSchemaMacro\#JSONSchemaMacro -c -j10 -enable-batch-mode -incremental -Xcc -ivfsstatcache -Xcc /Users/admin/builder/spi-builder-workspace/.derivedData/SDKStatCaches.noindex/xros27.0-24M361-e829b21a6f8c9b70876ba0858053c044735bd543db762f57723cac368afd1ce4.sdkstatcache -output-file-map /Users/admin/builder/spi-builder-workspace/.derivedData/Build/Intermediates.noindex/swift-json-schema.build/Debug-xros/JSONSchemaBuilder-t.build/Objects-normal/arm64/JSONSchemaBuilder-OutputFileMap.json -save-temps -no-color-diagnostics -explicit-module-build -module-cache-path /Users/admin/builder/spi-builder-workspace/.derivedData/Build/Intermediates.noindex/SwiftExplicitPrecompiledModules -clang-scanner-module-cache-path /Users/admin/builder/spi-builder-workspace/.derivedData/ModuleCache.noindex -sdk-module-cache-path /Users/admin/builder/spi-builder-workspace/.derivedData/SDKExplicitPrecompiledModules -emit-dependencies -emit-module -emit-module-path /Users/admin/builder/spi-builder-workspace/.derivedData/Build/Intermediates.noindex/swift-json-schema.build/Debug-xros/JSONSchemaBuilder-t.build/Objects-normal/arm64/JSONSchemaBuilder.swiftmodule -serialize-diagnostics -dependency-scan-serialize-diagnostics-path /Users/admin/builder/spi-builder-workspace/.derivedData/Build/Intermediates.noindex/swift-json-schema.build/Debug-xros/JSONSchemaBuilder-t.build/Objects-normal/arm64/JSONSchemaBuilder-dependency-scan.dia -user-module-version 0.14.1 -validate-clang-modules-once -clang-build-session-file /Users/admin/builder/spi-builder-workspace/.derivedData/ModuleCache.noindex/Session.modulevalidation -Xcc -fmodules-prune-interval\=86400 -Xcc -fmodules-prune-after\=345600 -package-name swift_json_schema -emit-const-values -const-gather-protocols-list /Users/admin/builder/spi-builder-workspace/.derivedData/Build/Intermediates.noindex/swift-json-schema.build/Debug-xros/JSONSchemaBuilder-t.build/Objects-normal/arm64/JSONSchemaBuilder_const_extract_protocols.json -Xcc -I/Users/admin/builder/spi-builder-workspace/.derivedData/Build/Products/Debug-xros/include -Xcc -I/Users/admin/builder/spi-builder-workspace/.derivedData/Build/Intermediates.noindex/swift-json-schema.build/Debug-xros/JSONSchemaBuilder-t.build/DerivedSources-normal/arm64 -Xcc -I/Users/admin/builder/spi-builder-workspace/.derivedData/Build/Intermediates.noindex/swift-json-schema.build/Debug-xros/JSONSchemaBuilder-t.build/DerivedSources/arm64 -Xcc -I/Users/admin/builder/spi-builder-workspace/.derivedData/Build/Intermediates.noindex/swift-json-schema.build/Debug-xros/JSONSchemaBuilder-t.build/DerivedSources -Xcc -DSWIFT_PACKAGE -Xcc -DDEBUG\=1 -emit-objc-header -emit-objc-header-path /Users/admin/builder/spi-builder-workspace/.derivedData/Build/Intermediates.noindex/swift-json-schema.build/Debug-xros/JSONSchemaBuilder-t.build/Objects-normal/arm64/JSONSchemaBuilder-Swift.h -working-directory /Users/admin/builder/spi-builder-workspace/.swiftpm/xcode -experimental-emit-module-separately -disable-cmo
SwiftMergeGeneratedHeaders /Users/admin/builder/spi-builder-workspace/.derivedData/Build/Intermediates.noindex/GeneratedModuleMaps-xros/JSONSchemaBuilder-Swift.h /Users/admin/builder/spi-builder-workspace/.derivedData/Build/Intermediates.noindex/swift-json-schema.build/Debug-xros/JSONSchemaBuilder-t.build/Objects-normal/arm64/JSONSchemaBuilder-Swift.h (in target 'JSONSchemaBuilder' from project 'swift-json-schema')
    cd /Users/admin/builder/spi-builder-workspace/.dependencies/checkouts/swift-json-schema
    builtin-swiftHeaderTool -arch arm64 /Users/admin/builder/spi-builder-workspace/.derivedData/Build/Intermediates.noindex/swift-json-schema.build/Debug-xros/JSONSchemaBuilder-t.build/Objects-normal/arm64/JSONSchemaBuilder-Swift.h -o /Users/admin/builder/spi-builder-workspace/.derivedData/Build/Intermediates.noindex/GeneratedModuleMaps-xros/JSONSchemaBuilder-Swift.h
Copy /Users/admin/builder/spi-builder-workspace/.derivedData/Build/Products/Debug-xros/JSONSchemaBuilder.swiftmodule/arm64-apple-xros.swiftdoc /Users/admin/builder/spi-builder-workspace/.derivedData/Build/Intermediates.noindex/swift-json-schema.build/Debug-xros/JSONSchemaBuilder-t.build/Objects-normal/arm64/JSONSchemaBuilder.swiftdoc (in target 'JSONSchemaBuilder' from project 'swift-json-schema')
    cd /Users/admin/builder/spi-builder-workspace/.dependencies/checkouts/swift-json-schema
    builtin-copy -exclude .DS_Store -exclude CVS -exclude .svn -exclude .git -exclude .hg -resolve-src-symlinks -rename /Users/admin/builder/spi-builder-workspace/.derivedData/Build/Intermediates.noindex/swift-json-schema.build/Debug-xros/JSONSchemaBuilder-t.build/Objects-normal/arm64/JSONSchemaBuilder.swiftdoc /Users/admin/builder/spi-builder-workspace/.derivedData/Build/Products/Debug-xros/JSONSchemaBuilder.swiftmodule/arm64-apple-xros.swiftdoc
Copy /Users/admin/builder/spi-builder-workspace/.derivedData/Build/Products/Debug-xros/JSONSchemaBuilder.swiftmodule/arm64-apple-xros.abi.json /Users/admin/builder/spi-builder-workspace/.derivedData/Build/Intermediates.noindex/swift-json-schema.build/Debug-xros/JSONSchemaBuilder-t.build/Objects-normal/arm64/JSONSchemaBuilder.abi.json (in target 'JSONSchemaBuilder' from project 'swift-json-schema')
    cd /Users/admin/builder/spi-builder-workspace/.dependencies/checkouts/swift-json-schema
    builtin-copy -exclude .DS_Store -exclude CVS -exclude .svn -exclude .git -exclude .hg -resolve-src-symlinks -rename /Users/admin/builder/spi-builder-workspace/.derivedData/Build/Intermediates.noindex/swift-json-schema.build/Debug-xros/JSONSchemaBuilder-t.build/Objects-normal/arm64/JSONSchemaBuilder.abi.json /Users/admin/builder/spi-builder-workspace/.derivedData/Build/Products/Debug-xros/JSONSchemaBuilder.swiftmodule/arm64-apple-xros.abi.json
Copy /Users/admin/builder/spi-builder-workspace/.derivedData/Build/Products/Debug-xros/JSONSchemaBuilder.swiftmodule/arm64-apple-xros.swiftmodule /Users/admin/builder/spi-builder-workspace/.derivedData/Build/Intermediates.noindex/swift-json-schema.build/Debug-xros/JSONSchemaBuilder-t.build/Objects-normal/arm64/JSONSchemaBuilder.swiftmodule (in target 'JSONSchemaBuilder' from project 'swift-json-schema')
    cd /Users/admin/builder/spi-builder-workspace/.dependencies/checkouts/swift-json-schema
    builtin-copy -exclude .DS_Store -exclude CVS -exclude .svn -exclude .git -exclude .hg -resolve-src-symlinks -rename /Users/admin/builder/spi-builder-workspace/.derivedData/Build/Intermediates.noindex/swift-json-schema.build/Debug-xros/JSONSchemaBuilder-t.build/Objects-normal/arm64/JSONSchemaBuilder.swiftmodule /Users/admin/builder/spi-builder-workspace/.derivedData/Build/Products/Debug-xros/JSONSchemaBuilder.swiftmodule/arm64-apple-xros.swiftmodule
Copy /Users/admin/builder/spi-builder-workspace/.derivedData/Build/Products/Debug-xros/JSONSchemaBuilder.swiftmodule/Project/arm64-apple-xros.swiftsourceinfo /Users/admin/builder/spi-builder-workspace/.derivedData/Build/Intermediates.noindex/swift-json-schema.build/Debug-xros/JSONSchemaBuilder-t.build/Objects-normal/arm64/JSONSchemaBuilder.swiftsourceinfo (in target 'JSONSchemaBuilder' from project 'swift-json-schema')
    cd /Users/admin/builder/spi-builder-workspace/.dependencies/checkouts/swift-json-schema
    builtin-copy -exclude .DS_Store -exclude CVS -exclude .svn -exclude .git -exclude .hg -resolve-src-symlinks -rename /Users/admin/builder/spi-builder-workspace/.derivedData/Build/Intermediates.noindex/swift-json-schema.build/Debug-xros/JSONSchemaBuilder-t.build/Objects-normal/arm64/JSONSchemaBuilder.swiftsourceinfo /Users/admin/builder/spi-builder-workspace/.derivedData/Build/Products/Debug-xros/JSONSchemaBuilder.swiftmodule/Project/arm64-apple-xros.swiftsourceinfo
SwiftDriver MCPToolkit normal arm64 com.apple.xcode.tools.swift.compiler (in target 'MCPToolkit' from project 'swift-mcp-toolkit')
    cd /Users/admin/builder/spi-builder-workspace/.swiftpm/xcode
    builtin-SwiftDriver -- /Applications/Xcode-27.0.0-Release.Candidate.app/Contents/Developer/Toolchains/XcodeDefault.xctoolchain/usr/bin/swiftc -parse-as-library -module-name MCPToolkit -Onone @/Users/admin/builder/spi-builder-workspace/.derivedData/Build/Intermediates.noindex/swift-mcp-toolkit.build/Debug-xros/MCPToolkit-t.build/Objects-normal/arm64/MCPToolkit.SwiftFileList -DSWIFT_PACKAGE -DDEBUG -DSWIFT_MODULE_RESOURCE_BUNDLE_UNAVAILABLE -Xcc -fmodule-map-file\=/Users/admin/builder/spi-builder-workspace/.dependencies/checkouts/swift-system/Sources/CSystem/include/module.modulemap -DXcode -plugin-path /Applications/Xcode-27.0.0-Release.Candidate.app/Contents/Developer/Toolchains/XcodeDefault.xctoolchain/usr/lib/swift/host/plugins/testing -enable-experimental-feature DebugDescriptionMacro -sdk /Applications/Xcode-27.0.0-Release.Candidate.app/Contents/Developer/Platforms/XROS.platform/Developer/SDKs/XROS27.0.sdk -target arm64-apple-xros1.0 -g -module-cache-path /Users/admin/builder/spi-builder-workspace/.derivedData/ModuleCache.noindex -Xfrontend -serialize-debugging-options -profile-coverage-mapping -profile-generate -enable-testing -index-store-path /Users/admin/builder/spi-builder-workspace/.derivedData/Index.noindex/DataStore -Xcc -D_LIBCPP_HARDENING_MODE\=_LIBCPP_HARDENING_MODE_DEBUG -swift-version 6 -I /Users/admin/builder/spi-builder-workspace/.derivedData/Build/Products/Debug-xros -Isystem /Applications/Xcode-27.0.0-Release.Candidate.app/Contents/Developer/Platforms/XROS.platform/Developer/usr/lib -F /Users/admin/builder/spi-builder-workspace/.derivedData/Build/Products/Debug-xros/PackageFrameworks -F /Users/admin/builder/spi-builder-workspace/.derivedData/Build/Products/Debug-xros -F /Applications/Xcode-27.0.0-Release.Candidate.app/Contents/Developer/Platforms/XROS.platform/Developer/Library/Frameworks -F /Applications/Xcode-27.0.0-Release.Candidate.app/Contents/Developer/Platforms/XROS.platform/Developer/SDKs/XROS27.0.sdk/Developer/Library/Frameworks -Xfrontend -load-plugin-executable -Xfrontend /Users/admin/builder/spi-builder-workspace/.derivedData/Build/Products/Debug/JSONSchemaMacro\#JSONSchemaMacro -emit-localized-strings -emit-localized-strings-path /Users/admin/builder/spi-builder-workspace/.derivedData/Build/Intermediates.noindex/swift-mcp-toolkit.build/Debug-xros/MCPToolkit-t.build/Objects-normal/arm64 -c -j10 -enable-batch-mode -incremental -Xcc -ivfsstatcache -Xcc /Users/admin/builder/spi-builder-workspace/.derivedData/SDKStatCaches.noindex/xros27.0-24M361-e829b21a6f8c9b70876ba0858053c044735bd543db762f57723cac368afd1ce4.sdkstatcache -output-file-map /Users/admin/builder/spi-builder-workspace/.derivedData/Build/Intermediates.noindex/swift-mcp-toolkit.build/Debug-xros/MCPToolkit-t.build/Objects-normal/arm64/MCPToolkit-OutputFileMap.json -save-temps -no-color-diagnostics -explicit-module-build -module-cache-path /Users/admin/builder/spi-builder-workspace/.derivedData/Build/Intermediates.noindex/SwiftExplicitPrecompiledModules -clang-scanner-module-cache-path /Users/admin/builder/spi-builder-workspace/.derivedData/ModuleCache.noindex -sdk-module-cache-path /Users/admin/builder/spi-builder-workspace/.derivedData/SDKExplicitPrecompiledModules -emit-dependencies -emit-module -emit-module-path /Users/admin/builder/spi-builder-workspace/.derivedData/Build/Intermediates.noindex/swift-mcp-toolkit.build/Debug-xros/MCPToolkit-t.build/Objects-normal/arm64/MCPToolkit.swiftmodule -serialize-diagnostics -dependency-scan-serialize-diagnostics-path /Users/admin/builder/spi-builder-workspace/.derivedData/Build/Intermediates.noindex/swift-mcp-toolkit.build/Debug-xros/MCPToolkit-t.build/Objects-normal/arm64/MCPToolkit-dependency-scan.dia -validate-clang-modules-once -clang-build-session-file /Users/admin/builder/spi-builder-workspace/.derivedData/ModuleCache.noindex/Session.modulevalidation -Xcc -fmodules-prune-interval\=86400 -Xcc -fmodules-prune-after\=345600 -package-name spi_builder_workspace -emit-const-values -const-gather-protocols-list /Users/admin/builder/spi-builder-workspace/.derivedData/Build/Intermediates.noindex/swift-mcp-toolkit.build/Debug-xros/MCPToolkit-t.build/Objects-normal/arm64/MCPToolkit_const_extract_protocols.json -Xcc -I/Users/admin/builder/spi-builder-workspace/.dependencies/checkouts/swift-system/Sources/CSystem/include -Xcc -I/Users/admin/builder/spi-builder-workspace/.derivedData/Build/Products/Debug-xros/include -Xcc -I/Users/admin/builder/spi-builder-workspace/.derivedData/Build/Intermediates.noindex/swift-mcp-toolkit.build/Debug-xros/MCPToolkit-t.build/DerivedSources-normal/arm64 -Xcc -I/Users/admin/builder/spi-builder-workspace/.derivedData/Build/Intermediates.noindex/swift-mcp-toolkit.build/Debug-xros/MCPToolkit-t.build/DerivedSources/arm64 -Xcc -I/Users/admin/builder/spi-builder-workspace/.derivedData/Build/Intermediates.noindex/swift-mcp-toolkit.build/Debug-xros/MCPToolkit-t.build/DerivedSources -Xcc -DSWIFT_PACKAGE -Xcc -DDEBUG\=1 -emit-objc-header -emit-objc-header-path /Users/admin/builder/spi-builder-workspace/.derivedData/Build/Intermediates.noindex/swift-mcp-toolkit.build/Debug-xros/MCPToolkit-t.build/Objects-normal/arm64/MCPToolkit-Swift.h -working-directory /Users/admin/builder/spi-builder-workspace/.swiftpm/xcode -experimental-emit-module-separately -disable-cmo
SwiftDriverJobDiscovery normal arm64 Compiling ArrayOptions.swift, NumberOptions.swift, ObjectOptions.swift, StringOptions.swift, Schemable.swift, ParseIssue.swift, Parsed.swift (in target 'JSONSchemaBuilder' from project 'swift-json-schema')
SwiftDriver\ Compilation JSONSchemaBuilder normal arm64 com.apple.xcode.tools.swift.compiler (in target 'JSONSchemaBuilder' from project 'swift-json-schema')
    cd /Users/admin/builder/spi-builder-workspace/.swiftpm/xcode
    builtin-Swift-Compilation -- /Applications/Xcode-27.0.0-Release.Candidate.app/Contents/Developer/Toolchains/XcodeDefault.xctoolchain/usr/bin/swiftc -parse-as-library -module-name JSONSchemaBuilder -Onone @/Users/admin/builder/spi-builder-workspace/.derivedData/Build/Intermediates.noindex/swift-json-schema.build/Debug-xros/JSONSchemaBuilder-t.build/Objects-normal/arm64/JSONSchemaBuilder.SwiftFileList -DSWIFT_PACKAGE -DDEBUG -DSWIFT_MODULE_RESOURCE_BUNDLE_UNAVAILABLE -DXcode -plugin-path /Applications/Xcode-27.0.0-Release.Candidate.app/Contents/Developer/Toolchains/XcodeDefault.xctoolchain/usr/lib/swift/host/plugins/testing -enable-experimental-feature DebugDescriptionMacro -sdk /Applications/Xcode-27.0.0-Release.Candidate.app/Contents/Developer/Platforms/XROS.platform/Developer/SDKs/XROS27.0.sdk -target arm64-apple-xros1.0 -g -module-cache-path /Users/admin/builder/spi-builder-workspace/.derivedData/ModuleCache.noindex -Xfrontend -serialize-debugging-options -profile-coverage-mapping -profile-generate -enable-testing -suppress-warnings -index-store-path /Users/admin/builder/spi-builder-workspace/.derivedData/Index.noindex/DataStore -Xcc -D_LIBCPP_HARDENING_MODE\=_LIBCPP_HARDENING_MODE_DEBUG -swift-version 6 -I /Users/admin/builder/spi-builder-workspace/.derivedData/Build/Products/Debug-xros -Isystem /Applications/Xcode-27.0.0-Release.Candidate.app/Contents/Developer/Platforms/XROS.platform/Developer/usr/lib -F /Users/admin/builder/spi-builder-workspace/.derivedData/Build/Products/Debug-xros/PackageFrameworks -F /Users/admin/builder/spi-builder-workspace/.derivedData/Build/Products/Debug-xros -F /Applications/Xcode-27.0.0-Release.Candidate.app/Contents/Developer/Platforms/XROS.platform/Developer/Library/Frameworks -F /Applications/Xcode-27.0.0-Release.Candidate.app/Contents/Developer/Platforms/XROS.platform/Developer/SDKs/XROS27.0.sdk/Developer/Library/Frameworks -Xfrontend -load-plugin-executable -Xfrontend /Users/admin/builder/spi-builder-workspace/.derivedData/Build/Products/Debug/JSONSchemaMacro\#JSONSchemaMacro -c -j10 -enable-batch-mode -incremental -Xcc -ivfsstatcache -Xcc /Users/admin/builder/spi-builder-workspace/.derivedData/SDKStatCaches.noindex/xros27.0-24M361-e829b21a6f8c9b70876ba0858053c044735bd543db762f57723cac368afd1ce4.sdkstatcache -output-file-map /Users/admin/builder/spi-builder-workspace/.derivedData/Build/Intermediates.noindex/swift-json-schema.build/Debug-xros/JSONSchemaBuilder-t.build/Objects-normal/arm64/JSONSchemaBuilder-OutputFileMap.json -save-temps -no-color-diagnostics -explicit-module-build -module-cache-path /Users/admin/builder/spi-builder-workspace/.derivedData/Build/Intermediates.noindex/SwiftExplicitPrecompiledModules -clang-scanner-module-cache-path /Users/admin/builder/spi-builder-workspace/.derivedData/ModuleCache.noindex -sdk-module-cache-path /Users/admin/builder/spi-builder-workspace/.derivedData/SDKExplicitPrecompiledModules -emit-dependencies -emit-module -emit-module-path /Users/admin/builder/spi-builder-workspace/.derivedData/Build/Intermediates.noindex/swift-json-schema.build/Debug-xros/JSONSchemaBuilder-t.build/Objects-normal/arm64/JSONSchemaBuilder.swiftmodule -serialize-diagnostics -dependency-scan-serialize-diagnostics-path /Users/admin/builder/spi-builder-workspace/.derivedData/Build/Intermediates.noindex/swift-json-schema.build/Debug-xros/JSONSchemaBuilder-t.build/Objects-normal/arm64/JSONSchemaBuilder-dependency-scan.dia -user-module-version 0.14.1 -validate-clang-modules-once -clang-build-session-file /Users/admin/builder/spi-builder-workspace/.derivedData/ModuleCache.noindex/Session.modulevalidation -Xcc -fmodules-prune-interval\=86400 -Xcc -fmodules-prune-after\=345600 -package-name swift_json_schema -emit-const-values -const-gather-protocols-list /Users/admin/builder/spi-builder-workspace/.derivedData/Build/Intermediates.noindex/swift-json-schema.build/Debug-xros/JSONSchemaBuilder-t.build/Objects-normal/arm64/JSONSchemaBuilder_const_extract_protocols.json -Xcc -I/Users/admin/builder/spi-builder-workspace/.derivedData/Build/Products/Debug-xros/include -Xcc -I/Users/admin/builder/spi-builder-workspace/.derivedData/Build/Intermediates.noindex/swift-json-schema.build/Debug-xros/JSONSchemaBuilder-t.build/DerivedSources-normal/arm64 -Xcc -I/Users/admin/builder/spi-builder-workspace/.derivedData/Build/Intermediates.noindex/swift-json-schema.build/Debug-xros/JSONSchemaBuilder-t.build/DerivedSources/arm64 -Xcc -I/Users/admin/builder/spi-builder-workspace/.derivedData/Build/Intermediates.noindex/swift-json-schema.build/Debug-xros/JSONSchemaBuilder-t.build/DerivedSources -Xcc -DSWIFT_PACKAGE -Xcc -DDEBUG\=1 -emit-objc-header -emit-objc-header-path /Users/admin/builder/spi-builder-workspace/.derivedData/Build/Intermediates.noindex/swift-json-schema.build/Debug-xros/JSONSchemaBuilder-t.build/Objects-normal/arm64/JSONSchemaBuilder-Swift.h -working-directory /Users/admin/builder/spi-builder-workspace/.swiftpm/xcode -experimental-emit-module-separately -disable-cmo
Ld /Users/admin/builder/spi-builder-workspace/.derivedData/Build/Products/Debug-xros/JSONSchemaBuilder.o normal (in target 'JSONSchemaBuilder' from project 'swift-json-schema')
    cd /Users/admin/builder/spi-builder-workspace/.dependencies/checkouts/swift-json-schema
    /Applications/Xcode-27.0.0-Release.Candidate.app/Contents/Developer/Toolchains/XcodeDefault.xctoolchain/usr/bin/clang -Xlinker -reproducible -target arm64-apple-xros1.0 -r -isysroot /Applications/Xcode-27.0.0-Release.Candidate.app/Contents/Developer/Platforms/XROS.platform/Developer/SDKs/XROS27.0.sdk -O0 -w -Xlinker -no_warn_duplicate_libraries -F/Users/admin/builder/spi-builder-workspace/.derivedData/Build/Intermediates.noindex/EagerLinkingTBDs/Debug-xros -F/Users/admin/builder/spi-builder-workspace/.derivedData/Build/Products/Debug-xros/PackageFrameworks -F/Users/admin/builder/spi-builder-workspace/.derivedData/Build/Products/Debug-xros -iframework /Applications/Xcode-27.0.0-Release.Candidate.app/Contents/Developer/Platforms/XROS.platform/Developer/Library/Frameworks -iframework /Applications/Xcode-27.0.0-Release.Candidate.app/Contents/Developer/Platforms/XROS.platform/Developer/SDKs/XROS27.0.sdk/Developer/Library/Frameworks -filelist /Users/admin/builder/spi-builder-workspace/.derivedData/Build/Intermediates.noindex/swift-json-schema.build/Debug-xros/JSONSchemaBuilder-t.build/Objects-normal/arm64/JSONSchemaBuilder.LinkFileList -nostdlib -Xlinker -object_path_lto -Xlinker /Users/admin/builder/spi-builder-workspace/.derivedData/Build/Intermediates.noindex/swift-json-schema.build/Debug-xros/JSONSchemaBuilder-t.build/Objects-normal/arm64/JSONSchemaBuilder_lto.o -Xlinker -no_deduplicate -Xlinker -debug_variant -Xlinker -dependency_info -Xlinker /Users/admin/builder/spi-builder-workspace/.derivedData/Build/Intermediates.noindex/swift-json-schema.build/Debug-xros/JSONSchemaBuilder-t.build/Objects-normal/arm64/JSONSchemaBuilder_dependency_info.dat -fobjc-link-runtime -L/Applications/Xcode-27.0.0-Release.Candidate.app/Contents/Developer/Toolchains/XcodeDefault.xctoolchain/usr/lib/swift/xros -L/usr/lib/swift -Xlinker -add_ast_path -Xlinker /Users/admin/builder/spi-builder-workspace/.derivedData/Build/Intermediates.noindex/swift-json-schema.build/Debug-xros/JSONSchemaBuilder-t.build/Objects-normal/arm64/JSONSchemaBuilder.swiftmodule -o /Users/admin/builder/spi-builder-workspace/.derivedData/Build/Products/Debug-xros/JSONSchemaBuilder.o
ExtractAppIntentsMetadata (in target 'JSONSchemaBuilder' from project 'swift-json-schema')
    cd /Users/admin/builder/spi-builder-workspace/.dependencies/checkouts/swift-json-schema
    /Applications/Xcode-27.0.0-Release.Candidate.app/Contents/Developer/Toolchains/XcodeDefault.xctoolchain/usr/bin/appintentsmetadataprocessor --toolchain-dir /var/run/com.apple.security.cryptexd/mnt/com.apple.MobileAsset.MetalToolchain-v27.1.266.1.66rdiX/Metal.xctoolchain --module-name JSONSchemaBuilder --sdk-root /Applications/Xcode-27.0.0-Release.Candidate.app/Contents/Developer/Platforms/XROS.platform/Developer/SDKs/XROS27.0.sdk --xcode-version 27A266a --platform-family xrOS --deployment-target 1.0 --bundle-identifier swift-json-schema.JSONSchemaBuilder --output /Users/admin/builder/spi-builder-workspace/.derivedData/Build/Products/Debug-xros/JSONSchemaBuilder.appintents --target-triple arm64-apple-xros1.0 --binary-file /Users/admin/builder/spi-builder-workspace/.derivedData/Build/Products/Debug-xros/JSONSchemaBuilder.o --dependency-file /Users/admin/builder/spi-builder-workspace/.derivedData/Build/Intermediates.noindex/swift-json-schema.build/Debug-xros/JSONSchemaBuilder-t.build/Objects-normal/arm64/JSONSchemaBuilder_dependency_info.dat --stringsdata-file /Users/admin/builder/spi-builder-workspace/.derivedData/Build/Intermediates.noindex/swift-json-schema.build/Debug-xros/JSONSchemaBuilder-t.build/Objects-normal/arm64/ExtractedAppShortcutsMetadata.stringsdata --source-file-list /Users/admin/builder/spi-builder-workspace/.derivedData/Build/Intermediates.noindex/swift-json-schema.build/Debug-xros/JSONSchemaBuilder-t.build/Objects-normal/arm64/JSONSchemaBuilder.SwiftFileList --metadata-file-list /Users/admin/builder/spi-builder-workspace/.derivedData/Build/Intermediates.noindex/swift-json-schema.build/Debug-xros/JSONSchemaBuilder-t.build/JSONSchemaBuilder.DependencyMetadataFileList --static-metadata-file-list /Users/admin/builder/spi-builder-workspace/.derivedData/Build/Intermediates.noindex/swift-json-schema.build/Debug-xros/JSONSchemaBuilder-t.build/JSONSchemaBuilder.DependencyStaticMetadataFileList --swift-const-vals-list /Users/admin/builder/spi-builder-workspace/.derivedData/Build/Intermediates.noindex/swift-json-schema.build/Debug-xros/JSONSchemaBuilder-t.build/Objects-normal/arm64/JSONSchemaBuilder.SwiftConstValuesFileList --force --compile-time-extraction --deployment-aware-processing --no-app-shortcuts-localization
2026-09-24 23:04:29.064 appintentsmetadataprocessor[1468:7778] Starting appintentsmetadataprocessor export
2026-09-24 23:04:29.124 appintentsmetadataprocessor[1468:7778] Extracted no relevant App Intents symbols, skipping writing output
SwiftCompile normal arm64 Compiling\ Exports.swift,\ JSONSchema+MCP.swift /Users/admin/builder/spi-builder-workspace/Sources/MCPToolkit/Exports.swift /Users/admin/builder/spi-builder-workspace/Sources/MCPToolkit/Extensions/JSONSchema+MCP.swift (in target 'MCPToolkit' from project 'swift-mcp-toolkit')
SwiftCompile normal arm64 /Users/admin/builder/spi-builder-workspace/Sources/MCPToolkit/Exports.swift (in target 'MCPToolkit' from project 'swift-mcp-toolkit')
    cd /Users/admin/builder/spi-builder-workspace/.swiftpm/xcode
    builtin-SwiftPerFileCompile Exports.swift
SwiftCompile normal arm64 /Users/admin/builder/spi-builder-workspace/Sources/MCPToolkit/Extensions/JSONSchema+MCP.swift (in target 'MCPToolkit' from project 'swift-mcp-toolkit')
    cd /Users/admin/builder/spi-builder-workspace/.swiftpm/xcode
    builtin-SwiftPerFileCompile JSONSchema+MCP.swift
/Users/admin/builder/spi-builder-workspace/Sources/MCPToolkit/Extensions/JSONSchema+MCP.swift:17:24: error: cannot convert value of type 'Dictionary<String, JSONValue>' to expected argument type 'OrderedDictionary<String, JSONValue>'
15 |       self = .array(a.map { JSONValue(value: $0) })
16 |     case .object(let o):
17 |       self = .object(o.mapValues { JSONValue(value: $0) })
   |                        `- error: cannot convert value of type 'Dictionary<String, JSONValue>' to expected argument type 'OrderedDictionary<String, JSONValue>'
18 |     case .data(let mimeType, let data):
19 |       self = .object([
Failed frontend command:
/Applications/Xcode-27.0.0-Release.Candidate.app/Contents/Developer/Toolchains/XcodeDefault.xctoolchain/usr/bin/swift-frontend -frontend -c -primary-file /Users/admin/builder/spi-builder-workspace/Sources/MCPToolkit/Exports.swift -primary-file /Users/admin/builder/spi-builder-workspace/Sources/MCPToolkit/Extensions/JSONSchema+MCP.swift /Users/admin/builder/spi-builder-workspace/Sources/MCPToolkit/Extensions/MCP+JSONSchema.swift /Users/admin/builder/spi-builder-workspace/Sources/MCPToolkit/Extensions/MCPResource+MCP.swift /Users/admin/builder/spi-builder-workspace/Sources/MCPToolkit/Extensions/MCPTool+MCP.swift /Users/admin/builder/spi-builder-workspace/Sources/MCPToolkit/Extensions/Server+registerResources.swift /Users/admin/builder/spi-builder-workspace/Sources/MCPToolkit/Extensions/Server+registerTools.swift /Users/admin/builder/spi-builder-workspace/Sources/MCPToolkit/MCPResource.swift /Users/admin/builder/spi-builder-workspace/Sources/MCPToolkit/MCPTool.swift /Users/admin/builder/spi-builder-workspace/Sources/MCPToolkit/MCPToolWithStructuredOutput.swift /Users/admin/builder/spi-builder-workspace/Sources/MCPToolkit/ResponseMessaging.swift /Users/admin/builder/spi-builder-workspace/Sources/MCPToolkit/Shared/ContentBuilder.swift /Users/admin/builder/spi-builder-workspace/Sources/MCPToolkit/Shared/ContentGroup.swift -emit-dependencies-path /Users/admin/builder/spi-builder-workspace/.derivedData/Build/Intermediates.noindex/swift-mcp-toolkit.build/Debug-xros/MCPToolkit-t.build/Objects-normal/arm64/Exports.d -emit-const-values-path /Users/admin/builder/spi-builder-workspace/.derivedData/Build/Intermediates.noindex/swift-mcp-toolkit.build/Debug-xros/MCPToolkit-t.build/Objects-normal/arm64/Exports.swiftconstvalues -emit-reference-dependencies-path /Users/admin/builder/spi-builder-workspace/.derivedData/Build/Intermediates.noindex/swift-mcp-toolkit.build/Debug-xros/MCPToolkit-t.build/Objects-normal/arm64/Exports.swiftdeps -serialize-diagnostics-path /Users/admin/builder/spi-builder-workspace/.derivedData/Build/Intermediates.noindex/swift-mcp-toolkit.build/Debug-xros/MCPToolkit-t.build/Objects-normal/arm64/Exports.dia -emit-dependencies-path /Users/admin/builder/spi-builder-workspace/.derivedData/Build/Intermediates.noindex/swift-mcp-toolkit.build/Debug-xros/MCPToolkit-t.build/Objects-normal/arm64/JSONSchema+MCP.d -emit-const-values-path /Users/admin/builder/spi-builder-workspace/.derivedData/Build/Intermediates.noindex/swift-mcp-toolkit.build/Debug-xros/MCPToolkit-t.build/Objects-normal/arm64/JSONSchema+MCP.swiftconstvalues -emit-reference-dependencies-path /Users/admin/builder/spi-builder-workspace/.derivedData/Build/Intermediates.noindex/swift-mcp-toolkit.build/Debug-xros/MCPToolkit-t.build/Objects-normal/arm64/JSONSchema+MCP.swiftdeps -serialize-diagnostics-path /Users/admin/builder/spi-builder-workspace/.derivedData/Build/Intermediates.noindex/swift-mcp-toolkit.build/Debug-xros/MCPToolkit-t.build/Objects-normal/arm64/JSONSchema+MCP.dia -emit-localized-strings -emit-localized-strings-path /Users/admin/builder/spi-builder-workspace/.derivedData/Build/Intermediates.noindex/swift-mcp-toolkit.build/Debug-xros/MCPToolkit-t.build/Objects-normal/arm64 -target arm64-apple-xros1.0 -disable-cross-import-overlay-search -load-resolved-plugin /Applications/Xcode-27.0.0-Release.Candidate.app/Contents/Developer/Platforms/XROS.platform/Developer/usr/lib/swift/host/plugins/libFoundationMacros.dylib\#/Applications/Xcode-27.0.0-Release.Candidate.app/Contents/Developer/Platforms/XROS.platform/Developer/usr/bin/swift-plugin-server\#FoundationMacros -load-resolved-plugin \#/Users/admin/builder/spi-builder-workspace/.derivedData/Build/Products/Debug/JSONSchemaMacro\#JSONSchemaMacro -load-resolved-plugin /Applications/Xcode-27.0.0-Release.Candidate.app/Contents/Developer/Platforms/XROS.platform/Developer/usr/lib/swift/host/plugins/libObservationMacros.dylib\#/Applications/Xcode-27.0.0-Release.Candidate.app/Contents/Developer/Platforms/XROS.platform/Developer/usr/bin/swift-plugin-server\#ObservationMacros -load-resolved-plugin /Applications/Xcode-27.0.0-Release.Candidate.app/Contents/Developer/Platforms/XROS.platform/Developer/usr/lib/swift/host/plugins/libSwiftMacros.dylib\#/Applications/Xcode-27.0.0-Release.Candidate.app/Contents/Developer/Platforms/XROS.platform/Developer/usr/bin/swift-plugin-server\#SwiftMacros -disable-implicit-swift-modules -Xcc -fno-implicit-modules -Xcc -fno-implicit-module-maps -explicit-swift-module-map-file /Users/admin/builder/spi-builder-workspace/.derivedData/Build/Intermediates.noindex/swift-mcp-toolkit.build/Debug-xros/MCPToolkit-t.build/Objects-normal/arm64/MCPToolkit-dependencies-1.json -Xllvm -aarch64-use-tbi -enable-objc-interop -stack-check -sdk /Applications/Xcode-27.0.0-Release.Candidate.app/Contents/Developer/Platforms/XROS.platform/Developer/SDKs/XROS27.0.sdk -I /Users/admin/builder/spi-builder-workspace/.derivedData/Build/Products/Debug-xros -Isystem /Applications/Xcode-27.0.0-Release.Candidate.app/Contents/Developer/Platforms/XROS.platform/Developer/usr/lib -F /Users/admin/builder/spi-builder-workspace/.derivedData/Build/Products/Debug-xros/PackageFrameworks -F /Users/admin/builder/spi-builder-workspace/.derivedData/Build/Products/Debug-xros -F /Applications/Xcode-27.0.0-Release.Candidate.app/Contents/Developer/Platforms/XROS.platform/Developer/Library/Frameworks -F /Applications/Xcode-27.0.0-Release.Candidate.app/Contents/Developer/Platforms/XROS.platform/Developer/SDKs/XROS27.0.sdk/Developer/Library/Frameworks -module-cache-path /Users/admin/builder/spi-builder-workspace/.derivedData/Build/Intermediates.noindex/SwiftExplicitPrecompiledModules -no-color-diagnostics -Xcc -fno-color-diagnostics -enable-testing -g -debug-info-format\=dwarf -dwarf-version\=4 -profile-generate -profile-coverage-mapping -swift-version 6 -Onone -D SWIFT_PACKAGE -D DEBUG -D SWIFT_MODULE_RESOURCE_BUNDLE_UNAVAILABLE -D Xcode -serialize-debugging-options -load-plugin-executable /Users/admin/builder/spi-builder-workspace/.derivedData/Build/Products/Debug/JSONSchemaMacro\#JSONSchemaMacro -enable-experimental-feature DebugDescriptionMacro -empty-abi-descriptor -validate-clang-modules-once -clang-build-session-file /Users/admin/builder/spi-builder-workspace/.derivedData/ModuleCache.noindex/Session.modulevalidation -Xcc -working-directory -Xcc /Users/admin/builder/spi-builder-workspace/.swiftpm/xcode -enable-anonymous-context-mangled-names -file-compilation-dir /Users/admin/builder/spi-builder-workspace/.swiftpm/xcode -Xcc -fmodule-map-file\=/Users/admin/builder/spi-builder-workspace/.dependencies/checkouts/swift-system/Sources/CSystem/include/module.modulemap -Xcc -D_LIBCPP_HARDENING_MODE\=_LIBCPP_HARDENING_MODE_DEBUG -Xcc -ivfsstatcache -Xcc /Users/admin/builder/spi-builder-workspace/.derivedData/SDKStatCaches.noindex/xros27.0-24M361-e829b21a6f8c9b70876ba0858053c044735bd543db762f57723cac368afd1ce4.sdkstatcache -Xcc -fmodules-prune-interval\=86400 -Xcc -fmodules-prune-after\=345600 -Xcc -I/Users/admin/builder/spi-builder-workspace/.dependencies/checkouts/swift-system/Sources/CSystem/include -Xcc -I/Users/admin/builder/spi-builder-workspace/.derivedData/Build/Products/Debug-xros/include -Xcc -I/Users/admin/builder/spi-builder-workspace/.derivedData/Build/Intermediates.noindex/swift-mcp-toolkit.build/Debug-xros/MCPToolkit-t.build/DerivedSources-normal/arm64 -Xcc -I/Users/admin/builder/spi-builder-workspace/.derivedData/Build/Intermediates.noindex/swift-mcp-toolkit.build/Debug-xros/MCPToolkit-t.build/DerivedSources/arm64 -Xcc -I/Users/admin/builder/spi-builder-workspace/.derivedData/Build/Intermediates.noindex/swift-mcp-toolkit.build/Debug-xros/MCPToolkit-t.build/DerivedSources -Xcc -DSWIFT_PACKAGE -Xcc -DDEBUG\=1 -no-auto-bridging-header-chaining -module-name MCPToolkit -package-name spi_builder_workspace -const-gather-protocols-file /Users/admin/builder/spi-builder-workspace/.derivedData/Build/Intermediates.noindex/swift-mcp-toolkit.build/Debug-xros/MCPToolkit-t.build/Objects-normal/arm64/MCPToolkit_const_extract_protocols.json -disable-clang-spi -clang-target arm64-apple-xros27.0 -target-sdk-version 27.0 -target-sdk-name xros27.0 -in-process-plugin-server-path /Applications/Xcode-27.0.0-Release.Candidate.app/Contents/Developer/Toolchains/XcodeDefault.xctoolchain/usr/lib/swift/host/libSwiftInProcPluginServer.dylib -parse-as-library -o /Users/admin/builder/spi-builder-workspace/.derivedData/Build/Intermediates.noindex/swift-mcp-toolkit.build/Debug-xros/MCPToolkit-t.build/Objects-normal/arm64/Exports.o -o /Users/admin/builder/spi-builder-workspace/.derivedData/Build/Intermediates.noindex/swift-mcp-toolkit.build/Debug-xros/MCPToolkit-t.build/Objects-normal/arm64/JSONSchema+MCP.o -debug-module-path /Users/admin/builder/spi-builder-workspace/.derivedData/Build/Intermediates.noindex/swift-mcp-toolkit.build/Debug-xros/MCPToolkit-t.build/Objects-normal/arm64/MCPToolkit.swiftmodule -index-unit-output-path /swift-mcp-toolkit.build/Debug-xros/MCPToolkit-t.build/Objects-normal/arm64/Exports.o -index-unit-output-path /swift-mcp-toolkit.build/Debug-xros/MCPToolkit-t.build/Objects-normal/arm64/JSONSchema+MCP.o -index-store-path /Users/admin/builder/spi-builder-workspace/.derivedData/Index.noindex/DataStore -index-system-modules
SwiftCompile normal arm64 Compiling\ MCPTool.swift /Users/admin/builder/spi-builder-workspace/Sources/MCPToolkit/MCPTool.swift (in target 'MCPToolkit' from project 'swift-mcp-toolkit')
SwiftCompile normal arm64 /Users/admin/builder/spi-builder-workspace/Sources/MCPToolkit/MCPTool.swift (in target 'MCPToolkit' from project 'swift-mcp-toolkit')
    cd /Users/admin/builder/spi-builder-workspace/.swiftpm/xcode
    builtin-SwiftPerFileCompile MCPTool.swift
SwiftCompile normal arm64 Compiling\ MCPToolWithStructuredOutput.swift /Users/admin/builder/spi-builder-workspace/Sources/MCPToolkit/MCPToolWithStructuredOutput.swift (in target 'MCPToolkit' from project 'swift-mcp-toolkit')
SwiftCompile normal arm64 /Users/admin/builder/spi-builder-workspace/Sources/MCPToolkit/MCPToolWithStructuredOutput.swift (in target 'MCPToolkit' from project 'swift-mcp-toolkit')
    cd /Users/admin/builder/spi-builder-workspace/.swiftpm/xcode
    builtin-SwiftPerFileCompile MCPToolWithStructuredOutput.swift
SwiftCompile normal arm64 Compiling\ MCPTool+MCP.swift,\ Server+registerResources.swift /Users/admin/builder/spi-builder-workspace/Sources/MCPToolkit/Extensions/MCPTool+MCP.swift /Users/admin/builder/spi-builder-workspace/Sources/MCPToolkit/Extensions/Server+registerResources.swift (in target 'MCPToolkit' from project 'swift-mcp-toolkit')
SwiftCompile normal arm64 /Users/admin/builder/spi-builder-workspace/Sources/MCPToolkit/Extensions/MCPTool+MCP.swift (in target 'MCPToolkit' from project 'swift-mcp-toolkit')
    cd /Users/admin/builder/spi-builder-workspace/.swiftpm/xcode
    builtin-SwiftPerFileCompile MCPTool+MCP.swift
SwiftCompile normal arm64 /Users/admin/builder/spi-builder-workspace/Sources/MCPToolkit/Extensions/Server+registerResources.swift (in target 'MCPToolkit' from project 'swift-mcp-toolkit')
    cd /Users/admin/builder/spi-builder-workspace/.swiftpm/xcode
    builtin-SwiftPerFileCompile Server+registerResources.swift
SwiftCompile normal arm64 Compiling\ Server+registerTools.swift /Users/admin/builder/spi-builder-workspace/Sources/MCPToolkit/Extensions/Server+registerTools.swift (in target 'MCPToolkit' from project 'swift-mcp-toolkit')
SwiftCompile normal arm64 /Users/admin/builder/spi-builder-workspace/Sources/MCPToolkit/Extensions/Server+registerTools.swift (in target 'MCPToolkit' from project 'swift-mcp-toolkit')
    cd /Users/admin/builder/spi-builder-workspace/.swiftpm/xcode
    builtin-SwiftPerFileCompile Server+registerTools.swift
SwiftCompile normal arm64 Compiling\ MCP+JSONSchema.swift,\ MCPResource+MCP.swift /Users/admin/builder/spi-builder-workspace/Sources/MCPToolkit/Extensions/MCP+JSONSchema.swift /Users/admin/builder/spi-builder-workspace/Sources/MCPToolkit/Extensions/MCPResource+MCP.swift (in target 'MCPToolkit' from project 'swift-mcp-toolkit')
SwiftCompile normal arm64 /Users/admin/builder/spi-builder-workspace/Sources/MCPToolkit/Extensions/MCP+JSONSchema.swift (in target 'MCPToolkit' from project 'swift-mcp-toolkit')
    cd /Users/admin/builder/spi-builder-workspace/.swiftpm/xcode
    builtin-SwiftPerFileCompile MCP+JSONSchema.swift
SwiftCompile normal arm64 /Users/admin/builder/spi-builder-workspace/Sources/MCPToolkit/Extensions/MCPResource+MCP.swift (in target 'MCPToolkit' from project 'swift-mcp-toolkit')
    cd /Users/admin/builder/spi-builder-workspace/.swiftpm/xcode
    builtin-SwiftPerFileCompile MCPResource+MCP.swift
/Users/admin/builder/spi-builder-workspace/Sources/MCPToolkit/Extensions/MCP+JSONSchema.swift:8:18: error: 'let' binding pattern cannot appear in an expression
 6 |     case .boolean(let b):
 7 |       self = .bool(b)
 8 |     case .number(let n):
   |                  `- error: 'let' binding pattern cannot appear in an expression
 9 |       self = .double(n)
10 |     case .integer(let i):
/Users/admin/builder/spi-builder-workspace/Sources/MCPToolkit/Extensions/MCP+JSONSchema.swift:10:19: error: 'let' binding pattern cannot appear in an expression
 8 |     case .number(let n):
 9 |       self = .double(n)
10 |     case .integer(let i):
   |                   `- error: 'let' binding pattern cannot appear in an expression
11 |       self = .int(i)
12 |     case .string(let s):
/Users/admin/builder/spi-builder-workspace/Sources/MCPToolkit/Extensions/MCP+JSONSchema.swift:17:24: error: cannot convert value of type 'OrderedDictionary<String, Value>' to expected argument type '[String : Value]'
15 |       self = .array(a.map { MCP.Value(value: $0) })
16 |     case .object(let o):
17 |       self = .object(o.mapValues { MCP.Value(value: $0) })
   |                        `- error: cannot convert value of type 'OrderedDictionary<String, Value>' to expected argument type '[String : Value]'
18 |     }
19 |   }
SwiftCompile normal arm64 Compiling\ ContentBuilder.swift /Users/admin/builder/spi-builder-workspace/Sources/MCPToolkit/Shared/ContentBuilder.swift (in target 'MCPToolkit' from project 'swift-mcp-toolkit')
SwiftCompile normal arm64 /Users/admin/builder/spi-builder-workspace/Sources/MCPToolkit/Shared/ContentBuilder.swift (in target 'MCPToolkit' from project 'swift-mcp-toolkit')
    cd /Users/admin/builder/spi-builder-workspace/.swiftpm/xcode
    builtin-SwiftPerFileCompile ContentBuilder.swift
SwiftCompile normal arm64 Compiling\ ContentGroup.swift /Users/admin/builder/spi-builder-workspace/Sources/MCPToolkit/Shared/ContentGroup.swift (in target 'MCPToolkit' from project 'swift-mcp-toolkit')
SwiftCompile normal arm64 /Users/admin/builder/spi-builder-workspace/Sources/MCPToolkit/Shared/ContentGroup.swift (in target 'MCPToolkit' from project 'swift-mcp-toolkit')
    cd /Users/admin/builder/spi-builder-workspace/.swiftpm/xcode
    builtin-SwiftPerFileCompile ContentGroup.swift
SwiftCompile normal arm64 Compiling\ ResponseMessaging.swift /Users/admin/builder/spi-builder-workspace/Sources/MCPToolkit/ResponseMessaging.swift (in target 'MCPToolkit' from project 'swift-mcp-toolkit')
SwiftCompile normal arm64 /Users/admin/builder/spi-builder-workspace/Sources/MCPToolkit/ResponseMessaging.swift (in target 'MCPToolkit' from project 'swift-mcp-toolkit')
    cd /Users/admin/builder/spi-builder-workspace/.swiftpm/xcode
    builtin-SwiftPerFileCompile ResponseMessaging.swift
SwiftEmitModule normal arm64 Emitting\ module\ for\ MCPToolkit (in target 'MCPToolkit' from project 'swift-mcp-toolkit')
SwiftCompile normal arm64 (in target 'MCPToolkit' from project 'swift-mcp-toolkit')
    cd /Users/admin/builder/spi-builder-workspace/.swiftpm/xcode

SwiftCompile normal arm64 Compiling\ MCPResource.swift /Users/admin/builder/spi-builder-workspace/Sources/MCPToolkit/MCPResource.swift (in target 'MCPToolkit' from project 'swift-mcp-toolkit')
SwiftCompile normal arm64 /Users/admin/builder/spi-builder-workspace/Sources/MCPToolkit/MCPResource.swift (in target 'MCPToolkit' from project 'swift-mcp-toolkit')
    cd /Users/admin/builder/spi-builder-workspace/.swiftpm/xcode
    builtin-SwiftPerFileCompile MCPResource.swift
PruneExplicitPrecompiledModules /Users/admin/builder/spi-builder-workspace/.derivedData/Build/Intermediates.noindex/ExplicitPrecompiledModules
PruneExplicitPrecompiledModules /Users/admin/builder/spi-builder-workspace/.derivedData/SDKExplicitPrecompiledModules
PruneExplicitPrecompiledModules /Users/admin/builder/spi-builder-workspace/.derivedData/Build/Intermediates.noindex/SwiftExplicitPrecompiledModules
2026-09-24 23:04:14.680 xcodebuild[1046:5846] [MT] IDERunDestination: Supported platforms for the buildables in the current scheme is empty.
** BUILD FAILED **
The following build commands failed:
	SwiftCompile normal arm64 /Users/admin/builder/spi-builder-workspace/Sources/MCPToolkit/Extensions/JSONSchema+MCP.swift (in target 'MCPToolkit' from project 'swift-mcp-toolkit')
	SwiftCompile normal arm64 Compiling\ Exports.swift,\ JSONSchema+MCP.swift /Users/admin/builder/spi-builder-workspace/Sources/MCPToolkit/Exports.swift /Users/admin/builder/spi-builder-workspace/Sources/MCPToolkit/Extensions/JSONSchema+MCP.swift (in target 'MCPToolkit' from project 'swift-mcp-toolkit')
	Building workspace swift-mcp-toolkit with scheme swift-mcp-toolkit
(3 failures)
Command line invocation:
    /Applications/Xcode-27.0.0-Release.Candidate.app/Contents/Developer/usr/bin/xcodebuild -IDEClonedSourcePackagesDirPathOverride=/Users/admin/builder/spi-builder-workspace/.dependencies -resolvePackageDependencies
Resolve Package Graph
Resolved source packages:
  mcp-swift-sdk: https://github.com/modelcontextprotocol/swift-sdk.git @ 0.12.1
  swift-mcp-toolkit: /Users/admin/builder/spi-builder-workspace
  swift-syntax: https://github.com/swiftlang/swift-syntax.git @ 604.0.0
  swift-nio: https://github.com/apple/swift-nio.git @ 2.103.0
  EventSource: https://github.com/mattt/eventsource.git @ 1.5.1
  swift-log: https://github.com/apple/swift-log.git @ 1.15.1
  swift-system: https://github.com/apple/swift-system.git @ 1.8.1
  swift-json-schema: https://github.com/ajevans99/swift-json-schema.git @ 0.14.1
  swift-collections: https://github.com/apple/swift-collections.git @ 1.7.0
  swift-atomics: https://github.com/apple/swift-atomics.git @ 1.3.1
resolved source packages: mcp-swift-sdk, swift-mcp-toolkit, swift-syntax, swift-nio, EventSource, swift-log, swift-system, swift-json-schema, swift-collections, swift-atomics
2026-09-24 23:04:31.650 xcodebuild[1479:7843] [MT] IDERunDestination: Supported platforms for the buildables in the current scheme is empty.
{
  "default_localization" : "en",
  "dependencies" : [
    {
      "identity" : "swift-json-schema",
      "requirement" : {
        "range" : [
          {
            "lower_bound" : "0.9.0",
            "upper_bound" : "1.0.0"
          }
        ]
      },
      "type" : "sourceControl",
      "url" : "https://github.com/ajevans99/swift-json-schema.git"
    },
    {
      "identity" : "swift-sdk",
      "requirement" : {
        "range" : [
          {
            "lower_bound" : "0.12.0",
            "upper_bound" : "1.0.0"
          }
        ]
      },
      "type" : "sourceControl",
      "url" : "https://github.com/modelcontextprotocol/swift-sdk.git"
    }
  ],
  "manifest_display_name" : "swift-mcp-toolkit",
  "name" : "swift-mcp-toolkit",
  "path" : "/Users/admin/builder/spi-builder-workspace",
  "platforms" : [
    {
      "name" : "ios",
      "version" : "17.0"
    },
    {
      "name" : "macos",
      "version" : "14.0"
    },
    {
      "name" : "tvos",
      "version" : "17.0"
    },
    {
      "name" : "watchos",
      "version" : "10.0"
    }
  ],
  "products" : [
    {
      "name" : "MCPToolkit",
      "targets" : [
        "MCPToolkit"
      ],
      "type" : {
        "library" : [
          "automatic"
        ]
      }
    }
  ],
  "targets" : [
    {
      "c99name" : "MCPToolkitTests",
      "module_type" : "SwiftTarget",
      "name" : "MCPToolkitTests",
      "path" : "Tests/MCPToolkitTests",
      "sources" : [
        "Helpers/TestTransport.swift",
        "IntegrationTests.swift",
        "MCPResourceTests.swift",
        "ResponseMessagingTests.swift",
        "ResultMetadataTests.swift",
        "SchemaBuilderToolTests.swift",
        "SchemableToolTests.swift",
        "StructuredOutputToolTests.swift"
      ],
      "target_dependencies" : [
        "MCPToolkit"
      ],
      "type" : "test"
    },
    {
      "c99name" : "MCPToolkit",
      "module_type" : "SwiftTarget",
      "name" : "MCPToolkit",
      "path" : "Sources/MCPToolkit",
      "product_dependencies" : [
        "JSONSchema",
        "JSONSchemaBuilder",
        "MCP"
      ],
      "product_memberships" : [
        "MCPToolkit"
      ],
      "sources" : [
        "Exports.swift",
        "Extensions/JSONSchema+MCP.swift",
        "Extensions/MCP+JSONSchema.swift",
        "Extensions/MCPResource+MCP.swift",
        "Extensions/MCPTool+MCP.swift",
        "Extensions/Server+registerResources.swift",
        "Extensions/Server+registerTools.swift",
        "MCPResource.swift",
        "MCPTool.swift",
        "MCPToolWithStructuredOutput.swift",
        "ResponseMessaging.swift",
        "Shared/ContentBuilder.swift",
        "Shared/ContentGroup.swift"
      ],
      "type" : "library"
    }
  ],
  "tools_version" : "6.0"
}
{
  "workspace" : {
    "name" : "swift-mcp-toolkit",
    "schemes" : [
      "swift-mcp-toolkit"
    ]
  }
}
2026-09-24 23:04:34.416 xcodebuild[1488:7914] [MT] IDERunDestination: Supported platforms for the buildables in the current scheme is empty.
Running build ...
env DEVELOPER_DIR=/Applications/Xcode-27.0.0-Release.Candidate.app xcrun xcodebuild -IDEClonedSourcePackagesDirPathOverride=$PWD/.dependencies -skipMacroValidation -skipPackagePluginValidation -derivedDataPath $PWD/.derivedData build -scheme swift-mcp-toolkit -destination generic/platform=xrOS
Command line invocation:
    /Applications/Xcode-27.0.0-Release.Candidate.app/Contents/Developer/usr/bin/xcodebuild -IDEClonedSourcePackagesDirPathOverride=/Users/admin/builder/spi-builder-workspace/.dependencies -skipMacroValidation -skipPackagePluginValidation -derivedDataPath /Users/admin/builder/spi-builder-workspace/.derivedData build -scheme swift-mcp-toolkit -destination generic/platform=xrOS
Resolve Package Graph
Resolved source packages:
  mcp-swift-sdk: https://github.com/modelcontextprotocol/swift-sdk.git @ 0.12.1
  swift-mcp-toolkit: /Users/admin/builder/spi-builder-workspace
  swift-nio: https://github.com/apple/swift-nio.git @ 2.103.0
  swift-json-schema: https://github.com/ajevans99/swift-json-schema.git @ 0.14.1
  swift-collections: https://github.com/apple/swift-collections.git @ 1.7.0
  EventSource: https://github.com/mattt/eventsource.git @ 1.5.1
  swift-syntax: https://github.com/swiftlang/swift-syntax.git @ 604.0.0
  swift-atomics: https://github.com/apple/swift-atomics.git @ 1.3.1
  swift-system: https://github.com/apple/swift-system.git @ 1.8.1
  swift-log: https://github.com/apple/swift-log.git @ 1.15.1
ComputePackagePrebuildTargetDependencyGraph
Prepare packages
CreateBuildRequest
SendProjectDescription
CreateBuildOperation
ComputeTargetDependencyGraph
note: Building targets in dependency order
note: Target dependency graph (21 targets)
    Target 'MCPToolkit-product' in project 'swift-mcp-toolkit'
        ➜ Explicit dependency on target 'MCPToolkit' in project 'swift-mcp-toolkit'
        ➜ Explicit dependency on target 'JSONSchema-product' in project 'swift-json-schema'
        ➜ Explicit dependency on target 'JSONSchemaBuilder-product' in project 'swift-json-schema'
        ➜ Explicit dependency on target 'MCP-product' in project 'mcp-swift-sdk'
    Target 'MCPToolkit' in project 'swift-mcp-toolkit'
        ➜ Explicit dependency on target 'JSONSchema-product' in project 'swift-json-schema'
        ➜ Explicit dependency on target 'JSONSchemaBuilder-product' in project 'swift-json-schema'
        ➜ Explicit dependency on target 'MCP-product' in project 'mcp-swift-sdk'
    Target 'MCP-product' in project 'mcp-swift-sdk'
        ➜ Explicit dependency on target 'MCP' in project 'mcp-swift-sdk'
        ➜ Explicit dependency on target 'SystemPackage-product' in project 'swift-system'
        ➜ Explicit dependency on target 'Logging-product' in project 'swift-log'
        ➜ Explicit dependency on target 'EventSource-product' in project 'EventSource'
    Target 'MCP' in project 'mcp-swift-sdk'
        ➜ Explicit dependency on target 'SystemPackage-product' in project 'swift-system'
        ➜ Explicit dependency on target 'Logging-product' in project 'swift-log'
        ➜ Explicit dependency on target 'EventSource-product' in project 'EventSource'
    Target 'EventSource-product' in project 'EventSource'
        ➜ Explicit dependency on target 'EventSource' in project 'EventSource'
    Target 'EventSource' in project 'EventSource' (no dependencies)
    Target 'Logging-product' in project 'swift-log'
        ➜ Explicit dependency on target 'Logging' in project 'swift-log'
    Target 'Logging' in project 'swift-log' (no dependencies)
    Target 'SystemPackage-product' in project 'swift-system'
        ➜ Explicit dependency on target 'SystemPackage' in project 'swift-system'
        ➜ Explicit dependency on target 'CSystem' in project 'swift-system'
    Target 'SystemPackage' in project 'swift-system'
        ➜ Explicit dependency on target 'CSystem' in project 'swift-system'
    Target 'CSystem' in project 'swift-system' (no dependencies)
    Target 'JSONSchemaBuilder-product' in project 'swift-json-schema'
        ➜ Explicit dependency on target 'JSONSchemaBuilder' in project 'swift-json-schema'
        ➜ Explicit dependency on target 'OrderedJSON' in project 'swift-json-schema'
        ➜ Explicit dependency on target 'JSONSchema' in project 'swift-json-schema'
        ➜ Explicit dependency on target 'JSONSchemaMacro' in project 'swift-json-schema'
        ➜ Explicit dependency on target 'OrderedCollections-product' in project 'swift-collections'
    Target 'JSONSchemaBuilder' in project 'swift-json-schema'
        ➜ Explicit dependency on target 'OrderedJSON' in project 'swift-json-schema'
        ➜ Explicit dependency on target 'JSONSchema' in project 'swift-json-schema'
        ➜ Explicit dependency on target 'JSONSchemaMacro' in project 'swift-json-schema'
        ➜ Explicit dependency on target 'OrderedCollections-product' in project 'swift-collections'
    Target 'JSONSchemaMacro' in project 'swift-json-schema' (no dependencies)
    Target 'JSONSchema-product' in project 'swift-json-schema'
        ➜ Explicit dependency on target 'JSONSchema' in project 'swift-json-schema'
        ➜ Explicit dependency on target 'swift-json-schema_JSONSchema' in project 'swift-json-schema'
        ➜ Explicit dependency on target 'OrderedJSON' in project 'swift-json-schema'
        ➜ Explicit dependency on target 'OrderedCollections-product' in project 'swift-collections'
    Target 'JSONSchema' in project 'swift-json-schema'
        ➜ Explicit dependency on target 'swift-json-schema_JSONSchema' in project 'swift-json-schema'
        ➜ Explicit dependency on target 'OrderedJSON' in project 'swift-json-schema'
        ➜ Explicit dependency on target 'OrderedCollections-product' in project 'swift-collections'
    Target 'OrderedJSON' in project 'swift-json-schema'
        ➜ Explicit dependency on target 'OrderedCollections-product' in project 'swift-collections'
    Target 'OrderedCollections-product' in project 'swift-collections'
        ➜ Explicit dependency on target 'OrderedCollections' in project 'swift-collections'
        ➜ Explicit dependency on target 'InternalCollectionsUtilities' in project 'swift-collections'
    Target 'OrderedCollections' in project 'swift-collections'
        ➜ Explicit dependency on target 'InternalCollectionsUtilities' in project 'swift-collections'
    Target 'InternalCollectionsUtilities' in project 'swift-collections' (no dependencies)
    Target 'swift-json-schema_JSONSchema' in project 'swift-json-schema' (no dependencies)
GatherProvisioningInputs
CreateBuildDescription
ClangStatCache /Applications/Xcode-27.0.0-Release.Candidate.app/Contents/Developer/Toolchains/XcodeDefault.xctoolchain/usr/bin/clang-stat-cache /Applications/Xcode-27.0.0-Release.Candidate.app/Contents/Developer/Platforms/XROS.platform/Developer/SDKs/XROS27.0.sdk /Users/admin/builder/spi-builder-workspace/.derivedData/SDKStatCaches.noindex/xros27.0-24M361-e829b21a6f8c9b70876ba0858053c044735bd543db762f57723cac368afd1ce4.sdkstatcache
    cd /Users/admin/builder/spi-builder-workspace/.swiftpm/xcode
    /Applications/Xcode-27.0.0-Release.Candidate.app/Contents/Developer/Toolchains/XcodeDefault.xctoolchain/usr/bin/clang-stat-cache /Applications/Xcode-27.0.0-Release.Candidate.app/Contents/Developer/Platforms/XROS.platform/Developer/SDKs/XROS27.0.sdk -o /Users/admin/builder/spi-builder-workspace/.derivedData/SDKStatCaches.noindex/xros27.0-24M361-e829b21a6f8c9b70876ba0858053c044735bd543db762f57723cac368afd1ce4.sdkstatcache
ClangStatCache /Applications/Xcode-27.0.0-Release.Candidate.app/Contents/Developer/Toolchains/XcodeDefault.xctoolchain/usr/bin/clang-stat-cache /Applications/Xcode-27.0.0-Release.Candidate.app/Contents/Developer/Platforms/MacOSX.platform/Developer/SDKs/MacOSX27.0.sdk /Users/admin/builder/spi-builder-workspace/.derivedData/SDKStatCaches.noindex/macosx27.0-26A425-e829b21a6f8c9b70876ba0858053c0446a22442a12e9d48fe1a705f55a1adfc4.sdkstatcache
    cd /Users/admin/builder/spi-builder-workspace/.swiftpm/xcode
    /Applications/Xcode-27.0.0-Release.Candidate.app/Contents/Developer/Toolchains/XcodeDefault.xctoolchain/usr/bin/clang-stat-cache /Applications/Xcode-27.0.0-Release.Candidate.app/Contents/Developer/Platforms/MacOSX.platform/Developer/SDKs/MacOSX27.0.sdk -o /Users/admin/builder/spi-builder-workspace/.derivedData/SDKStatCaches.noindex/macosx27.0-26A425-e829b21a6f8c9b70876ba0858053c0446a22442a12e9d48fe1a705f55a1adfc4.sdkstatcache
SwiftDriver MCPToolkit normal arm64 com.apple.xcode.tools.swift.compiler (in target 'MCPToolkit' from project 'swift-mcp-toolkit')
    cd /Users/admin/builder/spi-builder-workspace/.swiftpm/xcode
    builtin-SwiftDriver -- /Applications/Xcode-27.0.0-Release.Candidate.app/Contents/Developer/Toolchains/XcodeDefault.xctoolchain/usr/bin/swiftc -parse-as-library -module-name MCPToolkit -Onone @/Users/admin/builder/spi-builder-workspace/.derivedData/Build/Intermediates.noindex/swift-mcp-toolkit.build/Debug-xros/MCPToolkit-t.build/Objects-normal/arm64/MCPToolkit.SwiftFileList -DSWIFT_PACKAGE -DDEBUG -DSWIFT_MODULE_RESOURCE_BUNDLE_UNAVAILABLE -Xcc -fmodule-map-file\=/Users/admin/builder/spi-builder-workspace/.dependencies/checkouts/swift-system/Sources/CSystem/include/module.modulemap -DXcode -plugin-path /Applications/Xcode-27.0.0-Release.Candidate.app/Contents/Developer/Toolchains/XcodeDefault.xctoolchain/usr/lib/swift/host/plugins/testing -enable-experimental-feature DebugDescriptionMacro -sdk /Applications/Xcode-27.0.0-Release.Candidate.app/Contents/Developer/Platforms/XROS.platform/Developer/SDKs/XROS27.0.sdk -target arm64-apple-xros1.0 -g -module-cache-path /Users/admin/builder/spi-builder-workspace/.derivedData/ModuleCache.noindex -Xfrontend -serialize-debugging-options -profile-coverage-mapping -profile-generate -enable-testing -index-store-path /Users/admin/builder/spi-builder-workspace/.derivedData/Index.noindex/DataStore -Xcc -D_LIBCPP_HARDENING_MODE\=_LIBCPP_HARDENING_MODE_DEBUG -swift-version 6 -I /Users/admin/builder/spi-builder-workspace/.derivedData/Build/Products/Debug-xros -Isystem /Applications/Xcode-27.0.0-Release.Candidate.app/Contents/Developer/Platforms/XROS.platform/Developer/usr/lib -F /Users/admin/builder/spi-builder-workspace/.derivedData/Build/Products/Debug-xros/PackageFrameworks -F /Users/admin/builder/spi-builder-workspace/.derivedData/Build/Products/Debug-xros -F /Applications/Xcode-27.0.0-Release.Candidate.app/Contents/Developer/Platforms/XROS.platform/Developer/Library/Frameworks -F /Applications/Xcode-27.0.0-Release.Candidate.app/Contents/Developer/Platforms/XROS.platform/Developer/SDKs/XROS27.0.sdk/Developer/Library/Frameworks -Xfrontend -load-plugin-executable -Xfrontend /Users/admin/builder/spi-builder-workspace/.derivedData/Build/Products/Debug/JSONSchemaMacro\#JSONSchemaMacro -emit-localized-strings -emit-localized-strings-path /Users/admin/builder/spi-builder-workspace/.derivedData/Build/Intermediates.noindex/swift-mcp-toolkit.build/Debug-xros/MCPToolkit-t.build/Objects-normal/arm64 -c -j10 -enable-batch-mode -incremental -Xcc -ivfsstatcache -Xcc /Users/admin/builder/spi-builder-workspace/.derivedData/SDKStatCaches.noindex/xros27.0-24M361-e829b21a6f8c9b70876ba0858053c044735bd543db762f57723cac368afd1ce4.sdkstatcache -output-file-map /Users/admin/builder/spi-builder-workspace/.derivedData/Build/Intermediates.noindex/swift-mcp-toolkit.build/Debug-xros/MCPToolkit-t.build/Objects-normal/arm64/MCPToolkit-OutputFileMap.json -save-temps -no-color-diagnostics -explicit-module-build -module-cache-path /Users/admin/builder/spi-builder-workspace/.derivedData/Build/Intermediates.noindex/SwiftExplicitPrecompiledModules -clang-scanner-module-cache-path /Users/admin/builder/spi-builder-workspace/.derivedData/ModuleCache.noindex -sdk-module-cache-path /Users/admin/builder/spi-builder-workspace/.derivedData/SDKExplicitPrecompiledModules -emit-dependencies -emit-module -emit-module-path /Users/admin/builder/spi-builder-workspace/.derivedData/Build/Intermediates.noindex/swift-mcp-toolkit.build/Debug-xros/MCPToolkit-t.build/Objects-normal/arm64/MCPToolkit.swiftmodule -serialize-diagnostics -dependency-scan-serialize-diagnostics-path /Users/admin/builder/spi-builder-workspace/.derivedData/Build/Intermediates.noindex/swift-mcp-toolkit.build/Debug-xros/MCPToolkit-t.build/Objects-normal/arm64/MCPToolkit-dependency-scan.dia -validate-clang-modules-once -clang-build-session-file /Users/admin/builder/spi-builder-workspace/.derivedData/ModuleCache.noindex/Session.modulevalidation -Xcc -fmodules-prune-interval\=86400 -Xcc -fmodules-prune-after\=345600 -package-name spi_builder_workspace -emit-const-values -const-gather-protocols-list /Users/admin/builder/spi-builder-workspace/.derivedData/Build/Intermediates.noindex/swift-mcp-toolkit.build/Debug-xros/MCPToolkit-t.build/Objects-normal/arm64/MCPToolkit_const_extract_protocols.json -Xcc -I/Users/admin/builder/spi-builder-workspace/.dependencies/checkouts/swift-system/Sources/CSystem/include -Xcc -I/Users/admin/builder/spi-builder-workspace/.derivedData/Build/Products/Debug-xros/include -Xcc -I/Users/admin/builder/spi-builder-workspace/.derivedData/Build/Intermediates.noindex/swift-mcp-toolkit.build/Debug-xros/MCPToolkit-t.build/DerivedSources-normal/arm64 -Xcc -I/Users/admin/builder/spi-builder-workspace/.derivedData/Build/Intermediates.noindex/swift-mcp-toolkit.build/Debug-xros/MCPToolkit-t.build/DerivedSources/arm64 -Xcc -I/Users/admin/builder/spi-builder-workspace/.derivedData/Build/Intermediates.noindex/swift-mcp-toolkit.build/Debug-xros/MCPToolkit-t.build/DerivedSources -Xcc -DSWIFT_PACKAGE -Xcc -DDEBUG\=1 -emit-objc-header -emit-objc-header-path /Users/admin/builder/spi-builder-workspace/.derivedData/Build/Intermediates.noindex/swift-mcp-toolkit.build/Debug-xros/MCPToolkit-t.build/Objects-normal/arm64/MCPToolkit-Swift.h -working-directory /Users/admin/builder/spi-builder-workspace/.swiftpm/xcode -experimental-emit-module-separately -disable-cmo
SwiftCompile normal arm64 Compiling\ MCPTool+MCP.swift,\ Server+registerResources.swift /Users/admin/builder/spi-builder-workspace/Sources/MCPToolkit/Extensions/MCPTool+MCP.swift /Users/admin/builder/spi-builder-workspace/Sources/MCPToolkit/Extensions/Server+registerResources.swift (in target 'MCPToolkit' from project 'swift-mcp-toolkit')
SwiftCompile normal arm64 /Users/admin/builder/spi-builder-workspace/Sources/MCPToolkit/Extensions/MCPTool+MCP.swift (in target 'MCPToolkit' from project 'swift-mcp-toolkit')
    cd /Users/admin/builder/spi-builder-workspace/.swiftpm/xcode
    builtin-SwiftPerFileCompile MCPTool+MCP.swift
SwiftCompile normal arm64 /Users/admin/builder/spi-builder-workspace/Sources/MCPToolkit/Extensions/Server+registerResources.swift (in target 'MCPToolkit' from project 'swift-mcp-toolkit')
    cd /Users/admin/builder/spi-builder-workspace/.swiftpm/xcode
    builtin-SwiftPerFileCompile Server+registerResources.swift
SwiftCompile normal arm64 Compiling\ Server+registerTools.swift /Users/admin/builder/spi-builder-workspace/Sources/MCPToolkit/Extensions/Server+registerTools.swift (in target 'MCPToolkit' from project 'swift-mcp-toolkit')
SwiftCompile normal arm64 /Users/admin/builder/spi-builder-workspace/Sources/MCPToolkit/Extensions/Server+registerTools.swift (in target 'MCPToolkit' from project 'swift-mcp-toolkit')
    cd /Users/admin/builder/spi-builder-workspace/.swiftpm/xcode
    builtin-SwiftPerFileCompile Server+registerTools.swift
SwiftCompile normal arm64 Compiling\ ResponseMessaging.swift /Users/admin/builder/spi-builder-workspace/Sources/MCPToolkit/ResponseMessaging.swift (in target 'MCPToolkit' from project 'swift-mcp-toolkit')
SwiftCompile normal arm64 /Users/admin/builder/spi-builder-workspace/Sources/MCPToolkit/ResponseMessaging.swift (in target 'MCPToolkit' from project 'swift-mcp-toolkit')
    cd /Users/admin/builder/spi-builder-workspace/.swiftpm/xcode
    builtin-SwiftPerFileCompile ResponseMessaging.swift
SwiftEmitModule normal arm64 Emitting\ module\ for\ MCPToolkit (in target 'MCPToolkit' from project 'swift-mcp-toolkit')
SwiftCompile normal arm64 (in target 'MCPToolkit' from project 'swift-mcp-toolkit')
    cd /Users/admin/builder/spi-builder-workspace/.swiftpm/xcode

SwiftCompile normal arm64 Compiling\ ContentBuilder.swift /Users/admin/builder/spi-builder-workspace/Sources/MCPToolkit/Shared/ContentBuilder.swift (in target 'MCPToolkit' from project 'swift-mcp-toolkit')
SwiftCompile normal arm64 /Users/admin/builder/spi-builder-workspace/Sources/MCPToolkit/Shared/ContentBuilder.swift (in target 'MCPToolkit' from project 'swift-mcp-toolkit')
    cd /Users/admin/builder/spi-builder-workspace/.swiftpm/xcode
    builtin-SwiftPerFileCompile ContentBuilder.swift
SwiftCompile normal arm64 Compiling\ MCPToolWithStructuredOutput.swift /Users/admin/builder/spi-builder-workspace/Sources/MCPToolkit/MCPToolWithStructuredOutput.swift (in target 'MCPToolkit' from project 'swift-mcp-toolkit')
SwiftCompile normal arm64 /Users/admin/builder/spi-builder-workspace/Sources/MCPToolkit/MCPToolWithStructuredOutput.swift (in target 'MCPToolkit' from project 'swift-mcp-toolkit')
    cd /Users/admin/builder/spi-builder-workspace/.swiftpm/xcode
    builtin-SwiftPerFileCompile MCPToolWithStructuredOutput.swift
SwiftCompile normal arm64 Compiling\ MCPResource.swift /Users/admin/builder/spi-builder-workspace/Sources/MCPToolkit/MCPResource.swift (in target 'MCPToolkit' from project 'swift-mcp-toolkit')
SwiftCompile normal arm64 /Users/admin/builder/spi-builder-workspace/Sources/MCPToolkit/MCPResource.swift (in target 'MCPToolkit' from project 'swift-mcp-toolkit')
    cd /Users/admin/builder/spi-builder-workspace/.swiftpm/xcode
    builtin-SwiftPerFileCompile MCPResource.swift
SwiftCompile normal arm64 Compiling\ Exports.swift,\ JSONSchema+MCP.swift /Users/admin/builder/spi-builder-workspace/Sources/MCPToolkit/Exports.swift /Users/admin/builder/spi-builder-workspace/Sources/MCPToolkit/Extensions/JSONSchema+MCP.swift (in target 'MCPToolkit' from project 'swift-mcp-toolkit')
/Users/admin/builder/spi-builder-workspace/Sources/MCPToolkit/Extensions/JSONSchema+MCP.swift:17:24: error: cannot convert value of type 'Dictionary<String, JSONValue>' to expected argument type 'OrderedDictionary<String, JSONValue>'
15 |       self = .array(a.map { JSONValue(value: $0) })
16 |     case .object(let o):
17 |       self = .object(o.mapValues { JSONValue(value: $0) })
   |                        `- error: cannot convert value of type 'Dictionary<String, JSONValue>' to expected argument type 'OrderedDictionary<String, JSONValue>'
18 |     case .data(let mimeType, let data):
19 |       self = .object([
Failed frontend command:
/Applications/Xcode-27.0.0-Release.Candidate.app/Contents/Developer/Toolchains/XcodeDefault.xctoolchain/usr/bin/swift-frontend -frontend -c -primary-file /Users/admin/builder/spi-builder-workspace/Sources/MCPToolkit/Exports.swift -primary-file /Users/admin/builder/spi-builder-workspace/Sources/MCPToolkit/Extensions/JSONSchema+MCP.swift /Users/admin/builder/spi-builder-workspace/Sources/MCPToolkit/Extensions/MCP+JSONSchema.swift /Users/admin/builder/spi-builder-workspace/Sources/MCPToolkit/Extensions/MCPResource+MCP.swift /Users/admin/builder/spi-builder-workspace/Sources/MCPToolkit/Extensions/MCPTool+MCP.swift /Users/admin/builder/spi-builder-workspace/Sources/MCPToolkit/Extensions/Server+registerResources.swift /Users/admin/builder/spi-builder-workspace/Sources/MCPToolkit/Extensions/Server+registerTools.swift /Users/admin/builder/spi-builder-workspace/Sources/MCPToolkit/MCPResource.swift /Users/admin/builder/spi-builder-workspace/Sources/MCPToolkit/MCPTool.swift /Users/admin/builder/spi-builder-workspace/Sources/MCPToolkit/MCPToolWithStructuredOutput.swift /Users/admin/builder/spi-builder-workspace/Sources/MCPToolkit/ResponseMessaging.swift /Users/admin/builder/spi-builder-workspace/Sources/MCPToolkit/Shared/ContentBuilder.swift /Users/admin/builder/spi-builder-workspace/Sources/MCPToolkit/Shared/ContentGroup.swift -emit-dependencies-path /Users/admin/builder/spi-builder-workspace/.derivedData/Build/Intermediates.noindex/swift-mcp-toolkit.build/Debug-xros/MCPToolkit-t.build/Objects-normal/arm64/Exports.d -emit-const-values-path /Users/admin/builder/spi-builder-workspace/.derivedData/Build/Intermediates.noindex/swift-mcp-toolkit.build/Debug-xros/MCPToolkit-t.build/Objects-normal/arm64/Exports.swiftconstvalues -emit-reference-dependencies-path /Users/admin/builder/spi-builder-workspace/.derivedData/Build/Intermediates.noindex/swift-mcp-toolkit.build/Debug-xros/MCPToolkit-t.build/Objects-normal/arm64/Exports.swiftdeps -serialize-diagnostics-path /Users/admin/builder/spi-builder-workspace/.derivedData/Build/Intermediates.noindex/swift-mcp-toolkit.build/Debug-xros/MCPToolkit-t.build/Objects-normal/arm64/Exports.dia -emit-dependencies-path /Users/admin/builder/spi-builder-workspace/.derivedData/Build/Intermediates.noindex/swift-mcp-toolkit.build/Debug-xros/MCPToolkit-t.build/Objects-normal/arm64/JSONSchema+MCP.d -emit-const-values-path /Users/admin/builder/spi-builder-workspace/.derivedData/Build/Intermediates.noindex/swift-mcp-toolkit.build/Debug-xros/MCPToolkit-t.build/Objects-normal/arm64/JSONSchema+MCP.swiftconstvalues -emit-reference-dependencies-path /Users/admin/builder/spi-builder-workspace/.derivedData/Build/Intermediates.noindex/swift-mcp-toolkit.build/Debug-xros/MCPToolkit-t.build/Objects-normal/arm64/JSONSchema+MCP.swiftdeps -serialize-diagnostics-path /Users/admin/builder/spi-builder-workspace/.derivedData/Build/Intermediates.noindex/swift-mcp-toolkit.build/Debug-xros/MCPToolkit-t.build/Objects-normal/arm64/JSONSchema+MCP.dia -emit-localized-strings -emit-localized-strings-path /Users/admin/builder/spi-builder-workspace/.derivedData/Build/Intermediates.noindex/swift-mcp-toolkit.build/Debug-xros/MCPToolkit-t.build/Objects-normal/arm64 -target arm64-apple-xros1.0 -disable-cross-import-overlay-search -load-resolved-plugin /Applications/Xcode-27.0.0-Release.Candidate.app/Contents/Developer/Platforms/XROS.platform/Developer/usr/lib/swift/host/plugins/libFoundationMacros.dylib\#/Applications/Xcode-27.0.0-Release.Candidate.app/Contents/Developer/Platforms/XROS.platform/Developer/usr/bin/swift-plugin-server\#FoundationMacros -load-resolved-plugin \#/Users/admin/builder/spi-builder-workspace/.derivedData/Build/Products/Debug/JSONSchemaMacro\#JSONSchemaMacro -load-resolved-plugin /Applications/Xcode-27.0.0-Release.Candidate.app/Contents/Developer/Platforms/XROS.platform/Developer/usr/lib/swift/host/plugins/libObservationMacros.dylib\#/Applications/Xcode-27.0.0-Release.Candidate.app/Contents/Developer/Platforms/XROS.platform/Developer/usr/bin/swift-plugin-server\#ObservationMacros -load-resolved-plugin /Applications/Xcode-27.0.0-Release.Candidate.app/Contents/Developer/Platforms/XROS.platform/Developer/usr/lib/swift/host/plugins/libSwiftMacros.dylib\#/Applications/Xcode-27.0.0-Release.Candidate.app/Contents/Developer/Platforms/XROS.platform/Developer/usr/bin/swift-plugin-server\#SwiftMacros -disable-implicit-swift-modules -Xcc -fno-implicit-modules -Xcc -fno-implicit-module-maps -explicit-swift-module-map-file /Users/admin/builder/spi-builder-workspace/.derivedData/Build/Intermediates.noindex/swift-mcp-toolkit.build/Debug-xros/MCPToolkit-t.build/Objects-normal/arm64/MCPToolkit-dependencies-1.json -Xllvm -aarch64-use-tbi -enable-objc-interop -stack-check -sdk /Applications/Xcode-27.0.0-Release.Candidate.app/Contents/Developer/Platforms/XROS.platform/Developer/SDKs/XROS27.0.sdk -I /Users/admin/builder/spi-builder-workspace/.derivedData/Build/Products/Debug-xros -Isystem /Applications/Xcode-27.0.0-Release.Candidate.app/Contents/Developer/Platforms/XROS.platform/Developer/usr/lib -F /Users/admin/builder/spi-builder-workspace/.derivedData/Build/Products/Debug-xros/PackageFrameworks -F /Users/admin/builder/spi-builder-workspace/.derivedData/Build/Products/Debug-xros -F /Applications/Xcode-27.0.0-Release.Candidate.app/Contents/Developer/Platforms/XROS.platform/Developer/Library/Frameworks -F /Applications/Xcode-27.0.0-Release.Candidate.app/Contents/Developer/Platforms/XROS.platform/Developer/SDKs/XROS27.0.sdk/Developer/Library/Frameworks -module-cache-path /Users/admin/builder/spi-builder-workspace/.derivedData/Build/Intermediates.noindex/SwiftExplicitPrecompiledModules -no-color-diagnostics -Xcc -fno-color-diagnostics -enable-testing -g -debug-info-format\=dwarf -dwarf-version\=4 -profile-generate -profile-coverage-mapping -swift-version 6 -Onone -D SWIFT_PACKAGE -D DEBUG -D SWIFT_MODULE_RESOURCE_BUNDLE_UNAVAILABLE -D Xcode -serialize-debugging-options -load-plugin-executable /Users/admin/builder/spi-builder-workspace/.derivedData/Build/Products/Debug/JSONSchemaMacro\#JSONSchemaMacro -enable-experimental-feature DebugDescriptionMacro -empty-abi-descriptor -validate-clang-modules-once -clang-build-session-file /Users/admin/builder/spi-builder-workspace/.derivedData/ModuleCache.noindex/Session.modulevalidation -Xcc -working-directory -Xcc /Users/admin/builder/spi-builder-workspace/.swiftpm/xcode -enable-anonymous-context-mangled-names -file-compilation-dir /Users/admin/builder/spi-builder-workspace/.swiftpm/xcode -Xcc -fmodule-map-file\=/Users/admin/builder/spi-builder-workspace/.dependencies/checkouts/swift-system/Sources/CSystem/include/module.modulemap -Xcc -D_LIBCPP_HARDENING_MODE\=_LIBCPP_HARDENING_MODE_DEBUG -Xcc -ivfsstatcache -Xcc /Users/admin/builder/spi-builder-workspace/.derivedData/SDKStatCaches.noindex/xros27.0-24M361-e829b21a6f8c9b70876ba0858053c044735bd543db762f57723cac368afd1ce4.sdkstatcache -Xcc -fmodules-prune-interval\=86400 -Xcc -fmodules-prune-after\=345600 -Xcc -I/Users/admin/builder/spi-builder-workspace/.dependencies/checkouts/swift-system/Sources/CSystem/include -Xcc -I/Users/admin/builder/spi-builder-workspace/.derivedData/Build/Products/Debug-xros/include -Xcc -I/Users/admin/builder/spi-builder-workspace/.derivedData/Build/Intermediates.noindex/swift-mcp-toolkit.build/Debug-xros/MCPToolkit-t.build/DerivedSources-normal/arm64 -Xcc -I/Users/admin/builder/spi-builder-workspace/.derivedData/Build/Intermediates.noindex/swift-mcp-toolkit.build/Debug-xros/MCPToolkit-t.build/DerivedSources/arm64 -Xcc -I/Users/admin/builder/spi-builder-workspace/.derivedData/Build/Intermediates.noindex/swift-mcp-toolkit.build/Debug-xros/MCPToolkit-t.build/DerivedSources -Xcc -DSWIFT_PACKAGE -Xcc -DDEBUG\=1 -no-auto-bridging-header-chaining -module-name MCPToolkit -package-name spi_builder_workspace -const-gather-protocols-file /Users/admin/builder/spi-builder-workspace/.derivedData/Build/Intermediates.noindex/swift-mcp-toolkit.build/Debug-xros/MCPToolkit-t.build/Objects-normal/arm64/MCPToolkit_const_extract_protocols.json -disable-clang-spi -clang-target arm64-apple-xros27.0 -target-sdk-version 27.0 -target-sdk-name xros27.0 -in-process-plugin-server-path /Applications/Xcode-27.0.0-Release.Candidate.app/Contents/Developer/Toolchains/XcodeDefault.xctoolchain/usr/lib/swift/host/libSwiftInProcPluginServer.dylib -parse-as-library -o /Users/admin/builder/spi-builder-workspace/.derivedData/Build/Intermediates.noindex/swift-mcp-toolkit.build/Debug-xros/MCPToolkit-t.build/Objects-normal/arm64/Exports.o -o /Users/admin/builder/spi-builder-workspace/.derivedData/Build/Intermediates.noindex/swift-mcp-toolkit.build/Debug-xros/MCPToolkit-t.build/Objects-normal/arm64/JSONSchema+MCP.o -debug-module-path /Users/admin/builder/spi-builder-workspace/.derivedData/Build/Intermediates.noindex/swift-mcp-toolkit.build/Debug-xros/MCPToolkit-t.build/Objects-normal/arm64/MCPToolkit.swiftmodule -index-unit-output-path /swift-mcp-toolkit.build/Debug-xros/MCPToolkit-t.build/Objects-normal/arm64/Exports.o -index-unit-output-path /swift-mcp-toolkit.build/Debug-xros/MCPToolkit-t.build/Objects-normal/arm64/JSONSchema+MCP.o -index-store-path /Users/admin/builder/spi-builder-workspace/.derivedData/Index.noindex/DataStore -index-system-modules
SwiftCompile normal arm64 /Users/admin/builder/spi-builder-workspace/Sources/MCPToolkit/Exports.swift (in target 'MCPToolkit' from project 'swift-mcp-toolkit')
    cd /Users/admin/builder/spi-builder-workspace/.swiftpm/xcode
    builtin-SwiftPerFileCompile Exports.swift
SwiftCompile normal arm64 /Users/admin/builder/spi-builder-workspace/Sources/MCPToolkit/Extensions/JSONSchema+MCP.swift (in target 'MCPToolkit' from project 'swift-mcp-toolkit')
    cd /Users/admin/builder/spi-builder-workspace/.swiftpm/xcode
    builtin-SwiftPerFileCompile JSONSchema+MCP.swift
SwiftCompile normal arm64 Compiling\ ContentGroup.swift /Users/admin/builder/spi-builder-workspace/Sources/MCPToolkit/Shared/ContentGroup.swift (in target 'MCPToolkit' from project 'swift-mcp-toolkit')
SwiftCompile normal arm64 /Users/admin/builder/spi-builder-workspace/Sources/MCPToolkit/Shared/ContentGroup.swift (in target 'MCPToolkit' from project 'swift-mcp-toolkit')
    cd /Users/admin/builder/spi-builder-workspace/.swiftpm/xcode
    builtin-SwiftPerFileCompile ContentGroup.swift
SwiftCompile normal arm64 Compiling\ MCP+JSONSchema.swift,\ MCPResource+MCP.swift /Users/admin/builder/spi-builder-workspace/Sources/MCPToolkit/Extensions/MCP+JSONSchema.swift /Users/admin/builder/spi-builder-workspace/Sources/MCPToolkit/Extensions/MCPResource+MCP.swift (in target 'MCPToolkit' from project 'swift-mcp-toolkit')
SwiftCompile normal arm64 /Users/admin/builder/spi-builder-workspace/Sources/MCPToolkit/Extensions/MCP+JSONSchema.swift (in target 'MCPToolkit' from project 'swift-mcp-toolkit')
    cd /Users/admin/builder/spi-builder-workspace/.swiftpm/xcode
    builtin-SwiftPerFileCompile MCP+JSONSchema.swift
SwiftCompile normal arm64 /Users/admin/builder/spi-builder-workspace/Sources/MCPToolkit/Extensions/MCPResource+MCP.swift (in target 'MCPToolkit' from project 'swift-mcp-toolkit')
    cd /Users/admin/builder/spi-builder-workspace/.swiftpm/xcode
    builtin-SwiftPerFileCompile MCPResource+MCP.swift
/Users/admin/builder/spi-builder-workspace/Sources/MCPToolkit/Extensions/MCP+JSONSchema.swift:8:18: error: 'let' binding pattern cannot appear in an expression
 6 |     case .boolean(let b):
 7 |       self = .bool(b)
 8 |     case .number(let n):
   |                  `- error: 'let' binding pattern cannot appear in an expression
 9 |       self = .double(n)
10 |     case .integer(let i):
/Users/admin/builder/spi-builder-workspace/Sources/MCPToolkit/Extensions/MCP+JSONSchema.swift:10:19: error: 'let' binding pattern cannot appear in an expression
 8 |     case .number(let n):
 9 |       self = .double(n)
10 |     case .integer(let i):
   |                   `- error: 'let' binding pattern cannot appear in an expression
11 |       self = .int(i)
12 |     case .string(let s):
/Users/admin/builder/spi-builder-workspace/Sources/MCPToolkit/Extensions/MCP+JSONSchema.swift:17:24: error: cannot convert value of type 'OrderedDictionary<String, Value>' to expected argument type '[String : Value]'
15 |       self = .array(a.map { MCP.Value(value: $0) })
16 |     case .object(let o):
17 |       self = .object(o.mapValues { MCP.Value(value: $0) })
   |                        `- error: cannot convert value of type 'OrderedDictionary<String, Value>' to expected argument type '[String : Value]'
18 |     }
19 |   }
SwiftCompile normal arm64 Compiling\ MCPTool.swift /Users/admin/builder/spi-builder-workspace/Sources/MCPToolkit/MCPTool.swift (in target 'MCPToolkit' from project 'swift-mcp-toolkit')
SwiftCompile normal arm64 /Users/admin/builder/spi-builder-workspace/Sources/MCPToolkit/MCPTool.swift (in target 'MCPToolkit' from project 'swift-mcp-toolkit')
    cd /Users/admin/builder/spi-builder-workspace/.swiftpm/xcode
    builtin-SwiftPerFileCompile MCPTool.swift
PruneExplicitPrecompiledModules /Users/admin/builder/spi-builder-workspace/.derivedData/SDKExplicitPrecompiledModules
PruneExplicitPrecompiledModules /Users/admin/builder/spi-builder-workspace/.derivedData/Build/Intermediates.noindex/SwiftExplicitPrecompiledModules
PruneExplicitPrecompiledModules /Users/admin/builder/spi-builder-workspace/.derivedData/Build/Intermediates.noindex/ExplicitPrecompiledModules
2026-09-24 23:04:36.938 xcodebuild[1490:7953] [MT] IDERunDestination: Supported platforms for the buildables in the current scheme is empty.
** BUILD FAILED **
The following build commands failed:
	SwiftCompile normal arm64 Compiling\ Exports.swift,\ JSONSchema+MCP.swift /Users/admin/builder/spi-builder-workspace/Sources/MCPToolkit/Exports.swift /Users/admin/builder/spi-builder-workspace/Sources/MCPToolkit/Extensions/JSONSchema+MCP.swift (in target 'MCPToolkit' from project 'swift-mcp-toolkit')
	SwiftCompile normal arm64 /Users/admin/builder/spi-builder-workspace/Sources/MCPToolkit/Extensions/JSONSchema+MCP.swift (in target 'MCPToolkit' from project 'swift-mcp-toolkit')
	Building workspace swift-mcp-toolkit with scheme swift-mcp-toolkit
(3 failures)
BUILD FAILURE 6.4 visionOS