The Swift Package Index logo.Swift Package Index

Build Information

Failed to build WebKitTestWorkarounds, reference main (3b0e27), with Swift 6.4 for watchOS using Xcode 27.0 on 21 Oct 2026 07:17:57 UTC.

Build Command

env DEVELOPER_DIR=/Applications/Xcode-27.0.0.app xcrun xcodebuild -IDEClonedSourcePackagesDirPathOverride=$PWD/.dependencies -skipMacroValidation -skipPackagePluginValidation -derivedDataPath $PWD/.derivedData build -scheme WebKitTestWorkarounds -destination generic/platform=watchOS

Build Log

========================================
RunAll
========================================
Builder version: 5.1.3
Interrupt handler set up.
========================================
Checkout
========================================
Clone URL: https://github.com/lynnswap/WebKitTestWorkarounds.git
Reference: main
Initialized empty Git repository in /Users/admin/builder/spi-builder-workspace/.git/
From https://github.com/lynnswap/WebKitTestWorkarounds
 * branch            main       -> FETCH_HEAD
 * [new branch]      main       -> origin/main
HEAD is now at 3b0e27b Merge pull request #10 from lynnswap/codex/limit-intelligence-tasks-to-ios
Cloned https://github.com/lynnswap/WebKitTestWorkarounds.git
Revision (git rev-parse @):
3b0e27b0f1004dc26d68999ebf27cae800315afe
SUCCESS checkout https://github.com/lynnswap/WebKitTestWorkarounds.git at main
========================================
Build
========================================
Selected platform:         watchOS
Swift version:             6.4
Building package at path:  $PWD
https://github.com/lynnswap/WebKitTestWorkarounds.git
Command line invocation:
    /Applications/Xcode-27.0.0.app/Contents/Developer/usr/bin/xcodebuild -IDEClonedSourcePackagesDirPathOverride=/Users/admin/builder/spi-builder-workspace/.dependencies -resolvePackageDependencies
Resolve Package Graph
Resolve Package Graph
Resolved source packages:
  WebKitTestWorkarounds: /Users/admin/builder/spi-builder-workspace
resolved source packages: WebKitTestWorkarounds
2026-10-21 03:17:15.544 xcodebuild[530:3040] [MT] IDERunDestination: Supported platforms for the buildables in the current scheme is empty.
{
  "dependencies" : [
  ],
  "manifest_display_name" : "WebKitTestWorkarounds",
  "name" : "WebKitTestWorkarounds",
  "path" : "/Users/admin/builder/spi-builder-workspace",
  "platforms" : [
    {
      "name" : "ios",
      "version" : "17.0"
    },
    {
      "name" : "macos",
      "version" : "14.0"
    }
  ],
  "products" : [
    {
      "name" : "WebKitTestWorkarounds",
      "targets" : [
        "WebKitTestWorkarounds"
      ],
      "type" : {
        "library" : [
          "automatic"
        ]
      }
    }
  ],
  "targets" : [
    {
      "c99name" : "WebKitTestWorkaroundsTests",
      "module_type" : "SwiftTarget",
      "name" : "WebKitTestWorkaroundsTests",
      "path" : "Tests/WebKitTestWorkaroundsTests",
      "sources" : [
        "IntelligenceTasksWorkaroundTests.swift",
        "ScreenTimeWorkaroundTests.swift"
      ],
      "target_dependencies" : [
        "WebKitTestWorkarounds"
      ],
      "type" : "test"
    },
    {
      "c99name" : "WebKitTestWorkaroundsRuntime",
      "module_type" : "ClangTarget",
      "name" : "WebKitTestWorkaroundsRuntime",
      "path" : "Sources/WebKitTestWorkaroundsRuntime",
      "product_memberships" : [
        "WebKitTestWorkarounds"
      ],
      "sources" : [
        "LaunchctlRuntime.m",
        "ScreenTimeRuntime.m"
      ],
      "type" : "library"
    },
    {
      "c99name" : "WebKitTestWorkarounds",
      "module_type" : "SwiftTarget",
      "name" : "WebKitTestWorkarounds",
      "path" : "Sources/WebKitTestWorkarounds",
      "product_memberships" : [
        "WebKitTestWorkarounds"
      ],
      "sources" : [
        "IntelligenceTasksWorkaround.swift",
        "ScreenTimeWorkaround.swift"
      ],
      "target_dependencies" : [
        "WebKitTestWorkaroundsRuntime"
      ],
      "type" : "library"
    }
  ],
  "tools_version" : "6.3"
}
{
  "workspace" : {
    "name" : "WebKitTestWorkarounds",
    "schemes" : [
      "WebKitTestWorkarounds"
    ]
  }
}
2026-10-21 03:17:49.762 xcodebuild[627:3858] [MT] IDERunDestination: Supported platforms for the buildables in the current scheme is empty.
Running build ...
env DEVELOPER_DIR=/Applications/Xcode-27.0.0.app xcrun xcodebuild -IDEClonedSourcePackagesDirPathOverride=$PWD/.dependencies -skipMacroValidation -skipPackagePluginValidation -derivedDataPath $PWD/.derivedData build -scheme WebKitTestWorkarounds -destination generic/platform=watchOS
Command line invocation:
    /Applications/Xcode-27.0.0.app/Contents/Developer/usr/bin/xcodebuild -IDEClonedSourcePackagesDirPathOverride=/Users/admin/builder/spi-builder-workspace/.dependencies -skipMacroValidation -skipPackagePluginValidation -derivedDataPath /Users/admin/builder/spi-builder-workspace/.derivedData build -scheme WebKitTestWorkarounds -destination generic/platform=watchOS
Resolve Package Graph
Resolve Package Graph
Resolved source packages:
  WebKitTestWorkarounds: /Users/admin/builder/spi-builder-workspace
ComputePackagePrebuildTargetDependencyGraph
Prepare packages
CreateBuildRequest
SendProjectDescription
CreateBuildOperation
ComputeTargetDependencyGraph
note: Building targets in dependency order
note: Target dependency graph (3 targets)
    Target 'WebKitTestWorkarounds-product' in project 'WebKitTestWorkarounds'
        ➜ Explicit dependency on target 'WebKitTestWorkarounds' in project 'WebKitTestWorkarounds'
        ➜ Explicit dependency on target 'WebKitTestWorkaroundsRuntime' in project 'WebKitTestWorkarounds'
    Target 'WebKitTestWorkarounds' in project 'WebKitTestWorkarounds'
        ➜ Explicit dependency on target 'WebKitTestWorkaroundsRuntime' in project 'WebKitTestWorkarounds'
    Target 'WebKitTestWorkaroundsRuntime' in project 'WebKitTestWorkarounds' (no dependencies)
GatherProvisioningInputs
CreateBuildDescription
ExecuteExternalTool /Applications/Xcode-27.0.0.app/Contents/Developer/Toolchains/XcodeDefault.xctoolchain/usr/bin/clang -v -E -dM -isysroot /Applications/Xcode-27.0.0.app/Contents/Developer/Platforms/WatchOS.platform/Developer/SDKs/WatchOS27.0.sdk -x c -c /dev/null
ExecuteExternalTool /Applications/Xcode-27.0.0.app/Contents/Developer/Toolchains/XcodeDefault.xctoolchain/usr/bin/swiftc --version
ExecuteExternalTool /Applications/Xcode-27.0.0.app/Contents/Developer/Toolchains/XcodeDefault.xctoolchain/usr/bin/clang -v -E -dM -arch arm64 -isysroot /Applications/Xcode-27.0.0.app/Contents/Developer/Platforms/WatchOS.platform/Developer/SDKs/WatchOS27.0.sdk -x objective-c -c /dev/null
ExecuteExternalTool /Applications/Xcode-27.0.0.app/Contents/Developer/Toolchains/XcodeDefault.xctoolchain/usr/bin/clang -v -E -dM -arch arm64 -isysroot /Applications/Xcode-27.0.0.app/Contents/Developer/Platforms/WatchOS.platform/Developer/SDKs/WatchOS27.0.sdk -x c -c /dev/null
ExecuteExternalTool /Applications/Xcode-27.0.0.app/Contents/Developer/Toolchains/XcodeDefault.xctoolchain/usr/bin/ld -version_details
ExecuteExternalTool /Applications/Xcode-27.0.0.app/Contents/Developer/Toolchains/XcodeDefault.xctoolchain/usr/bin/clang -v -E -dM -arch arm64_32 -isysroot /Applications/Xcode-27.0.0.app/Contents/Developer/Platforms/WatchOS.platform/Developer/SDKs/WatchOS27.0.sdk -x objective-c -c /dev/null
ExecuteExternalTool /Applications/Xcode-27.0.0.app/Contents/Developer/Toolchains/XcodeDefault.xctoolchain/usr/bin/clang -v -E -dM -arch arm64_32 -isysroot /Applications/Xcode-27.0.0.app/Contents/Developer/Platforms/WatchOS.platform/Developer/SDKs/WatchOS27.0.sdk -x c -c /dev/null
ReadFileContents /Applications/Xcode-27.0.0.app/Contents/Developer/Toolchains/XcodeDefault.xctoolchain/usr/share/docc/features.json
Build description signature: ae97973606be5aef89525a3ad105ed49
Build description path: /Users/admin/builder/spi-builder-workspace/.derivedData/Build/Intermediates.noindex/XCBuildData/ae97973606be5aef89525a3ad105ed49.xcbuilddata
CreateBuildDirectory /Users/admin/builder/spi-builder-workspace/.derivedData/SDKExplicitPrecompiledModules
    cd /Users/admin/builder/spi-builder-workspace/.swiftpm/xcode
    builtin-create-build-directory /Users/admin/builder/spi-builder-workspace/.derivedData/SDKExplicitPrecompiledModules
CreateBuildDirectory /Users/admin/builder/spi-builder-workspace/.derivedData/ModuleCache.noindex
    cd /Users/admin/builder/spi-builder-workspace/.swiftpm/xcode
    builtin-create-build-directory /Users/admin/builder/spi-builder-workspace/.derivedData/ModuleCache.noindex
CreateBuildDirectory /Users/admin/builder/spi-builder-workspace/.derivedData/CompilationCache.noindex
    cd /Users/admin/builder/spi-builder-workspace/.swiftpm/xcode
    builtin-create-build-directory /Users/admin/builder/spi-builder-workspace/.derivedData/CompilationCache.noindex
CreateBuildDirectory /Users/admin/builder/spi-builder-workspace/.derivedData/Build/Products
    cd /Users/admin/builder/spi-builder-workspace/.swiftpm/xcode
    builtin-create-build-directory /Users/admin/builder/spi-builder-workspace/.derivedData/Build/Products
CreateBuildDirectory /Users/admin/builder/spi-builder-workspace/.derivedData/Build/Intermediates.noindex
    cd /Users/admin/builder/spi-builder-workspace/.swiftpm/xcode
    builtin-create-build-directory /Users/admin/builder/spi-builder-workspace/.derivedData/Build/Intermediates.noindex
ClangStatCache /Applications/Xcode-27.0.0.app/Contents/Developer/Toolchains/XcodeDefault.xctoolchain/usr/bin/clang-stat-cache /Applications/Xcode-27.0.0.app/Contents/Developer/Platforms/WatchOS.platform/Developer/SDKs/WatchOS27.0.sdk /Users/admin/builder/spi-builder-workspace/.derivedData/SDKStatCaches.noindex/watchos27.0-24R360-e829b21a6f8c9b70876ba0858053c044b9db9bc9c079ee3c7b5f3373b13d10bc.sdkstatcache
    cd /Users/admin/builder/spi-builder-workspace/.swiftpm/xcode
    /Applications/Xcode-27.0.0.app/Contents/Developer/Toolchains/XcodeDefault.xctoolchain/usr/bin/clang-stat-cache /Applications/Xcode-27.0.0.app/Contents/Developer/Platforms/WatchOS.platform/Developer/SDKs/WatchOS27.0.sdk -o /Users/admin/builder/spi-builder-workspace/.derivedData/SDKStatCaches.noindex/watchos27.0-24R360-e829b21a6f8c9b70876ba0858053c044b9db9bc9c079ee3c7b5f3373b13d10bc.sdkstatcache
CreateBuildDirectory /Users/admin/builder/spi-builder-workspace/.derivedData/Build/Intermediates.noindex/SwiftExplicitPrecompiledModules
    cd /Users/admin/builder/spi-builder-workspace/.swiftpm/xcode
    builtin-create-build-directory /Users/admin/builder/spi-builder-workspace/.derivedData/Build/Intermediates.noindex/SwiftExplicitPrecompiledModules
CreateBuildDirectory /Users/admin/builder/spi-builder-workspace/.derivedData/Build/Intermediates.noindex/PrecompiledHeaders
    cd /Users/admin/builder/spi-builder-workspace/.swiftpm/xcode
    builtin-create-build-directory /Users/admin/builder/spi-builder-workspace/.derivedData/Build/Intermediates.noindex/PrecompiledHeaders
CreateBuildDirectory /Users/admin/builder/spi-builder-workspace/.derivedData/Build/Intermediates.noindex/ExplicitPrecompiledModules
    cd /Users/admin/builder/spi-builder-workspace/.swiftpm/xcode
    builtin-create-build-directory /Users/admin/builder/spi-builder-workspace/.derivedData/Build/Intermediates.noindex/ExplicitPrecompiledModules
CreateBuildDirectory /Users/admin/builder/spi-builder-workspace/.derivedData/Build/Products/Debug-watchos
    cd /Users/admin/builder/spi-builder-workspace/.swiftpm/xcode
    builtin-create-build-directory /Users/admin/builder/spi-builder-workspace/.derivedData/Build/Products/Debug-watchos
CreateBuildDirectory /Users/admin/builder/spi-builder-workspace/.derivedData/Build/Intermediates.noindex/EagerLinkingTBDs/Debug-watchos
    cd /Users/admin/builder/spi-builder-workspace/.swiftpm/xcode
    builtin-create-build-directory /Users/admin/builder/spi-builder-workspace/.derivedData/Build/Intermediates.noindex/EagerLinkingTBDs/Debug-watchos
CreateBuildDirectory /Users/admin/builder/spi-builder-workspace/.derivedData/Build/Products/Debug-watchos/PackageFrameworks
    cd /Users/admin/builder/spi-builder-workspace/.swiftpm/xcode
    builtin-create-build-directory /Users/admin/builder/spi-builder-workspace/.derivedData/Build/Products/Debug-watchos/PackageFrameworks
WriteAuxiliaryFile /Users/admin/builder/spi-builder-workspace/.derivedData/Build/Intermediates.noindex/WebKitTestWorkarounds.build/Debug-watchos/WebKitTestWorkaroundsRuntime-t.build/WebKitTestWorkaroundsRuntime.DependencyStaticMetadataFileList (in target 'WebKitTestWorkaroundsRuntime' from project 'WebKitTestWorkarounds')
    cd /Users/admin/builder/spi-builder-workspace
    write-file /Users/admin/builder/spi-builder-workspace/.derivedData/Build/Intermediates.noindex/WebKitTestWorkarounds.build/Debug-watchos/WebKitTestWorkaroundsRuntime-t.build/WebKitTestWorkaroundsRuntime.DependencyStaticMetadataFileList
WriteAuxiliaryFile /Users/admin/builder/spi-builder-workspace/.derivedData/Build/Intermediates.noindex/WebKitTestWorkarounds.build/Debug-watchos/WebKitTestWorkaroundsRuntime-t.build/WebKitTestWorkaroundsRuntime.DependencyMetadataFileList (in target 'WebKitTestWorkaroundsRuntime' from project 'WebKitTestWorkarounds')
    cd /Users/admin/builder/spi-builder-workspace
    write-file /Users/admin/builder/spi-builder-workspace/.derivedData/Build/Intermediates.noindex/WebKitTestWorkarounds.build/Debug-watchos/WebKitTestWorkaroundsRuntime-t.build/WebKitTestWorkaroundsRuntime.DependencyMetadataFileList
WriteAuxiliaryFile /Users/admin/builder/spi-builder-workspace/.derivedData/Build/Intermediates.noindex/WebKitTestWorkarounds.build/Debug-watchos/WebKitTestWorkaroundsRuntime-t.build/WebKitTestWorkaroundsRuntime.modulemap (in target 'WebKitTestWorkaroundsRuntime' from project 'WebKitTestWorkarounds')
    cd /Users/admin/builder/spi-builder-workspace
    write-file /Users/admin/builder/spi-builder-workspace/.derivedData/Build/Intermediates.noindex/WebKitTestWorkarounds.build/Debug-watchos/WebKitTestWorkaroundsRuntime-t.build/WebKitTestWorkaroundsRuntime.modulemap
WriteAuxiliaryFile /Users/admin/builder/spi-builder-workspace/.derivedData/Build/Intermediates.noindex/WebKitTestWorkarounds.build/Debug-watchos/WebKitTestWorkarounds-t.build/WebKitTestWorkarounds.modulemap (in target 'WebKitTestWorkarounds' from project 'WebKitTestWorkarounds')
    cd /Users/admin/builder/spi-builder-workspace
    write-file /Users/admin/builder/spi-builder-workspace/.derivedData/Build/Intermediates.noindex/WebKitTestWorkarounds.build/Debug-watchos/WebKitTestWorkarounds-t.build/WebKitTestWorkarounds.modulemap
WriteAuxiliaryFile /Users/admin/builder/spi-builder-workspace/.derivedData/Build/Intermediates.noindex/WebKitTestWorkarounds.build/Debug-watchos/WebKitTestWorkaroundsRuntime-t.build/Objects-normal/arm64_32/WebKitTestWorkaroundsRuntime.LinkFileList (in target 'WebKitTestWorkaroundsRuntime' from project 'WebKitTestWorkarounds')
    cd /Users/admin/builder/spi-builder-workspace
    write-file /Users/admin/builder/spi-builder-workspace/.derivedData/Build/Intermediates.noindex/WebKitTestWorkarounds.build/Debug-watchos/WebKitTestWorkaroundsRuntime-t.build/Objects-normal/arm64_32/WebKitTestWorkaroundsRuntime.LinkFileList
WriteAuxiliaryFile /Users/admin/builder/spi-builder-workspace/.derivedData/Build/Intermediates.noindex/WebKitTestWorkarounds.build/Debug-watchos/WebKitTestWorkaroundsRuntime-t.build/Objects-normal/arm64_32/e6072d4f65d7061329687fe24e3d63a7-common-args.resp (in target 'WebKitTestWorkaroundsRuntime' from project 'WebKitTestWorkarounds')
    cd /Users/admin/builder/spi-builder-workspace
    write-file /Users/admin/builder/spi-builder-workspace/.derivedData/Build/Intermediates.noindex/WebKitTestWorkarounds.build/Debug-watchos/WebKitTestWorkaroundsRuntime-t.build/Objects-normal/arm64_32/e6072d4f65d7061329687fe24e3d63a7-common-args.resp
-fobjc-arc -fmodules -gmodules '-fmodules-cache-path=/Users/admin/builder/spi-builder-workspace/.derivedData/ModuleCache.noindex' '-fmodule-name=WebKitTestWorkaroundsRuntime' -fpascal-strings -O0 -DSWIFT_PACKAGE '-DDEBUG=1' '-DOBJC_OLD_DISPATCH_PROTOTYPES=1' -g -fprofile-instr-generate -fcoverage-mapping -I/Users/admin/builder/spi-builder-workspace/.derivedData/Build/Products/Debug-watchos/include -I/Users/admin/builder/spi-builder-workspace/Sources/WebKitTestWorkaroundsRuntime/include -I/Users/admin/builder/spi-builder-workspace/.derivedData/Build/Intermediates.noindex/WebKitTestWorkarounds.build/Debug-watchos/WebKitTestWorkaroundsRuntime-t.build/DerivedSources-normal/arm64_32 -I/Users/admin/builder/spi-builder-workspace/.derivedData/Build/Intermediates.noindex/WebKitTestWorkarounds.build/Debug-watchos/WebKitTestWorkaroundsRuntime-t.build/DerivedSources/arm64_32 -I/Users/admin/builder/spi-builder-workspace/.derivedData/Build/Intermediates.noindex/WebKitTestWorkarounds.build/Debug-watchos/WebKitTestWorkaroundsRuntime-t.build/DerivedSources -F/Users/admin/builder/spi-builder-workspace/.derivedData/Build/Products/Debug-watchos -iframework /Applications/Xcode-27.0.0.app/Contents/Developer/Platforms/WatchOS.platform/Developer/Library/Frameworks -iframework /Applications/Xcode-27.0.0.app/Contents/Developer/Platforms/WatchOS.platform/Developer/SDKs/WatchOS27.0.sdk/Developer/Library/Frameworks -DXcode
WriteAuxiliaryFile /Users/admin/builder/spi-builder-workspace/.derivedData/Build/Intermediates.noindex/WebKitTestWorkarounds.build/Debug-watchos/WebKitTestWorkaroundsRuntime-t.build/Objects-normal/arm64/e6072d4f65d7061329687fe24e3d63a7-common-args.resp (in target 'WebKitTestWorkaroundsRuntime' from project 'WebKitTestWorkarounds')
    cd /Users/admin/builder/spi-builder-workspace
    write-file /Users/admin/builder/spi-builder-workspace/.derivedData/Build/Intermediates.noindex/WebKitTestWorkarounds.build/Debug-watchos/WebKitTestWorkaroundsRuntime-t.build/Objects-normal/arm64/e6072d4f65d7061329687fe24e3d63a7-common-args.resp
-fobjc-arc -fmodules -gmodules '-fmodules-cache-path=/Users/admin/builder/spi-builder-workspace/.derivedData/ModuleCache.noindex' '-fmodule-name=WebKitTestWorkaroundsRuntime' -fpascal-strings -O0 -DSWIFT_PACKAGE '-DDEBUG=1' '-DOBJC_OLD_DISPATCH_PROTOTYPES=1' -g -fprofile-instr-generate -fcoverage-mapping -I/Users/admin/builder/spi-builder-workspace/.derivedData/Build/Products/Debug-watchos/include -I/Users/admin/builder/spi-builder-workspace/Sources/WebKitTestWorkaroundsRuntime/include -I/Users/admin/builder/spi-builder-workspace/.derivedData/Build/Intermediates.noindex/WebKitTestWorkarounds.build/Debug-watchos/WebKitTestWorkaroundsRuntime-t.build/DerivedSources-normal/arm64 -I/Users/admin/builder/spi-builder-workspace/.derivedData/Build/Intermediates.noindex/WebKitTestWorkarounds.build/Debug-watchos/WebKitTestWorkaroundsRuntime-t.build/DerivedSources/arm64 -I/Users/admin/builder/spi-builder-workspace/.derivedData/Build/Intermediates.noindex/WebKitTestWorkarounds.build/Debug-watchos/WebKitTestWorkaroundsRuntime-t.build/DerivedSources -F/Users/admin/builder/spi-builder-workspace/.derivedData/Build/Products/Debug-watchos -iframework /Applications/Xcode-27.0.0.app/Contents/Developer/Platforms/WatchOS.platform/Developer/Library/Frameworks -iframework /Applications/Xcode-27.0.0.app/Contents/Developer/Platforms/WatchOS.platform/Developer/SDKs/WatchOS27.0.sdk/Developer/Library/Frameworks -DXcode
WriteAuxiliaryFile /Users/admin/builder/spi-builder-workspace/.derivedData/Build/Intermediates.noindex/WebKitTestWorkarounds.build/Debug-watchos/WebKitTestWorkaroundsRuntime-t.build/Objects-normal/arm64/WebKitTestWorkaroundsRuntime.LinkFileList (in target 'WebKitTestWorkaroundsRuntime' from project 'WebKitTestWorkarounds')
    cd /Users/admin/builder/spi-builder-workspace
    write-file /Users/admin/builder/spi-builder-workspace/.derivedData/Build/Intermediates.noindex/WebKitTestWorkarounds.build/Debug-watchos/WebKitTestWorkaroundsRuntime-t.build/Objects-normal/arm64/WebKitTestWorkaroundsRuntime.LinkFileList
WriteAuxiliaryFile /Users/admin/builder/spi-builder-workspace/.derivedData/Build/Intermediates.noindex/WebKitTestWorkarounds.build/Debug-watchos/WebKitTestWorkarounds-t.build/WebKitTestWorkarounds.DependencyStaticMetadataFileList (in target 'WebKitTestWorkarounds' from project 'WebKitTestWorkarounds')
    cd /Users/admin/builder/spi-builder-workspace
    write-file /Users/admin/builder/spi-builder-workspace/.derivedData/Build/Intermediates.noindex/WebKitTestWorkarounds.build/Debug-watchos/WebKitTestWorkarounds-t.build/WebKitTestWorkarounds.DependencyStaticMetadataFileList
WriteAuxiliaryFile /Users/admin/builder/spi-builder-workspace/.derivedData/Build/Intermediates.noindex/WebKitTestWorkarounds.build/Debug-watchos/WebKitTestWorkarounds-t.build/WebKitTestWorkarounds.DependencyMetadataFileList (in target 'WebKitTestWorkarounds' from project 'WebKitTestWorkarounds')
    cd /Users/admin/builder/spi-builder-workspace
    write-file /Users/admin/builder/spi-builder-workspace/.derivedData/Build/Intermediates.noindex/WebKitTestWorkarounds.build/Debug-watchos/WebKitTestWorkarounds-t.build/WebKitTestWorkarounds.DependencyMetadataFileList
WriteAuxiliaryFile /Users/admin/builder/spi-builder-workspace/.derivedData/Build/Intermediates.noindex/WebKitTestWorkarounds.build/Debug-watchos/WebKitTestWorkarounds-t.build/Objects-normal/arm64_32/WebKitTestWorkarounds_const_extract_protocols.json (in target 'WebKitTestWorkarounds' from project 'WebKitTestWorkarounds')
    cd /Users/admin/builder/spi-builder-workspace
    write-file /Users/admin/builder/spi-builder-workspace/.derivedData/Build/Intermediates.noindex/WebKitTestWorkarounds.build/Debug-watchos/WebKitTestWorkarounds-t.build/Objects-normal/arm64_32/WebKitTestWorkarounds_const_extract_protocols.json
WriteAuxiliaryFile /Users/admin/builder/spi-builder-workspace/.derivedData/Build/Intermediates.noindex/WebKitTestWorkarounds.build/Debug-watchos/WebKitTestWorkarounds-t.build/Objects-normal/arm64_32/WebKitTestWorkarounds.SwiftConstValuesFileList (in target 'WebKitTestWorkarounds' from project 'WebKitTestWorkarounds')
    cd /Users/admin/builder/spi-builder-workspace
    write-file /Users/admin/builder/spi-builder-workspace/.derivedData/Build/Intermediates.noindex/WebKitTestWorkarounds.build/Debug-watchos/WebKitTestWorkarounds-t.build/Objects-normal/arm64_32/WebKitTestWorkarounds.SwiftConstValuesFileList
WriteAuxiliaryFile /Users/admin/builder/spi-builder-workspace/.derivedData/Build/Intermediates.noindex/WebKitTestWorkarounds.build/Debug-watchos/WebKitTestWorkarounds-t.build/Objects-normal/arm64_32/WebKitTestWorkarounds.SwiftFileList (in target 'WebKitTestWorkarounds' from project 'WebKitTestWorkarounds')
    cd /Users/admin/builder/spi-builder-workspace
    write-file /Users/admin/builder/spi-builder-workspace/.derivedData/Build/Intermediates.noindex/WebKitTestWorkarounds.build/Debug-watchos/WebKitTestWorkarounds-t.build/Objects-normal/arm64_32/WebKitTestWorkarounds.SwiftFileList
WriteAuxiliaryFile /Users/admin/builder/spi-builder-workspace/.derivedData/Build/Intermediates.noindex/WebKitTestWorkarounds.build/Debug-watchos/WebKitTestWorkarounds-t.build/Objects-normal/arm64_32/WebKitTestWorkarounds.LinkFileList (in target 'WebKitTestWorkarounds' from project 'WebKitTestWorkarounds')
    cd /Users/admin/builder/spi-builder-workspace
    write-file /Users/admin/builder/spi-builder-workspace/.derivedData/Build/Intermediates.noindex/WebKitTestWorkarounds.build/Debug-watchos/WebKitTestWorkarounds-t.build/Objects-normal/arm64_32/WebKitTestWorkarounds.LinkFileList
Copy /Users/admin/builder/spi-builder-workspace/.derivedData/Build/Intermediates.noindex/GeneratedModuleMaps-watchos/WebKitTestWorkaroundsRuntime.modulemap /Users/admin/builder/spi-builder-workspace/.derivedData/Build/Intermediates.noindex/WebKitTestWorkarounds.build/Debug-watchos/WebKitTestWorkaroundsRuntime-t.build/WebKitTestWorkaroundsRuntime.modulemap (in target 'WebKitTestWorkaroundsRuntime' from project 'WebKitTestWorkarounds')
    cd /Users/admin/builder/spi-builder-workspace
    builtin-copy -exclude .DS_Store -exclude CVS -exclude .svn -exclude .git -exclude .hg -resolve-src-symlinks /Users/admin/builder/spi-builder-workspace/.derivedData/Build/Intermediates.noindex/WebKitTestWorkarounds.build/Debug-watchos/WebKitTestWorkaroundsRuntime-t.build/WebKitTestWorkaroundsRuntime.modulemap /Users/admin/builder/spi-builder-workspace/.derivedData/Build/Intermediates.noindex/GeneratedModuleMaps-watchos
WriteAuxiliaryFile /Users/admin/builder/spi-builder-workspace/.derivedData/Build/Intermediates.noindex/WebKitTestWorkarounds.build/Debug-watchos/WebKitTestWorkarounds-t.build/Objects-normal/arm64_32/WebKitTestWorkarounds-OutputFileMap.json (in target 'WebKitTestWorkarounds' from project 'WebKitTestWorkarounds')
    cd /Users/admin/builder/spi-builder-workspace
    write-file /Users/admin/builder/spi-builder-workspace/.derivedData/Build/Intermediates.noindex/WebKitTestWorkarounds.build/Debug-watchos/WebKitTestWorkarounds-t.build/Objects-normal/arm64_32/WebKitTestWorkarounds-OutputFileMap.json
WriteAuxiliaryFile /Users/admin/builder/spi-builder-workspace/.derivedData/Build/Intermediates.noindex/WebKitTestWorkarounds.build/Debug-watchos/WebKitTestWorkarounds-t.build/Objects-normal/arm64/WebKitTestWorkarounds_const_extract_protocols.json (in target 'WebKitTestWorkarounds' from project 'WebKitTestWorkarounds')
    cd /Users/admin/builder/spi-builder-workspace
    write-file /Users/admin/builder/spi-builder-workspace/.derivedData/Build/Intermediates.noindex/WebKitTestWorkarounds.build/Debug-watchos/WebKitTestWorkarounds-t.build/Objects-normal/arm64/WebKitTestWorkarounds_const_extract_protocols.json
WriteAuxiliaryFile /Users/admin/builder/spi-builder-workspace/.derivedData/Build/Intermediates.noindex/WebKitTestWorkarounds.build/Debug-watchos/WebKitTestWorkarounds-t.build/Objects-normal/arm64/WebKitTestWorkarounds.SwiftFileList (in target 'WebKitTestWorkarounds' from project 'WebKitTestWorkarounds')
    cd /Users/admin/builder/spi-builder-workspace
    write-file /Users/admin/builder/spi-builder-workspace/.derivedData/Build/Intermediates.noindex/WebKitTestWorkarounds.build/Debug-watchos/WebKitTestWorkarounds-t.build/Objects-normal/arm64/WebKitTestWorkarounds.SwiftFileList
WriteAuxiliaryFile /Users/admin/builder/spi-builder-workspace/.derivedData/Build/Intermediates.noindex/WebKitTestWorkarounds.build/Debug-watchos/WebKitTestWorkarounds-t.build/Objects-normal/arm64/WebKitTestWorkarounds.SwiftConstValuesFileList (in target 'WebKitTestWorkarounds' from project 'WebKitTestWorkarounds')
    cd /Users/admin/builder/spi-builder-workspace
    write-file /Users/admin/builder/spi-builder-workspace/.derivedData/Build/Intermediates.noindex/WebKitTestWorkarounds.build/Debug-watchos/WebKitTestWorkarounds-t.build/Objects-normal/arm64/WebKitTestWorkarounds.SwiftConstValuesFileList
WriteAuxiliaryFile /Users/admin/builder/spi-builder-workspace/.derivedData/Build/Intermediates.noindex/WebKitTestWorkarounds.build/Debug-watchos/WebKitTestWorkarounds-t.build/Objects-normal/arm64/WebKitTestWorkarounds.LinkFileList (in target 'WebKitTestWorkarounds' from project 'WebKitTestWorkarounds')
    cd /Users/admin/builder/spi-builder-workspace
    write-file /Users/admin/builder/spi-builder-workspace/.derivedData/Build/Intermediates.noindex/WebKitTestWorkarounds.build/Debug-watchos/WebKitTestWorkarounds-t.build/Objects-normal/arm64/WebKitTestWorkarounds.LinkFileList
WriteAuxiliaryFile /Users/admin/builder/spi-builder-workspace/.derivedData/Build/Intermediates.noindex/WebKitTestWorkarounds.build/Debug-watchos/WebKitTestWorkarounds-t.build/Objects-normal/arm64/WebKitTestWorkarounds-OutputFileMap.json (in target 'WebKitTestWorkarounds' from project 'WebKitTestWorkarounds')
    cd /Users/admin/builder/spi-builder-workspace
    write-file /Users/admin/builder/spi-builder-workspace/.derivedData/Build/Intermediates.noindex/WebKitTestWorkarounds.build/Debug-watchos/WebKitTestWorkarounds-t.build/Objects-normal/arm64/WebKitTestWorkarounds-OutputFileMap.json
Copy /Users/admin/builder/spi-builder-workspace/.derivedData/Build/Intermediates.noindex/GeneratedModuleMaps-watchos/WebKitTestWorkarounds.modulemap /Users/admin/builder/spi-builder-workspace/.derivedData/Build/Intermediates.noindex/WebKitTestWorkarounds.build/Debug-watchos/WebKitTestWorkarounds-t.build/WebKitTestWorkarounds.modulemap (in target 'WebKitTestWorkarounds' from project 'WebKitTestWorkarounds')
    cd /Users/admin/builder/spi-builder-workspace
    builtin-copy -exclude .DS_Store -exclude CVS -exclude .svn -exclude .git -exclude .hg -resolve-src-symlinks /Users/admin/builder/spi-builder-workspace/.derivedData/Build/Intermediates.noindex/WebKitTestWorkarounds.build/Debug-watchos/WebKitTestWorkarounds-t.build/WebKitTestWorkarounds.modulemap /Users/admin/builder/spi-builder-workspace/.derivedData/Build/Intermediates.noindex/GeneratedModuleMaps-watchos
ScanDependencies /Users/admin/builder/spi-builder-workspace/.derivedData/Build/Intermediates.noindex/WebKitTestWorkarounds.build/Debug-watchos/WebKitTestWorkaroundsRuntime-t.build/Objects-normal/arm64_32/ScreenTimeRuntime.o /Users/admin/builder/spi-builder-workspace/Sources/WebKitTestWorkaroundsRuntime/ScreenTimeRuntime.m normal arm64_32 objective-c com.apple.compilers.llvm.clang.1_0.compiler (in target 'WebKitTestWorkaroundsRuntime' from project 'WebKitTestWorkarounds')
    cd /Users/admin/builder/spi-builder-workspace/.swiftpm/xcode

    Using response file: /Users/admin/builder/spi-builder-workspace/.derivedData/Build/Intermediates.noindex/WebKitTestWorkarounds.build/Debug-watchos/WebKitTestWorkaroundsRuntime-t.build/Objects-normal/arm64_32/e6072d4f65d7061329687fe24e3d63a7-common-args.resp

    builtin-ScanDependencies -o /Users/admin/builder/spi-builder-workspace/.derivedData/Build/Intermediates.noindex/WebKitTestWorkarounds.build/Debug-watchos/WebKitTestWorkaroundsRuntime-t.build/Objects-normal/arm64_32/ScreenTimeRuntime.o.scan -- /Applications/Xcode-27.0.0.app/Contents/Developer/Toolchains/XcodeDefault.xctoolchain/usr/bin/clang -x objective-c -ivfsstatcache /Users/admin/builder/spi-builder-workspace/.derivedData/SDKStatCaches.noindex/watchos27.0-24R360-e829b21a6f8c9b70876ba0858053c044b9db9bc9c079ee3c7b5f3373b13d10bc.sdkstatcache -target arm64_32-apple-watchos10.0 -fmessage-length\=0 -fdiagnostics-show-note-include-stack -fmacro-backtrace-limit\=0 -fno-color-diagnostics -fmodules-prune-interval\=86400 -fmodules-prune-after\=345600 -fbuild-session-file\=/Users/admin/builder/spi-builder-workspace/.derivedData/ModuleCache.noindex/Session.modulevalidation -fmodules-validate-once-per-build-session -Wnon-modular-include-in-framework-module -Werror\=non-modular-include-in-framework-module -Wno-trigraphs -Wno-missing-field-initializers -Wno-missing-prototypes -Wno-return-type -Wno-implicit-atomic-properties -Wno-objc-interface-ivars -Wno-arc-repeated-use-of-weak -Wno-missing-braces -Wparentheses -Wswitch -Wno-unused-function -Wno-unused-label -Wno-unused-parameter -Wno-unused-variable -Wunused-value -Wno-empty-body -Wno-uninitialized -Wno-unknown-pragmas -Wno-shadow -Wno-four-char-constants -Wno-conversion -Wno-constant-conversion -Wno-int-conversion -Wno-bool-conversion -Wno-enum-conversion -Wno-float-conversion -Wno-non-literal-null-conversion -Wno-objc-literal-conversion -Wno-shorten-64-to-32 -Wpointer-sign -Wno-newline-eof -Wno-selector -Wno-strict-selector-match -Wno-undeclared-selector -Wno-deprecated-implementations -Wno-implicit-fallthrough -isysroot /Applications/Xcode-27.0.0.app/Contents/Developer/Platforms/WatchOS.platform/Developer/SDKs/WatchOS27.0.sdk -fstrict-aliasing -Wprotocol -Wdeprecated-declarations -Wno-sign-conversion -Wno-infinite-recursion -Wno-comma -Wno-block-capture-autoreleasing -Wno-strict-prototypes -Wno-semicolon-before-method-body -index-store-path /Users/admin/builder/spi-builder-workspace/.derivedData/Index.noindex/DataStore @/Users/admin/builder/spi-builder-workspace/.derivedData/Build/Intermediates.noindex/WebKitTestWorkarounds.build/Debug-watchos/WebKitTestWorkaroundsRuntime-t.build/Objects-normal/arm64_32/e6072d4f65d7061329687fe24e3d63a7-common-args.resp -MMD -MT dependencies -MF /Users/admin/builder/spi-builder-workspace/.derivedData/Build/Intermediates.noindex/WebKitTestWorkarounds.build/Debug-watchos/WebKitTestWorkaroundsRuntime-t.build/Objects-normal/arm64_32/ScreenTimeRuntime.d --serialize-diagnostics /Users/admin/builder/spi-builder-workspace/.derivedData/Build/Intermediates.noindex/WebKitTestWorkarounds.build/Debug-watchos/WebKitTestWorkaroundsRuntime-t.build/Objects-normal/arm64_32/ScreenTimeRuntime.dia -c /Users/admin/builder/spi-builder-workspace/Sources/WebKitTestWorkaroundsRuntime/ScreenTimeRuntime.m -o /Users/admin/builder/spi-builder-workspace/.derivedData/Build/Intermediates.noindex/WebKitTestWorkarounds.build/Debug-watchos/WebKitTestWorkaroundsRuntime-t.build/Objects-normal/arm64_32/ScreenTimeRuntime.o -index-unit-output-path /WebKitTestWorkarounds.build/Debug-watchos/WebKitTestWorkaroundsRuntime-t.build/Objects-normal/arm64_32/ScreenTimeRuntime.o
/Users/admin/builder/spi-builder-workspace/Sources/WebKitTestWorkaroundsRuntime/ScreenTimeRuntime.m:2:9: error: 'WebKit/WebKit.h' file not found (in target 'WebKitTestWorkaroundsRuntime' from project 'WebKitTestWorkarounds')
ScanDependencies /Users/admin/builder/spi-builder-workspace/.derivedData/Build/Intermediates.noindex/WebKitTestWorkarounds.build/Debug-watchos/WebKitTestWorkaroundsRuntime-t.build/Objects-normal/arm64_32/LaunchctlRuntime.o /Users/admin/builder/spi-builder-workspace/Sources/WebKitTestWorkaroundsRuntime/LaunchctlRuntime.m normal arm64_32 objective-c com.apple.compilers.llvm.clang.1_0.compiler (in target 'WebKitTestWorkaroundsRuntime' from project 'WebKitTestWorkarounds')
    cd /Users/admin/builder/spi-builder-workspace/.swiftpm/xcode

    Using response file: /Users/admin/builder/spi-builder-workspace/.derivedData/Build/Intermediates.noindex/WebKitTestWorkarounds.build/Debug-watchos/WebKitTestWorkaroundsRuntime-t.build/Objects-normal/arm64_32/e6072d4f65d7061329687fe24e3d63a7-common-args.resp

    builtin-ScanDependencies -o /Users/admin/builder/spi-builder-workspace/.derivedData/Build/Intermediates.noindex/WebKitTestWorkarounds.build/Debug-watchos/WebKitTestWorkaroundsRuntime-t.build/Objects-normal/arm64_32/LaunchctlRuntime.o.scan -- /Applications/Xcode-27.0.0.app/Contents/Developer/Toolchains/XcodeDefault.xctoolchain/usr/bin/clang -x objective-c -ivfsstatcache /Users/admin/builder/spi-builder-workspace/.derivedData/SDKStatCaches.noindex/watchos27.0-24R360-e829b21a6f8c9b70876ba0858053c044b9db9bc9c079ee3c7b5f3373b13d10bc.sdkstatcache -target arm64_32-apple-watchos10.0 -fmessage-length\=0 -fdiagnostics-show-note-include-stack -fmacro-backtrace-limit\=0 -fno-color-diagnostics -fmodules-prune-interval\=86400 -fmodules-prune-after\=345600 -fbuild-session-file\=/Users/admin/builder/spi-builder-workspace/.derivedData/ModuleCache.noindex/Session.modulevalidation -fmodules-validate-once-per-build-session -Wnon-modular-include-in-framework-module -Werror\=non-modular-include-in-framework-module -Wno-trigraphs -Wno-missing-field-initializers -Wno-missing-prototypes -Wno-return-type -Wno-implicit-atomic-properties -Wno-objc-interface-ivars -Wno-arc-repeated-use-of-weak -Wno-missing-braces -Wparentheses -Wswitch -Wno-unused-function -Wno-unused-label -Wno-unused-parameter -Wno-unused-variable -Wunused-value -Wno-empty-body -Wno-uninitialized -Wno-unknown-pragmas -Wno-shadow -Wno-four-char-constants -Wno-conversion -Wno-constant-conversion -Wno-int-conversion -Wno-bool-conversion -Wno-enum-conversion -Wno-float-conversion -Wno-non-literal-null-conversion -Wno-objc-literal-conversion -Wno-shorten-64-to-32 -Wpointer-sign -Wno-newline-eof -Wno-selector -Wno-strict-selector-match -Wno-undeclared-selector -Wno-deprecated-implementations -Wno-implicit-fallthrough -isysroot /Applications/Xcode-27.0.0.app/Contents/Developer/Platforms/WatchOS.platform/Developer/SDKs/WatchOS27.0.sdk -fstrict-aliasing -Wprotocol -Wdeprecated-declarations -Wno-sign-conversion -Wno-infinite-recursion -Wno-comma -Wno-block-capture-autoreleasing -Wno-strict-prototypes -Wno-semicolon-before-method-body -index-store-path /Users/admin/builder/spi-builder-workspace/.derivedData/Index.noindex/DataStore @/Users/admin/builder/spi-builder-workspace/.derivedData/Build/Intermediates.noindex/WebKitTestWorkarounds.build/Debug-watchos/WebKitTestWorkaroundsRuntime-t.build/Objects-normal/arm64_32/e6072d4f65d7061329687fe24e3d63a7-common-args.resp -MMD -MT dependencies -MF /Users/admin/builder/spi-builder-workspace/.derivedData/Build/Intermediates.noindex/WebKitTestWorkarounds.build/Debug-watchos/WebKitTestWorkaroundsRuntime-t.build/Objects-normal/arm64_32/LaunchctlRuntime.d --serialize-diagnostics /Users/admin/builder/spi-builder-workspace/.derivedData/Build/Intermediates.noindex/WebKitTestWorkarounds.build/Debug-watchos/WebKitTestWorkaroundsRuntime-t.build/Objects-normal/arm64_32/LaunchctlRuntime.dia -c /Users/admin/builder/spi-builder-workspace/Sources/WebKitTestWorkaroundsRuntime/LaunchctlRuntime.m -o /Users/admin/builder/spi-builder-workspace/.derivedData/Build/Intermediates.noindex/WebKitTestWorkarounds.build/Debug-watchos/WebKitTestWorkaroundsRuntime-t.build/Objects-normal/arm64_32/LaunchctlRuntime.o -index-unit-output-path /WebKitTestWorkarounds.build/Debug-watchos/WebKitTestWorkaroundsRuntime-t.build/Objects-normal/arm64_32/LaunchctlRuntime.o
ScanDependencies /Users/admin/builder/spi-builder-workspace/.derivedData/Build/Intermediates.noindex/WebKitTestWorkarounds.build/Debug-watchos/WebKitTestWorkaroundsRuntime-t.build/Objects-normal/arm64/ScreenTimeRuntime.o /Users/admin/builder/spi-builder-workspace/Sources/WebKitTestWorkaroundsRuntime/ScreenTimeRuntime.m normal arm64 objective-c com.apple.compilers.llvm.clang.1_0.compiler (in target 'WebKitTestWorkaroundsRuntime' from project 'WebKitTestWorkarounds')
    cd /Users/admin/builder/spi-builder-workspace/.swiftpm/xcode

    Using response file: /Users/admin/builder/spi-builder-workspace/.derivedData/Build/Intermediates.noindex/WebKitTestWorkarounds.build/Debug-watchos/WebKitTestWorkaroundsRuntime-t.build/Objects-normal/arm64/e6072d4f65d7061329687fe24e3d63a7-common-args.resp

    builtin-ScanDependencies -o /Users/admin/builder/spi-builder-workspace/.derivedData/Build/Intermediates.noindex/WebKitTestWorkarounds.build/Debug-watchos/WebKitTestWorkaroundsRuntime-t.build/Objects-normal/arm64/ScreenTimeRuntime.o.scan -- /Applications/Xcode-27.0.0.app/Contents/Developer/Toolchains/XcodeDefault.xctoolchain/usr/bin/clang -x objective-c -ivfsstatcache /Users/admin/builder/spi-builder-workspace/.derivedData/SDKStatCaches.noindex/watchos27.0-24R360-e829b21a6f8c9b70876ba0858053c044b9db9bc9c079ee3c7b5f3373b13d10bc.sdkstatcache -target arm64-apple-watchos10.0 -fmessage-length\=0 -fdiagnostics-show-note-include-stack -fmacro-backtrace-limit\=0 -fno-color-diagnostics -fmodules-prune-interval\=86400 -fmodules-prune-after\=345600 -fbuild-session-file\=/Users/admin/builder/spi-builder-workspace/.derivedData/ModuleCache.noindex/Session.modulevalidation -fmodules-validate-once-per-build-session -Wnon-modular-include-in-framework-module -Werror\=non-modular-include-in-framework-module -Wno-trigraphs -Wno-missing-field-initializers -Wno-missing-prototypes -Wno-return-type -Wno-implicit-atomic-properties -Wno-objc-interface-ivars -Wno-arc-repeated-use-of-weak -Wno-missing-braces -Wparentheses -Wswitch -Wno-unused-function -Wno-unused-label -Wno-unused-parameter -Wno-unused-variable -Wunused-value -Wno-empty-body -Wno-uninitialized -Wno-unknown-pragmas -Wno-shadow -Wno-four-char-constants -Wno-conversion -Wno-constant-conversion -Wno-int-conversion -Wno-bool-conversion -Wno-enum-conversion -Wno-float-conversion -Wno-non-literal-null-conversion -Wno-objc-literal-conversion -Wshorten-64-to-32 -Wpointer-sign -Wno-newline-eof -Wno-selector -Wno-strict-selector-match -Wno-undeclared-selector -Wno-deprecated-implementations -Wno-implicit-fallthrough -isysroot /Applications/Xcode-27.0.0.app/Contents/Developer/Platforms/WatchOS.platform/Developer/SDKs/WatchOS27.0.sdk -fstrict-aliasing -Wprotocol -Wdeprecated-declarations -Wno-sign-conversion -Wno-infinite-recursion -Wno-comma -Wno-block-capture-autoreleasing -Wno-strict-prototypes -Wno-semicolon-before-method-body -index-store-path /Users/admin/builder/spi-builder-workspace/.derivedData/Index.noindex/DataStore @/Users/admin/builder/spi-builder-workspace/.derivedData/Build/Intermediates.noindex/WebKitTestWorkarounds.build/Debug-watchos/WebKitTestWorkaroundsRuntime-t.build/Objects-normal/arm64/e6072d4f65d7061329687fe24e3d63a7-common-args.resp -MMD -MT dependencies -MF /Users/admin/builder/spi-builder-workspace/.derivedData/Build/Intermediates.noindex/WebKitTestWorkarounds.build/Debug-watchos/WebKitTestWorkaroundsRuntime-t.build/Objects-normal/arm64/ScreenTimeRuntime.d --serialize-diagnostics /Users/admin/builder/spi-builder-workspace/.derivedData/Build/Intermediates.noindex/WebKitTestWorkarounds.build/Debug-watchos/WebKitTestWorkaroundsRuntime-t.build/Objects-normal/arm64/ScreenTimeRuntime.dia -c /Users/admin/builder/spi-builder-workspace/Sources/WebKitTestWorkaroundsRuntime/ScreenTimeRuntime.m -o /Users/admin/builder/spi-builder-workspace/.derivedData/Build/Intermediates.noindex/WebKitTestWorkarounds.build/Debug-watchos/WebKitTestWorkaroundsRuntime-t.build/Objects-normal/arm64/ScreenTimeRuntime.o -index-unit-output-path /WebKitTestWorkarounds.build/Debug-watchos/WebKitTestWorkaroundsRuntime-t.build/Objects-normal/arm64/ScreenTimeRuntime.o
/Users/admin/builder/spi-builder-workspace/Sources/WebKitTestWorkaroundsRuntime/ScreenTimeRuntime.m:2:9: error: 'WebKit/WebKit.h' file not found (in target 'WebKitTestWorkaroundsRuntime' from project 'WebKitTestWorkarounds')
ScanDependencies /Users/admin/builder/spi-builder-workspace/.derivedData/Build/Intermediates.noindex/WebKitTestWorkarounds.build/Debug-watchos/WebKitTestWorkaroundsRuntime-t.build/Objects-normal/arm64/LaunchctlRuntime.o /Users/admin/builder/spi-builder-workspace/Sources/WebKitTestWorkaroundsRuntime/LaunchctlRuntime.m normal arm64 objective-c com.apple.compilers.llvm.clang.1_0.compiler (in target 'WebKitTestWorkaroundsRuntime' from project 'WebKitTestWorkarounds')
    cd /Users/admin/builder/spi-builder-workspace/.swiftpm/xcode

    Using response file: /Users/admin/builder/spi-builder-workspace/.derivedData/Build/Intermediates.noindex/WebKitTestWorkarounds.build/Debug-watchos/WebKitTestWorkaroundsRuntime-t.build/Objects-normal/arm64/e6072d4f65d7061329687fe24e3d63a7-common-args.resp

    builtin-ScanDependencies -o /Users/admin/builder/spi-builder-workspace/.derivedData/Build/Intermediates.noindex/WebKitTestWorkarounds.build/Debug-watchos/WebKitTestWorkaroundsRuntime-t.build/Objects-normal/arm64/LaunchctlRuntime.o.scan -- /Applications/Xcode-27.0.0.app/Contents/Developer/Toolchains/XcodeDefault.xctoolchain/usr/bin/clang -x objective-c -ivfsstatcache /Users/admin/builder/spi-builder-workspace/.derivedData/SDKStatCaches.noindex/watchos27.0-24R360-e829b21a6f8c9b70876ba0858053c044b9db9bc9c079ee3c7b5f3373b13d10bc.sdkstatcache -target arm64-apple-watchos10.0 -fmessage-length\=0 -fdiagnostics-show-note-include-stack -fmacro-backtrace-limit\=0 -fno-color-diagnostics -fmodules-prune-interval\=86400 -fmodules-prune-after\=345600 -fbuild-session-file\=/Users/admin/builder/spi-builder-workspace/.derivedData/ModuleCache.noindex/Session.modulevalidation -fmodules-validate-once-per-build-session -Wnon-modular-include-in-framework-module -Werror\=non-modular-include-in-framework-module -Wno-trigraphs -Wno-missing-field-initializers -Wno-missing-prototypes -Wno-return-type -Wno-implicit-atomic-properties -Wno-objc-interface-ivars -Wno-arc-repeated-use-of-weak -Wno-missing-braces -Wparentheses -Wswitch -Wno-unused-function -Wno-unused-label -Wno-unused-parameter -Wno-unused-variable -Wunused-value -Wno-empty-body -Wno-uninitialized -Wno-unknown-pragmas -Wno-shadow -Wno-four-char-constants -Wno-conversion -Wno-constant-conversion -Wno-int-conversion -Wno-bool-conversion -Wno-enum-conversion -Wno-float-conversion -Wno-non-literal-null-conversion -Wno-objc-literal-conversion -Wshorten-64-to-32 -Wpointer-sign -Wno-newline-eof -Wno-selector -Wno-strict-selector-match -Wno-undeclared-selector -Wno-deprecated-implementations -Wno-implicit-fallthrough -isysroot /Applications/Xcode-27.0.0.app/Contents/Developer/Platforms/WatchOS.platform/Developer/SDKs/WatchOS27.0.sdk -fstrict-aliasing -Wprotocol -Wdeprecated-declarations -Wno-sign-conversion -Wno-infinite-recursion -Wno-comma -Wno-block-capture-autoreleasing -Wno-strict-prototypes -Wno-semicolon-before-method-body -index-store-path /Users/admin/builder/spi-builder-workspace/.derivedData/Index.noindex/DataStore @/Users/admin/builder/spi-builder-workspace/.derivedData/Build/Intermediates.noindex/WebKitTestWorkarounds.build/Debug-watchos/WebKitTestWorkaroundsRuntime-t.build/Objects-normal/arm64/e6072d4f65d7061329687fe24e3d63a7-common-args.resp -MMD -MT dependencies -MF /Users/admin/builder/spi-builder-workspace/.derivedData/Build/Intermediates.noindex/WebKitTestWorkarounds.build/Debug-watchos/WebKitTestWorkaroundsRuntime-t.build/Objects-normal/arm64/LaunchctlRuntime.d --serialize-diagnostics /Users/admin/builder/spi-builder-workspace/.derivedData/Build/Intermediates.noindex/WebKitTestWorkarounds.build/Debug-watchos/WebKitTestWorkaroundsRuntime-t.build/Objects-normal/arm64/LaunchctlRuntime.dia -c /Users/admin/builder/spi-builder-workspace/Sources/WebKitTestWorkaroundsRuntime/LaunchctlRuntime.m -o /Users/admin/builder/spi-builder-workspace/.derivedData/Build/Intermediates.noindex/WebKitTestWorkarounds.build/Debug-watchos/WebKitTestWorkaroundsRuntime-t.build/Objects-normal/arm64/LaunchctlRuntime.o -index-unit-output-path /WebKitTestWorkarounds.build/Debug-watchos/WebKitTestWorkaroundsRuntime-t.build/Objects-normal/arm64/LaunchctlRuntime.o
SwiftDriver WebKitTestWorkarounds normal arm64 com.apple.xcode.tools.swift.compiler (in target 'WebKitTestWorkarounds' from project 'WebKitTestWorkarounds')
    cd /Users/admin/builder/spi-builder-workspace/.swiftpm/xcode
    builtin-SwiftDriver -- /Applications/Xcode-27.0.0.app/Contents/Developer/Toolchains/XcodeDefault.xctoolchain/usr/bin/swiftc -parse-as-library -module-name WebKitTestWorkarounds -Onone @/Users/admin/builder/spi-builder-workspace/.derivedData/Build/Intermediates.noindex/WebKitTestWorkarounds.build/Debug-watchos/WebKitTestWorkarounds-t.build/Objects-normal/arm64/WebKitTestWorkarounds.SwiftFileList -DSWIFT_PACKAGE -DDEBUG -DSWIFT_MODULE_RESOURCE_BUNDLE_UNAVAILABLE -Xcc -fmodule-map-file\=/Users/admin/builder/spi-builder-workspace/.derivedData/Build/Intermediates.noindex/GeneratedModuleMaps-watchos/WebKitTestWorkaroundsRuntime.modulemap -DXcode -enable-upcoming-feature ApproachableConcurrency -plugin-path /Applications/Xcode-27.0.0.app/Contents/Developer/Toolchains/XcodeDefault.xctoolchain/usr/lib/swift/host/plugins/testing -enable-experimental-feature DebugDescriptionMacro -sdk /Applications/Xcode-27.0.0.app/Contents/Developer/Platforms/WatchOS.platform/Developer/SDKs/WatchOS27.0.sdk -target arm64-apple-watchos10.0 -g -module-cache-path /Users/admin/builder/spi-builder-workspace/.derivedData/ModuleCache.noindex -Xfrontend -serialize-debugging-options -profile-coverage-mapping -profile-generate -enable-testing -index-store-path /Users/admin/builder/spi-builder-workspace/.derivedData/Index.noindex/DataStore -Xcc -D_LIBCPP_HARDENING_MODE\=_LIBCPP_HARDENING_MODE_DEBUG -swift-version 6 -I /Users/admin/builder/spi-builder-workspace/.derivedData/Build/Products/Debug-watchos -Isystem /Applications/Xcode-27.0.0.app/Contents/Developer/Platforms/WatchOS.platform/Developer/usr/lib -F /Users/admin/builder/spi-builder-workspace/.derivedData/Build/Products/Debug-watchos/PackageFrameworks -F /Users/admin/builder/spi-builder-workspace/.derivedData/Build/Products/Debug-watchos -F /Applications/Xcode-27.0.0.app/Contents/Developer/Platforms/WatchOS.platform/Developer/Library/Frameworks -F /Applications/Xcode-27.0.0.app/Contents/Developer/Platforms/WatchOS.platform/Developer/SDKs/WatchOS27.0.sdk/Developer/Library/Frameworks -c -j10 -enable-batch-mode -incremental -Xcc -ivfsstatcache -Xcc /Users/admin/builder/spi-builder-workspace/.derivedData/SDKStatCaches.noindex/watchos27.0-24R360-e829b21a6f8c9b70876ba0858053c044b9db9bc9c079ee3c7b5f3373b13d10bc.sdkstatcache -output-file-map /Users/admin/builder/spi-builder-workspace/.derivedData/Build/Intermediates.noindex/WebKitTestWorkarounds.build/Debug-watchos/WebKitTestWorkarounds-t.build/Objects-normal/arm64/WebKitTestWorkarounds-OutputFileMap.json -save-temps -no-color-diagnostics -explicit-module-build -module-cache-path /Users/admin/builder/spi-builder-workspace/.derivedData/Build/Intermediates.noindex/SwiftExplicitPrecompiledModules -clang-scanner-module-cache-path /Users/admin/builder/spi-builder-workspace/.derivedData/ModuleCache.noindex -sdk-module-cache-path /Users/admin/builder/spi-builder-workspace/.derivedData/SDKExplicitPrecompiledModules -emit-dependencies -emit-module -emit-module-path /Users/admin/builder/spi-builder-workspace/.derivedData/Build/Intermediates.noindex/WebKitTestWorkarounds.build/Debug-watchos/WebKitTestWorkarounds-t.build/Objects-normal/arm64/WebKitTestWorkarounds.swiftmodule -serialize-diagnostics -dependency-scan-serialize-diagnostics-path /Users/admin/builder/spi-builder-workspace/.derivedData/Build/Intermediates.noindex/WebKitTestWorkarounds.build/Debug-watchos/WebKitTestWorkarounds-t.build/Objects-normal/arm64/WebKitTestWorkarounds-dependency-scan.dia -validate-clang-modules-once -clang-build-session-file /Users/admin/builder/spi-builder-workspace/.derivedData/ModuleCache.noindex/Session.modulevalidation -Xcc -fmodules-prune-interval\=86400 -Xcc -fmodules-prune-after\=345600 -package-name spi_builder_workspace -emit-const-values -const-gather-protocols-list /Users/admin/builder/spi-builder-workspace/.derivedData/Build/Intermediates.noindex/WebKitTestWorkarounds.build/Debug-watchos/WebKitTestWorkarounds-t.build/Objects-normal/arm64/WebKitTestWorkarounds_const_extract_protocols.json -Xcc -I/Users/admin/builder/spi-builder-workspace/Sources/WebKitTestWorkaroundsRuntime/include -Xcc -I/Users/admin/builder/spi-builder-workspace/.derivedData/Build/Products/Debug-watchos/include -Xcc -I/Users/admin/builder/spi-builder-workspace/.derivedData/Build/Intermediates.noindex/WebKitTestWorkarounds.build/Debug-watchos/WebKitTestWorkarounds-t.build/DerivedSources-normal/arm64 -Xcc -I/Users/admin/builder/spi-builder-workspace/.derivedData/Build/Intermediates.noindex/WebKitTestWorkarounds.build/Debug-watchos/WebKitTestWorkarounds-t.build/DerivedSources/arm64 -Xcc -I/Users/admin/builder/spi-builder-workspace/.derivedData/Build/Intermediates.noindex/WebKitTestWorkarounds.build/Debug-watchos/WebKitTestWorkarounds-t.build/DerivedSources -Xcc -DSWIFT_PACKAGE -Xcc -DDEBUG\=1 -emit-objc-header -emit-objc-header-path /Users/admin/builder/spi-builder-workspace/.derivedData/Build/Intermediates.noindex/WebKitTestWorkarounds.build/Debug-watchos/WebKitTestWorkarounds-t.build/Objects-normal/arm64/WebKitTestWorkarounds-Swift.h -working-directory /Users/admin/builder/spi-builder-workspace/.swiftpm/xcode -experimental-emit-module-separately -disable-cmo
SwiftDriver WebKitTestWorkarounds normal arm64_32 com.apple.xcode.tools.swift.compiler (in target 'WebKitTestWorkarounds' from project 'WebKitTestWorkarounds')
    cd /Users/admin/builder/spi-builder-workspace/.swiftpm/xcode
    builtin-SwiftDriver -- /Applications/Xcode-27.0.0.app/Contents/Developer/Toolchains/XcodeDefault.xctoolchain/usr/bin/swiftc -parse-as-library -module-name WebKitTestWorkarounds -Onone @/Users/admin/builder/spi-builder-workspace/.derivedData/Build/Intermediates.noindex/WebKitTestWorkarounds.build/Debug-watchos/WebKitTestWorkarounds-t.build/Objects-normal/arm64_32/WebKitTestWorkarounds.SwiftFileList -DSWIFT_PACKAGE -DDEBUG -DSWIFT_MODULE_RESOURCE_BUNDLE_UNAVAILABLE -Xcc -fmodule-map-file\=/Users/admin/builder/spi-builder-workspace/.derivedData/Build/Intermediates.noindex/GeneratedModuleMaps-watchos/WebKitTestWorkaroundsRuntime.modulemap -DXcode -enable-upcoming-feature ApproachableConcurrency -plugin-path /Applications/Xcode-27.0.0.app/Contents/Developer/Toolchains/XcodeDefault.xctoolchain/usr/lib/swift/host/plugins/testing -enable-experimental-feature DebugDescriptionMacro -sdk /Applications/Xcode-27.0.0.app/Contents/Developer/Platforms/WatchOS.platform/Developer/SDKs/WatchOS27.0.sdk -target arm64_32-apple-watchos10.0 -g -module-cache-path /Users/admin/builder/spi-builder-workspace/.derivedData/ModuleCache.noindex -Xfrontend -serialize-debugging-options -profile-coverage-mapping -profile-generate -enable-testing -index-store-path /Users/admin/builder/spi-builder-workspace/.derivedData/Index.noindex/DataStore -Xcc -D_LIBCPP_HARDENING_MODE\=_LIBCPP_HARDENING_MODE_DEBUG -swift-version 6 -I /Users/admin/builder/spi-builder-workspace/.derivedData/Build/Products/Debug-watchos -Isystem /Applications/Xcode-27.0.0.app/Contents/Developer/Platforms/WatchOS.platform/Developer/usr/lib -F /Users/admin/builder/spi-builder-workspace/.derivedData/Build/Products/Debug-watchos/PackageFrameworks -F /Users/admin/builder/spi-builder-workspace/.derivedData/Build/Products/Debug-watchos -F /Applications/Xcode-27.0.0.app/Contents/Developer/Platforms/WatchOS.platform/Developer/Library/Frameworks -F /Applications/Xcode-27.0.0.app/Contents/Developer/Platforms/WatchOS.platform/Developer/SDKs/WatchOS27.0.sdk/Developer/Library/Frameworks -c -j10 -enable-batch-mode -incremental -Xcc -ivfsstatcache -Xcc /Users/admin/builder/spi-builder-workspace/.derivedData/SDKStatCaches.noindex/watchos27.0-24R360-e829b21a6f8c9b70876ba0858053c044b9db9bc9c079ee3c7b5f3373b13d10bc.sdkstatcache -output-file-map /Users/admin/builder/spi-builder-workspace/.derivedData/Build/Intermediates.noindex/WebKitTestWorkarounds.build/Debug-watchos/WebKitTestWorkarounds-t.build/Objects-normal/arm64_32/WebKitTestWorkarounds-OutputFileMap.json -save-temps -no-color-diagnostics -explicit-module-build -module-cache-path /Users/admin/builder/spi-builder-workspace/.derivedData/Build/Intermediates.noindex/SwiftExplicitPrecompiledModules -clang-scanner-module-cache-path /Users/admin/builder/spi-builder-workspace/.derivedData/ModuleCache.noindex -sdk-module-cache-path /Users/admin/builder/spi-builder-workspace/.derivedData/SDKExplicitPrecompiledModules -emit-dependencies -emit-module -emit-module-path /Users/admin/builder/spi-builder-workspace/.derivedData/Build/Intermediates.noindex/WebKitTestWorkarounds.build/Debug-watchos/WebKitTestWorkarounds-t.build/Objects-normal/arm64_32/WebKitTestWorkarounds.swiftmodule -serialize-diagnostics -dependency-scan-serialize-diagnostics-path /Users/admin/builder/spi-builder-workspace/.derivedData/Build/Intermediates.noindex/WebKitTestWorkarounds.build/Debug-watchos/WebKitTestWorkarounds-t.build/Objects-normal/arm64_32/WebKitTestWorkarounds-dependency-scan.dia -validate-clang-modules-once -clang-build-session-file /Users/admin/builder/spi-builder-workspace/.derivedData/ModuleCache.noindex/Session.modulevalidation -Xcc -fmodules-prune-interval\=86400 -Xcc -fmodules-prune-after\=345600 -package-name spi_builder_workspace -emit-const-values -const-gather-protocols-list /Users/admin/builder/spi-builder-workspace/.derivedData/Build/Intermediates.noindex/WebKitTestWorkarounds.build/Debug-watchos/WebKitTestWorkarounds-t.build/Objects-normal/arm64_32/WebKitTestWorkarounds_const_extract_protocols.json -Xcc -I/Users/admin/builder/spi-builder-workspace/Sources/WebKitTestWorkaroundsRuntime/include -Xcc -I/Users/admin/builder/spi-builder-workspace/.derivedData/Build/Products/Debug-watchos/include -Xcc -I/Users/admin/builder/spi-builder-workspace/.derivedData/Build/Intermediates.noindex/WebKitTestWorkarounds.build/Debug-watchos/WebKitTestWorkarounds-t.build/DerivedSources-normal/arm64_32 -Xcc -I/Users/admin/builder/spi-builder-workspace/.derivedData/Build/Intermediates.noindex/WebKitTestWorkarounds.build/Debug-watchos/WebKitTestWorkarounds-t.build/DerivedSources/arm64_32 -Xcc -I/Users/admin/builder/spi-builder-workspace/.derivedData/Build/Intermediates.noindex/WebKitTestWorkarounds.build/Debug-watchos/WebKitTestWorkarounds-t.build/DerivedSources -Xcc -DSWIFT_PACKAGE -Xcc -DDEBUG\=1 -emit-objc-header -emit-objc-header-path /Users/admin/builder/spi-builder-workspace/.derivedData/Build/Intermediates.noindex/WebKitTestWorkarounds.build/Debug-watchos/WebKitTestWorkarounds-t.build/Objects-normal/arm64_32/WebKitTestWorkarounds-Swift.h -working-directory /Users/admin/builder/spi-builder-workspace/.swiftpm/xcode -experimental-emit-module-separately -disable-cmo
PruneExplicitPrecompiledModules /Users/admin/builder/spi-builder-workspace/.derivedData/SDKExplicitPrecompiledModules
PruneExplicitPrecompiledModules /Users/admin/builder/spi-builder-workspace/.derivedData/Build/Intermediates.noindex/ExplicitPrecompiledModules
PruneExplicitPrecompiledModules /Users/admin/builder/spi-builder-workspace/.derivedData/Build/Intermediates.noindex/SwiftExplicitPrecompiledModules
2026-10-21 03:17:51.654 xcodebuild[628:3904] [MT] IDERunDestination: Supported platforms for the buildables in the current scheme is empty.
** BUILD FAILED **
The following build commands failed:
	ScanDependencies /Users/admin/builder/spi-builder-workspace/.derivedData/Build/Intermediates.noindex/WebKitTestWorkarounds.build/Debug-watchos/WebKitTestWorkaroundsRuntime-t.build/Objects-normal/arm64_32/ScreenTimeRuntime.o /Users/admin/builder/spi-builder-workspace/Sources/WebKitTestWorkaroundsRuntime/ScreenTimeRuntime.m normal arm64_32 objective-c com.apple.compilers.llvm.clang.1_0.compiler (in target 'WebKitTestWorkaroundsRuntime' from project 'WebKitTestWorkarounds')
	ScanDependencies /Users/admin/builder/spi-builder-workspace/.derivedData/Build/Intermediates.noindex/WebKitTestWorkarounds.build/Debug-watchos/WebKitTestWorkaroundsRuntime-t.build/Objects-normal/arm64/ScreenTimeRuntime.o /Users/admin/builder/spi-builder-workspace/Sources/WebKitTestWorkaroundsRuntime/ScreenTimeRuntime.m normal arm64 objective-c com.apple.compilers.llvm.clang.1_0.compiler (in target 'WebKitTestWorkaroundsRuntime' from project 'WebKitTestWorkarounds')
	Building workspace WebKitTestWorkarounds with scheme WebKitTestWorkarounds
(3 failures)
Command line invocation:
    /Applications/Xcode-27.0.0.app/Contents/Developer/usr/bin/xcodebuild -IDEClonedSourcePackagesDirPathOverride=/Users/admin/builder/spi-builder-workspace/.dependencies -resolvePackageDependencies
Resolve Package Graph
Resolved source packages:
  WebKitTestWorkarounds: /Users/admin/builder/spi-builder-workspace
resolved source packages: WebKitTestWorkarounds
2026-10-21 03:17:54.962 xcodebuild[672:4315] [MT] IDERunDestination: Supported platforms for the buildables in the current scheme is empty.
{
  "dependencies" : [
  ],
  "manifest_display_name" : "WebKitTestWorkarounds",
  "name" : "WebKitTestWorkarounds",
  "path" : "/Users/admin/builder/spi-builder-workspace",
  "platforms" : [
    {
      "name" : "ios",
      "version" : "17.0"
    },
    {
      "name" : "macos",
      "version" : "14.0"
    }
  ],
  "products" : [
    {
      "name" : "WebKitTestWorkarounds",
      "targets" : [
        "WebKitTestWorkarounds"
      ],
      "type" : {
        "library" : [
          "automatic"
        ]
      }
    }
  ],
  "targets" : [
    {
      "c99name" : "WebKitTestWorkaroundsTests",
      "module_type" : "SwiftTarget",
      "name" : "WebKitTestWorkaroundsTests",
      "path" : "Tests/WebKitTestWorkaroundsTests",
      "sources" : [
        "IntelligenceTasksWorkaroundTests.swift",
        "ScreenTimeWorkaroundTests.swift"
      ],
      "target_dependencies" : [
        "WebKitTestWorkarounds"
      ],
      "type" : "test"
    },
    {
      "c99name" : "WebKitTestWorkaroundsRuntime",
      "module_type" : "ClangTarget",
      "name" : "WebKitTestWorkaroundsRuntime",
      "path" : "Sources/WebKitTestWorkaroundsRuntime",
      "product_memberships" : [
        "WebKitTestWorkarounds"
      ],
      "sources" : [
        "LaunchctlRuntime.m",
        "ScreenTimeRuntime.m"
      ],
      "type" : "library"
    },
    {
      "c99name" : "WebKitTestWorkarounds",
      "module_type" : "SwiftTarget",
      "name" : "WebKitTestWorkarounds",
      "path" : "Sources/WebKitTestWorkarounds",
      "product_memberships" : [
        "WebKitTestWorkarounds"
      ],
      "sources" : [
        "IntelligenceTasksWorkaround.swift",
        "ScreenTimeWorkaround.swift"
      ],
      "target_dependencies" : [
        "WebKitTestWorkaroundsRuntime"
      ],
      "type" : "library"
    }
  ],
  "tools_version" : "6.3"
}
{
  "workspace" : {
    "name" : "WebKitTestWorkarounds",
    "schemes" : [
      "WebKitTestWorkarounds"
    ]
  }
}
2026-10-21 03:17:56.220 xcodebuild[680:4379] [MT] IDERunDestination: Supported platforms for the buildables in the current scheme is empty.
Running build ...
env DEVELOPER_DIR=/Applications/Xcode-27.0.0.app xcrun xcodebuild -IDEClonedSourcePackagesDirPathOverride=$PWD/.dependencies -skipMacroValidation -skipPackagePluginValidation -derivedDataPath $PWD/.derivedData build -scheme WebKitTestWorkarounds -destination generic/platform=watchOS
Command line invocation:
    /Applications/Xcode-27.0.0.app/Contents/Developer/usr/bin/xcodebuild -IDEClonedSourcePackagesDirPathOverride=/Users/admin/builder/spi-builder-workspace/.dependencies -skipMacroValidation -skipPackagePluginValidation -derivedDataPath /Users/admin/builder/spi-builder-workspace/.derivedData build -scheme WebKitTestWorkarounds -destination generic/platform=watchOS
Resolve Package Graph
Resolved source packages:
  WebKitTestWorkarounds: /Users/admin/builder/spi-builder-workspace
ComputePackagePrebuildTargetDependencyGraph
Prepare packages
CreateBuildRequest
SendProjectDescription
CreateBuildOperation
ComputeTargetDependencyGraph
note: Building targets in dependency order
note: Target dependency graph (3 targets)
    Target 'WebKitTestWorkarounds-product' in project 'WebKitTestWorkarounds'
        ➜ Explicit dependency on target 'WebKitTestWorkarounds' in project 'WebKitTestWorkarounds'
        ➜ Explicit dependency on target 'WebKitTestWorkaroundsRuntime' in project 'WebKitTestWorkarounds'
    Target 'WebKitTestWorkarounds' in project 'WebKitTestWorkarounds'
        ➜ Explicit dependency on target 'WebKitTestWorkaroundsRuntime' in project 'WebKitTestWorkarounds'
    Target 'WebKitTestWorkaroundsRuntime' in project 'WebKitTestWorkarounds' (no dependencies)
GatherProvisioningInputs
CreateBuildDescription
ClangStatCache /Applications/Xcode-27.0.0.app/Contents/Developer/Toolchains/XcodeDefault.xctoolchain/usr/bin/clang-stat-cache /Applications/Xcode-27.0.0.app/Contents/Developer/Platforms/WatchOS.platform/Developer/SDKs/WatchOS27.0.sdk /Users/admin/builder/spi-builder-workspace/.derivedData/SDKStatCaches.noindex/watchos27.0-24R360-e829b21a6f8c9b70876ba0858053c044b9db9bc9c079ee3c7b5f3373b13d10bc.sdkstatcache
    cd /Users/admin/builder/spi-builder-workspace/.swiftpm/xcode
    /Applications/Xcode-27.0.0.app/Contents/Developer/Toolchains/XcodeDefault.xctoolchain/usr/bin/clang-stat-cache /Applications/Xcode-27.0.0.app/Contents/Developer/Platforms/WatchOS.platform/Developer/SDKs/WatchOS27.0.sdk -o /Users/admin/builder/spi-builder-workspace/.derivedData/SDKStatCaches.noindex/watchos27.0-24R360-e829b21a6f8c9b70876ba0858053c044b9db9bc9c079ee3c7b5f3373b13d10bc.sdkstatcache
ScanDependencies /Users/admin/builder/spi-builder-workspace/.derivedData/Build/Intermediates.noindex/WebKitTestWorkarounds.build/Debug-watchos/WebKitTestWorkaroundsRuntime-t.build/Objects-normal/arm64_32/LaunchctlRuntime.o /Users/admin/builder/spi-builder-workspace/Sources/WebKitTestWorkaroundsRuntime/LaunchctlRuntime.m normal arm64_32 objective-c com.apple.compilers.llvm.clang.1_0.compiler (in target 'WebKitTestWorkaroundsRuntime' from project 'WebKitTestWorkarounds')
    cd /Users/admin/builder/spi-builder-workspace/.swiftpm/xcode

    Using response file: /Users/admin/builder/spi-builder-workspace/.derivedData/Build/Intermediates.noindex/WebKitTestWorkarounds.build/Debug-watchos/WebKitTestWorkaroundsRuntime-t.build/Objects-normal/arm64_32/e6072d4f65d7061329687fe24e3d63a7-common-args.resp

    builtin-ScanDependencies -o /Users/admin/builder/spi-builder-workspace/.derivedData/Build/Intermediates.noindex/WebKitTestWorkarounds.build/Debug-watchos/WebKitTestWorkaroundsRuntime-t.build/Objects-normal/arm64_32/LaunchctlRuntime.o.scan -- /Applications/Xcode-27.0.0.app/Contents/Developer/Toolchains/XcodeDefault.xctoolchain/usr/bin/clang -x objective-c -ivfsstatcache /Users/admin/builder/spi-builder-workspace/.derivedData/SDKStatCaches.noindex/watchos27.0-24R360-e829b21a6f8c9b70876ba0858053c044b9db9bc9c079ee3c7b5f3373b13d10bc.sdkstatcache -target arm64_32-apple-watchos10.0 -fmessage-length\=0 -fdiagnostics-show-note-include-stack -fmacro-backtrace-limit\=0 -fno-color-diagnostics -fmodules-prune-interval\=86400 -fmodules-prune-after\=345600 -fbuild-session-file\=/Users/admin/builder/spi-builder-workspace/.derivedData/ModuleCache.noindex/Session.modulevalidation -fmodules-validate-once-per-build-session -Wnon-modular-include-in-framework-module -Werror\=non-modular-include-in-framework-module -Wno-trigraphs -Wno-missing-field-initializers -Wno-missing-prototypes -Wno-return-type -Wno-implicit-atomic-properties -Wno-objc-interface-ivars -Wno-arc-repeated-use-of-weak -Wno-missing-braces -Wparentheses -Wswitch -Wno-unused-function -Wno-unused-label -Wno-unused-parameter -Wno-unused-variable -Wunused-value -Wno-empty-body -Wno-uninitialized -Wno-unknown-pragmas -Wno-shadow -Wno-four-char-constants -Wno-conversion -Wno-constant-conversion -Wno-int-conversion -Wno-bool-conversion -Wno-enum-conversion -Wno-float-conversion -Wno-non-literal-null-conversion -Wno-objc-literal-conversion -Wno-shorten-64-to-32 -Wpointer-sign -Wno-newline-eof -Wno-selector -Wno-strict-selector-match -Wno-undeclared-selector -Wno-deprecated-implementations -Wno-implicit-fallthrough -isysroot /Applications/Xcode-27.0.0.app/Contents/Developer/Platforms/WatchOS.platform/Developer/SDKs/WatchOS27.0.sdk -fstrict-aliasing -Wprotocol -Wdeprecated-declarations -Wno-sign-conversion -Wno-infinite-recursion -Wno-comma -Wno-block-capture-autoreleasing -Wno-strict-prototypes -Wno-semicolon-before-method-body -index-store-path /Users/admin/builder/spi-builder-workspace/.derivedData/Index.noindex/DataStore @/Users/admin/builder/spi-builder-workspace/.derivedData/Build/Intermediates.noindex/WebKitTestWorkarounds.build/Debug-watchos/WebKitTestWorkaroundsRuntime-t.build/Objects-normal/arm64_32/e6072d4f65d7061329687fe24e3d63a7-common-args.resp -MMD -MT dependencies -MF /Users/admin/builder/spi-builder-workspace/.derivedData/Build/Intermediates.noindex/WebKitTestWorkarounds.build/Debug-watchos/WebKitTestWorkaroundsRuntime-t.build/Objects-normal/arm64_32/LaunchctlRuntime.d --serialize-diagnostics /Users/admin/builder/spi-builder-workspace/.derivedData/Build/Intermediates.noindex/WebKitTestWorkarounds.build/Debug-watchos/WebKitTestWorkaroundsRuntime-t.build/Objects-normal/arm64_32/LaunchctlRuntime.dia -c /Users/admin/builder/spi-builder-workspace/Sources/WebKitTestWorkaroundsRuntime/LaunchctlRuntime.m -o /Users/admin/builder/spi-builder-workspace/.derivedData/Build/Intermediates.noindex/WebKitTestWorkarounds.build/Debug-watchos/WebKitTestWorkaroundsRuntime-t.build/Objects-normal/arm64_32/LaunchctlRuntime.o -index-unit-output-path /WebKitTestWorkarounds.build/Debug-watchos/WebKitTestWorkaroundsRuntime-t.build/Objects-normal/arm64_32/LaunchctlRuntime.o
ScanDependencies /Users/admin/builder/spi-builder-workspace/.derivedData/Build/Intermediates.noindex/WebKitTestWorkarounds.build/Debug-watchos/WebKitTestWorkaroundsRuntime-t.build/Objects-normal/arm64_32/ScreenTimeRuntime.o /Users/admin/builder/spi-builder-workspace/Sources/WebKitTestWorkaroundsRuntime/ScreenTimeRuntime.m normal arm64_32 objective-c com.apple.compilers.llvm.clang.1_0.compiler (in target 'WebKitTestWorkaroundsRuntime' from project 'WebKitTestWorkarounds')
    cd /Users/admin/builder/spi-builder-workspace/.swiftpm/xcode

    Using response file: /Users/admin/builder/spi-builder-workspace/.derivedData/Build/Intermediates.noindex/WebKitTestWorkarounds.build/Debug-watchos/WebKitTestWorkaroundsRuntime-t.build/Objects-normal/arm64_32/e6072d4f65d7061329687fe24e3d63a7-common-args.resp

    builtin-ScanDependencies -o /Users/admin/builder/spi-builder-workspace/.derivedData/Build/Intermediates.noindex/WebKitTestWorkarounds.build/Debug-watchos/WebKitTestWorkaroundsRuntime-t.build/Objects-normal/arm64_32/ScreenTimeRuntime.o.scan -- /Applications/Xcode-27.0.0.app/Contents/Developer/Toolchains/XcodeDefault.xctoolchain/usr/bin/clang -x objective-c -ivfsstatcache /Users/admin/builder/spi-builder-workspace/.derivedData/SDKStatCaches.noindex/watchos27.0-24R360-e829b21a6f8c9b70876ba0858053c044b9db9bc9c079ee3c7b5f3373b13d10bc.sdkstatcache -target arm64_32-apple-watchos10.0 -fmessage-length\=0 -fdiagnostics-show-note-include-stack -fmacro-backtrace-limit\=0 -fno-color-diagnostics -fmodules-prune-interval\=86400 -fmodules-prune-after\=345600 -fbuild-session-file\=/Users/admin/builder/spi-builder-workspace/.derivedData/ModuleCache.noindex/Session.modulevalidation -fmodules-validate-once-per-build-session -Wnon-modular-include-in-framework-module -Werror\=non-modular-include-in-framework-module -Wno-trigraphs -Wno-missing-field-initializers -Wno-missing-prototypes -Wno-return-type -Wno-implicit-atomic-properties -Wno-objc-interface-ivars -Wno-arc-repeated-use-of-weak -Wno-missing-braces -Wparentheses -Wswitch -Wno-unused-function -Wno-unused-label -Wno-unused-parameter -Wno-unused-variable -Wunused-value -Wno-empty-body -Wno-uninitialized -Wno-unknown-pragmas -Wno-shadow -Wno-four-char-constants -Wno-conversion -Wno-constant-conversion -Wno-int-conversion -Wno-bool-conversion -Wno-enum-conversion -Wno-float-conversion -Wno-non-literal-null-conversion -Wno-objc-literal-conversion -Wno-shorten-64-to-32 -Wpointer-sign -Wno-newline-eof -Wno-selector -Wno-strict-selector-match -Wno-undeclared-selector -Wno-deprecated-implementations -Wno-implicit-fallthrough -isysroot /Applications/Xcode-27.0.0.app/Contents/Developer/Platforms/WatchOS.platform/Developer/SDKs/WatchOS27.0.sdk -fstrict-aliasing -Wprotocol -Wdeprecated-declarations -Wno-sign-conversion -Wno-infinite-recursion -Wno-comma -Wno-block-capture-autoreleasing -Wno-strict-prototypes -Wno-semicolon-before-method-body -index-store-path /Users/admin/builder/spi-builder-workspace/.derivedData/Index.noindex/DataStore @/Users/admin/builder/spi-builder-workspace/.derivedData/Build/Intermediates.noindex/WebKitTestWorkarounds.build/Debug-watchos/WebKitTestWorkaroundsRuntime-t.build/Objects-normal/arm64_32/e6072d4f65d7061329687fe24e3d63a7-common-args.resp -MMD -MT dependencies -MF /Users/admin/builder/spi-builder-workspace/.derivedData/Build/Intermediates.noindex/WebKitTestWorkarounds.build/Debug-watchos/WebKitTestWorkaroundsRuntime-t.build/Objects-normal/arm64_32/ScreenTimeRuntime.d --serialize-diagnostics /Users/admin/builder/spi-builder-workspace/.derivedData/Build/Intermediates.noindex/WebKitTestWorkarounds.build/Debug-watchos/WebKitTestWorkaroundsRuntime-t.build/Objects-normal/arm64_32/ScreenTimeRuntime.dia -c /Users/admin/builder/spi-builder-workspace/Sources/WebKitTestWorkaroundsRuntime/ScreenTimeRuntime.m -o /Users/admin/builder/spi-builder-workspace/.derivedData/Build/Intermediates.noindex/WebKitTestWorkarounds.build/Debug-watchos/WebKitTestWorkaroundsRuntime-t.build/Objects-normal/arm64_32/ScreenTimeRuntime.o -index-unit-output-path /WebKitTestWorkarounds.build/Debug-watchos/WebKitTestWorkaroundsRuntime-t.build/Objects-normal/arm64_32/ScreenTimeRuntime.o
/Users/admin/builder/spi-builder-workspace/Sources/WebKitTestWorkaroundsRuntime/ScreenTimeRuntime.m:2:9: error: 'WebKit/WebKit.h' file not found (in target 'WebKitTestWorkaroundsRuntime' from project 'WebKitTestWorkarounds')
SwiftDriver WebKitTestWorkarounds normal arm64_32 com.apple.xcode.tools.swift.compiler (in target 'WebKitTestWorkarounds' from project 'WebKitTestWorkarounds')
    cd /Users/admin/builder/spi-builder-workspace/.swiftpm/xcode
    builtin-SwiftDriver -- /Applications/Xcode-27.0.0.app/Contents/Developer/Toolchains/XcodeDefault.xctoolchain/usr/bin/swiftc -parse-as-library -module-name WebKitTestWorkarounds -Onone @/Users/admin/builder/spi-builder-workspace/.derivedData/Build/Intermediates.noindex/WebKitTestWorkarounds.build/Debug-watchos/WebKitTestWorkarounds-t.build/Objects-normal/arm64_32/WebKitTestWorkarounds.SwiftFileList -DSWIFT_PACKAGE -DDEBUG -DSWIFT_MODULE_RESOURCE_BUNDLE_UNAVAILABLE -Xcc -fmodule-map-file\=/Users/admin/builder/spi-builder-workspace/.derivedData/Build/Intermediates.noindex/GeneratedModuleMaps-watchos/WebKitTestWorkaroundsRuntime.modulemap -DXcode -enable-upcoming-feature ApproachableConcurrency -plugin-path /Applications/Xcode-27.0.0.app/Contents/Developer/Toolchains/XcodeDefault.xctoolchain/usr/lib/swift/host/plugins/testing -enable-experimental-feature DebugDescriptionMacro -sdk /Applications/Xcode-27.0.0.app/Contents/Developer/Platforms/WatchOS.platform/Developer/SDKs/WatchOS27.0.sdk -target arm64_32-apple-watchos10.0 -g -module-cache-path /Users/admin/builder/spi-builder-workspace/.derivedData/ModuleCache.noindex -Xfrontend -serialize-debugging-options -profile-coverage-mapping -profile-generate -enable-testing -index-store-path /Users/admin/builder/spi-builder-workspace/.derivedData/Index.noindex/DataStore -Xcc -D_LIBCPP_HARDENING_MODE\=_LIBCPP_HARDENING_MODE_DEBUG -swift-version 6 -I /Users/admin/builder/spi-builder-workspace/.derivedData/Build/Products/Debug-watchos -Isystem /Applications/Xcode-27.0.0.app/Contents/Developer/Platforms/WatchOS.platform/Developer/usr/lib -F /Users/admin/builder/spi-builder-workspace/.derivedData/Build/Products/Debug-watchos/PackageFrameworks -F /Users/admin/builder/spi-builder-workspace/.derivedData/Build/Products/Debug-watchos -F /Applications/Xcode-27.0.0.app/Contents/Developer/Platforms/WatchOS.platform/Developer/Library/Frameworks -F /Applications/Xcode-27.0.0.app/Contents/Developer/Platforms/WatchOS.platform/Developer/SDKs/WatchOS27.0.sdk/Developer/Library/Frameworks -c -j10 -enable-batch-mode -incremental -Xcc -ivfsstatcache -Xcc /Users/admin/builder/spi-builder-workspace/.derivedData/SDKStatCaches.noindex/watchos27.0-24R360-e829b21a6f8c9b70876ba0858053c044b9db9bc9c079ee3c7b5f3373b13d10bc.sdkstatcache -output-file-map /Users/admin/builder/spi-builder-workspace/.derivedData/Build/Intermediates.noindex/WebKitTestWorkarounds.build/Debug-watchos/WebKitTestWorkarounds-t.build/Objects-normal/arm64_32/WebKitTestWorkarounds-OutputFileMap.json -save-temps -no-color-diagnostics -explicit-module-build -module-cache-path /Users/admin/builder/spi-builder-workspace/.derivedData/Build/Intermediates.noindex/SwiftExplicitPrecompiledModules -clang-scanner-module-cache-path /Users/admin/builder/spi-builder-workspace/.derivedData/ModuleCache.noindex -sdk-module-cache-path /Users/admin/builder/spi-builder-workspace/.derivedData/SDKExplicitPrecompiledModules -emit-dependencies -emit-module -emit-module-path /Users/admin/builder/spi-builder-workspace/.derivedData/Build/Intermediates.noindex/WebKitTestWorkarounds.build/Debug-watchos/WebKitTestWorkarounds-t.build/Objects-normal/arm64_32/WebKitTestWorkarounds.swiftmodule -serialize-diagnostics -dependency-scan-serialize-diagnostics-path /Users/admin/builder/spi-builder-workspace/.derivedData/Build/Intermediates.noindex/WebKitTestWorkarounds.build/Debug-watchos/WebKitTestWorkarounds-t.build/Objects-normal/arm64_32/WebKitTestWorkarounds-dependency-scan.dia -validate-clang-modules-once -clang-build-session-file /Users/admin/builder/spi-builder-workspace/.derivedData/ModuleCache.noindex/Session.modulevalidation -Xcc -fmodules-prune-interval\=86400 -Xcc -fmodules-prune-after\=345600 -package-name spi_builder_workspace -emit-const-values -const-gather-protocols-list /Users/admin/builder/spi-builder-workspace/.derivedData/Build/Intermediates.noindex/WebKitTestWorkarounds.build/Debug-watchos/WebKitTestWorkarounds-t.build/Objects-normal/arm64_32/WebKitTestWorkarounds_const_extract_protocols.json -Xcc -I/Users/admin/builder/spi-builder-workspace/Sources/WebKitTestWorkaroundsRuntime/include -Xcc -I/Users/admin/builder/spi-builder-workspace/.derivedData/Build/Products/Debug-watchos/include -Xcc -I/Users/admin/builder/spi-builder-workspace/.derivedData/Build/Intermediates.noindex/WebKitTestWorkarounds.build/Debug-watchos/WebKitTestWorkarounds-t.build/DerivedSources-normal/arm64_32 -Xcc -I/Users/admin/builder/spi-builder-workspace/.derivedData/Build/Intermediates.noindex/WebKitTestWorkarounds.build/Debug-watchos/WebKitTestWorkarounds-t.build/DerivedSources/arm64_32 -Xcc -I/Users/admin/builder/spi-builder-workspace/.derivedData/Build/Intermediates.noindex/WebKitTestWorkarounds.build/Debug-watchos/WebKitTestWorkarounds-t.build/DerivedSources -Xcc -DSWIFT_PACKAGE -Xcc -DDEBUG\=1 -emit-objc-header -emit-objc-header-path /Users/admin/builder/spi-builder-workspace/.derivedData/Build/Intermediates.noindex/WebKitTestWorkarounds.build/Debug-watchos/WebKitTestWorkarounds-t.build/Objects-normal/arm64_32/WebKitTestWorkarounds-Swift.h -working-directory /Users/admin/builder/spi-builder-workspace/.swiftpm/xcode -experimental-emit-module-separately -disable-cmo
SwiftDriver WebKitTestWorkarounds normal arm64 com.apple.xcode.tools.swift.compiler (in target 'WebKitTestWorkarounds' from project 'WebKitTestWorkarounds')
    cd /Users/admin/builder/spi-builder-workspace/.swiftpm/xcode
    builtin-SwiftDriver -- /Applications/Xcode-27.0.0.app/Contents/Developer/Toolchains/XcodeDefault.xctoolchain/usr/bin/swiftc -parse-as-library -module-name WebKitTestWorkarounds -Onone @/Users/admin/builder/spi-builder-workspace/.derivedData/Build/Intermediates.noindex/WebKitTestWorkarounds.build/Debug-watchos/WebKitTestWorkarounds-t.build/Objects-normal/arm64/WebKitTestWorkarounds.SwiftFileList -DSWIFT_PACKAGE -DDEBUG -DSWIFT_MODULE_RESOURCE_BUNDLE_UNAVAILABLE -Xcc -fmodule-map-file\=/Users/admin/builder/spi-builder-workspace/.derivedData/Build/Intermediates.noindex/GeneratedModuleMaps-watchos/WebKitTestWorkaroundsRuntime.modulemap -DXcode -enable-upcoming-feature ApproachableConcurrency -plugin-path /Applications/Xcode-27.0.0.app/Contents/Developer/Toolchains/XcodeDefault.xctoolchain/usr/lib/swift/host/plugins/testing -enable-experimental-feature DebugDescriptionMacro -sdk /Applications/Xcode-27.0.0.app/Contents/Developer/Platforms/WatchOS.platform/Developer/SDKs/WatchOS27.0.sdk -target arm64-apple-watchos10.0 -g -module-cache-path /Users/admin/builder/spi-builder-workspace/.derivedData/ModuleCache.noindex -Xfrontend -serialize-debugging-options -profile-coverage-mapping -profile-generate -enable-testing -index-store-path /Users/admin/builder/spi-builder-workspace/.derivedData/Index.noindex/DataStore -Xcc -D_LIBCPP_HARDENING_MODE\=_LIBCPP_HARDENING_MODE_DEBUG -swift-version 6 -I /Users/admin/builder/spi-builder-workspace/.derivedData/Build/Products/Debug-watchos -Isystem /Applications/Xcode-27.0.0.app/Contents/Developer/Platforms/WatchOS.platform/Developer/usr/lib -F /Users/admin/builder/spi-builder-workspace/.derivedData/Build/Products/Debug-watchos/PackageFrameworks -F /Users/admin/builder/spi-builder-workspace/.derivedData/Build/Products/Debug-watchos -F /Applications/Xcode-27.0.0.app/Contents/Developer/Platforms/WatchOS.platform/Developer/Library/Frameworks -F /Applications/Xcode-27.0.0.app/Contents/Developer/Platforms/WatchOS.platform/Developer/SDKs/WatchOS27.0.sdk/Developer/Library/Frameworks -c -j10 -enable-batch-mode -incremental -Xcc -ivfsstatcache -Xcc /Users/admin/builder/spi-builder-workspace/.derivedData/SDKStatCaches.noindex/watchos27.0-24R360-e829b21a6f8c9b70876ba0858053c044b9db9bc9c079ee3c7b5f3373b13d10bc.sdkstatcache -output-file-map /Users/admin/builder/spi-builder-workspace/.derivedData/Build/Intermediates.noindex/WebKitTestWorkarounds.build/Debug-watchos/WebKitTestWorkarounds-t.build/Objects-normal/arm64/WebKitTestWorkarounds-OutputFileMap.json -save-temps -no-color-diagnostics -explicit-module-build -module-cache-path /Users/admin/builder/spi-builder-workspace/.derivedData/Build/Intermediates.noindex/SwiftExplicitPrecompiledModules -clang-scanner-module-cache-path /Users/admin/builder/spi-builder-workspace/.derivedData/ModuleCache.noindex -sdk-module-cache-path /Users/admin/builder/spi-builder-workspace/.derivedData/SDKExplicitPrecompiledModules -emit-dependencies -emit-module -emit-module-path /Users/admin/builder/spi-builder-workspace/.derivedData/Build/Intermediates.noindex/WebKitTestWorkarounds.build/Debug-watchos/WebKitTestWorkarounds-t.build/Objects-normal/arm64/WebKitTestWorkarounds.swiftmodule -serialize-diagnostics -dependency-scan-serialize-diagnostics-path /Users/admin/builder/spi-builder-workspace/.derivedData/Build/Intermediates.noindex/WebKitTestWorkarounds.build/Debug-watchos/WebKitTestWorkarounds-t.build/Objects-normal/arm64/WebKitTestWorkarounds-dependency-scan.dia -validate-clang-modules-once -clang-build-session-file /Users/admin/builder/spi-builder-workspace/.derivedData/ModuleCache.noindex/Session.modulevalidation -Xcc -fmodules-prune-interval\=86400 -Xcc -fmodules-prune-after\=345600 -package-name spi_builder_workspace -emit-const-values -const-gather-protocols-list /Users/admin/builder/spi-builder-workspace/.derivedData/Build/Intermediates.noindex/WebKitTestWorkarounds.build/Debug-watchos/WebKitTestWorkarounds-t.build/Objects-normal/arm64/WebKitTestWorkarounds_const_extract_protocols.json -Xcc -I/Users/admin/builder/spi-builder-workspace/Sources/WebKitTestWorkaroundsRuntime/include -Xcc -I/Users/admin/builder/spi-builder-workspace/.derivedData/Build/Products/Debug-watchos/include -Xcc -I/Users/admin/builder/spi-builder-workspace/.derivedData/Build/Intermediates.noindex/WebKitTestWorkarounds.build/Debug-watchos/WebKitTestWorkarounds-t.build/DerivedSources-normal/arm64 -Xcc -I/Users/admin/builder/spi-builder-workspace/.derivedData/Build/Intermediates.noindex/WebKitTestWorkarounds.build/Debug-watchos/WebKitTestWorkarounds-t.build/DerivedSources/arm64 -Xcc -I/Users/admin/builder/spi-builder-workspace/.derivedData/Build/Intermediates.noindex/WebKitTestWorkarounds.build/Debug-watchos/WebKitTestWorkarounds-t.build/DerivedSources -Xcc -DSWIFT_PACKAGE -Xcc -DDEBUG\=1 -emit-objc-header -emit-objc-header-path /Users/admin/builder/spi-builder-workspace/.derivedData/Build/Intermediates.noindex/WebKitTestWorkarounds.build/Debug-watchos/WebKitTestWorkarounds-t.build/Objects-normal/arm64/WebKitTestWorkarounds-Swift.h -working-directory /Users/admin/builder/spi-builder-workspace/.swiftpm/xcode -experimental-emit-module-separately -disable-cmo
ScanDependencies /Users/admin/builder/spi-builder-workspace/.derivedData/Build/Intermediates.noindex/WebKitTestWorkarounds.build/Debug-watchos/WebKitTestWorkaroundsRuntime-t.build/Objects-normal/arm64/ScreenTimeRuntime.o /Users/admin/builder/spi-builder-workspace/Sources/WebKitTestWorkaroundsRuntime/ScreenTimeRuntime.m normal arm64 objective-c com.apple.compilers.llvm.clang.1_0.compiler (in target 'WebKitTestWorkaroundsRuntime' from project 'WebKitTestWorkarounds')
    cd /Users/admin/builder/spi-builder-workspace/.swiftpm/xcode

    Using response file: /Users/admin/builder/spi-builder-workspace/.derivedData/Build/Intermediates.noindex/WebKitTestWorkarounds.build/Debug-watchos/WebKitTestWorkaroundsRuntime-t.build/Objects-normal/arm64/e6072d4f65d7061329687fe24e3d63a7-common-args.resp

    builtin-ScanDependencies -o /Users/admin/builder/spi-builder-workspace/.derivedData/Build/Intermediates.noindex/WebKitTestWorkarounds.build/Debug-watchos/WebKitTestWorkaroundsRuntime-t.build/Objects-normal/arm64/ScreenTimeRuntime.o.scan -- /Applications/Xcode-27.0.0.app/Contents/Developer/Toolchains/XcodeDefault.xctoolchain/usr/bin/clang -x objective-c -ivfsstatcache /Users/admin/builder/spi-builder-workspace/.derivedData/SDKStatCaches.noindex/watchos27.0-24R360-e829b21a6f8c9b70876ba0858053c044b9db9bc9c079ee3c7b5f3373b13d10bc.sdkstatcache -target arm64-apple-watchos10.0 -fmessage-length\=0 -fdiagnostics-show-note-include-stack -fmacro-backtrace-limit\=0 -fno-color-diagnostics -fmodules-prune-interval\=86400 -fmodules-prune-after\=345600 -fbuild-session-file\=/Users/admin/builder/spi-builder-workspace/.derivedData/ModuleCache.noindex/Session.modulevalidation -fmodules-validate-once-per-build-session -Wnon-modular-include-in-framework-module -Werror\=non-modular-include-in-framework-module -Wno-trigraphs -Wno-missing-field-initializers -Wno-missing-prototypes -Wno-return-type -Wno-implicit-atomic-properties -Wno-objc-interface-ivars -Wno-arc-repeated-use-of-weak -Wno-missing-braces -Wparentheses -Wswitch -Wno-unused-function -Wno-unused-label -Wno-unused-parameter -Wno-unused-variable -Wunused-value -Wno-empty-body -Wno-uninitialized -Wno-unknown-pragmas -Wno-shadow -Wno-four-char-constants -Wno-conversion -Wno-constant-conversion -Wno-int-conversion -Wno-bool-conversion -Wno-enum-conversion -Wno-float-conversion -Wno-non-literal-null-conversion -Wno-objc-literal-conversion -Wshorten-64-to-32 -Wpointer-sign -Wno-newline-eof -Wno-selector -Wno-strict-selector-match -Wno-undeclared-selector -Wno-deprecated-implementations -Wno-implicit-fallthrough -isysroot /Applications/Xcode-27.0.0.app/Contents/Developer/Platforms/WatchOS.platform/Developer/SDKs/WatchOS27.0.sdk -fstrict-aliasing -Wprotocol -Wdeprecated-declarations -Wno-sign-conversion -Wno-infinite-recursion -Wno-comma -Wno-block-capture-autoreleasing -Wno-strict-prototypes -Wno-semicolon-before-method-body -index-store-path /Users/admin/builder/spi-builder-workspace/.derivedData/Index.noindex/DataStore @/Users/admin/builder/spi-builder-workspace/.derivedData/Build/Intermediates.noindex/WebKitTestWorkarounds.build/Debug-watchos/WebKitTestWorkaroundsRuntime-t.build/Objects-normal/arm64/e6072d4f65d7061329687fe24e3d63a7-common-args.resp -MMD -MT dependencies -MF /Users/admin/builder/spi-builder-workspace/.derivedData/Build/Intermediates.noindex/WebKitTestWorkarounds.build/Debug-watchos/WebKitTestWorkaroundsRuntime-t.build/Objects-normal/arm64/ScreenTimeRuntime.d --serialize-diagnostics /Users/admin/builder/spi-builder-workspace/.derivedData/Build/Intermediates.noindex/WebKitTestWorkarounds.build/Debug-watchos/WebKitTestWorkaroundsRuntime-t.build/Objects-normal/arm64/ScreenTimeRuntime.dia -c /Users/admin/builder/spi-builder-workspace/Sources/WebKitTestWorkaroundsRuntime/ScreenTimeRuntime.m -o /Users/admin/builder/spi-builder-workspace/.derivedData/Build/Intermediates.noindex/WebKitTestWorkarounds.build/Debug-watchos/WebKitTestWorkaroundsRuntime-t.build/Objects-normal/arm64/ScreenTimeRuntime.o -index-unit-output-path /WebKitTestWorkarounds.build/Debug-watchos/WebKitTestWorkaroundsRuntime-t.build/Objects-normal/arm64/ScreenTimeRuntime.o
/Users/admin/builder/spi-builder-workspace/Sources/WebKitTestWorkaroundsRuntime/ScreenTimeRuntime.m:2:9: error: 'WebKit/WebKit.h' file not found (in target 'WebKitTestWorkaroundsRuntime' from project 'WebKitTestWorkarounds')
ScanDependencies /Users/admin/builder/spi-builder-workspace/.derivedData/Build/Intermediates.noindex/WebKitTestWorkarounds.build/Debug-watchos/WebKitTestWorkaroundsRuntime-t.build/Objects-normal/arm64/LaunchctlRuntime.o /Users/admin/builder/spi-builder-workspace/Sources/WebKitTestWorkaroundsRuntime/LaunchctlRuntime.m normal arm64 objective-c com.apple.compilers.llvm.clang.1_0.compiler (in target 'WebKitTestWorkaroundsRuntime' from project 'WebKitTestWorkarounds')
    cd /Users/admin/builder/spi-builder-workspace/.swiftpm/xcode

    Using response file: /Users/admin/builder/spi-builder-workspace/.derivedData/Build/Intermediates.noindex/WebKitTestWorkarounds.build/Debug-watchos/WebKitTestWorkaroundsRuntime-t.build/Objects-normal/arm64/e6072d4f65d7061329687fe24e3d63a7-common-args.resp

    builtin-ScanDependencies -o /Users/admin/builder/spi-builder-workspace/.derivedData/Build/Intermediates.noindex/WebKitTestWorkarounds.build/Debug-watchos/WebKitTestWorkaroundsRuntime-t.build/Objects-normal/arm64/LaunchctlRuntime.o.scan -- /Applications/Xcode-27.0.0.app/Contents/Developer/Toolchains/XcodeDefault.xctoolchain/usr/bin/clang -x objective-c -ivfsstatcache /Users/admin/builder/spi-builder-workspace/.derivedData/SDKStatCaches.noindex/watchos27.0-24R360-e829b21a6f8c9b70876ba0858053c044b9db9bc9c079ee3c7b5f3373b13d10bc.sdkstatcache -target arm64-apple-watchos10.0 -fmessage-length\=0 -fdiagnostics-show-note-include-stack -fmacro-backtrace-limit\=0 -fno-color-diagnostics -fmodules-prune-interval\=86400 -fmodules-prune-after\=345600 -fbuild-session-file\=/Users/admin/builder/spi-builder-workspace/.derivedData/ModuleCache.noindex/Session.modulevalidation -fmodules-validate-once-per-build-session -Wnon-modular-include-in-framework-module -Werror\=non-modular-include-in-framework-module -Wno-trigraphs -Wno-missing-field-initializers -Wno-missing-prototypes -Wno-return-type -Wno-implicit-atomic-properties -Wno-objc-interface-ivars -Wno-arc-repeated-use-of-weak -Wno-missing-braces -Wparentheses -Wswitch -Wno-unused-function -Wno-unused-label -Wno-unused-parameter -Wno-unused-variable -Wunused-value -Wno-empty-body -Wno-uninitialized -Wno-unknown-pragmas -Wno-shadow -Wno-four-char-constants -Wno-conversion -Wno-constant-conversion -Wno-int-conversion -Wno-bool-conversion -Wno-enum-conversion -Wno-float-conversion -Wno-non-literal-null-conversion -Wno-objc-literal-conversion -Wshorten-64-to-32 -Wpointer-sign -Wno-newline-eof -Wno-selector -Wno-strict-selector-match -Wno-undeclared-selector -Wno-deprecated-implementations -Wno-implicit-fallthrough -isysroot /Applications/Xcode-27.0.0.app/Contents/Developer/Platforms/WatchOS.platform/Developer/SDKs/WatchOS27.0.sdk -fstrict-aliasing -Wprotocol -Wdeprecated-declarations -Wno-sign-conversion -Wno-infinite-recursion -Wno-comma -Wno-block-capture-autoreleasing -Wno-strict-prototypes -Wno-semicolon-before-method-body -index-store-path /Users/admin/builder/spi-builder-workspace/.derivedData/Index.noindex/DataStore @/Users/admin/builder/spi-builder-workspace/.derivedData/Build/Intermediates.noindex/WebKitTestWorkarounds.build/Debug-watchos/WebKitTestWorkaroundsRuntime-t.build/Objects-normal/arm64/e6072d4f65d7061329687fe24e3d63a7-common-args.resp -MMD -MT dependencies -MF /Users/admin/builder/spi-builder-workspace/.derivedData/Build/Intermediates.noindex/WebKitTestWorkarounds.build/Debug-watchos/WebKitTestWorkaroundsRuntime-t.build/Objects-normal/arm64/LaunchctlRuntime.d --serialize-diagnostics /Users/admin/builder/spi-builder-workspace/.derivedData/Build/Intermediates.noindex/WebKitTestWorkarounds.build/Debug-watchos/WebKitTestWorkaroundsRuntime-t.build/Objects-normal/arm64/LaunchctlRuntime.dia -c /Users/admin/builder/spi-builder-workspace/Sources/WebKitTestWorkaroundsRuntime/LaunchctlRuntime.m -o /Users/admin/builder/spi-builder-workspace/.derivedData/Build/Intermediates.noindex/WebKitTestWorkarounds.build/Debug-watchos/WebKitTestWorkaroundsRuntime-t.build/Objects-normal/arm64/LaunchctlRuntime.o -index-unit-output-path /WebKitTestWorkarounds.build/Debug-watchos/WebKitTestWorkaroundsRuntime-t.build/Objects-normal/arm64/LaunchctlRuntime.o
PruneExplicitPrecompiledModules /Users/admin/builder/spi-builder-workspace/.derivedData/Build/Intermediates.noindex/ExplicitPrecompiledModules
PruneExplicitPrecompiledModules /Users/admin/builder/spi-builder-workspace/.derivedData/Build/Intermediates.noindex/SwiftExplicitPrecompiledModules
PruneExplicitPrecompiledModules /Users/admin/builder/spi-builder-workspace/.derivedData/SDKExplicitPrecompiledModules
2026-10-21 03:17:57.186 xcodebuild[681:4406] [MT] IDERunDestination: Supported platforms for the buildables in the current scheme is empty.
** BUILD FAILED **
The following build commands failed:
	ScanDependencies /Users/admin/builder/spi-builder-workspace/.derivedData/Build/Intermediates.noindex/WebKitTestWorkarounds.build/Debug-watchos/WebKitTestWorkaroundsRuntime-t.build/Objects-normal/arm64_32/ScreenTimeRuntime.o /Users/admin/builder/spi-builder-workspace/Sources/WebKitTestWorkaroundsRuntime/ScreenTimeRuntime.m normal arm64_32 objective-c com.apple.compilers.llvm.clang.1_0.compiler (in target 'WebKitTestWorkaroundsRuntime' from project 'WebKitTestWorkarounds')
	ScanDependencies /Users/admin/builder/spi-builder-workspace/.derivedData/Build/Intermediates.noindex/WebKitTestWorkarounds.build/Debug-watchos/WebKitTestWorkaroundsRuntime-t.build/Objects-normal/arm64/ScreenTimeRuntime.o /Users/admin/builder/spi-builder-workspace/Sources/WebKitTestWorkaroundsRuntime/ScreenTimeRuntime.m normal arm64 objective-c com.apple.compilers.llvm.clang.1_0.compiler (in target 'WebKitTestWorkaroundsRuntime' from project 'WebKitTestWorkarounds')
	Building workspace WebKitTestWorkarounds with scheme WebKitTestWorkarounds
(3 failures)
BUILD FAILURE 6.4 watchOS