The Swift Package Index logo.Swift Package Index

Build Information

Failed to build BrowserKit, reference 26.9.12 (bbfce5), with Swift 6.2 for Wasm on 14 Sep 2026 12:20:21 UTC.

Build Command

bash -c docker run --pull=always --rm -v "checkouts-53886770-0":/host -w "$PWD" -e JAVA_HOME="/root/.sdkman/candidates/java/current" -e SPI_BUILD="1" -e SPI_PROCESSING="1" registry.gitlab.com/saguaro1/spi-images:wasm-6.2-latest swift build --swift-sdk swift-6.2-RELEASE_wasm 2>&1

Build Log

========================================
RunAll
========================================
Builder version: 5.0.2
Interrupt handler set up.
========================================
Checkout
========================================
Clone URL: https://github.com/markbattistella/BrowserKit.git
Reference: 26.9.12
Initialized empty Git repository in /host/spi-builder-workspace/.git/
hint: Using 'master' as the name for the initial branch. This default branch name
hint: is subject to change. To configure the initial branch name to use in all
hint: of your new repositories, which will suppress this warning, call:
hint:
hint: 	git config --global init.defaultBranch <name>
hint:
hint: Names commonly chosen instead of 'master' are 'main', 'trunk' and
hint: 'development'. The just-created branch can be renamed via this command:
hint:
hint: 	git branch -m <name>
From https://github.com/markbattistella/BrowserKit
 * tag               26.9.12    -> FETCH_HEAD
HEAD is now at bbfce56 2026-09-12
Cloned https://github.com/markbattistella/BrowserKit.git
Revision (git rev-parse @):
bbfce56eea73771a74fc8c0431632de4d5e4b6f3
SPI manifest file found: $PWD/.spi.yml
SUCCESS checkout https://github.com/markbattistella/BrowserKit.git at 26.9.12
========================================
Build
========================================
Selected platform:         wasm
Swift version:             6.2
Building package at path:  $PWD
https://github.com/markbattistella/BrowserKit.git
Running build ...
bash -c docker run --pull=always --rm -v "checkouts-53886770-0":/host -w "$PWD" -e JAVA_HOME="/root/.sdkman/candidates/java/current" -e SPI_BUILD="1" -e SPI_PROCESSING="1" registry.gitlab.com/saguaro1/spi-images:wasm-6.2-latest swift build --swift-sdk swift-6.2-RELEASE_wasm 2>&1
wasm-6.2-latest: Pulling from saguaro1/spi-images
Digest: sha256:ff44196b45f83e5a0a99a627b185f548850d9bc1242e3dee2178fb1570812fe8
Status: Image is up to date for registry.gitlab.com/saguaro1/spi-images:wasm-6.2-latest
Building for debugging...
[0/2] Write sources
[1/2] Write swift-version-24593BA9C3E375BF.txt
error: emit-module command failed with exit code 1 (use -v to see invocation)
[3/8] Emitting module BrowserKit
/host/spi-builder-workspace/Sources/BrowserKit/Internal/AgnosticViewRepresentable.swift:7:8: error: no such module 'SwiftUI'
 5 | //
 6 |
 7 | import SwiftUI
   |        `- error: no such module 'SwiftUI'
 8 |
 9 | #if os(iOS) || os(visionOS) || targetEnvironment(macCatalyst)
[4/8] Compiling BrowserKit AgnosticViewRepresentable.swift
/host/spi-builder-workspace/Sources/BrowserKit/Internal/AgnosticViewRepresentable.swift:7:8: error: no such module 'SwiftUI'
 5 | //
 6 |
 7 | import SwiftUI
   |        `- error: no such module 'SwiftUI'
 8 |
 9 | #if os(iOS) || os(visionOS) || targetEnvironment(macCatalyst)
[5/8] Compiling BrowserKit BrowserView.swift
/host/spi-builder-workspace/Sources/BrowserKit/Internal/AgnosticViewRepresentable.swift:7:8: error: no such module 'SwiftUI'
 5 | //
 6 |
 7 | import SwiftUI
   |        `- error: no such module 'SwiftUI'
 8 |
 9 | #if os(iOS) || os(visionOS) || targetEnvironment(macCatalyst)
[6/8] Compiling BrowserKit WebViewType.swift
/host/spi-builder-workspace/Sources/BrowserKit/Internal/AgnosticViewRepresentable.swift:7:8: error: no such module 'SwiftUI'
 5 | //
 6 |
 7 | import SwiftUI
   |        `- error: no such module 'SwiftUI'
 8 |
 9 | #if os(iOS) || os(visionOS) || targetEnvironment(macCatalyst)
[7/8] Compiling BrowserKit WebKitWebView.swift
/host/spi-builder-workspace/Sources/BrowserKit/Internal/AgnosticViewRepresentable.swift:7:8: error: no such module 'SwiftUI'
 5 | //
 6 |
 7 | import SwiftUI
   |        `- error: no such module 'SwiftUI'
 8 |
 9 | #if os(iOS) || os(visionOS) || targetEnvironment(macCatalyst)
[8/8] Compiling BrowserKit SafariWebView.swift
/host/spi-builder-workspace/Sources/BrowserKit/Internal/AgnosticViewRepresentable.swift:7:8: error: no such module 'SwiftUI'
 5 | //
 6 |
 7 | import SwiftUI
   |        `- error: no such module 'SwiftUI'
 8 |
 9 | #if os(iOS) || os(visionOS) || targetEnvironment(macCatalyst)
BUILD FAILURE 6.2 wasm