The Swift Package Index logo.Swift Package Index

Build Information

Failed to build GoogleCloudRunV2, reference 0.5.0 (bcecd3), with Swift 6.2 for Android on 12 Oct 2026 03:09:23 UTC.

Build Command

bash -c docker run --pull=always --rm -v "checkouts-54344845-0":/host -w "$PWD" -e JAVA_HOME="/root/.sdkman/candidates/java/current" -e SPI_BUILD="1" -e SPI_PROCESSING="1" registry.gitlab.com/saguaro1/spi-images:android-6.2-latest swift build --swift-sdk aarch64-unknown-linux-android28 2>&1

Build Log

========================================
RunAll
========================================
Builder version: 5.1.1
Interrupt handler set up.
========================================
Checkout
========================================
Clone URL: https://github.com/googleapis/swift-google-cloud-run-v2.git
Reference: 0.5.0
Initialized empty Git repository in /host/spi-builder-workspace/.git/
hint: Using 'master' as the name for the initial branch. This default branch name
hint: is subject to change. To configure the initial branch name to use in all
hint: of your new repositories, which will suppress this warning, call:
hint:
hint: 	git config --global init.defaultBranch <name>
hint:
hint: Names commonly chosen instead of 'master' are 'main', 'trunk' and
hint: 'development'. The just-created branch can be renamed via this command:
hint:
hint: 	git branch -m <name>
From https://github.com/googleapis/swift-google-cloud-run-v2
 * tag               0.5.0      -> FETCH_HEAD
HEAD is now at bcecd3f chore: release circa 2026-10-07 (#1382)
Cloned https://github.com/googleapis/swift-google-cloud-run-v2.git
Revision (git rev-parse @):
bcecd3f5be60c72cecd6624f298f0f22155c8783
SPI manifest file found: $PWD/.spi.yml
SUCCESS checkout https://github.com/googleapis/swift-google-cloud-run-v2.git at 0.5.0
========================================
Build
========================================
Selected platform:         android
Swift version:             6.2
Building package at path:  $PWD
https://github.com/googleapis/swift-google-cloud-run-v2.git
Running build ...
bash -c docker run --pull=always --rm -v "checkouts-54344845-0":/host -w "$PWD" -e JAVA_HOME="/root/.sdkman/candidates/java/current" -e SPI_BUILD="1" -e SPI_PROCESSING="1" registry.gitlab.com/saguaro1/spi-images:android-6.2-latest swift build --swift-sdk aarch64-unknown-linux-android28 2>&1
android-6.2-latest: Pulling from saguaro1/spi-images
Digest: sha256:a839c9ce201f1dacc8eb056626ec7ab0a1c6d53d7b77c83feda395f4507c51be
Status: Image is up to date for registry.gitlab.com/saguaro1/spi-images:android-6.2-latest
Fetching https://github.com/googleapis/swift-google-rpc
Fetching https://github.com/apple/swift-log
Fetching https://github.com/googleapis/swift-google-wkt
Fetching https://github.com/googleapis/swift-google-longrunning
Fetching https://github.com/googleapis/swift-google-iam-v1
Fetching https://github.com/googleapis/swift-google-gax
[1/422] Fetching swift-google-rpc
[52/1128] Fetching swift-google-rpc, swift-google-iam-v1
[833/9385] Fetching swift-google-rpc, swift-google-iam-v1, swift-log
[834/10004] Fetching swift-google-rpc, swift-google-iam-v1, swift-log, swift-google-longrunning
[1491/11027] Fetching swift-google-rpc, swift-google-iam-v1, swift-log, swift-google-longrunning, swift-google-wkt
[3541/12775] Fetching swift-google-rpc, swift-google-iam-v1, swift-log, swift-google-longrunning, swift-google-wkt, swift-google-gax
Fetched https://github.com/googleapis/swift-google-iam-v1 from cache (0.45s)
Fetched https://github.com/googleapis/swift-google-longrunning from cache (0.45s)
Fetched https://github.com/googleapis/swift-google-rpc from cache (0.45s)
Fetched https://github.com/googleapis/swift-google-wkt from cache (0.45s)
[3978/10005] Fetching swift-log, swift-google-gax
Fetching https://github.com/googleapis/swift-google-auth
Fetching https://github.com/googleapis/swift-google-api
Fetched https://github.com/googleapis/swift-google-gax from cache (0.49s)
Fetched https://github.com/apple/swift-log from cache (0.56s)
[1/1023] Fetching swift-google-auth
[656/2086] Fetching swift-google-auth, swift-google-api
Fetched https://github.com/googleapis/swift-google-auth from cache (0.44s)
[149/1063] Fetching swift-google-api
Fetched https://github.com/googleapis/swift-google-api from cache (0.49s)
Computing version for https://github.com/googleapis/swift-google-wkt
Computed https://github.com/googleapis/swift-google-wkt at 0.5.0 (1.12s)
Fetching https://github.com/swift-extras/swift-extras-base64
[1/954] Fetching swift-extras-base64
Fetched https://github.com/swift-extras/swift-extras-base64 from cache (0.38s)
Computing version for https://github.com/googleapis/swift-google-rpc
Computed https://github.com/googleapis/swift-google-rpc at 0.5.0 (0.56s)
Computing version for https://github.com/googleapis/swift-google-longrunning
Computed https://github.com/googleapis/swift-google-longrunning at 0.5.0 (0.19s)
Computing version for https://github.com/googleapis/swift-google-iam-v1
Computed https://github.com/googleapis/swift-google-iam-v1 at 0.5.0 (0.17s)
Fetching https://github.com/googleapis/swift-google-type
[1/437] Fetching swift-google-type
Fetched https://github.com/googleapis/swift-google-type from cache (0.37s)
Computing version for https://github.com/googleapis/swift-google-gax
Computed https://github.com/googleapis/swift-google-gax at 0.5.0 (0.56s)
Fetching https://github.com/apple/swift-nio
Fetching https://github.com/swift-server/async-http-client.git
[1/16464] Fetching async-http-client
[16465/102838] Fetching async-http-client, swift-nio
Fetched https://github.com/swift-server/async-http-client.git from cache (3.68s)
Fetched https://github.com/apple/swift-nio from cache (3.73s)
Computing version for https://github.com/googleapis/swift-google-auth
Computed https://github.com/googleapis/swift-google-auth at 0.5.0 (3.92s)
Fetching https://github.com/vapor/jwt-kit.git
Fetching https://github.com/apple/swift-system.git
[1/7241] Fetching swift-system
[2608/17495] Fetching swift-system, jwt-kit
Fetched https://github.com/apple/swift-system.git from cache (0.67s)
[2667/10254] Fetching jwt-kit
Fetched https://github.com/vapor/jwt-kit.git from cache (0.91s)
Computing version for https://github.com/googleapis/swift-google-api
Computed https://github.com/googleapis/swift-google-api at 0.5.0 (1.08s)
Computing version for https://github.com/googleapis/swift-google-type
Computed https://github.com/googleapis/swift-google-type at 0.5.0 (0.16s)
Computing version for https://github.com/swift-extras/swift-extras-base64
Computed https://github.com/swift-extras/swift-extras-base64 at 1.2.0 (0.14s)
Computing version for https://github.com/swift-server/async-http-client.git
Computed https://github.com/swift-server/async-http-client.git at 1.36.2 (0.18s)
Fetching https://github.com/apple/swift-nio-http2.git
Fetching https://github.com/apple/swift-nio-extras.git
Fetching https://github.com/apple/swift-algorithms.git
Fetching https://github.com/apple/swift-atomics.git
Fetching https://github.com/apple/swift-distributed-tracing.git
Fetching https://github.com/apple/swift-configuration.git
[1/1889] Fetching swift-atomics
[77/5817] Fetching swift-atomics, swift-configuration
[789/11981] Fetching swift-atomics, swift-configuration, swift-algorithms
[5755/18684] Fetching swift-atomics, swift-configuration, swift-algorithms, swift-nio-extras
[11983/30978] Fetching swift-atomics, swift-configuration, swift-algorithms, swift-nio-extras, swift-nio-http2
Fetched https://github.com/apple/swift-configuration.git from cache (0.53s)
Fetching https://github.com/apple/swift-nio-ssl.git
[13719/33601] Fetching swift-atomics, swift-algorithms, swift-nio-extras, swift-nio-http2, swift-distributed-tracing
Fetched https://github.com/apple/swift-atomics.git from cache (0.80s)
Fetched https://github.com/apple/swift-algorithms.git from cache (0.80s)
Fetched https://github.com/apple/swift-nio-extras.git from cache (0.80s)
Fetched https://github.com/apple/swift-distributed-tracing.git from cache (0.80s)
Fetching https://github.com/apple/swift-nio-transport-services.git
Fetching https://github.com/apple/swift-service-context.git
[1/16880] Fetching swift-nio-ssl
Fetched https://github.com/apple/swift-nio-http2.git from cache (1.05s)
[3040/18381] Fetching swift-nio-ssl, swift-service-context
[4012/21248] Fetching swift-nio-ssl, swift-service-context, swift-nio-transport-services
Fetched https://github.com/apple/swift-service-context.git from cache (0.42s)
[6594/19747] Fetching swift-nio-ssl, swift-nio-transport-services
Fetched https://github.com/apple/swift-nio-transport-services.git from cache (0.48s)
[5908/16880] Fetching swift-nio-ssl
Fetched https://github.com/apple/swift-nio-ssl.git from cache (1.36s)
Computing version for https://github.com/apple/swift-service-context.git
Computed https://github.com/apple/swift-service-context.git at 1.3.0 (2.05s)
Computing version for https://github.com/apple/swift-algorithms.git
Computed https://github.com/apple/swift-algorithms.git at 1.2.1 (1.16s)
Fetching https://github.com/apple/swift-numerics.git
[1/6742] Fetching swift-numerics
Fetched https://github.com/apple/swift-numerics.git from cache (0.50s)
Computing version for https://github.com/apple/swift-log
Computed https://github.com/apple/swift-log at 1.16.1 (0.66s)
Computing version for https://github.com/apple/swift-distributed-tracing.git
Computed https://github.com/apple/swift-distributed-tracing.git at 1.5.0 (0.16s)
Computing version for https://github.com/apple/swift-atomics.git
Computed https://github.com/apple/swift-atomics.git at 1.3.1 (0.16s)
Computing version for https://github.com/apple/swift-numerics.git
Computed https://github.com/apple/swift-numerics.git at 1.1.1 (0.14s)
Computing version for https://github.com/apple/swift-nio
Computed https://github.com/apple/swift-nio at 2.104.0 (0.36s)
Fetching https://github.com/apple/swift-collections.git
[1/28703] Fetching swift-collections
Fetched https://github.com/apple/swift-collections.git from cache (1.18s)
Computing version for https://github.com/apple/swift-configuration.git
Computed https://github.com/apple/swift-configuration.git at 1.2.2 (2.07s)
Fetching https://github.com/swift-server/swift-service-lifecycle
[1/2867] Fetching swift-service-lifecycle
Fetched https://github.com/swift-server/swift-service-lifecycle from cache (0.71s)
Computing version for https://github.com/apple/swift-nio-transport-services.git
Computed https://github.com/apple/swift-nio-transport-services.git at 1.28.0 (0.88s)
Computing version for https://github.com/swift-server/swift-service-lifecycle
Computed https://github.com/swift-server/swift-service-lifecycle at 2.12.1 (0.15s)
Fetching https://github.com/apple/swift-async-algorithms.git
[1/6820] Fetching swift-async-algorithms
Fetched https://github.com/apple/swift-async-algorithms.git from cache (0.62s)
Computing version for https://github.com/apple/swift-async-algorithms.git
Computed https://github.com/apple/swift-async-algorithms.git at 1.1.7 (0.85s)
Computing version for https://github.com/apple/swift-collections.git
Computed https://github.com/apple/swift-collections.git at 1.7.2 (0.25s)
Computing version for https://github.com/apple/swift-nio-http2.git
Computed https://github.com/apple/swift-nio-http2.git at 1.46.0 (0.17s)
Computing version for https://github.com/vapor/jwt-kit.git
Computed https://github.com/vapor/jwt-kit.git at 5.7.1 (0.15s)
Fetching https://github.com/apple/swift-certificates.git
Fetching https://github.com/apple/swift-crypto.git
[1/18629] Fetching swift-crypto
[747/26242] Fetching swift-crypto, swift-certificates
Fetched https://github.com/apple/swift-certificates.git from cache (0.68s)
[2236/18629] Fetching swift-crypto
Fetched https://github.com/apple/swift-crypto.git from cache (1.30s)
Computing version for https://github.com/apple/swift-crypto.git
Computed https://github.com/apple/swift-crypto.git at 4.5.2 (1.98s)
Fetching https://github.com/apple/swift-asn1.git
[21/2009] Fetching swift-asn1
Fetched https://github.com/apple/swift-asn1.git from cache (0.61s)
Computing version for https://github.com/apple/swift-asn1.git
Computed https://github.com/apple/swift-asn1.git at 1.7.3 (0.80s)
Computing version for https://github.com/apple/swift-certificates.git
Computed https://github.com/apple/swift-certificates.git at 1.21.0 (0.21s)
Computing version for https://github.com/apple/swift-nio-ssl.git
Computed https://github.com/apple/swift-nio-ssl.git at 2.37.5 (0.20s)
Computing version for https://github.com/apple/swift-system.git
Computed https://github.com/apple/swift-system.git at 1.8.1 (0.19s)
Computing version for https://github.com/apple/swift-nio-extras.git
Computed https://github.com/apple/swift-nio-extras.git at 1.35.1 (0.28s)
Fetching https://github.com/apple/swift-http-structured-headers.git
Fetching https://github.com/apple/swift-http-types.git
[1/1939] Fetching swift-http-types
[1184/3192] Fetching swift-http-types, swift-http-structured-headers
Fetched https://github.com/apple/swift-http-types.git from cache (0.44s)
Fetched https://github.com/apple/swift-http-structured-headers.git from cache (0.45s)
Computing version for https://github.com/apple/swift-http-structured-headers.git
Computed https://github.com/apple/swift-http-structured-headers.git at 1.7.0 (0.60s)
Computing version for https://github.com/apple/swift-http-types.git
Computed https://github.com/apple/swift-http-types.git at 1.8.0 (0.18s)
Creating working copy for https://github.com/apple/swift-async-algorithms.git
Working copy of https://github.com/apple/swift-async-algorithms.git resolved at 1.1.7
Creating working copy for https://github.com/apple/swift-collections.git
Working copy of https://github.com/apple/swift-collections.git resolved at 1.7.2
Creating working copy for https://github.com/apple/swift-certificates.git
Working copy of https://github.com/apple/swift-certificates.git resolved at 1.21.0
Creating working copy for https://github.com/googleapis/swift-google-auth
Working copy of https://github.com/googleapis/swift-google-auth resolved at 0.5.0
Creating working copy for https://github.com/googleapis/swift-google-iam-v1
Working copy of https://github.com/googleapis/swift-google-iam-v1 resolved at 0.5.0
Creating working copy for https://github.com/googleapis/swift-google-rpc
Working copy of https://github.com/googleapis/swift-google-rpc resolved at 0.5.0
Creating working copy for https://github.com/googleapis/swift-google-api
Working copy of https://github.com/googleapis/swift-google-api resolved at 0.5.0
Creating working copy for https://github.com/apple/swift-nio-http2.git
Working copy of https://github.com/apple/swift-nio-http2.git resolved at 1.46.0
Creating working copy for https://github.com/apple/swift-distributed-tracing.git
Working copy of https://github.com/apple/swift-distributed-tracing.git resolved at 1.5.0
Creating working copy for https://github.com/googleapis/swift-google-wkt
Working copy of https://github.com/googleapis/swift-google-wkt resolved at 0.5.0
Creating working copy for https://github.com/apple/swift-nio
Working copy of https://github.com/apple/swift-nio resolved at 2.104.0
Creating working copy for https://github.com/swift-extras/swift-extras-base64
Working copy of https://github.com/swift-extras/swift-extras-base64 resolved at 1.2.0
Creating working copy for https://github.com/apple/swift-log
Working copy of https://github.com/apple/swift-log resolved at 1.16.1
Creating working copy for https://github.com/apple/swift-system.git
Working copy of https://github.com/apple/swift-system.git resolved at 1.8.1
Creating working copy for https://github.com/apple/swift-atomics.git
Working copy of https://github.com/apple/swift-atomics.git resolved at 1.3.1
Creating working copy for https://github.com/googleapis/swift-google-type
Working copy of https://github.com/googleapis/swift-google-type resolved at 0.5.0
Creating working copy for https://github.com/apple/swift-algorithms.git
Working copy of https://github.com/apple/swift-algorithms.git resolved at 1.2.1
Creating working copy for https://github.com/apple/swift-crypto.git
Working copy of https://github.com/apple/swift-crypto.git resolved at 4.5.2
Creating working copy for https://github.com/apple/swift-configuration.git
Working copy of https://github.com/apple/swift-configuration.git resolved at 1.2.2
Creating working copy for https://github.com/apple/swift-asn1.git
Working copy of https://github.com/apple/swift-asn1.git resolved at 1.7.3
Creating working copy for https://github.com/swift-server/async-http-client.git
Working copy of https://github.com/swift-server/async-http-client.git resolved at 1.36.2
Creating working copy for https://github.com/googleapis/swift-google-gax
Working copy of https://github.com/googleapis/swift-google-gax resolved at 0.5.0
Creating working copy for https://github.com/googleapis/swift-google-longrunning
Working copy of https://github.com/googleapis/swift-google-longrunning resolved at 0.5.0
Creating working copy for https://github.com/apple/swift-http-structured-headers.git
Working copy of https://github.com/apple/swift-http-structured-headers.git resolved at 1.7.0
Creating working copy for https://github.com/apple/swift-http-types.git
Working copy of https://github.com/apple/swift-http-types.git resolved at 1.8.0
Creating working copy for https://github.com/apple/swift-numerics.git
Working copy of https://github.com/apple/swift-numerics.git resolved at 1.1.1
Creating working copy for https://github.com/apple/swift-service-context.git
Working copy of https://github.com/apple/swift-service-context.git resolved at 1.3.0
Creating working copy for https://github.com/swift-server/swift-service-lifecycle
Working copy of https://github.com/swift-server/swift-service-lifecycle resolved at 2.12.1
Creating working copy for https://github.com/apple/swift-nio-extras.git
Working copy of https://github.com/apple/swift-nio-extras.git resolved at 1.35.1
Creating working copy for https://github.com/vapor/jwt-kit.git
Working copy of https://github.com/vapor/jwt-kit.git resolved at 5.7.1
Creating working copy for https://github.com/apple/swift-nio-ssl.git
Working copy of https://github.com/apple/swift-nio-ssl.git resolved at 2.37.5
Creating working copy for https://github.com/apple/swift-nio-transport-services.git
Working copy of https://github.com/apple/swift-nio-transport-services.git resolved at 1.28.0
Building for debugging...
[0/1186] Compiling _NumericsShims _NumericsShims.c
[0/1186] Write sources
[5/1186] Compiling _AtomicsShims.c
[6/1186] Write sources
[114/1186] Write swift-version--11D90AFD9DD3AB2.txt
[115/1186] Compiling CXKCPShims shims.c
[116/1186] Compiling SimpleFIPS202.c
[117/1192] Compiling a_d2i_fp.cc
[118/1192] Compiling aes.cc
[119/1211] Compiling a_bitstr.cc
[121/1214] Emitting module _CertificateInternals
[122/1214] Emitting module _NIOBase64
[122/1214] Compiling a_strex.cc
[123/1225] Compiling a_mbstr.cc
[124/1236] Compiling a_int.cc
[126/1264] Emitting module Logging
[127/1265] Compiling InternalCollectionsUtilities BorrowingIteratorProtocol+Equality.swift
[128/1265] Compiling InternalCollectionsUtilities BorrowingIteratorProtocol+Extras.swift
[129/1265] Compiling InternalCollectionsUtilities Debugging.swift
[130/1265] Compiling InternalCollectionsUtilities Descriptions.swift
[131/1265] Emitting module InternalCollectionsUtilities
[132/1268] Compiling InternalCollectionsUtilities MutableSpan+Extras.swift
[133/1268] Compiling InternalCollectionsUtilities OutputSpan+Extras.swift
[134/1268] Compiling InternalCollectionsUtilities RandomAccessCollection+Offsets.swift
[135/1268] Compiling InternalCollectionsUtilities Span+Extras.swift
[136/1268] Compiling InternalCollectionsUtilities UnsafeMutablePointer+Extras.swift
[137/1268] Compiling InternalCollectionsUtilities UnsafeMutableRawBufferPointer+Extras.swift
[138/1268] Compiling InternalCollectionsUtilities UnsafePointer+Extras.swift
[139/1268] Compiling ServiceContextModule ServiceContextKey.swift
[140/1268] Compiling InternalCollectionsUtilities FixedWidthInteger+roundUpToPowerOfTwo.swift
[141/1268] Compiling InternalCollectionsUtilities Integer rank.swift
[142/1268] Compiling InternalCollectionsUtilities UInt+first and last set bit.swift
[143/1268] Compiling InternalCollectionsUtilities UInt+reversed.swift
[144/1268] Compiling RealModule RealFunctions.swift
[145/1269] Compiling RealModule Float80+Real.swift
[146/1269] Compiling InternalCollectionsUtilities Iterable+CopyContents.swift
[147/1269] Compiling InternalCollectionsUtilities Iterable+Equality.swift
[148/1269] Compiling InternalCollectionsUtilities LifetimeOverride.swift
[149/1269] Compiling InternalCollectionsUtilities MutableRef.swift
[150/1269] Compiling Logging LoggingSystem.swift
[151/1269] Compiling _NIODataStructures PriorityQueue.swift
[152/1269] Compiling InternalCollectionsUtilities Strideable+LimitHelpers.swift
[153/1269] Compiling InternalCollectionsUtilities String+Padding.swift
[154/1269] Compiling InternalCollectionsUtilities TemporaryAllocation.swift
[155/1269] Compiling InternalCollectionsUtilities _UnsafeBitSet+Index.swift
[156/1269] Compiling InternalCollectionsUtilities _UnsafeBitSet+_Word.swift
[157/1269] Compiling InternalCollectionsUtilities _UnsafeBitSet.swift
[158/1269] Compiling InternalCollectionsUtilities UnsafeBufferPointer+Extras.swift
[159/1269] Compiling InternalCollectionsUtilities UnsafeMutableBufferPointer+Extras.swift
[160/1269] Compiling _NIOBase64 Base64.swift
[161/1269] Compiling RealModule Real.swift
[164/1270] Emitting module RealModule
[169/1270] Compiling RealModule Float16+Real.swift
[171/1270] Compiling ServiceContextModule ServiceContext.swift
[172/1270] Emitting module ServiceContextModule
[173/1271] Emitting module _NIODataStructures
[174/1271] Compiling Logging Logger+Attributes.swift
[175/1271] Compiling InternalCollectionsUtilities UnsafeRawBufferPointer+Extras.swift
[176/1271] Compiling InternalCollectionsUtilities _SortedCollection.swift
[177/1271] Compiling InternalCollectionsUtilities _UniqueCollection.swift
[179/1272] Compiling RealModule RelaxedArithmetic.swift
[180/1272] Compiling _CertificateInternals _TinyArray.swift
[181/1274] Compiling _NIODataStructures _TinyArray.swift
[182/1274] Compiling _NIODataStructures Heap.swift
[185/1280] Wrapping AST for _NIOBase64 for debugging
[187/1280] Wrapping AST for _CertificateInternals for debugging
[188/1281] Wrapping AST for ServiceContextModule for debugging
[192/1292] Wrapping AST for _NIODataStructures for debugging
[194/1292] Compiling Logging Logger.swift
[197/1292] Compiling Logging Logger+With.swift
[197/1292] Wrapping AST for RealModule for debugging
[198/1292] Wrapping AST for InternalCollectionsUtilities for debugging
[199/1292] Compiling KeccakSponge.c
[201/1292] Compiling SpanPreview InputSpan.swift
[202/1292] Compiling SpanPreview OutputSpan+InputSpanHelpers.swift
[203/1292] Emitting module SpanPreview
[204/1292] Compiling SpanPreview MutableSpan+InputSpanHelpers.swift
[204/1293] Compiling KeccakHash.c
[206/1293] Compiling Instrumentation NoOpInstrument.swift
[206/1293] Compiling CSystem shims.c
[208/1293] Compiling CNIOWindows WSAStartup.c
[209/1293] Compiling CNIOWindows shim.c
[210/1299] Compiling CNIOWASI CNIOWASI.c
[212/1330] Compiling Instrumentation MultiplexInstrument.swift
[212/1330] Wrapping AST for SpanPreview for debugging
[213/1372] Compiling CNIOPosix event_loop_id.c
[214/1372] Compiling CNIOOpenBSD shim.c
[216/1372] Emitting module Instrumentation
[217/1372] Compiling DequeModule RigidDeque+Append.swift
[218/1372] Compiling DequeModule RigidDeque+Consumption.swift
[219/1372] Compiling DequeModule Deque+Testing.swift
[220/1372] Compiling DequeModule Deque._Storage.swift
[221/1372] Compiling DequeModule Deque+Extras.swift
[222/1372] Compiling DequeModule Deque+Hashable.swift
[222/1372] Compiling CNIOLinux shim.c
[223/1372] Compiling CNIOLinux liburing_shims.c
[224/1372] Compiling KeccakP-1600-opt64.c
[225/1372] Compiling CNIOLLHTTP c_nio_http.c
[226/1372] Compiling CNIOLLHTTP c_nio_api.c
[228/1372] Compiling DequeModule UniqueDeque+Consumption.swift
[229/1372] Compiling DequeModule UniqueDeque+ContainerOperations.swift
[230/1372] Compiling DequeModule UniqueDeque+Deprecations.swift
[231/1372] Compiling DequeModule UniqueDeque+Descriptions.swift
[232/1372] Compiling DequeModule UniqueDeque+Equatable.swift
[233/1372] Compiling DequeModule UniqueDeque+Hashable.swift
[234/1372] Compiling DequeModule UniqueDeque+Initializers.swift
[235/1372] Compiling DequeModule UniqueDeque+Insertions.swift
[236/1372] Compiling DequeModule UniqueDeque+Iterable.swift
[237/1372] Compiling DequeModule UniqueDeque+Prepend.swift
[238/1372] Compiling DequeModule UniqueDeque+Removals.swift
[238/1377] Compiling CNIOFreeBSD shim.c
[239/1377] Compiling CNIOLLHTTP c_nio_llhttp.c
[241/1377] Compiling DequeModule _DequeBuffer.swift
[242/1377] Compiling DequeModule _DequeBufferHeader.swift
[245/1377] Compiling DequeModule RigidDeque+ContainerOperations.swift
[246/1377] Compiling DequeModule RigidDeque+Deprecations.swift
[246/1377] Compiling CNIOExtrasZlib zutil.c
[247/1377] Compiling CNIOExtrasZlib trees.c
[249/1377] Compiling DequeModule RigidDeque+Prepend.swift
[250/1377] Compiling DequeModule RigidDeque+Removals.swift
[251/1377] Compiling DequeModule RigidDeque+Replacements.swift
[252/1377] Compiling DequeModule RigidDeque+Testing.swift
[253/1377] Compiling DequeModule RigidDeque.swift
[254/1377] Compiling DequeModule UniqueDeque+Append.swift
[255/1377] Compiling DequeModule RigidDeque+Descriptions.swift
[256/1377] Compiling DequeModule RigidDeque+Equatable.swift
[257/1377] Compiling DequeModule RigidDeque+Hashable.swift
[258/1377] Compiling DequeModule RigidDeque+Initializers.swift
[259/1377] Compiling DequeModule RigidDeque+Insertions.swift
[260/1377] Compiling DequeModule RigidDeque+Iterable.swift
[260/1377] Compiling CNIOExtrasZlib inftrees.c
[261/1377] Compiling CNIOExtrasZlib inffast.c
[262/1377] Compiling CNIOExtrasZlib inflate.c
[263/1377] Compiling CNIOExtrasZlib crc32.c
[267/1377] Emitting module SystemPackage
[267/1377] Compiling CNIOExtrasZlib adler32.c
[268/1382] Compiling CNIODarwin shim.c
[269/1382] Compiling CNIOExtrasZlib deflate.c
[270/1382] Compiling fiat_p256_adx_sqr.S
[271/1382] Compiling fiat_p256_adx_mul.S
[272/1382] Compiling fiat_curve25519_adx_square.S
[274/1382] Compiling DequeModule Deque+Codable.swift
[275/1382] Compiling DequeModule Deque+Collection.swift
[276/1382] Compiling DequeModule Deque+CustomReflectable.swift
[277/1382] Emitting module SwiftASN1
[277/1382] Compiling fiat_curve25519_adx_mul.S
[282/1382] Compiling DequeModule Deque+Descriptions.swift
[283/1382] Compiling DequeModule Deque+Equatable.swift
[284/1382] Compiling DequeModule Deque+ExpressibleByArrayLiteral.swift
[289/1382] Compiling DequeModule Deque._UnsafeHandle.swift
[290/1382] Compiling DequeModule Deque.swift
[291/1382] Compiling ExtrasBase64 Base32+Span.swift
[291/1382] Compiling CNIOBoringSSLShims shims.c
[312/1382] Compiling Logging MetadataProvider.swift
[322/1383] Compiling Instrumentation Locks.swift
[323/1383] Compiling Instrumentation Instrument.swift
[324/1383] Compiling Instrumentation InstrumentationSystem.swift
[344/1393] Compiling Tracing TracingTime.swift
[345/1394] Compiling Tracing TracerProtocol.swift
[346/1394] Compiling Tracing Tracer.swift
[347/1394] Compiling Tracing TracerProtocol+Legacy.swift
[348/1394] Compiling Tracing WithTracer.swift
[349/1394] Compiling SystemPackage SystemString.swift
[350/1394] Compiling SystemPackage Util+StringArray.swift
[351/1394] Compiling SystemPackage Util.swift
[352/1394] Compiling SystemPackage UtilConsumers.swift
[353/1394] Compiling SystemPackage WinSDK+Overlay.swift
[354/1395] Wrapping AST for SwiftASN1 for debugging
[355/1395] Wrapping AST for SystemPackage for debugging
[356/1395] Wrapping AST for Logging for debugging
[358/1395] Compiling Tracing NoOpTracer.swift
[359/1395] Emitting module Tracing
[360/1395] Compiling Tracing SpanProtocol.swift
[361/1395] Compiling Tracing InstrumentationSystem+Tracing.swift
[362/1396] Wrapping AST for Instrumentation for debugging
[363/1396] Compiling tls_record.cc
[364/1396] Wrapping AST for Tracing for debugging
[365/1396] Compiling tls_method.cc
[366/1396] Compiling tls13_enc.cc
[367/1396] Compiling tls13_server.cc
[369/1396] Emitting module DequeModule
[370/1396] Compiling DequeModule UniqueDeque+Replacements.swift
[371/1396] Compiling DequeModule UniqueDeque.swift
[372/1396] Compiling DequeModule _DequeSlot.swift
[373/1396] Compiling DequeModule _UnsafeDequeHandle.swift
[374/1396] Compiling DequeModule _UnsafeDequeSegments.swift
[374/1397] Compiling tls13_both.cc
[376/1397] Compiling tls13_client.cc
[377/1397] Wrapping AST for DequeModule for debugging
[378/1440] Compiling t1_enc.cc
[379/1440] Compiling ssl_versions.cc
[380/1440] Compiling ssl_transcript.cc
[381/1440] Compiling ssl_x509.cc
[382/1440] Compiling ssl_stat.cc
[383/1440] Compiling ssl_privkey.cc
[385/1440] Compiling Configuration EnvironmentKeyEncoder.swift
[386/1440] Compiling Configuration EnvironmentVariablesProvider.swift
[387/1440] Compiling Configuration CommonProviderFileSystem.swift
[388/1440] Compiling Configuration DirectoryFilesProvider.swift
[389/1440] Compiling Configuration FileProvider.swift
[390/1440] Compiling Configuration FileProviderSnapshot.swift
[390/1445] Compiling ssl_file.cc
[391/1445] Compiling ssl_session.cc
[392/1445] Compiling ssl_key_share.cc
[394/1445] Emitting module ExtrasBase64
[394/1445] Compiling ssl_lib.cc
[396/1445] Compiling ExtrasBase64 Base32.swift
[397/1445] Compiling ExtrasBase64 Base64.swift
[398/1445] Compiling ExtrasBase64 Base64+Span.swift
[399/1446] Compiling ssl_credential.cc
[400/1477] Compiling ssl_cipher.cc
[401/1477] Compiling ssl_cert.cc
[401/1477] Wrapping AST for ExtrasBase64 for debugging
[404/1477] Compiling GoogleWKT WKTUInt32Value.swift
[405/1477] Compiling GoogleWKT WKTUInt64Value.swift
[406/1477] Compiling GoogleWKT WKTField.swift
[407/1477] Compiling GoogleWKT WKTMethod.swift
[408/1477] Compiling GoogleWKT WKTMixin.swift
[409/1477] Compiling GoogleWKT WKTOption.swift
[409/1477] Compiling ssl_buffer.cc
[411/1477] Compiling GoogleWKT WKTEmpty.swift
[412/1477] Compiling GoogleWKT WKTFieldMask.swift
[413/1477] Compiling GoogleWKT WKTFloatValue.swift
[414/1477] Compiling GoogleWKT WKTInt32Value.swift
[415/1477] Compiling GoogleWKT WKTInt64Value.swift
[416/1477] Compiling GoogleWKT WKTRecursive.swift
[417/1477] Compiling GoogleWKT DecodeToDefault.swift
[418/1477] Compiling GoogleWKT DiscoveryBase64.swift
[419/1477] Compiling GoogleWKT ProtoJSONDecoder.swift
[420/1477] Compiling GoogleWKT ProtoJSONEncoder.swift
[421/1477] Compiling GoogleWKT WKTDoubleValue.swift
[422/1477] Compiling GoogleWKT WKTDuration.swift
[423/1477] Compiling Configuration JSONSnapshot.swift
[424/1477] Compiling Configuration PropertyListSnapshot.swift
[425/1477] Compiling Configuration ReloadingFileProvider.swift
[426/1477] Compiling Configuration ReloadingFileProviderMetrics.swift
[427/1477] Compiling Configuration YAMLSnapshot.swift
[428/1477] Compiling Configuration InMemoryProvider.swift
[429/1477] Compiling Configuration MutableInMemoryProvider.swift
[430/1477] Compiling Configuration ConfigProvider+Operators.swift
[431/1477] Compiling Configuration KeyMappingProvider.swift
[432/1477] Compiling Configuration SecretsSpecifier.swift
[433/1477] Compiling Configuration AsyncCombineLatestManySequence.swift
[434/1477] Compiling Configuration CombineLatestManyStateMachine.swift
[435/1477] Compiling Configuration CombineLatestManyStorage.swift
[436/1477] Compiling Configuration AsyncSequences.swift
[437/1477] Compiling Configuration FoundationExtensions.swift
[438/1477] Compiling Configuration Span.swift
[439/1477] Compiling Configuration ConfigBytesFromStringDecoder.swift
[439/1477] Compiling ssl_asn1.cc
[440/1477] Compiling ssl_aead_ctx.cc
[441/1477] Compiling s3_pkt.cc
[443/1477] Emitting module GoogleWKT
[448/1481] Compiling GoogleWKT UnknownFields.swift
[449/1481] Compiling GoogleWKT WKTAny.swift
[450/1481] Compiling GoogleWKT WKTAnyError.swift
[451/1481] Compiling GoogleWKT WKTBoolValue.swift
[452/1481] Compiling GoogleWKT WKTBytesValue.swift
[457/1481] Compiling GoogleWKT WKTStringValue.swift
[458/1481] Compiling GoogleWKT WKTTimestamp.swift
[470/1481] Compiling GoogleWKT AnyPackable.swift
[471/1481] Emitting module Configuration
[472/1482] Compiling s3_both.cc
[473/1482] Compiling s3_lib.cc
[475/1482] Compiling GoogleWKT WKTValue.swift
[476/1482] Compiling GoogleWKT WKTApi.swift
[477/1482] Compiling GoogleWKT WKTEnum.swift
[478/1482] Compiling GoogleWKT WKTEnumValue.swift
[478/1482] Compiling handshake_server.cc
[479/1482] Wrapping AST for Configuration for debugging
[481/1482] Compiling GoogleWKT WKTSourceContext.swift
[482/1482] Compiling GoogleWKT WKTSyntax.swift
[483/1482] Compiling GoogleWKT WKTType.swift
[484/1482] Compiling GoogleWKT PackageVersion.swift
[490/1483] Compiling handshake.cc
[491/1501] Compiling handoff.cc
[492/1516] Compiling handshake_client.cc
[494/1586] Emitting module GoogleType
[495/1588] Compiling GoogleApi FieldBehavior.swift
[496/1588] Compiling GoogleApi FieldInfo.swift
[497/1590] Compiling GoogleApi Endpoint.swift
[498/1590] Compiling GoogleApi ErrorReason.swift
[499/1590] Emitting module GoogleRpc
[502/1590] Compiling GoogleApi Advice.swift
[503/1590] Compiling GoogleApi CppSettings.swift
[504/1590] Compiling GoogleApi CustomHttpPattern.swift
[505/1590] Compiling GoogleApi Distribution.swift
[507/1590] Compiling GoogleApi Documentation.swift
[510/1590] Compiling GoogleApi DocumentationRule.swift
[511/1590] Compiling GoogleApi DotnetSettings.swift
[514/1590] Compiling GoogleRpc Status.swift
[515/1590] Compiling GoogleApi BackendRule.swift
[516/1590] Compiling GoogleApi Authentication.swift
[517/1590] Compiling GoogleRpc RetryInfo.swift
[518/1590] Compiling GoogleApi AuthProvider.swift
[519/1590] Compiling GoogleApi AuthRequirement.swift
[519/1590] Compiling encrypted_client_hello.cc
[522/1590] Wrapping AST for GoogleWKT for debugging
[532/1591] Compiling GoogleType TimeOfDay.swift
[533/1591] Compiling GoogleType TimeZone.swift
[534/1592] Compiling dtls_record.cc
[535/1592] Wrapping AST for GoogleRpc for debugging
[536/1592] Compiling dtls_method.cc
[537/1592] Wrapping AST for GoogleType for debugging
[538/1592] Compiling extensions.cc
[539/1592] Compiling md5-x86_64-linux.S
[540/1592] Compiling md5-x86_64-apple.S
[541/1592] Compiling md5-586-linux.S
[542/1592] Compiling md5-586-apple.S
[543/1592] Compiling chacha20_poly1305_x86_64-linux.S
[544/1592] Compiling chacha20_poly1305_x86_64-apple.S
[545/1592] Compiling chacha20_poly1305_armv8-win.S
[546/1592] Compiling chacha20_poly1305_armv8-linux.S
[547/1592] Compiling d1_srtp.cc
[548/1592] Compiling chacha20_poly1305_armv8-apple.S
[549/1592] Compiling chacha-x86_64-linux.S
[550/1592] Compiling chacha-x86_64-apple.S
[551/1592] Compiling chacha-x86-linux.S
[552/1592] Compiling chacha-armv8-win.S
[553/1592] Compiling chacha-x86-apple.S
[554/1592] Compiling chacha-armv8-apple.S
[555/1592] Compiling chacha-armv8-linux.S
[556/1592] Compiling chacha-armv4-linux.S
[557/1592] Compiling aes128gcmsiv-x86_64-linux.S
[558/1592] Compiling aes128gcmsiv-x86_64-apple.S
[559/1592] Compiling x86_64-mont5-linux.S
[560/1592] Compiling x86_64-mont5-apple.S
[561/1592] Compiling x86_64-mont-linux.S
[562/1592] Compiling x86_64-mont-apple.S
[563/1592] Compiling x86-mont-linux.S
[564/1592] Compiling x86-mont-apple.S
[565/1592] Compiling err_data.cc
[566/1592] Compiling vpaes-x86_64-linux.S
[567/1592] Compiling vpaes-x86_64-apple.S
[567/1592] Compiling vpaes-x86-linux.S
[569/1592] Compiling vpaes-x86-apple.S
[570/1592] Compiling vpaes-armv8-win.S
[571/1592] Compiling vpaes-armv8-linux.S
[572/1592] Compiling vpaes-armv7-linux.S
[573/1592] Compiling vpaes-armv8-apple.S
[574/1592] Compiling sha512-x86_64-linux.S
[575/1592] Compiling sha512-x86_64-apple.S
[576/1592] Compiling sha512-armv8-win.S
[577/1592] Compiling sha512-armv8-apple.S
[578/1592] Compiling sha512-armv4-linux.S
[579/1592] Compiling sha512-armv8-linux.S
[580/1592] Compiling sha512-586-linux.S
[581/1592] Compiling sha512-586-apple.S
[582/1592] Compiling sha256-x86_64-linux.S
[583/1592] Compiling bio_ssl.cc
[584/1592] Compiling sha256-x86_64-apple.S
[585/1592] Compiling sha256-armv8-apple.S
[586/1592] Compiling sha256-586-linux.S
[587/1592] Compiling sha256-armv8-win.S
[588/1592] Compiling sha256-586-apple.S
[589/1592] Compiling sha256-armv4-linux.S
[590/1592] Compiling sha1-x86_64-apple.S
[591/1592] Compiling d1_pkt.cc
[592/1592] Compiling sha256-armv8-linux.S
[593/1592] Compiling sha1-x86_64-linux.S
[594/1592] Compiling sha1-armv8-win.S
[595/1592] Compiling d1_lib.cc
[596/1592] Compiling sha1-armv4-large-linux.S
[597/1592] Compiling sha1-armv8-apple.S
[598/1592] Compiling sha1-586-linux.S
[599/1592] Compiling sha1-armv8-linux.S
[600/1592] Compiling rsaz-avx2-linux.S
[601/1592] Compiling rsaz-avx2-apple.S
[602/1592] Compiling rdrand-x86_64-linux.S
[602/1592] Compiling sha1-586-apple.S
[604/1592] Compiling p256_beeu-x86_64-asm-linux.S
[605/1592] Compiling rdrand-x86_64-apple.S
[606/1592] Compiling p256_beeu-armv8-asm-apple.S
[607/1592] Compiling p256_beeu-x86_64-asm-apple.S
[608/1592] Compiling p256_beeu-armv8-asm-win.S
[608/1592] Compiling p256_beeu-armv8-asm-linux.S
[610/1592] Compiling p256-x86_64-asm-linux.S
[611/1592] Compiling p256-x86_64-asm-apple.S
[612/1592] Compiling p256-armv8-asm-apple.S
[613/1592] Compiling p256-armv8-asm-win.S
[614/1592] Compiling p256-armv8-asm-linux.S
[614/1592] Compiling ghashv8-armv8-win.S
[616/1592] Compiling ghashv8-armv8-linux.S
[617/1592] Compiling ghashv8-armv8-apple.S
[618/1592] Compiling ghashv8-armv7-linux.S
[619/1592] Compiling ghash-ssse3-x86_64-linux.S
[620/1592] Compiling ghash-x86_64-linux.S
[621/1592] Compiling ghash-x86_64-apple.S
[621/1592] Compiling ghash-x86-apple.S
[623/1592] Compiling ghash-ssse3-x86-linux.S
[624/1592] Compiling ghash-x86-linux.S
[625/1592] Compiling ghash-ssse3-x86_64-apple.S
[626/1592] Compiling ghash-neon-armv8-linux.S
[627/1592] Compiling ghash-neon-armv8-apple.S
[628/1592] Compiling co-586-apple.S
[629/1592] Compiling ghash-neon-armv8-win.S
[630/1592] Compiling co-586-linux.S
[631/1592] Compiling ghash-ssse3-x86-apple.S
[632/1592] Compiling ghash-armv4-linux.S
[633/1592] Compiling bsaes-armv7-linux.S
[634/1592] Compiling bn-armv8-win.S
[635/1592] Compiling bn-586-apple.S
[636/1592] Compiling bn-armv8-linux.S
[637/1592] Compiling armv8-mont-win.S
[639/1592] Compiling GoogleApi Monitoring.swift
[640/1592] Compiling GoogleApi NodeSettings.swift
[641/1592] Compiling GoogleApi OAuthRequirements.swift
[642/1592] Compiling GoogleApi PackageVersion.swift
[643/1592] Compiling GoogleApi Page.swift
[644/1592] Compiling GoogleApi PhpSettings.swift
[645/1592] Compiling GoogleApi ProjectProperties.swift
[646/1592] Compiling GoogleApi Property.swift
[647/1592] Compiling GoogleApi Publishing.swift
[648/1592] Compiling GoogleApi PythonSettings.swift
[649/1592] Compiling GoogleApi Quota.swift
[650/1592] Compiling GoogleApi QuotaLimit.swift
[651/1592] Compiling GoogleApi ResourceDescriptor.swift
[652/1592] Compiling GoogleApi ResourceReference.swift
[653/1592] Compiling GoogleApi RoutingParameter.swift
[654/1592] Compiling GoogleApi RoutingRule.swift
[655/1592] Compiling GoogleApi RubySettings.swift
[656/1592] Compiling GoogleApi SelectiveGapicGeneration.swift
[657/1592] Compiling GoogleApi Service.swift
[657/1595] Compiling bn-586-linux.S
[658/1599] Compiling bn-armv8-apple.S
[659/1601] Compiling armv4-mont-linux.S
[660/1601] Compiling armv8-mont-apple.S
[661/1601] Compiling armv8-mont-linux.S
[662/1601] Compiling aesv8-gcm-armv8-win.S
[663/1601] Compiling aesv8-gcm-armv8-linux.S
[664/1601] Compiling aesv8-gcm-armv8-apple.S
[665/1601] Compiling aesv8-armv8-linux.S
[666/1601] Compiling aesv8-armv8-win.S
[667/1601] Compiling aesv8-armv8-apple.S
[668/1601] Compiling aesni-x86_64-apple.S
[669/1601] Compiling aesv8-armv7-linux.S
[669/1601] Compiling aesni-x86_64-linux.S
[671/1601] Compiling aesni-x86-linux.S
[672/1601] Compiling aesni-x86-apple.S
[673/1601] Compiling aesni-gcm-x86_64-linux.S
[674/1601] Compiling aesni-gcm-x86_64-apple.S
[675/1601] Compiling aes-gcm-avx10-x86_64-linux.S
[676/1601] Compiling aes-gcm-avx2-x86_64-linux.S
[677/1601] Compiling aes-gcm-avx2-x86_64-apple.S
[678/1601] Compiling aes-gcm-avx10-x86_64-apple.S
[679/1601] Compiling d1_both.cc
[681/1601] Compiling GoogleApi FieldPolicy.swift
[682/1601] Compiling GoogleApi FlowControlLimitExceededBehaviorProto.swift
[683/1601] Compiling GoogleApi GoSettings.swift
[684/1601] Compiling GoogleApi Http.swift
[685/1601] Compiling GoogleApi HttpBody.swift
[686/1601] Compiling GoogleApi HttpRule.swift
[687/1601] Compiling GoogleApi JavaSettings.swift
[688/1601] Compiling GoogleApi JwtLocation.swift
[689/1601] Compiling GoogleApi LabelDescriptor.swift
[690/1601] Compiling GoogleApi LaunchStage.swift
[691/1601] Compiling GoogleApi LogDescriptor.swift
[692/1601] Compiling GoogleApi Logging.swift
[693/1601] Compiling GoogleApi MethodPolicy.swift
[694/1601] Compiling GoogleApi MethodSettings.swift
[695/1601] Compiling GoogleApi Metric.swift
[696/1601] Compiling GoogleApi MetricDescriptor.swift
[697/1601] Compiling GoogleApi MetricRule.swift
[698/1601] Compiling GoogleApi MonitoredResource.swift
[699/1601] Compiling GoogleApi MonitoredResourceDescriptor.swift
[700/1601] Compiling GoogleApi MonitoredResourceMetadata.swift
[701/1601] Compiling GoogleApi Billing.swift
[702/1601] Compiling GoogleApi ChangeType.swift
[703/1601] Compiling GoogleApi ClientLibraryDestination.swift
[704/1601] Compiling GoogleApi ClientLibraryOrganization.swift
[705/1601] Compiling GoogleApi ClientLibrarySettings.swift
[706/1601] Compiling GoogleApi CommonLanguageSettings.swift
[707/1601] Compiling GoogleApi ConfigChange.swift
[708/1601] Compiling GoogleApi Context.swift
[709/1601] Compiling GoogleApi ContextRule.swift
[710/1601] Compiling GoogleApi Control.swift
[720/1601] Compiling GoogleApi BatchingSettingsProto.swift
[721/1601] Emitting module GoogleApi
[731/1601] Compiling x_req.cc
[732/1601] Compiling x_val.cc
[733/1601] Compiling x_sig.cc
[734/1601] Compiling x_spki.cc
[735/1601] Compiling x_x509.cc
[736/1601] Compiling x_x509a.cc
[737/1601] Compiling x_pubkey.cc
[739/1601] Compiling GoogleApi SourceInfo.swift
[740/1601] Compiling GoogleApi SystemParameter.swift
[741/1601] Compiling GoogleApi SystemParameterRule.swift
[742/1601] Compiling GoogleApi SystemParameters.swift
[743/1601] Compiling GoogleApi TypeReference.swift
[744/1601] Compiling GoogleApi Usage.swift
[745/1601] Compiling GoogleApi UsageRule.swift
[746/1601] Compiling GoogleApi Visibility.swift
[747/1601] Compiling GoogleApi VisibilityRule.swift
[748/1602] Compiling x_exten.cc
[749/1602] Compiling x_attrib.cc
[750/1602] Compiling x_name.cc
[751/1602] Compiling x_crl.cc
[752/1602] Compiling x_algor.cc
[753/1602] Wrapping AST for GoogleApi for debugging
[754/1602] Compiling x_all.cc
[755/1602] Compiling x509spki.cc
[756/1602] Compiling x509rset.cc
[757/1602] Compiling x509_txt.cc
[758/1602] Compiling x509cset.cc
[759/1602] Compiling x509name.cc
[760/1602] Compiling x509_v3.cc
[761/1602] Compiling x509_vpm.cc
[762/1602] Compiling x509_vfy.cc
[763/1602] Compiling x509_trs.cc
[764/1602] Compiling x509_set.cc
[765/1602] Compiling x509_obj.cc
[766/1602] Compiling x509_req.cc
[767/1602] Compiling x509_d2.cc
[768/1602] Compiling x509_cmp.cc
[769/1602] Compiling x509_lu.cc
[770/1602] Compiling x509_def.cc
[771/1602] Compiling x509_ext.cc
[772/1602] Compiling x509_att.cc
[773/1602] Compiling x509.cc
[774/1602] Compiling v3_skey.cc
[775/1602] Compiling v3_utl.cc
[776/1602] Compiling v3_prn.cc
[777/1602] Compiling v3_purp.cc
[778/1602] Compiling v3_pcons.cc
[779/1602] Compiling v3_pmaps.cc
[780/1602] Compiling v3_ocsp.cc
[781/1602] Compiling v3_ncons.cc
[782/1602] Compiling v3_extku.cc
[783/1602] Compiling v3_int.cc
[784/1602] Compiling v3_lib.cc
[785/1602] Compiling v3_info.cc
[786/1602] Compiling v3_ia5.cc
[787/1602] Compiling v3_genn.cc
[788/1602] Compiling v3_enum.cc
[789/1602] Compiling v3_conf.cc
[790/1602] Compiling v3_crld.cc
[791/1602] Compiling v3_cpols.cc
[792/1602] Compiling v3_bitst.cc
[793/1602] Compiling v3_alt.cc
[794/1602] Compiling v3_bcons.cc
[795/1602] Compiling v3_akeya.cc
[796/1602] Compiling v3_akey.cc
[797/1602] Compiling t_x509a.cc
[798/1602] Compiling t_x509.cc
[799/1602] Compiling t_crl.cc
[800/1602] Compiling t_req.cc
[801/1602] Compiling i2d_pr.cc
[802/1602] Compiling name_print.cc
[803/1602] Compiling rsa_pss.cc
[804/1602] Compiling policy.cc
[805/1602] Compiling by_file.cc
[806/1602] Compiling by_dir.cc
[807/1602] Compiling a_digest.cc
[808/1602] Compiling asn1_gen.cc
[808/1602] Compiling algorithm.cc
[810/1602] Compiling voprf.cc
[811/1602] Compiling a_verify.cc
[812/1602] Compiling a_sign.cc
[813/1602] Compiling thread_win.cc
[814/1602] Compiling trust_token.cc
[815/1602] Compiling thread.cc
[816/1602] Compiling thread_none.cc
[817/1602] Compiling thread_pthread.cc
[818/1602] Compiling stack.cc
[819/1602] Compiling pmbtoken.cc
[820/1602] Compiling siphash.cc
[821/1602] Compiling sha512.cc
[822/1602] Compiling spake2plus.cc
[823/1602] Compiling sha256.cc
[824/1602] Compiling sha1.cc
[825/1602] Compiling rsa_print.cc
[826/1602] Compiling rsa_extra.cc
[827/1602] Compiling slhdsa.cc
[828/1602] Compiling refcount.cc
[829/1602] Compiling rc4.cc
[830/1602] Compiling rsa_crypt.cc
[831/1602] Compiling windows.cc
[832/1602] Compiling trusty.cc
[833/1602] Compiling rand.cc
[834/1602] Compiling urandom.cc
[835/1602] Compiling rsa_asn1.cc
[836/1602] Compiling ios.cc
[837/1602] Compiling passive.cc
[838/1602] Compiling poly1305_arm_asm.S
[839/1602] Compiling getentropy.cc
[840/1602] Compiling forkunsafe.cc
[841/1602] Compiling deterministic.cc
[842/1602] Compiling fork_detect.cc
[843/1602] Compiling poly1305_vec.cc
[844/1602] Compiling pool.cc
[845/1602] Compiling poly1305_arm.cc
[846/1602] Compiling poly1305.cc
[847/1602] Compiling pkcs7.cc
[848/1602] Compiling pkcs8.cc
[849/1602] Compiling pkcs8_x509.cc
[850/1602] Compiling p5_pbev2.cc
[851/1602] Compiling pkcs7_x509.cc
[852/1602] Compiling pem_x509.cc
[853/1602] Compiling pem_xaux.cc
[854/1602] Compiling pem_pkey.cc
[855/1602] Compiling pem_pk8.cc
[856/1602] Compiling pem_oth.cc
[857/1602] Compiling mlkem.cc
[858/1602] Compiling obj.cc
[859/1602] Compiling pem_lib.cc
[860/1602] Compiling pem_all.cc
[861/1602] Compiling obj_xref.cc
[862/1602] Compiling pem_info.cc
[863/1602] Compiling poly_rq_mul.S
[864/1602] Compiling mldsa.cc
[865/1602] Compiling fips_shared_support.cc
[866/1602] Compiling mem.cc
[867/1602] Compiling md5.cc
[868/1602] Compiling md4.cc
[869/1602] Compiling lhash.cc
[870/1602] Compiling kyber.cc
[871/1602] Compiling ex_data.cc
[872/1602] Compiling hrss.cc
[873/1602] Compiling hpke.cc
[874/1602] Compiling sign.cc
[875/1602] Compiling scrypt.cc
[876/1602] Compiling print.cc
[877/1602] Compiling pbkdf.cc
[878/1602] Compiling p_x25519.cc
[879/1602] Compiling p_x25519_asn1.cc
[880/1602] Compiling p_rsa_asn1.cc
[881/1602] Compiling p_hkdf.cc
[882/1602] Compiling p_rsa.cc
[883/1602] Compiling p_ed25519_asn1.cc
[884/1602] Compiling p_ed25519.cc
[885/1602] Compiling p_ec_asn1.cc
[886/1602] Compiling p_dh_asn1.cc
[887/1602] Compiling p_ec.cc
[888/1602] Compiling p_dsa_asn1.cc
[889/1602] Compiling p_dh.cc
[890/1602] Compiling evp_ctx.cc
[891/1602] Compiling evp.cc
[892/1602] Compiling evp_asn1.cc
[893/1602] Compiling engine.cc
[894/1602] Compiling err.cc
[895/1602] Compiling ecdh.cc
[896/1602] Compiling hash_to_curve.cc
[897/1602] Compiling ecdsa_asn1.cc
[898/1602] Compiling dsa.cc
[899/1602] Compiling dsa_asn1.cc
[900/1602] Compiling ec_derive.cc
[901/1602] Compiling bcm.cc
[902/1602] Compiling ec_asn1.cc
[903/1602] Compiling x25519-asm-arm.S
[904/1602] Compiling params.cc
[905/1602] Compiling digest_extra.cc
[906/1602] Compiling des.cc
[907/1602] Compiling curve25519_64_adx.cc
[908/1602] Compiling crypto.cc
[909/1602] Compiling dh_asn1.cc
[910/1602] Compiling curve25519.cc
[911/1602] Compiling cpu_intel.cc
[912/1602] Compiling spake25519.cc
[913/1602] Compiling cpu_arm_linux.cc
[914/1602] Compiling cpu_arm_freebsd.cc
[915/1602] Compiling cpu_aarch64_win.cc
[916/1602] Compiling cpu_aarch64_openbsd.cc
[917/1602] Compiling cpu_aarch64_sysreg.cc
[918/1602] Compiling cpu_aarch64_fuchsia.cc
[918/1602] Compiling cpu_aarch64_linux.cc
[920/1602] Compiling cpu_aarch64_apple.cc
[921/1602] Compiling conf.cc
[922/1602] Compiling tls_cbc.cc
[923/1602] Compiling e_rc4.cc
[924/1602] Compiling get_cipher.cc
[925/1602] Compiling e_tls.cc
[926/1602] Compiling e_rc2.cc
[927/1602] Compiling e_des.cc
[928/1602] Compiling e_null.cc
[929/1602] Compiling e_chacha20poly1305.cc
[930/1602] Compiling e_aesgcmsiv.cc
[931/1602] Compiling e_aesctrhmac.cc
[932/1602] Compiling derive_key.cc
[933/1602] Compiling chacha.cc
[934/1602] Compiling cbs.cc
[935/1602] Compiling unicode.cc
[936/1602] Compiling buf.cc
[937/1602] Compiling ber.cc
[938/1602] Compiling cbb.cc
[939/1602] Compiling asn1_compat.cc
[940/1602] Compiling convert.cc
[941/1602] Compiling bn_asn1.cc
[942/1602] Compiling blake2.cc
[943/1602] Compiling socket.cc
[944/1602] Compiling socket_helper.cc
[945/1602] Compiling printf.cc
[946/1602] Compiling pair.cc
[947/1602] Compiling hexdump.cc
[948/1602] Compiling fd.cc
[949/1602] Compiling file.cc
[950/1602] Compiling connect.cc
[951/1602] Compiling errno.cc
[952/1602] Compiling bio_mem.cc
[953/1602] Compiling base64.cc
[954/1602] Compiling bio.cc
[955/1602] Compiling tasn_typ.cc
[956/1602] Compiling tasn_fre.cc
[957/1602] Compiling tasn_enc.cc
[958/1602] Compiling tasn_new.cc
[959/1602] Compiling f_string.cc
[960/1602] Compiling tasn_utl.cc
[961/1602] Compiling posix_time.cc
[962/1602] Compiling tasn_dec.cc
[963/1602] Compiling f_int.cc
[964/1602] Compiling asn_pack.cc
[965/1602] Compiling asn1_par.cc
[966/1602] Compiling asn1_lib.cc
[967/1602] Compiling a_utctm.cc
[968/1602] Compiling a_time.cc
[969/1602] Compiling a_type.cc
[970/1602] Compiling a_strnid.cc
[971/1602] Compiling a_octet.cc
[972/1602] Compiling a_strex.cc
[973/1602] Compiling a_object.cc
[974/1602] Compiling a_i2d_fp.cc
[975/1602] Compiling a_dup.cc
[976/1602] Compiling a_d2i_fp.cc
[977/1602] Compiling a_mbstr.cc
[978/1602] Compiling a_int.cc
[978/1602] Compiling CGoogleGaxCRC32C CGoogleGaxCRC32C.c
[980/1602] Compiling fiat_p256_adx_mul.S
[981/1602] Compiling a_gentm.cc
[981/1602] Compiling fiat_p256_adx_sqr.S
[983/1602] Compiling fiat_curve25519_adx_square.S
[984/1602] Compiling md5-x86_64-linux.S
[985/1602] Compiling fiat_curve25519_adx_mul.S
[986/1602] Compiling a_bitstr.cc
[987/1602] Compiling md5-586-linux.S
[988/1602] Compiling md5-x86_64-apple.S
[989/1602] Compiling md5-586-apple.S
[990/1602] Compiling chacha20_poly1305_x86_64-linux.S
[991/1602] Compiling chacha20_poly1305_x86_64-apple.S
[992/1602] Compiling chacha20_poly1305_armv8-win.S
[993/1602] Compiling chacha20_poly1305_armv8-apple.S
[994/1602] Compiling CCryptoBoringSSLShims shims.c
[995/1602] Compiling chacha-x86_64-linux.S
[996/1602] Compiling chacha-x86-linux.S
[997/1602] Compiling chacha20_poly1305_armv8-linux.S
[998/1602] Compiling chacha-x86_64-apple.S
[999/1602] Compiling chacha-x86-apple.S
[1000/1602] Compiling chacha-armv8-win.S
[1001/1602] Compiling chacha-armv8-apple.S
[1002/1602] Compiling chacha-armv4-linux.S
[1003/1602] Compiling a_bool.cc
[1004/1602] Compiling aes128gcmsiv-x86_64-linux.S
[1005/1602] Compiling chacha-armv8-linux.S
[1006/1602] Compiling aes128gcmsiv-x86_64-apple.S
[1007/1602] Compiling x86_64-mont5-linux.S
[1008/1602] Compiling x86_64-mont5-apple.S
[1008/1602] Compiling x86_64-mont-linux.S
[1010/1602] Compiling x86-mont-linux.S
[1011/1602] Compiling x86_64-mont-apple.S
[1012/1602] Compiling vpaes-x86_64-apple.S
[1013/1602] Compiling x86-mont-apple.S
[1014/1602] Compiling vpaes-x86_64-linux.S
[1015/1602] Compiling vpaes-x86-linux.S
[1016/1602] Compiling vpaes-x86-apple.S
[1017/1602] Compiling vpaes-armv8-win.S
[1018/1602] Compiling vpaes-armv8-linux.S
[1019/1602] Compiling vpaes-armv8-apple.S
[1020/1602] Compiling vpaes-armv7-linux.S
[1021/1602] Compiling sha512-armv8-win.S
[1022/1602] Compiling sha512-x86_64-linux.S
[1023/1602] Compiling sha512-x86_64-apple.S
[1024/1602] Compiling sha512-armv8-apple.S
[1025/1602] Compiling sha512-armv8-linux.S
[1026/1602] Compiling sha512-586-linux.S
[1026/1602] Compiling sha512-586-apple.S
[1028/1602] Compiling sha256-x86_64-linux.S
[1029/1602] Compiling sha512-armv4-linux.S
[1030/1602] Compiling err_data.cc
[1031/1602] Compiling sha256-armv8-win.S
[1032/1602] Compiling sha256-x86_64-apple.S
[1033/1602] Compiling sha256-armv8-apple.S
[1034/1602] Compiling sha256-armv8-linux.S
[1035/1602] Compiling sha256-armv4-linux.S
[1036/1602] Compiling sha256-586-linux.S
[1037/1602] Compiling sha256-586-apple.S
[1038/1602] Compiling sha1-x86_64-apple.S
[1039/1602] Compiling sha1-x86_64-linux.S
[1040/1602] Compiling sha1-armv8-apple.S
[1041/1602] Compiling sha1-armv8-win.S
[1042/1602] Compiling sha1-armv4-large-linux.S
[1043/1602] Compiling sha1-586-linux.S
[1044/1602] Compiling sha1-586-apple.S
[1044/1602] Compiling sha1-armv8-linux.S
[1046/1602] Compiling rsaz-avx2-linux.S
[1047/1602] Compiling rdrand-x86_64-linux.S
[1048/1602] Compiling rsaz-avx2-apple.S
[1049/1602] Compiling rdrand-x86_64-apple.S
[1050/1602] Compiling p256_beeu-x86_64-asm-apple.S
[1051/1602] Compiling p256_beeu-armv8-asm-win.S
[1052/1602] Compiling p256_beeu-x86_64-asm-linux.S
[1053/1602] Compiling p256_beeu-armv8-asm-apple.S
[1053/1602] Compiling p256_beeu-armv8-asm-linux.S
[1055/1602] Compiling p256-x86_64-asm-linux.S
[1056/1602] Compiling p256-x86_64-asm-apple.S
[1057/1602] Compiling p256-armv8-asm-win.S
[1058/1602] Compiling ghashv8-armv8-linux.S
[1059/1602] Compiling p256-armv8-asm-apple.S
[1060/1602] Compiling ghashv8-armv8-win.S
[1061/1602] Compiling ghashv8-armv8-apple.S
[1062/1602] Compiling p256-armv8-asm-linux.S
[1063/1602] Compiling ghashv8-armv7-linux.S
[1064/1602] Compiling ghash-x86_64-linux.S
[1065/1602] Compiling ghash-x86_64-apple.S
[1065/1602] Compiling ghash-x86-apple.S
[1067/1602] Compiling ghash-x86-linux.S
[1068/1602] Compiling ghash-ssse3-x86_64-linux.S
[1069/1602] Compiling ghash-neon-armv8-win.S
[1070/1602] Compiling ghash-ssse3-x86-linux.S
[1071/1602] Compiling ghash-ssse3-x86-apple.S
[1072/1602] Compiling ghash-ssse3-x86_64-apple.S
[1073/1602] Compiling ghash-neon-armv8-linux.S
[1074/1602] Compiling ghash-neon-armv8-apple.S
[1075/1602] Compiling ghash-armv4-linux.S
[1076/1602] Compiling co-586-linux.S
[1077/1602] Compiling co-586-apple.S
[1078/1602] Compiling bn-586-linux.S
[1079/1602] Compiling bn-armv8-apple.S
[1080/1602] Compiling bn-armv8-win.S
[1081/1602] Compiling bn-armv8-linux.S
[1082/1602] Compiling bsaes-armv7-linux.S
[1083/1602] Compiling bn-586-apple.S
[1084/1602] Compiling armv8-mont-apple.S
[1085/1602] Compiling armv4-mont-linux.S
[1086/1602] Compiling armv8-mont-linux.S
[1086/1602] Compiling armv8-mont-win.S
[1088/1602] Compiling aesv8-gcm-armv8-linux.S
[1089/1602] Compiling aesv8-gcm-armv8-win.S
[1090/1602] Compiling aesv8-armv8-linux.S
[1091/1602] Compiling aesv8-armv8-apple.S
[1092/1602] Compiling aesv8-gcm-armv8-apple.S
[1093/1602] Compiling aesv8-armv7-linux.S
[1094/1602] Compiling aesni-x86_64-linux.S
[1095/1602] Compiling aesv8-armv8-win.S
[1096/1602] Compiling aesni-x86_64-apple.S
[1097/1602] Compiling aesni-x86-apple.S
[1098/1602] Compiling aesni-x86-linux.S
[1099/1602] Compiling aesni-gcm-x86_64-linux.S
[1100/1602] Compiling aesni-gcm-x86_64-apple.S
[1101/1602] Compiling aes-gcm-avx512-x86_64-linux.S
[1102/1602] Compiling aes-gcm-avx512-x86_64-apple.S
[1103/1602] Compiling aes-gcm-avx2-x86_64-linux.S
[1104/1602] Compiling aes-gcm-avx2-x86_64-apple.S
[1105/1602] Compiling xwing.cc
[1106/1602] Compiling x_spki.cc
[1107/1602] Compiling x_x509a.cc
[1108/1602] Compiling x_sig.cc
[1109/1602] Compiling x_x509.cc
[1109/1602] Compiling x_req.cc
[1111/1602] Compiling c-nioatomics.c
[1112/1602] Compiling x_pubkey.cc
[1113/1602] Compiling x_crl.cc
[1114/1602] Compiling x_name.cc
[1115/1602] Compiling x_exten.cc
[1116/1602] Compiling x_attrib.cc
[1117/1602] Compiling x_all.cc
[1118/1602] Compiling x_algor.cc
[1119/1602] Compiling c-atomics.c
[1120/1602] Compiling x509spki.cc
[1121/1609] Compiling x509rset.cc
[1122/1609] Compiling x509name.cc
[1123/1609] Compiling x509cset.cc
[1125/1609] Compiling NIOConcurrencyHelpers NIOThreadPoolWorkAvailable.swift
[1126/1609] Compiling NIOConcurrencyHelpers NIOLockedValueBox.swift
[1126/1609] Compiling x509_vpm.cc
[1127/1609] Compiling x509_vfy.cc
[1129/1609] Compiling NIOConcurrencyHelpers NIOLock.swift
[1129/1609] Compiling x509_v3.cc
[1130/1609] Compiling x509_txt.cc
[1132/1609] Compiling NIOConcurrencyHelpers lock.swift
[1133/1609] Compiling NIOConcurrencyHelpers NIOAtomic.swift
[1134/1609] Emitting module NIOConcurrencyHelpers
[1135/1609] Compiling NIOConcurrencyHelpers atomics.swift
[1136/1610] Compiling x509_trs.cc
[1137/1610] Wrapping AST for NIOConcurrencyHelpers for debugging
[1138/1610] Compiling x509_set.cc
[1139/1610] Compiling x509_req.cc
[1140/1610] Compiling x509_obj.cc
[1141/1610] Compiling x509_lu.cc
[1142/1610] Compiling x509_ext.cc
[1143/1610] Compiling x509_def.cc
[1144/1610] Compiling x509_d2.cc
[1145/1610] Compiling x509_cmp.cc
[1146/1610] Compiling x509_att.cc
[1147/1610] Compiling x509.cc
[1148/1610] Compiling v3_skey.cc
[1149/1610] Compiling v3_utl.cc
[1150/1610] Compiling v3_purp.cc
[1151/1610] Compiling v3_prn.cc
[1152/1610] Compiling v3_pmaps.cc
[1153/1610] Compiling v3_pcons.cc
[1154/1610] Compiling v3_ocsp.cc
[1155/1610] Compiling v3_lib.cc
[1156/1610] Compiling v3_ncons.cc
[1157/1610] Compiling v3_int.cc
[1158/1610] Compiling v3_info.cc
[1159/1610] Compiling v3_ia5.cc
[1160/1610] Compiling v3_genn.cc
[1161/1610] Compiling v3_extku.cc
[1162/1610] Compiling v3_enum.cc
[1163/1610] Compiling v3_crld.cc
[1164/1610] Compiling v3_bitst.cc
[1165/1610] Compiling v3_bcons.cc
[1166/1610] Compiling v3_cpols.cc
[1167/1610] Compiling v3_conf.cc
[1168/1610] Compiling v3_alt.cc
[1169/1610] Compiling v3_akeya.cc
[1170/1610] Compiling v3_akey.cc
[1171/1610] Compiling t_x509a.cc
[1172/1610] Compiling t_x509.cc
[1173/1610] Compiling t_crl.cc
[1174/1610] Compiling name_print.cc
[1175/1610] Compiling policy.cc
[1176/1610] Compiling t_req.cc
[1177/1610] Compiling i2d_pr.cc
[1178/1610] Compiling by_dir.cc
[1179/1610] Compiling rsa_pss.cc
[1180/1610] Compiling by_file.cc
[1181/1610] Compiling asn1_gen.cc
[1182/1610] Compiling a_verify.cc
[1183/1610] Compiling algorithm.cc
[1184/1610] Compiling pmbtoken.cc
[1185/1610] Compiling trust_token.cc
[1186/1610] Compiling voprf.cc
[1187/1610] Compiling thread_pthread.cc
[1188/1610] Compiling thread_win.cc
[1189/1610] Compiling a_sign.cc
[1190/1610] Compiling a_digest.cc
[1191/1610] Compiling stack.cc
[1192/1610] Compiling thread.cc
[1193/1610] Compiling thread_none.cc
[1194/1610] Compiling siphash.cc
[1195/1610] Compiling sha512.cc
[1196/1610] Compiling slhdsa.cc
[1197/1610] Compiling rsa_print.cc
[1198/1610] Compiling spake2plus.cc
[1199/1610] Compiling rsa_extra.cc
[1200/1610] Compiling sha1.cc
[1201/1610] Compiling sha256.cc
[1202/1610] Compiling rsa_crypt.cc
[1203/1610] Compiling rc4.cc
[1204/1610] Compiling windows.cc
[1204/1610] Compiling refcount.cc
[1206/1610] Compiling trusty.cc
[1207/1610] Compiling rand.cc
[1208/1610] Compiling rsa_asn1.cc
[1209/1610] Compiling ios.cc
[1210/1610] Compiling urandom.cc
[1211/1610] Compiling forkunsafe.cc
[1212/1610] Compiling poly1305_arm_asm.S
[1213/1610] Compiling fork_detect.cc
[1214/1610] Compiling passive.cc
[1215/1610] Compiling getentropy.cc
[1216/1610] Compiling poly1305_vec.cc
[1217/1610] Compiling deterministic.cc
[1218/1610] Compiling poly1305_arm.cc
[1219/1610] Compiling poly1305.cc
[1220/1610] Compiling pool.cc
[1221/1610] Compiling p5_pbev2.cc
[1222/1610] Compiling pkcs8.cc
[1223/1610] Compiling pkcs8_x509.cc
[1224/1610] Compiling pkcs7.cc
[1225/1610] Compiling pkcs7_x509.cc
[1226/1610] Compiling pem_xaux.cc
[1227/1610] Compiling pem_x509.cc
[1228/1610] Compiling pem_pkey.cc
[1229/1610] Compiling pem_oth.cc
[1230/1610] Compiling pem_pk8.cc
[1231/1610] Compiling mlkem.cc
[1232/1610] Compiling pem_info.cc
[1233/1610] Compiling obj_xref.cc
[1234/1610] Compiling pem_lib.cc
[1235/1610] Compiling pem_all.cc
[1236/1610] Compiling obj.cc
[1237/1610] Compiling poly_rq_mul.S
[1238/1610] Compiling mldsa.cc
[1239/1610] Compiling mem.cc
[1240/1610] Compiling fips_shared_support.cc
[1241/1610] Compiling lhash.cc
[1242/1610] Compiling md5.cc
[1243/1610] Compiling md4.cc
[1244/1610] Compiling fuzzer_mode.cc
[1245/1610] Compiling kyber.cc
[1246/1610] Compiling ex_data.cc
[1247/1610] Compiling hpke.cc
[1248/1610] Compiling hrss.cc
[1249/1610] Compiling sign.cc
[1250/1610] Compiling scrypt.cc
[1251/1610] Compiling pbkdf.cc
[1252/1610] Compiling print.cc
[1253/1610] Compiling p_x25519_asn1.cc
[1254/1610] Compiling p_x25519.cc
[1255/1610] Compiling p_rsa_asn1.cc
[1256/1610] Compiling p_hkdf.cc
[1257/1610] Compiling p_rsa.cc
[1258/1610] Compiling p_ed25519.cc
[1259/1610] Compiling p_ed25519_asn1.cc
[1260/1610] Compiling p_ec_asn1.cc
[1261/1610] Compiling p_ec.cc
[1262/1610] Compiling p_dsa_asn1.cc
[1263/1610] Compiling p_dh_asn1.cc
[1264/1610] Compiling p_dh.cc
[1265/1610] Compiling evp_ctx.cc
[1266/1610] Compiling err.cc
[1267/1610] Compiling engine.cc
[1268/1610] Compiling evp_asn1.cc
[1269/1610] Compiling evp.cc
[1270/1610] Compiling ecdsa_asn1.cc
[1271/1610] Compiling ecdsa_p1363.cc
[1272/1610] Compiling ecdh.cc
[1273/1610] Compiling ec_derive.cc
[1274/1610] Compiling hash_to_curve.cc
[1275/1610] Compiling dsa.cc
[1276/1610] Compiling dsa_asn1.cc
[1277/1610] Compiling ec_asn1.cc
[1278/1610] Compiling des.cc
[1279/1610] Compiling digest_extra.cc
[1280/1610] Compiling x25519-asm-arm.S
[1281/1610] Compiling spake25519.cc
[1282/1610] Compiling dh_asn1.cc
[1283/1610] Compiling params.cc
[1284/1610] Compiling cpu_intel.cc
[1285/1610] Compiling curve25519_64_adx.cc
[1286/1610] Compiling cpu_arm_freebsd.cc
[1287/1610] Compiling cpu_arm_linux.cc
[1288/1610] Compiling crypto.cc
[1289/1610] Compiling cpu_aarch64_win.cc
[1290/1610] Compiling curve25519.cc
[1291/1610] Compiling cpu_aarch64_sysreg.cc
[1292/1610] Compiling cpu_aarch64_fuchsia.cc
[1293/1610] Compiling cpu_aarch64_apple.cc
[1294/1610] Compiling cpu_aarch64_openbsd.cc
[1295/1610] Compiling cpu_aarch64_linux.cc
[1296/1610] Compiling conf.cc
[1297/1610] Compiling tls_cbc.cc
[1298/1610] Compiling get_cipher.cc
[1299/1610] Compiling e_tls.cc
[1300/1610] Compiling e_rc4.cc
[1301/1610] Compiling cms.cc
[1302/1610] Compiling e_rc2.cc
[1303/1610] Compiling e_null.cc
[1304/1610] Compiling e_des.cc
[1305/1610] Compiling e_chacha20poly1305.cc
[1306/1610] Compiling e_aesgcmsiv.cc
[1307/1610] Compiling e_aesctrhmac.cc
[1308/1610] Compiling derive_key.cc
[1309/1610] Compiling e_aeseax.cc
[1310/1610] Compiling chacha.cc
[1311/1610] Compiling buf.cc
[1312/1610] Compiling sqrt.cc
[1313/1610] Compiling unicode.cc
[1314/1610] Compiling cbs.cc
[1315/1610] Compiling ber.cc
[1316/1610] Compiling cbb.cc
[1317/1610] Compiling asn1_compat.cc
[1318/1610] Compiling exponentiation.cc
[1319/1610] Compiling div.cc
[1320/1610] Compiling blake2.cc
[1321/1610] Compiling printf.cc
[1322/1610] Compiling bn_asn1.cc
[1323/1610] Compiling pair.cc
[1324/1610] Compiling convert.cc
[1325/1610] Compiling hexdump.cc
[1326/1610] Compiling fd.cc
[1327/1610] Compiling file.cc
[1328/1610] Compiling errno.cc
[1329/1610] Compiling bio_mem.cc
[1330/1610] Compiling base64.cc
[1331/1610] Compiling bio.cc
[1332/1610] Compiling tasn_typ.cc
[1333/1610] Compiling tasn_utl.cc
[1334/1610] Compiling tasn_fre.cc
[1335/1610] Compiling tasn_enc.cc
[1336/1610] Compiling tasn_new.cc
[1337/1610] Compiling posix_time.cc
[1338/1610] Compiling tasn_dec.cc
[1339/1610] Compiling f_int.cc
[1340/1610] Compiling f_string.cc
[1341/1610] Compiling asn_pack.cc
[1342/1610] Compiling bcm.cc
[1343/1610] Compiling asn1_par.cc
[1344/1610] Compiling a_type.cc
[1345/1610] Compiling asn1_lib.cc
[1346/1610] Compiling a_utctm.cc
[1347/1610] Compiling a_octet.cc
[1347/1610] Compiling a_strnid.cc
[1349/1610] Write sources
[1357/1610] Compiling a_time.cc
[1358/1610] Compiling CAsyncHTTPClient CAsyncHTTPClient.c
[1359/1610] Compiling a_i2d_fp.cc
[1360/1653] Compiling a_dup.cc
[1361/1653] Compiling a_object.cc
[1363/1653] Compiling Algorithms FlattenCollection.swift
[1364/1653] Compiling Algorithms Grouped.swift
[1365/1653] Compiling Algorithms EitherSequence.swift
[1366/1653] Compiling Algorithms FirstNonNil.swift
[1367/1653] Compiling Algorithms Indexed.swift
[1368/1653] Compiling Algorithms Intersperse.swift
[1369/1655] Compiling Algorithms Split.swift
[1370/1655] Compiling Algorithms Stride.swift
[1370/1655] Compiling a_gentm.cc
[1372/1655] Compiling Atomics IntegerOperations.swift
[1373/1655] Compiling Atomics Unmanaged extensions.swift
[1373/1655] Compiling a_bool.cc
[1375/1663] Compiling Algorithms Compacted.swift
[1376/1663] Compiling Algorithms Cycle.swift
[1379/1666] Compiling Algorithms RandomSample.swift
[1380/1666] Compiling Algorithms Reductions.swift
[1381/1666] Compiling Algorithms Rotate.swift
[1385/1666] Compiling Algorithms Joined.swift
[1386/1666] Compiling Algorithms Keyed.swift
[1387/1666] Compiling Algorithms MinMax.swift
[1389/1666] Compiling Algorithms Permutations.swift
[1390/1666] Compiling Algorithms Product.swift
[1395/1666] Compiling CryptoBoringWrapper RandomBytes.swift
[1396/1666] Compiling Algorithms Trim.swift
[1397/1666] Compiling Algorithms Unique.swift
[1398/1666] Compiling Algorithms Windows.swift
[1399/1666] Compiling CryptoBoringWrapper CryptoKitErrors_boring.swift
[1400/1666] Compiling CryptoBoringWrapper FiniteFieldArithmeticContext.swift
[1401/1666] Compiling Algorithms AdjacentPairs.swift
[1402/1666] Compiling Algorithms Chain.swift
[1403/1666] Compiling Algorithms Chunked.swift
[1404/1666] Compiling Algorithms Combinations.swift
[1405/1666] Compiling CryptoBoringWrapper EllipticCurvePoint.swift
[1406/1666] Compiling CryptoBoringWrapper BoringSSLAEAD.swift
[1407/1666] Emitting module CryptoBoringWrapper
[1408/1666] Compiling CryptoBoringWrapper ArbitraryPrecisionInteger.swift
[1409/1666] Compiling CryptoBoringWrapper EllipticCurve.swift
[1410/1667] Wrapping AST for CryptoBoringWrapper for debugging
[1412/1751] Emitting module Atomics
[1413/1751] Compiling Crypto MACFunctions.swift
[1414/1751] Compiling Crypto MessageAuthenticationCode.swift
[1415/1751] Compiling Crypto AES.swift
[1416/1751] Compiling Crypto AES-GCM.swift
[1417/1751] Compiling Crypto AES-GCM_boring.swift
[1418/1751] Compiling Crypto ChaChaPoly_boring.swift
[1419/1751] Compiling Crypto ChaChaPoly.swift
[1420/1751] Compiling Crypto Cipher.swift
[1421/1751] Compiling Crypto Nonces.swift
[1422/1752] Wrapping AST for Atomics for debugging
[1424/1816] Emitting module Algorithms
[1425/1817] Wrapping AST for Algorithms for debugging
[1427/1817] Compiling NIOCore NIOCoreSendableMetatype.swift
[1428/1817] Compiling NIOCore NIODecodedAsyncSequence.swift
[1429/1817] Compiling NIOCore NIOLoopBound.swift
[1430/1817] Compiling NIOCore NIOPooledRecvBufferAllocator.swift
[1431/1817] Compiling NIOCore NIOScheduledCallback.swift
[1432/1817] Compiling NIOCore NIOSendable.swift
[1433/1817] Compiling NIOCore NIOSplitLinesMessageDecoder.swift
[1434/1817] Compiling NIOCore NIOTransportAccessibleChannelCore.swift
[1435/1817] Compiling NIOCore RecvByteBufferAllocator.swift
[1436/1825] Compiling Crypto HKDF.swift
[1437/1825] Compiling Crypto AESWrap.swift
[1438/1825] Compiling Crypto AESWrap_boring.swift
[1439/1825] Compiling Crypto Ed25519_boring.swift
[1440/1825] Compiling Crypto NISTCurvesKeys_boring.swift
[1441/1825] Compiling Crypto X25519Keys_boring.swift
[1442/1825] Compiling Crypto Curve25519.swift
[1443/1825] Compiling Crypto Ed25519Keys.swift
[1444/1825] Compiling Crypto NISTCurvesKeys.swift
[1445/1825] Compiling Crypto X25519Keys.swift
[1446/1825] Compiling Crypto SymmetricKeys.swift
[1447/1825] Compiling Crypto HMAC.swift
[1448/1836] Emitting module Crypto
[1449/1836] Compiling NIOCore IPProtocol.swift
[1450/1836] Compiling NIOCore IntegerBitPacking.swift
[1451/1836] Compiling NIOCore IntegerTypes.swift
[1452/1836] Compiling NIOCore Interfaces.swift
[1453/1836] Compiling NIOCore Linux.swift
[1454/1836] Compiling NIOCore MarkedCircularBuffer.swift
[1455/1836] Compiling NIOCore MulticastChannel.swift
[1456/1836] Compiling NIOCore NIOAny.swift
[1457/1836] Compiling NIOCore NIOCloseOnErrorHandler.swift
[1458/1836] Compiling NIOCore AddressedEnvelope.swift
[1459/1836] Compiling NIOCore AsyncAwaitSupport.swift
[1460/1836] Compiling NIOCore AsyncChannel.swift
[1461/1836] Compiling NIOCore AsyncChannelHandler.swift
[1462/1836] Compiling NIOCore AsyncChannelInboundStream.swift
[1463/1836] Compiling NIOCore AsyncChannelOutboundWriter.swift
[1464/1836] Compiling NIOCore NIOAsyncSequenceProducer.swift
[1465/1836] Compiling NIOCore NIOAsyncSequenceProducerStrategies.swift
[1466/1836] Compiling NIOCore NIOAsyncWriter.swift
[1467/1836] Compiling NIOCore NIOThrowingAsyncSequenceProducer.swift
[1468/1836] Compiling NIOCore BSDSocketAPI.swift
[1469/1836] Compiling NIOCore ByteBuffer-aux.swift
[1470/1836] Compiling NIOCore EventLoopFuture+Deprecated.swift
[1471/1836] Compiling NIOCore EventLoopFuture+WithEventLoop.swift
[1472/1836] Compiling NIOCore EventLoopFuture.swift
[1473/1836] Compiling NIOCore FileDescriptor.swift
[1474/1836] Compiling NIOCore FileHandle.swift
[1475/1836] Compiling NIOCore FileRegion.swift
[1476/1836] Compiling NIOCore GlobalSingletons.swift
[1477/1836] Compiling NIOCore IO.swift
[1478/1836] Compiling NIOCore IOData.swift
[1491/1836] Compiling NIOCore ChannelPipeline.swift
[1503/1836] Compiling NIOCore ByteBuffer-binaryEncodedLengthPrefix.swift
[1504/1836] Compiling NIOCore ByteBuffer-conversions.swift
[1505/1836] Compiling NIOCore ByteBuffer-core.swift
[1506/1836] Compiling NIOCore ByteBuffer-hex.swift
[1507/1836] Compiling NIOCore ByteBuffer-int.swift
[1508/1836] Compiling NIOCore ByteBuffer-lengthPrefix.swift
[1509/1836] Compiling NIOCore CircularBuffer.swift
[1510/1836] Compiling NIOCore Codec.swift
[1511/1836] Compiling NIOCore ConvenienceOptionSupport.swift
[1512/1836] Compiling NIOCore DeadChannel.swift
[1513/1836] Compiling NIOCore DispatchQueue+WithFuture.swift
[1518/1836] Compiling NIOCore SingleStepByteToMessageDecoder.swift
[1519/1836] Compiling NIOCore SocketAddresses.swift
[1520/1836] Compiling NIOCore SocketOptionProvider.swift
[1521/1836] Compiling NIOCore SystemCallHelpers.swift
[1522/1836] Compiling NIOCore TimeAmount+Duration.swift
[1523/1836] Compiling NIOCore TypeAssistedChannelHandler.swift
[1524/1836] Compiling NIOCore UniversalBootstrapSupport.swift
[1525/1836] Compiling NIOCore Utilities.swift
[1526/1836] Compiling NIOCore EventLoop+Deprecated.swift
[1527/1836] Compiling NIOCore EventLoop+SerialExecutor.swift
[1528/1836] Compiling NIOCore EventLoop.swift
[1529/1836] Compiling NIOCore EventLoopFuture+AssumeIsolated.swift
[1530/1836] Compiling NIOCore ByteBuffer-multi-int.swift
[1531/1836] Compiling NIOCore ByteBuffer-quicBinaryEncodingStrategy.swift
[1532/1836] Compiling NIOCore ByteBuffer-views.swift
[1533/1836] Compiling NIOCore Channel.swift
[1534/1836] Compiling NIOCore ChannelHandler.swift
[1535/1836] Compiling NIOCore ChannelHandlers.swift
[1536/1836] Compiling NIOCore ChannelInvoker.swift
[1537/1836] Compiling NIOCore ChannelOption.swift
[1538/1836] Compiling Crypto Signature.swift
[1539/1836] Compiling Crypto CryptoKitErrors_boring.swift
[1540/1836] Compiling Crypto Optional+withUnsafeBytes_boring.swift
[1541/1836] Compiling Crypto RNG_boring.swift
[1542/1836] Compiling Crypto SafeCompare_boring.swift
[1543/1836] Compiling Crypto Zeroization_boring.swift
[1544/1836] Compiling Crypto _CryptoModuleAnchor.swift
[1545/1836] Compiling Crypto PrettyBytes.swift
[1546/1836] Compiling Crypto SafeCompare.swift
[1547/1836] Compiling Crypto SecureBytes.swift
[1548/1836] Compiling Crypto Zeroization.swift
[1549/1837] Wrapping AST for Crypto for debugging
[1559/1899] Compiling CryptoExtras ARCServer.swift
[1560/1899] Compiling CryptoExtras ChaCha20CTR_boring.swift
[1561/1899] Compiling CryptoExtras ChaCha20CTR.swift
[1562/1899] Compiling CryptoExtras BoringSSLSHA512256Context.swift
[1563/1899] Compiling CryptoExtras BoringSSLSHA512256HashFunction.swift
[1564/1899] Compiling CryptoExtras SHA512256.swift
[1565/1899] Compiling CryptoExtras SHA512256Digest.swift
[1566/1899] Compiling CryptoExtras Curve25519+PEM.swift
[1567/1899] Compiling CryptoExtras ObjectIdentifier.swift
[1568/1899] Compiling CryptoExtras Data+Extensions.swift
[1569/1899] Compiling CryptoExtras DigestType.swift
[1570/1899] Compiling CryptoExtras Error.swift
[1571/1899] Compiling CryptoExtras I2OSP.swift
[1572/1899] Compiling CryptoExtras IntegerEncoding.swift
[1573/1899] Compiling CryptoExtras PEMDocument.swift
[1574/1899] Compiling CryptoExtras PrettyBytes.swift
[1575/1899] Compiling CryptoExtras SubjectPublicKeyInfo.swift
[1576/1907] Emitting module CryptoExtras
[1586/1907] Compiling CryptoExtras ThreadOps.swift
[1587/1907] Compiling CryptoExtras ThreadPosix.swift
[1588/1907] Compiling CryptoExtras ThreadSpecific.swift
[1589/1907] Compiling CryptoExtras ThreadWindows.swift
[1590/1907] Compiling CryptoExtras DLEQ.swift
[1591/1907] Compiling CryptoExtras Prover.swift
[1592/1907] Compiling CryptoExtras Verifier.swift
[1593/1907] Compiling CryptoExtras ZKPToolbox.swift
[1594/1907] Compiling CryptoExtras CMAC.swift
[1595/1907] Compiling CryptoExtras ARC+API.swift
[1596/1907] Compiling CryptoExtras ARC.swift
[1597/1907] Compiling CryptoExtras ARCCredential.swift
[1598/1907] Compiling CryptoExtras ARCEncoding.swift
[1599/1907] Compiling CryptoExtras ARCPrecredential.swift
[1600/1907] Compiling CryptoExtras ARCPresentation.swift
[1601/1907] Compiling CryptoExtras ARCRequest.swift
[1602/1907] Compiling CryptoExtras ARCResponse.swift
[1603/1907] Compiling CryptoExtras AES_CBC.swift
[1604/1907] Compiling CryptoExtras AES_CFB.swift
[1605/1907] Compiling CryptoExtras AES_CTR.swift
[1606/1907] Compiling CryptoExtras AES_GCM_SIV.swift
[1607/1907] Compiling CryptoExtras Block Function.swift
[1608/1907] Compiling CryptoExtras AES_CBC_boring.swift
[1609/1907] Compiling CryptoExtras AES_CFB_boring.swift
[1610/1907] Compiling CryptoExtras AES_CTR_boring.swift
[1611/1907] Compiling CryptoExtras AES_GCM_SIV_boring.swift
[1612/1907] Compiling CryptoExtras PBKDF2.swift
[1613/1907] Compiling CryptoExtras Scrypt_boring.swift
[1614/1907] Compiling CryptoExtras Scrypt.swift
[1615/1907] Compiling CryptoExtras OPRF.swift
[1616/1907] Compiling CryptoExtras OPRFClient.swift
[1617/1907] Compiling CryptoExtras OPRFServer.swift
[1618/1907] Compiling CryptoExtras VOPRF+API.swift
[1619/1907] Compiling CryptoExtras VOPRFClient.swift
[1620/1907] Compiling CryptoExtras VOPRFServer.swift
[1621/1907] Compiling CryptoExtras PKCS8DERRepresentation.swift
[1622/1907] Compiling CryptoExtras PKCS8PrivateKey.swift
[1623/1907] Compiling CryptoExtras RFC8410AlgorithmIdentifier.swift
[1624/1907] Compiling CryptoExtras ECToolbox_boring.swift
[1625/1907] Compiling CryptoExtras ECToolbox.swift
[1626/1907] Compiling CryptoExtras HashToField.swift
[1627/1907] Compiling CryptoExtras KDF.swift
[1628/1907] Compiling CryptoExtras PBKDF2_boring.swift
[1629/1907] Compiling CryptoExtras PBKDF2_commoncrypto.swift
[1630/1907] Compiling CryptoExtras BoringSSLPassphraseCallbackManager.swift
[1631/1907] Compiling CryptoExtras RSA+BlindSigning.swift
[1632/1907] Compiling CryptoExtras RSA.swift
[1633/1907] Compiling CryptoExtras RSA_boring.swift
[1634/1907] Compiling CryptoExtras Reexport.swift
[1635/1907] Compiling CryptoExtras Zeroization_boring.swift
[1636/1907] Compiling CryptoExtras BoringSSLHelpers.swift
[1637/1907] Compiling CryptoExtras CryptoKitErrors_boring.swift
[1638/1910] Wrapping AST for CryptoExtras for debugging
[1640/1910] Compiling _CryptoExtras Exports.swift
[1641/1910] Emitting module _CryptoExtras
[1642/1911] Wrapping AST for _CryptoExtras for debugging
[1644/2006] Compiling X509 OneOfPolicies.swift
[1645/2006] Compiling X509 PolicyBuilder.swift
[1646/2006] Compiling X509 BasicConstraintsPolicy.swift
[1647/2006] Compiling X509 DNSNames.swift
[1648/2006] Compiling X509 ExpiryPolicy.swift
[1649/2006] Compiling X509 IPConstraints.swift
[1650/2006] Compiling X509 NameConstraintsPolicy.swift
[1651/2006] Compiling X509 RFC5280Policy.swift
[1652/2006] Compiling X509 URIConstraints.swift
[1653/2006] Compiling X509 PKCS8PrivateKey.swift
[1654/2006] Compiling X509 PromiseAndFuture.swift
[1655/2006] Compiling X509 RDNAttribute.swift
[1656/2006] Compiling X509 RandomNumberGenerator+bytes.swift
[1657/2006] Compiling X509 RelativeDistinguishedName.swift
[1658/2006] Compiling X509 SEC1PrivateKey.swift
[1659/2006] Compiling X509 SecKeyWrapper.swift
[1660/2006] Compiling X509 Signature.swift
[1661/2006] Compiling X509 SignatureAlgorithm.swift
[1662/2006] Compiling X509 AllOfPolicies.swift
[1663/2006] Compiling X509 AnyPolicy.swift
[1664/2006] Compiling X509 CertificateStore.swift
[1665/2006] Compiling X509 CustomCertificateStore.swift
[1666/2006] Compiling X509 CMSIssuerAndSerialNumber.swift
[1667/2006] Compiling X509 CMSOperations.swift
[1668/2006] Compiling X509 CMSSignature.swift
[1669/2006] Compiling X509 CMSSignedData.swift
[1670/2006] Compiling X509 CMSSignerIdentifier.swift
[1671/2006] Compiling X509 DomainComponent.swift
[1672/2006] Compiling X509 EmailAddress.swift
[1673/2006] Compiling X509 LocalityName.swift
[1674/2006] Compiling X509 OrganizationName.swift
[1675/2006] Compiling X509 OrganizationalUnitName.swift
[1676/2006] Compiling X509 StateOrProvinceName.swift
[1677/2006] Compiling X509 StreetAddress.swift
[1678/2006] Compiling X509 Error.swift
[1679/2006] Compiling X509 AuthorityInformationAccess.swift
[1680/2006] Compiling X509 AuthorityKeyIdentifier.swift
[1681/2006] Compiling X509 BasicConstraints.swift
[1682/2006] Compiling X509 ExtendedKeyUsage.swift
[1683/2006] Compiling X509 ExtensionIdentifiers.swift
[1684/2006] Compiling X509 KeyUsage.swift
[1685/2019] Emitting module NIOCore
[1686/2023] Wrapping AST for NIOCore for debugging
[1688/2077] Compiling NIOFoundationEssentialsCompat Codable+ByteBuffer.swift
[1689/2077] Compiling NIOPosix BaseSocketChannel.swift
[1690/2077] Compiling NIOPosix Selectable.swift
[1691/2077] Compiling NIOPosix SelectableChannel.swift
[1692/2077] Compiling NIOPosix SelectableEventLoop.swift
[1693/2077] Compiling NIOPosix SelectorEpoll.swift
[1694/2077] Compiling NIOPosix SelectorGeneric.swift
[1695/2077] Compiling NIOPosix SelectorKqueue.swift
[1696/2077] Compiling NIOPosix SelectorUring.swift
[1697/2077] Compiling NIOPosix PipeChannel.swift
[1698/2077] Compiling NIOPosix PipePair.swift
[1699/2077] Compiling NIOPosix Pool.swift
[1700/2077] Compiling NIOPosix PosixSingletons+ConcurrencyTakeOver.swift
[1701/2077] Compiling NIOPosix PosixSingletons.swift
[1702/2077] Compiling X509 OCSPExtensionID.swift
[1703/2077] Compiling X509 OCSPNonce.swift
[1704/2077] Compiling X509 OCSPPolicy.swift
[1705/2077] Compiling X509 OCSPRequest.swift
[1706/2077] Compiling X509 OCSPResponse.swift
[1707/2077] Compiling X509 OCSPResponseBytes.swift
[1708/2077] Compiling X509 OCSPResponseData.swift
[1709/2077] Compiling X509 OCSPResponseStatus.swift
[1710/2077] Compiling X509 OCSPSignature.swift
[1711/2077] Compiling X509 OCSPSingleRequest.swift
[1712/2077] Compiling X509 OCSPSingleResponse.swift
[1713/2077] Compiling X509 OCSPTBSRequest.swift
[1714/2077] Compiling X509 OCSPVersion.swift
[1715/2077] Compiling NIOEmbedded AsyncTestingChannel.swift
[1716/2077] Compiling NIOFoundationEssentialsCompat ByteBuffer-foundation.swift
[1717/2077] Emitting module NIOFoundationEssentialsCompat
[1718/2078] Wrapping AST for NIOFoundationEssentialsCompat for debugging
[1720/2078] Compiling X509 NameConstraints.swift
[1721/2078] Compiling X509 SubjectAlternativeName.swift
[1722/2078] Compiling X509 SubjectKeyIdentifier.swift
[1723/2078] Compiling X509 Extension.swift
[1724/2078] Compiling X509 Extensions.swift
[1725/2078] Compiling X509 ExtensionsBuilder.swift
[1726/2078] Compiling X509 GeneralName.swift
[1727/2078] Compiling X509 Lock.swift
[1728/2078] Compiling X509 LockedValueBox.swift
[1729/2078] Compiling X509 BasicOCSPResponse.swift
[1730/2078] Compiling X509 DirectoryString.swift
[1731/2078] Compiling X509 OCSPCertID.swift
[1732/2078] Compiling X509 OCSPCertStatus.swift
[1733/2078] Compiling NIOPosix BaseStreamSocketChannel.swift
[1734/2078] Compiling NIOPosix Bootstrap.swift
[1735/2078] Compiling NIOPosix ControlMessage.swift
[1736/2078] Compiling NIOPosix DatagramVectorReadManager.swift
[1737/2078] Compiling NIOPosix Errors+Any.swift
[1738/2078] Compiling NIOPosix FileDescriptor.swift
[1739/2078] Compiling NIOPosix GetaddrinfoResolver.swift
[1740/2078] Compiling NIOPosix HappyEyeballs.swift
[1741/2078] Compiling NIOPosix IO.swift
[1742/2078] Compiling NIOPosix IntegerBitPacking.swift
[1743/2078] Compiling NIOPosix IntegerTypes.swift
[1744/2078] Compiling NIOPosix Linux.swift
[1745/2078] Compiling NIOPosix LinuxCPUSet.swift
[1746/2078] Compiling NIOPosix LinuxUring.swift
[1747/2078] Compiling NIOPosix MultiThreadedEventLoopGroup.swift
[1748/2078] Compiling NIOPosix NIOPosixSendableMetatype.swift
[1749/2078] Compiling NIOPosix NIORandomizedDNSResolver.swift
[1750/2078] Compiling NIOPosix NIOThreadPool.swift
[1751/2078] Compiling NIOPosix NonBlockingFileIO.swift
[1752/2078] Compiling NIOPosix PendingDatagramWritesManager.swift
[1753/2078] Compiling NIOPosix PendingWritesManager.swift
[1754/2078] Compiling NIOPosix BSDSocketAPICommon.swift
[1755/2078] Compiling NIOPosix BSDSocketAPIPosix.swift
[1756/2078] Compiling NIOPosix BSDSocketAPIWindows.swift
[1757/2078] Compiling NIOPosix BaseSocket.swift
[1758/2078] Compiling NIOPosix BaseSocketChannel+AccessibleTransport.swift
[1759/2078] Compiling NIOPosix BaseSocketChannel+SocketOptionProvider.swift
[1760/2078] Compiling NIOEmbedded AsyncTestingEventLoop.swift
[1761/2078] Emitting module NIOEmbedded
[1762/2078] Compiling NIOEmbedded Embedded.swift
[1763/2079] Wrapping AST for NIOEmbedded for debugging
[1770/2079] Compiling NIOPosix RawSocketBootstrap.swift
[1771/2079] Compiling NIOPosix Resolver.swift
[1779/2086] Emitting module NIOPosix
[1780/2086] Emitting module X509
[1783/2086] Compiling NIOPosix SelectorWSAPoll.swift
[1784/2086] Compiling NIOPosix ServerSocket.swift
[1785/2086] Compiling NIOPosix Socket.swift
[1786/2086] Compiling NIOPosix SocketChannel.swift
[1787/2086] Compiling NIOPosix SocketProtocols.swift
[1788/2086] Compiling NIOPosix StructuredConcurrencyHelpers.swift
[1789/2086] Compiling NIOPosix System.swift
[1790/2086] Compiling NIOPosix Thread.swift
[1791/2086] Compiling NIOPosix ThreadPosix.swift
[1792/2086] Compiling NIOPosix ThreadWindows.swift
[1793/2086] Compiling NIOPosix Utilities.swift
[1794/2086] Compiling NIOPosix VsockAddress.swift
[1807/2086] Compiling NIOPosix VsockChannelEvents.swift
[1808/2086] Compiling NIOPosix Windows.swift
[1809/2086] Compiling X509 ValidatedCertificateChain.swift
[1810/2086] Compiling X509 VerificationDiagnostic.swift
[1811/2086] Compiling X509 Verifier.swift
[1812/2086] Compiling X509 VerifierPolicy.swift
[1813/2086] Compiling X509 AlgorithmIdentifier.swift
[1814/2086] Compiling X509 ECDSASignature.swift
[1815/2086] Compiling X509 RSAPKCS1PublicKey.swift
[1816/2086] Compiling X509 SubjectPublicKeyInfo.swift
[1817/2086] Compiling X509 TBSCertificate.swift
[1818/2086] Compiling X509 Time.swift
[1819/2086] Compiling X509 TimeCalculations.swift
[1820/2086] Compiling X509 Validity.swift
[1821/2086] Compiling X509 X509SendableMetatype.swift
[1850/2088] Wrapping AST for X509 for debugging
[1852/2156] Wrapping AST for NIOPosix for debugging
[1854/2157] Emitting module NIO
[1855/2157] Compiling NIO Exports.swift
[1856/2195] Wrapping AST for NIO for debugging
[1858/2197] Compiling NIOTLS TLSEvents.swift
[1859/2197] Compiling NIOFoundationCompat Exports.swift
[1860/2197] Compiling NIOFoundationCompat JSONSerialization+ByteBuffer.swift
[1861/2197] Compiling NIOFoundationCompat WaitSpinningRunLoop.swift
[1862/2197] Emitting module NIOFoundationCompat
[1863/2198] Compiling NIOSOCKS SelectedAuthenticationMethod.swift
[1864/2198] Compiling NIOSOCKS ClientStateMachine.swift
[1866/2199] Emitting module NIOTLS
[1867/2199] Compiling NIOSOCKS SOCKSResponse.swift
[1868/2199] Emitting module JWTKit
[1869/2208] Compiling JWTKit MLDSAType.swift
[1870/2208] Compiling JWTKit JWTKeyCollection+UnsecuredNone.swift
[1871/2208] Compiling JWTKit UnsecuredNoneSigner.swift
[1872/2208] Compiling JWTKit JWTKeyCollection+RSA.swift
[1873/2208] Compiling JWTKit RSA.swift
[1874/2208] Compiling JWTKit RSAError.swift
[1875/2208] Compiling JWTKit RSASigner.swift
[1876/2208] Compiling JWTKit Base64URL.swift
[1877/2208] Compiling JWTKit CryptoSigner.swift
[1877/2208] Wrapping AST for NIOFoundationCompat for debugging
[1879/2208] Compiling JWTKit ECDSASigningAlgorithm.swift
[1880/2208] Compiling JWTKit JWTKeyCollection+ECDSA.swift
[1881/2208] Compiling JWTKit P256+CurveType.swift
[1882/2208] Compiling JWTKit P384+CurveType.swift
[1883/2208] Compiling JWTKit P521+CurveType.swift
[1884/2208] Compiling JWTKit EdDSA.swift
[1885/2208] Compiling JWTKit EdDSACurve.swift
[1886/2208] Compiling JWTKit EdDSAError.swift
[1887/2208] Compiling JWTKit EdDSASigner.swift
[1888/2208] Compiling JWTKit JWTKeyCollection+EdDSA.swift
[1889/2208] Compiling NIOSOCKS ServerStateMachine.swift
[1890/2208] Compiling NIOHTTP1 HTTPDecoder.swift
[1891/2208] Compiling NIOHTTP1 HTTPEncoder.swift
[1892/2208] Compiling NIOHTTP1 HTTPServerPipelineHandler.swift
[1893/2208] Compiling NIOHTTP1 HTTPServerProtocolErrorHandler.swift
[1894/2208] Compiling NIOHTTP1 HTTPPipelineSetup.swift
[1895/2208] Compiling NIOHTTP1 ByteCollectionUtils.swift
[1896/2208] Emitting module NIOSOCKS
[1897/2208] Compiling NIOHTTP1 HTTPHeaderValidator.swift
[1898/2208] Compiling NIOHTTP1 HTTPHeaders+Validation.swift
[1902/2211] Compiling NIOTLS SNIHandler.swift
[1903/2211] Compiling NIOTLS ProtocolNegotiationHandlerStateMachine.swift
[1904/2211] Compiling NIOTLS NIOTypedApplicationProtocolNegotiationHandler.swift
[1905/2211] Compiling NIOTLS ApplicationProtocolNegotiationHandler.swift
[1906/2212] Compiling NIOHTTP1 HTTPServerUpgradeHandler.swift
[1907/2212] Compiling NIOHTTP1 HTTPTypedPipelineSetup.swift
[1908/2212] Compiling NIOHTTP1 HTTPTypes.swift
[1909/2212] Compiling NIOHTTP1 NIOHTTPClientUpgradeHandler.swift
[1910/2212] Compiling NIOHTTP1 NIOHTTPObjectAggregator.swift
[1911/2212] Compiling NIOHTTP1 NIOTypedHTTPClientUpgradeHandler.swift
[1912/2212] Compiling NIOHTTP1 NIOTypedHTTPClientUpgraderStateMachine.swift
[1913/2212] Compiling NIOHTTP1 NIOTypedHTTPServerUpgradeHandler.swift
[1915/2212] Compiling NIOHTTP1 NIOTypedHTTPServerUpgraderStateMachine.swift
[1916/2212] Compiling JWTKit ECDSASigner.swift
[1925/2212] Compiling NIOHTTP1 HTTPServerRequestMethodQueue.swift
[1930/2212] Wrapping AST for NIOSOCKS for debugging
[1931/2212] Wrapping AST for NIOTLS for debugging
[1933/2212] Compiling JWTKit HMAC.swift
[1934/2212] Compiling JWTKit HMACError.swift
[1935/2212] Compiling JWTKit HMACSigner.swift
[1936/2212] Compiling JWTKit JWTKeyCollection+HMAC.swift
[1937/2212] Compiling JWTKit Insecure.swift
[1938/2212] Compiling JWTKit JWK.swift
[1939/2212] Compiling JWTKit JWKIdentifier.swift
[1940/2212] Compiling JWTKit JWKS.swift
[1941/2212] Compiling JWTKit JWKSigner.swift
[1942/2212] Compiling JWTKit JWTSerializer.swift
[1943/2212] Compiling JWTKit JWTSigner.swift
[1944/2212] Compiling JWTKit JWTKeyCollection+MLDSA.swift
[1945/2212] Compiling JWTKit MLDSA.swift
[1946/2212] Compiling JWTKit MLDSA65+MLDSAKey.swift
[1947/2212] Compiling JWTKit MLDSA87+MLDSAKey.swift
[1948/2212] Compiling JWTKit MLDSAError.swift
[1949/2212] Compiling JWTKit MLDSAKey.swift
[1950/2212] Compiling JWTKit MLDSASigner.swift
[1951/2212] Compiling JWTKit AudienceClaim.swift
[1952/2212] Compiling JWTKit BoolClaim.swift
[1953/2212] Compiling JWTKit ExpirationClaim.swift
[1954/2212] Compiling JWTKit GoogleHostedDomainClaim.swift
[1955/2212] Compiling JWTKit IDClaim.swift
[1956/2212] Compiling JWTKit IssuedAtClaim.swift
[1957/2212] Compiling JWTKit IssuerClaim.swift
[1958/2212] Compiling JWTKit JWTClaim.swift
[1959/2212] Compiling JWTKit JWTMultiValueClaim.swift
[1960/2212] Compiling JWTKit JWTUnixEpochClaim.swift
[1961/2242] Compiling NIOSSL SSLCallbacks.swift
[1962/2242] Compiling NIOSSL SSLCertificate.swift
[1963/2242] Compiling NIOSSL NIOSSLHandler.swift
[1964/2242] Compiling NIOSSL NIOSSLServerHandler.swift
[1965/2242] Compiling NIOSSL ObjectIdentifier.swift
[1966/2242] Compiling NIOSSL PosixPort.swift
[1967/2242] Compiling NIOSSL SSLConnection.swift
[1968/2242] Compiling NIOSSL SSLContext.swift
[1969/2242] Compiling NIOSSL FreeBSDCABundle.swift
[1970/2242] Compiling NIOSSL IdentityVerification.swift
[1971/2242] Compiling NIOSSL LinuxCABundle.swift
[1972/2242] Emitting module NIOHTTP1
[1973/2249] Wrapping AST for NIOHTTP1 for debugging
[1975/2260] Compiling JWTKit CustomizedJSONCoders.swift
[1976/2260] Compiling JWTKit Utilities.swift
[1977/2260] Compiling JWTKit AppleIdentityToken.swift
[1978/2260] Compiling JWTKit FirebaseAuthIdentityToken.swift
[1979/2260] Compiling JWTKit GoogleIdentityToken.swift
[1980/2260] Compiling JWTKit MicrosoftIdentityToken.swift
[1981/2260] Compiling JWTKit EmptyPolicy.swift
[1982/2260] Compiling JWTKit ValidationTimePayload.swift
[1983/2260] Compiling JWTKit X5CVerifier.swift
[1985/2261] Compiling NIOHTTPCompression HTTPDecompressor.swift
[1986/2261] Compiling NIOHPACK IndexedHeaderTable.swift
[1987/2261] Compiling NIOHPACK IntegerCoding.swift
[1987/2262] Wrapping AST for JWTKit for debugging
[1989/2262] Compiling NIOHTTPCompression HTTPDecompression.swift
[1990/2262] Compiling NIOHPACK HuffmanTables.swift
[1991/2262] Compiling NIOHPACK DynamicHeaderTable.swift
[1992/2262] Compiling NIOHPACK HPACKDecoder.swift
[1993/2262] Emitting module NIOHTTPCompression
[1994/2262] Compiling NIOHTTPCompression HTTPRequestCompressor.swift
[1995/2262] Compiling NIOHTTPCompression HTTPCompression.swift
[1996/2262] Compiling NIOHTTPCompression HTTPResponseCompressor.swift
[1997/2263] Wrapping AST for NIOHTTPCompression for debugging
[1999/2263] Emitting module NIOHPACK
[2000/2263] Compiling NIOHPACK HuffmanCoding.swift
[2001/2263] Compiling NIOHPACK StaticHeaderTable.swift
[2002/2263] Compiling NIOHPACK HeaderTables.swift
[2003/2263] Compiling NIOSSL NIOSSLClientHandler.swift
[2004/2263] Compiling NIOSSL NIOSSLHandler+Configuration.swift
[2006/2267] Compiling NIOHPACK HPACKHeader.swift
[2008/2267] Compiling NIOHPACK HPACKEncoder.swift
[2009/2267] Compiling NIOHPACK HPACKErrors.swift
[2011/2268] Emitting module NIOSSL
[2017/2268] Compiling NIOSSL SSLPrivateKey.swift
[2018/2268] Compiling NIOSSL SSLPublicKey.swift
[2019/2268] Compiling NIOSSL SecurityFrameworkCertificateVerification.swift
[2020/2268] Compiling NIOSSL String+unsafeUninitializedCapacity.swift
[2021/2268] Compiling NIOSSL SubjectAlternativeName.swift
[2022/2268] Compiling NIOSSL NIOSSLSecureBytes.swift
[2023/2268] Compiling NIOSSL RNG.swift
[2024/2268] Compiling NIOSSL SafeCompare.swift
[2024/2268] Wrapping AST for NIOHPACK for debugging
[2026/2331] Compiling NIOHTTP2 HTTP2Error.swift
[2027/2331] Compiling NIOHTTP2 HTTP2ErrorCode.swift
[2028/2331] Compiling NIOHTTP2 HTTP2FlowControlWindow.swift
[2029/2331] Compiling NIOHTTP2 HTTP2Frame.swift
[2030/2331] Compiling NIOHTTP2 HTTP2ChannelHandler+InlineStreamMultiplexer.swift
[2031/2331] Compiling NIOHTTP2 HTTP2ChannelHandler.swift
[2032/2331] Compiling NIOHTTP2 HTTP2CommonInboundStreamMultiplexer.swift
[2033/2331] Compiling NIOHTTP2 HTTP2ConnectionStateChange.swift
[2034/2331] Compiling NIOHTTP2 HTTP2FrameEncoder.swift
[2035/2331] Compiling NIOHTTP2 HTTP2FrameParser.swift
[2036/2331] Compiling NIOHTTP2 HTTP2PingData.swift
[2037/2331] Compiling NIOHTTP2 HTTP2PipelineHelpers.swift
[2038/2331] Compiling NIOHTTP2 SendingGoawayState.swift
[2039/2331] Compiling NIOHTTP2 SendingHeadersState.swift
[2040/2331] Compiling NIOHTTP2 SendingPushPromiseState.swift
[2041/2331] Compiling NIOHTTP2 SendingRstStreamState.swift
[2042/2332] Wrapping AST for NIOSSL for debugging
[2044/2332] Compiling NIOHTTP2 DOSHeuristics.swift
[2045/2332] Compiling NIOHTTP2 Error+Any.swift
[2046/2332] Compiling NIOHTTP2 ConcurrentStreamBuffer.swift
[2047/2332] Compiling NIOHTTP2 ControlFrameBuffer.swift
[2048/2332] Compiling NIOHTTP2 OutboundFlowControlBuffer.swift
[2049/2332] Compiling NIOHTTP2 OutboundFrameBuffer.swift
[2050/2332] Compiling NIOHTTP2 GlitchesMonitor.swift
[2051/2332] Compiling NIOHTTP2 HPACKHeaders+Validation.swift
[2052/2332] Compiling NIOHTTP2 HTTP2ChannelHandler+InboundStreamMultiplexer.swift
[2053/2340] Emitting module NIOHTTP2
[2054/2340] Compiling NIOHTTP2 HTTP2StreamMultiplexer.swift
[2055/2340] Compiling NIOHTTP2 HTTP2ToHTTP1Codec.swift
[2056/2340] Compiling NIOHTTP2 HTTP2UserEvents.swift
[2057/2340] Compiling NIOHTTP2 InboundEventBuffer.swift
[2058/2340] Compiling NIOHTTP2 InboundWindowManager.swift
[2059/2340] Compiling NIOHTTP2 MultiplexerAbstractChannel.swift
[2060/2340] Compiling NIOHTTP2 NIOHTTP2FrameDelegate.swift
[2061/2340] Compiling NIOHTTP2 NIOHTTP2ServerConnectionManagementHandler+StateMachine.swift
[2062/2340] Compiling NIOHTTP2 NIOHTTP2ServerConnectionManagementHandler.swift
[2063/2340] Compiling NIOHTTP2 StreamChannelFlowController.swift
[2064/2340] Compiling NIOHTTP2 StreamChannelList.swift
[2065/2340] Compiling NIOHTTP2 StreamMap.swift
[2066/2340] Compiling NIOHTTP2 StreamStateMachine.swift
[2067/2340] Compiling NIOHTTP2 Timer.swift
[2068/2340] Compiling NIOHTTP2 UnsafeTransfer.swift
[2069/2340] Compiling NIOHTTP2 WatermarkedFlowController.swift
[2079/2340] Compiling NIOHTTP2 MaySendFrames.swift
[2080/2340] Compiling NIOHTTP2 SendingDataState.swift
[2085/2340] Compiling NIOHTTP2 SendingWindowUpdateState.swift
[2086/2340] Compiling NIOHTTP2 HTTP2SettingsState.swift
[2087/2340] Compiling NIOHTTP2 HasExtendedConnectSettings.swift
[2088/2340] Compiling NIOHTTP2 HasFlowControlWindows.swift
[2089/2340] Compiling NIOHTTP2 HasLocalSettings.swift
[2090/2340] Compiling NIOHTTP2 HasRemoteSettings.swift
[2091/2340] Compiling NIOHTTP2 LocallyQuiescingState.swift
[2092/2340] Compiling NIOHTTP2 QuiescingState.swift
[2093/2340] Compiling NIOHTTP2 RemotelyQuiescingState.swift
[2094/2340] Compiling NIOHTTP2 SendAndReceiveGoawayState.swift
[2095/2340] Compiling NIOHTTP2 StateMachineResult.swift
[2096/2340] Compiling NIOHTTP2 ContentLengthVerifier.swift
[2100/2340] Compiling NIOHTTP2 HTTP2Settings.swift
[2101/2340] Compiling NIOHTTP2 HTTP2Stream.swift
[2102/2340] Compiling NIOHTTP2 HTTP2StreamChannel+OutboundStreamMultiplexer.swift
[2103/2340] Compiling NIOHTTP2 HTTP2StreamChannel.swift
[2104/2340] Compiling NIOHTTP2 HTTP2StreamDelegate.swift
[2105/2340] Compiling NIOHTTP2 HTTP2StreamID.swift
[2106/2340] Compiling NIOHTTP2 ConnectionStateMachine.swift
[2107/2340] Compiling NIOHTTP2 ConnectionStreamsState.swift
[2108/2340] Compiling NIOHTTP2 MayReceiveFrames.swift
[2109/2340] Compiling NIOHTTP2 ReceivingDataState.swift
[2110/2340] Compiling NIOHTTP2 ReceivingGoAwayState.swift
[2111/2340] Compiling NIOHTTP2 ReceivingHeadersState.swift
[2112/2340] Compiling NIOHTTP2 ReceivingPushPromiseState.swift
[2113/2340] Compiling NIOHTTP2 ReceivingRstStreamState.swift
[2114/2340] Compiling NIOHTTP2 ReceivingWindowUpdateState.swift
[2115/2341] Wrapping AST for NIOHTTP2 for debugging
[2117/2405] Compiling AsyncHTTPClient LRUCache.swift
[2118/2405] Compiling AsyncHTTPClient NIOLoopBound+Execute.swift
[2119/2405] Compiling AsyncHTTPClient NWErrorHandler.swift
[2120/2405] Compiling AsyncHTTPClient NWWaitingHandler.swift
[2121/2405] Compiling AsyncHTTPClient TLSConfiguration.swift
[2122/2405] Compiling AsyncHTTPClient RedirectState.swift
[2123/2405] Compiling AsyncHTTPClient RequestBag+StateMachine.swift
[2124/2405] Compiling AsyncHTTPClient RequestBag+Tracing.swift
[2125/2405] Compiling AsyncHTTPClient RequestBag.swift
[2126/2413] Compiling AsyncHTTPClient HTTP1ProxyConnectHandler.swift
[2127/2413] Compiling AsyncHTTPClient SOCKSEventsHandler.swift
[2128/2413] Compiling AsyncHTTPClient TLSEventsHandler.swift
[2129/2413] Compiling AsyncHTTPClient HTTP1ClientChannelHandler.swift
[2130/2413] Compiling AsyncHTTPClient HTTP1Connection.swift
[2131/2413] Compiling AsyncHTTPClient HTTP1ConnectionStateMachine.swift
[2132/2413] Compiling AsyncHTTPClient HTTP2ClientRequestHandler.swift
[2133/2413] Compiling AsyncHTTPClient HTTP2Connection.swift
[2134/2413] Compiling AsyncHTTPClient HTTP2IdleHandler.swift
[2135/2413] Compiling AsyncHTTPClient AnyAsyncSequence.swift
[2136/2413] Compiling AsyncHTTPClient AnyAsyncSequenceProucerDelete.swift
[2137/2413] Compiling AsyncHTTPClient AsyncLazySequence.swift
[2138/2413] Compiling AsyncHTTPClient HTTPClient+execute.swift
[2139/2413] Compiling AsyncHTTPClient HTTPClient+shutdown.swift
[2140/2413] Compiling AsyncHTTPClient HTTPClient+tracing.swift
[2141/2413] Compiling AsyncHTTPClient HTTPClientRequest+Prepared.swift
[2142/2413] Compiling AsyncHTTPClient HTTPClientRequest+auth.swift
[2143/2413] Compiling AsyncHTTPClient HTTPClientRequest.swift
[2144/2413] Compiling AsyncHTTPClient HTTPClientResponse.swift
[2145/2413] Compiling AsyncHTTPClient SingleIteratorPrecondition.swift
[2146/2413] Compiling AsyncHTTPClient Transaction+StateMachine.swift
[2147/2413] Compiling AsyncHTTPClient Transaction.swift
[2148/2413] Compiling AsyncHTTPClient Base64.swift
[2149/2413] Compiling AsyncHTTPClient BasicAuth.swift
[2150/2413] Compiling AsyncHTTPClient BestEffortHashableTLSConfiguration.swift
[2151/2413] Compiling AsyncHTTPClient Configuration+BrowserLike.swift
[2152/2413] Compiling AsyncHTTPClient ConnectionPool.swift
[2153/2413] Compiling AsyncHTTPClient RequestOptions.swift
[2154/2413] Compiling AsyncHTTPClient HTTPConnectionPool+Backoff.swift
[2155/2413] Compiling AsyncHTTPClient HTTPConnectionPool+HTTP1Connections.swift
[2156/2413] Compiling AsyncHTTPClient HTTPConnectionPool+HTTP1StateMachine.swift
[2157/2413] Compiling AsyncHTTPClient HTTPConnectionPool+HTTP2Connections.swift
[2158/2413] Compiling AsyncHTTPClient HTTPConnectionPool+HTTP2StateMachine.swift
[2159/2413] Compiling AsyncHTTPClient HTTPConnectionPool+RequestQueue.swift
[2160/2413] Compiling AsyncHTTPClient HTTPConnectionPool+StateMachine.swift
[2161/2413] Compiling AsyncHTTPClient ConnectionTarget.swift
[2162/2413] Emitting module AsyncHTTPClient
[2163/2413] Compiling AsyncHTTPClient RequestValidation.swift
[2164/2413] Compiling AsyncHTTPClient SSLContextCache.swift
[2165/2413] Compiling AsyncHTTPClient Scheme.swift
[2166/2413] Compiling AsyncHTTPClient Singleton.swift
[2167/2413] Compiling AsyncHTTPClient StringConvertibleInstances.swift
[2168/2413] Compiling AsyncHTTPClient StructuredConcurrencyHelpers.swift
[2169/2413] Compiling AsyncHTTPClient TracingSupport.swift
[2170/2413] Compiling AsyncHTTPClient Utils.swift
[2171/2413] Compiling AsyncHTTPClient HTTPConnectionEvent.swift
[2172/2413] Compiling AsyncHTTPClient HTTPConnectionPool+Factory.swift
[2173/2413] Compiling AsyncHTTPClient HTTPConnectionPool+Manager.swift
[2174/2413] Compiling AsyncHTTPClient HTTPConnectionPool.swift
[2175/2413] Compiling AsyncHTTPClient HTTPExecutableRequest.swift
[2176/2413] Compiling AsyncHTTPClient HTTPRequestStateMachine+Demand.swift
[2177/2413] Compiling AsyncHTTPClient HTTPRequestStateMachine.swift
[2178/2413] Compiling AsyncHTTPClient RequestBodyLength.swift
[2179/2413] Compiling AsyncHTTPClient RequestFramingMetadata.swift
[2180/2413] Compiling AsyncHTTPClient DeconstructedURL.swift
[2181/2413] Compiling AsyncHTTPClient FileDownloadDelegate.swift
[2182/2413] Compiling AsyncHTTPClient FoundationExtensions.swift
[2183/2413] Compiling AsyncHTTPClient HTTPClient+HTTPCookie.swift
[2184/2413] Compiling AsyncHTTPClient HTTPClient+Proxy.swift
[2185/2413] Compiling AsyncHTTPClient HTTPClient+StructuredConcurrency.swift
[2186/2413] Compiling AsyncHTTPClient HTTPClient.swift
[2187/2413] Compiling AsyncHTTPClient HTTPClientConfiguration+SwiftConfiguration.swift
[2188/2413] Compiling AsyncHTTPClient HTTPHandler.swift
[2189/2414] Wrapping AST for AsyncHTTPClient for debugging
[2191/2437] Compiling GoogleAuth AnonymousCredentials.swift
[2192/2437] Compiling GoogleAuth ApiKeyCredentials.swift
[2193/2437] Compiling GoogleAuth ExternalAccountCredentials.swift
[2194/2440] Compiling GoogleAuth SubjectTokenProvider.swift
[2195/2440] Compiling GoogleAuth MDSAccessTokenProvider.swift
[2196/2440] Compiling GoogleAuth MDSCredentials.swift
[2197/2440] Emitting module GoogleAuth
[2198/2440] Compiling GoogleAuth ADC.swift
[2199/2440] Compiling GoogleAuth ADCPath.swift
[2200/2440] Compiling GoogleAuth ADCResolver.swift
[2201/2440] Compiling GoogleAuth AuthHeaders.swift
[2202/2440] Compiling GoogleAuth CredentialParserRegistry.swift
[2203/2440] Compiling GoogleAuth Credentials.swift
[2204/2440] Compiling GoogleAuth CredentialsError.swift
[2205/2440] Compiling GoogleAuth UserAccountData.swift
[2206/2440] Compiling GoogleAuth UserAccountTokenProvider.swift
[2207/2440] Compiling GoogleAuth UserCredentials.swift
[2208/2440] Compiling GoogleAuth AuthHTTPClient.swift
[2209/2440] Compiling GoogleAuth AuthHTTPError.swift
[2210/2440] Compiling GoogleAuth RetryEngine.swift
[2211/2440] Compiling GoogleAuth ServiceAccountCredentials.swift
[2212/2440] Compiling GoogleAuth ServiceAccountData.swift
[2213/2440] Compiling GoogleAuth ServiceAccountTokenProvider.swift
[2214/2440] Compiling GoogleAuth STSHandler.swift
[2215/2440] Compiling GoogleAuth TokenCache.swift
[2216/2440] Compiling GoogleAuth PackageVersion.swift
[2217/2441] Wrapping AST for GoogleAuth for debugging
[2219/2499] Compiling GoogleGax Pagination.swift
/host/spi-builder-workspace/.build/checkouts/swift-google-gax/Sources/GoogleGax/Pagination.swift:44:22: error: cannot convert '@Sendable (String) async throws -> (response: ResponseType, items: [Item], nextToken: String)' to 'nonisolated(nonsending) @Sendable (String) async throws -> (response: ResponseType, items: [Item], nextToken: String)' because crossing of an isolation boundary requires parameter and result types to conform to 'Sendable' protocol
 42 |   ) where ResponseType: _PaginatedResponse<Item> {
 43 |     self.initialPageToken = initialPageToken ?? ""
 44 |     self.fetchPage = { token in
    |                      |- error: cannot convert '@Sendable (String) async throws -> (response: ResponseType, items: [Item], nextToken: String)' to 'nonisolated(nonsending) @Sendable (String) async throws -> (response: ResponseType, items: [Item], nextToken: String)' because crossing of an isolation boundary requires parameter and result types to conform to 'Sendable' protocol
    |                      `- note: type 'Item' does not conform to 'Sendable' protocol
 45 |       let response = try await listRpc(token)
 46 |       return (response, response._getPaginatedItems(), response._nextPageToken())
[2220/2499] Compiling GoogleGax PollingBackoffPolicy.swift
/host/spi-builder-workspace/.build/checkouts/swift-google-gax/Sources/GoogleGax/Pagination.swift:44:22: error: cannot convert '@Sendable (String) async throws -> (response: ResponseType, items: [Item], nextToken: String)' to 'nonisolated(nonsending) @Sendable (String) async throws -> (response: ResponseType, items: [Item], nextToken: String)' because crossing of an isolation boundary requires parameter and result types to conform to 'Sendable' protocol
 42 |   ) where ResponseType: _PaginatedResponse<Item> {
 43 |     self.initialPageToken = initialPageToken ?? ""
 44 |     self.fetchPage = { token in
    |                      |- error: cannot convert '@Sendable (String) async throws -> (response: ResponseType, items: [Item], nextToken: String)' to 'nonisolated(nonsending) @Sendable (String) async throws -> (response: ResponseType, items: [Item], nextToken: String)' because crossing of an isolation boundary requires parameter and result types to conform to 'Sendable' protocol
    |                      `- note: type 'Item' does not conform to 'Sendable' protocol
 45 |       let response = try await listRpc(token)
 46 |       return (response, response._getPaginatedItems(), response._nextPageToken())
[2221/2499] Compiling GoogleGax PollingErrorPolicy.swift
/host/spi-builder-workspace/.build/checkouts/swift-google-gax/Sources/GoogleGax/Pagination.swift:44:22: error: cannot convert '@Sendable (String) async throws -> (response: ResponseType, items: [Item], nextToken: String)' to 'nonisolated(nonsending) @Sendable (String) async throws -> (response: ResponseType, items: [Item], nextToken: String)' because crossing of an isolation boundary requires parameter and result types to conform to 'Sendable' protocol
 42 |   ) where ResponseType: _PaginatedResponse<Item> {
 43 |     self.initialPageToken = initialPageToken ?? ""
 44 |     self.fetchPage = { token in
    |                      |- error: cannot convert '@Sendable (String) async throws -> (response: ResponseType, items: [Item], nextToken: String)' to 'nonisolated(nonsending) @Sendable (String) async throws -> (response: ResponseType, items: [Item], nextToken: String)' because crossing of an isolation boundary requires parameter and result types to conform to 'Sendable' protocol
    |                      `- note: type 'Item' does not conform to 'Sendable' protocol
 45 |       let response = try await listRpc(token)
 46 |       return (response, response._getPaginatedItems(), response._nextPageToken())
[2222/2499] Compiling GoogleGax PollingResult.swift
/host/spi-builder-workspace/.build/checkouts/swift-google-gax/Sources/GoogleGax/Pagination.swift:44:22: error: cannot convert '@Sendable (String) async throws -> (response: ResponseType, items: [Item], nextToken: String)' to 'nonisolated(nonsending) @Sendable (String) async throws -> (response: ResponseType, items: [Item], nextToken: String)' because crossing of an isolation boundary requires parameter and result types to conform to 'Sendable' protocol
 42 |   ) where ResponseType: _PaginatedResponse<Item> {
 43 |     self.initialPageToken = initialPageToken ?? ""
 44 |     self.fetchPage = { token in
    |                      |- error: cannot convert '@Sendable (String) async throws -> (response: ResponseType, items: [Item], nextToken: String)' to 'nonisolated(nonsending) @Sendable (String) async throws -> (response: ResponseType, items: [Item], nextToken: String)' because crossing of an isolation boundary requires parameter and result types to conform to 'Sendable' protocol
    |                      `- note: type 'Item' does not conform to 'Sendable' protocol
 45 |       let response = try await listRpc(token)
 46 |       return (response, response._getPaginatedItems(), response._nextPageToken())
[2223/2499] Compiling GoogleGax PollingState.swift
/host/spi-builder-workspace/.build/checkouts/swift-google-gax/Sources/GoogleGax/Pagination.swift:44:22: error: cannot convert '@Sendable (String) async throws -> (response: ResponseType, items: [Item], nextToken: String)' to 'nonisolated(nonsending) @Sendable (String) async throws -> (response: ResponseType, items: [Item], nextToken: String)' because crossing of an isolation boundary requires parameter and result types to conform to 'Sendable' protocol
 42 |   ) where ResponseType: _PaginatedResponse<Item> {
 43 |     self.initialPageToken = initialPageToken ?? ""
 44 |     self.fetchPage = { token in
    |                      |- error: cannot convert '@Sendable (String) async throws -> (response: ResponseType, items: [Item], nextToken: String)' to 'nonisolated(nonsending) @Sendable (String) async throws -> (response: ResponseType, items: [Item], nextToken: String)' because crossing of an isolation boundary requires parameter and result types to conform to 'Sendable' protocol
    |                      `- note: type 'Item' does not conform to 'Sendable' protocol
 45 |       let response = try await listRpc(token)
 46 |       return (response, response._getPaginatedItems(), response._nextPageToken())
[2224/2499] Compiling GoogleGax ProtobufConversionError.swift
/host/spi-builder-workspace/.build/checkouts/swift-google-gax/Sources/GoogleGax/Pagination.swift:44:22: error: cannot convert '@Sendable (String) async throws -> (response: ResponseType, items: [Item], nextToken: String)' to 'nonisolated(nonsending) @Sendable (String) async throws -> (response: ResponseType, items: [Item], nextToken: String)' because crossing of an isolation boundary requires parameter and result types to conform to 'Sendable' protocol
 42 |   ) where ResponseType: _PaginatedResponse<Item> {
 43 |     self.initialPageToken = initialPageToken ?? ""
 44 |     self.fetchPage = { token in
    |                      |- error: cannot convert '@Sendable (String) async throws -> (response: ResponseType, items: [Item], nextToken: String)' to 'nonisolated(nonsending) @Sendable (String) async throws -> (response: ResponseType, items: [Item], nextToken: String)' because crossing of an isolation boundary requires parameter and result types to conform to 'Sendable' protocol
    |                      `- note: type 'Item' does not conform to 'Sendable' protocol
 45 |       let response = try await listRpc(token)
 46 |       return (response, response._getPaginatedItems(), response._nextPageToken())
[2225/2499] Compiling GoogleGax QueryParameter.swift
/host/spi-builder-workspace/.build/checkouts/swift-google-gax/Sources/GoogleGax/Pagination.swift:44:22: error: cannot convert '@Sendable (String) async throws -> (response: ResponseType, items: [Item], nextToken: String)' to 'nonisolated(nonsending) @Sendable (String) async throws -> (response: ResponseType, items: [Item], nextToken: String)' because crossing of an isolation boundary requires parameter and result types to conform to 'Sendable' protocol
 42 |   ) where ResponseType: _PaginatedResponse<Item> {
 43 |     self.initialPageToken = initialPageToken ?? ""
 44 |     self.fetchPage = { token in
    |                      |- error: cannot convert '@Sendable (String) async throws -> (response: ResponseType, items: [Item], nextToken: String)' to 'nonisolated(nonsending) @Sendable (String) async throws -> (response: ResponseType, items: [Item], nextToken: String)' because crossing of an isolation boundary requires parameter and result types to conform to 'Sendable' protocol
    |                      `- note: type 'Item' does not conform to 'Sendable' protocol
 45 |       let response = try await listRpc(token)
 46 |       return (response, response._getPaginatedItems(), response._nextPageToken())
[2226/2499] Compiling GoogleGax RequestError.swift
/host/spi-builder-workspace/.build/checkouts/swift-google-gax/Sources/GoogleGax/Pagination.swift:44:22: error: cannot convert '@Sendable (String) async throws -> (response: ResponseType, items: [Item], nextToken: String)' to 'nonisolated(nonsending) @Sendable (String) async throws -> (response: ResponseType, items: [Item], nextToken: String)' because crossing of an isolation boundary requires parameter and result types to conform to 'Sendable' protocol
 42 |   ) where ResponseType: _PaginatedResponse<Item> {
 43 |     self.initialPageToken = initialPageToken ?? ""
 44 |     self.fetchPage = { token in
    |                      |- error: cannot convert '@Sendable (String) async throws -> (response: ResponseType, items: [Item], nextToken: String)' to 'nonisolated(nonsending) @Sendable (String) async throws -> (response: ResponseType, items: [Item], nextToken: String)' because crossing of an isolation boundary requires parameter and result types to conform to 'Sendable' protocol
    |                      `- note: type 'Item' does not conform to 'Sendable' protocol
 45 |       let response = try await listRpc(token)
 46 |       return (response, response._getPaginatedItems(), response._nextPageToken())
[2227/2499] Compiling GoogleGax LimitedAttemptCount+PollingErrorPolicy.swift
[2228/2499] Compiling GoogleGax LimitedAttemptCount+RetryPolicy.swift
[2229/2499] Compiling GoogleGax LimitedAttemptCount.swift
[2230/2499] Compiling GoogleGax LimitedElapsedTime+PollingErrorPolicy.swift
[2231/2499] Compiling GoogleGax LimitedElapsedTime+RetryPolicy.swift
[2232/2499] Compiling GoogleGax LimitedElapsedTime.swift
[2233/2499] Compiling GoogleGax LongRunningOperations.swift
[2234/2499] Compiling GoogleGax NeverRetry.swift
[2235/2507] Emitting module GoogleGax
[2236/2507] Compiling GoogleGax BaseRetryPolicy.swift
[2237/2507] Compiling GoogleGax BindingError.swift
[2238/2507] Compiling GoogleGax CRC32C.swift
[2239/2507] Compiling GoogleGax CircuitBreaker.swift
[2240/2507] Compiling GoogleGax ClientError.swift
[2241/2507] Compiling GoogleGax ClientOptions.swift
[2242/2507] Compiling GoogleGax ContinueOnIO+PollingErrorPolicy.swift
[2243/2507] Compiling GoogleGax ContinueOnIO+RetryPolicy.swift
[2244/2507] Compiling GoogleGax AIP194+PollingErrorPolicy.swift
[2245/2507] Compiling GoogleGax AIP194+RetryPolicy.swift
[2246/2507] Compiling GoogleGax AIP194.swift
[2247/2507] Compiling GoogleGax AdaptiveThrottler.swift
[2248/2507] Compiling GoogleGax AlwaysPoll.swift
[2249/2507] Compiling GoogleGax AlwaysRetry.swift
[2250/2507] Compiling GoogleGax ApiClientHeader.swift
[2251/2507] Compiling GoogleGax BackoffPolicy.swift
[2252/2507] Compiling GoogleGax BasePollingErrorPolicy.swift
[2253/2507] Compiling GoogleGax HTTPClientProtocol.swift
[2254/2507] Compiling GoogleGax HTTPClientRequest.swift
[2255/2507] Compiling GoogleGax HTTPClientResponse.swift
[2256/2507] Compiling GoogleGax HTTPHeaders.swift
[2257/2507] Compiling GoogleGax HTTPResponseBody.swift
[2258/2507] Compiling GoogleGax HeaderNames.swift
[2259/2507] Compiling GoogleGax Host.swift
[2260/2507] Compiling GoogleGax InProgressResult.swift
[2261/2507] Compiling GoogleGax ContinueOnIO.swift
[2262/2507] Compiling GoogleGax CredentialsProtocol.swift
[2263/2507] Compiling GoogleGax ErrorWrapper.swift
[2264/2507] Compiling GoogleGax ExponentialBackoff+BackoffPolicy.swift
[2265/2507] Compiling GoogleGax ExponentialBackoff+PollingBackoffPolicy.swift
[2266/2507] Compiling GoogleGax ExponentialBackoff.swift
[2267/2507] Compiling GoogleGax HTTPClient.swift
[2268/2507] Compiling GoogleGax HTTPClientHolder.swift
[2269/2507] Compiling GoogleGax RequestOptions.swift
[2270/2507] Compiling GoogleGax RetryLoop.swift
[2271/2507] Compiling GoogleGax RetryPolicy.swift
[2272/2507] Compiling GoogleGax RetryResult.swift
[2273/2507] Compiling GoogleGax RetryState.swift
[2274/2507] Compiling GoogleGax RetryThrottler.swift
[2275/2507] Compiling GoogleGax RetryThrottlerError.swift
[2276/2507] Compiling GoogleGax RoutingMatcher.swift
[2277/2507] Compiling GoogleGax ServiceError.swift
[2278/2507] Compiling GoogleGax StatusDetail.swift
[2279/2507] Compiling GoogleGax StrictIdempotency.swift
[2280/2507] Compiling GoogleGax ThrottleResult.swift
[2281/2507] Compiling GoogleGax TooManyRequests+PollingErrorPolicy.swift
[2282/2507] Compiling GoogleGax TooManyRequests+RetryPolicy.swift
[2283/2507] Compiling GoogleGax TooManyRequests.swift
[2284/2507] Compiling GoogleGax PackageVersion.swift
BUILD FAILURE 6.2 android