The Swift Package Index logo.Swift Package Index

Build Information

Failed to build Vexil, reference v3.0.0-beta.3 (3cfc3a), with Swift 6.2 for Android on 25 Jun 2026 10:30:22 UTC.

Build Command

bash -c docker run --pull=always --rm -v "checkouts-53886769-0":/host -w "$PWD" -e JAVA_HOME="/root/.sdkman/candidates/java/current" -e SPI_BUILD="1" -e SPI_PROCESSING="1" registry.gitlab.com/swiftpackageindex/spi-images:android-6.2-latest swift build --swift-sdk aarch64-unknown-linux-android28 2>&1

Build Log

========================================
RunAll
========================================
Builder version: 4071e0796c748d991a0123890d2f0ecadc8fcc8c
Interrupt handler set up.
========================================
Checkout
========================================
Clone URL: https://github.com/unsignedapps/Vexil.git
Reference: v3.0.0-beta.3
Initialized empty Git repository in /host/spi-builder-workspace/.git/
hint: Using 'master' as the name for the initial branch. This default branch name
hint: is subject to change. To configure the initial branch name to use in all
hint: of your new repositories, which will suppress this warning, call:
hint:
hint: 	git config --global init.defaultBranch <name>
hint:
hint: Names commonly chosen instead of 'master' are 'main', 'trunk' and
hint: 'development'. The just-created branch can be renamed via this command:
hint:
hint: 	git branch -m <name>
From https://github.com/unsignedapps/Vexil
 * tag               v3.0.0-beta.3 -> FETCH_HEAD
HEAD is now at 3cfc3a8 Merge pull request #154 from unsignedapps/fix/asynccurrentvalue-deadlock
Cloned https://github.com/unsignedapps/Vexil.git
Revision (git rev-parse @):
3cfc3a8ed46912e61e9aca19cb177c19ca05a8c1
SPI manifest file found: $PWD/.spi.yml
SUCCESS checkout https://github.com/unsignedapps/Vexil.git at v3.0.0-beta.3
========================================
Build
========================================
Selected platform:         android
Swift version:             6.2
Building package at path:  $PWD
https://github.com/unsignedapps/Vexil.git
Running build ...
bash -c docker run --pull=always --rm -v "checkouts-53886769-0":/host -w "$PWD" -e JAVA_HOME="/root/.sdkman/candidates/java/current" -e SPI_BUILD="1" -e SPI_PROCESSING="1" registry.gitlab.com/swiftpackageindex/spi-images:android-6.2-latest swift build --swift-sdk aarch64-unknown-linux-android28 2>&1
android-6.2-latest: Pulling from swiftpackageindex/spi-images
Digest: sha256:a30e3bfdcec38518f1e133b47d2d7fca472c20d828ebf94d6baf9d8167791ad0
Status: Image is up to date for registry.gitlab.com/swiftpackageindex/spi-images:android-6.2-latest
Fetching https://github.com/nicklockwood/SwiftFormat.git
Fetching https://github.com/swiftlang/swift-syntax.git
Fetching https://github.com/apple/swift-async-algorithms.git
[1/6553] Fetching swift-async-algorithms
[6554/63267] Fetching swift-async-algorithms, swiftformat
Fetched https://github.com/apple/swift-async-algorithms.git from cache (0.57s)
[2836/56714] Fetching swiftformat
[3971/132457] Fetching swiftformat, swift-syntax
Fetched https://github.com/swiftlang/swift-syntax.git from cache (15.35s)
Fetched https://github.com/nicklockwood/SwiftFormat.git from cache (15.59s)
Computing version for https://github.com/nicklockwood/SwiftFormat.git
Computed https://github.com/nicklockwood/SwiftFormat.git at 0.61.1 (16.48s)
Computing version for https://github.com/swiftlang/swift-syntax.git
Computed https://github.com/swiftlang/swift-syntax.git at 603.0.2 (0.25s)
Computing version for https://github.com/apple/swift-async-algorithms.git
Computed https://github.com/apple/swift-async-algorithms.git at 1.1.4 (0.20s)
Fetching https://github.com/apple/swift-collections.git
[1/25239] Fetching swift-collections
Fetched https://github.com/apple/swift-collections.git from cache (1.10s)
Computing version for https://github.com/apple/swift-collections.git
Computed https://github.com/apple/swift-collections.git at 1.6.0 (1.34s)
Creating working copy for https://github.com/apple/swift-async-algorithms.git
Working copy of https://github.com/apple/swift-async-algorithms.git resolved at 1.1.4
Creating working copy for https://github.com/swiftlang/swift-syntax.git
Working copy of https://github.com/swiftlang/swift-syntax.git resolved at 603.0.2
Creating working copy for https://github.com/apple/swift-collections.git
Working copy of https://github.com/apple/swift-collections.git resolved at 1.6.0
Creating working copy for https://github.com/nicklockwood/SwiftFormat.git
Working copy of https://github.com/nicklockwood/SwiftFormat.git resolved at 0.61.1
[1/1] Compiling plugin SwiftFormatPlugin
Building for debugging...
[1/49] Write sources
[26/49] Compiling _SwiftSyntaxCShims PlatformMutex.c
[27/49] Write swift-version--11D90AFD9DD3AB2.txt
[29/79] Emitting module SwiftSyntax603
[30/79] Emitting module SwiftSyntax600
[31/79] Emitting module SwiftSyntax601
[32/79] Emitting module SwiftSyntax602
[33/79] Emitting module InternalCollectionsUtilities
[34/81] Compiling SwiftSyntax603 Empty.swift
[35/82] Compiling SwiftSyntax601 Empty.swift
[38/83] Compiling SwiftSyntax510 Empty.swift
[39/83] Emitting module SwiftSyntax510
[39/84] Wrapping AST for SwiftSyntax603 for debugging
[40/84] Wrapping AST for SwiftSyntax601 for debugging
[42/84] Wrapping AST for SwiftSyntax510 for debugging
[44/84] Compiling InternalCollectionsUtilities _SortedCollection.swift
[45/84] Compiling InternalCollectionsUtilities _UniqueCollection.swift
[46/84] Compiling InternalCollectionsUtilities String+Padding.swift
[47/84] Compiling InternalCollectionsUtilities _UnsafeBitSet+Index.swift
[48/84] Compiling InternalCollectionsUtilities UnsafeMutableRawBufferPointer+Extras.swift
[49/84] Compiling InternalCollectionsUtilities UnsafeRawBufferPointer+Extras.swift
[50/84] Compiling InternalCollectionsUtilities _UnsafeBitSet+_Word.swift
[51/84] Compiling InternalCollectionsUtilities _UnsafeBitSet.swift
[52/84] Compiling InternalCollectionsUtilities UnsafeBufferPointer+Extras.swift
[53/84] Compiling InternalCollectionsUtilities UnsafeMutableBufferPointer+Extras.swift
[54/84] Compiling SwiftSyntax602 Empty.swift
[55/85] Emitting module SwiftSyntax509
[56/85] Compiling SwiftSyntax509 Empty.swift
[57/86] Compiling InternalCollectionsUtilities Integer rank.swift
[58/86] Compiling InternalCollectionsUtilities UInt+first and last set bit.swift
[59/86] Compiling InternalCollectionsUtilities UInt+reversed.swift
[60/86] Compiling InternalCollectionsUtilities LifetimeOverride.swift
[61/86] Compiling InternalCollectionsUtilities RandomAccessCollection+Offsets.swift
[62/86] Compiling InternalCollectionsUtilities Span+Extras.swift
[65/86] Compiling SwiftSyntax600 Empty.swift
[65/87] Wrapping AST for SwiftSyntax602 for debugging
[67/87] Compiling InternalCollectionsUtilities Debugging.swift
[68/87] Compiling InternalCollectionsUtilities Descriptions.swift
[69/87] Compiling InternalCollectionsUtilities FixedWidthInteger+roundUpToPowerOfTwo.swift
[70/88] Wrapping AST for SwiftSyntax509 for debugging
[72/88] Wrapping AST for SwiftSyntax600 for debugging
[74/244] Compiling ContainersPreview Producer+Map.swift
[75/244] Compiling ContainersPreview Producer+Reduce.swift
[76/244] Compiling ContainersPreview Producer.swift
[77/244] Compiling ContainersPreview InputSpan.swift
[78/244] Compiling ContainersPreview MutableRef.swift
[79/248] Compiling ContainersPreview Drain+Map.swift
[80/248] Compiling ContainersPreview Drain+Reduce.swift
[81/248] Compiling ContainersPreview Drain.swift
[82/248] Compiling ContainersPreview Producer+Collect.swift
[83/248] Compiling ContainersPreview Producer+Filter.swift
[84/248] Compiling ContainersPreview Container+SpanwiseZip.swift
[85/248] Compiling ContainersPreview Container.swift
[86/248] Compiling ContainersPreview ContainerIterator.swift
[87/248] Compiling ContainersPreview DynamicContainer.swift
[88/248] Compiling ContainersPreview MutableContainer.swift
[89/248] Compiling ContainersPreview BorrowingSequence+Standard Conformances.swift
[90/248] Compiling ContainersPreview BorrowingSequence+Utilities.swift
[91/248] Compiling ContainersPreview BorrowingSequence.swift
[92/248] Compiling ContainersPreview BidirectionalContainer.swift
[93/248] Compiling ContainersPreview Container+Filter.swift
[94/248] Compiling ContainersPreview PermutableContainer.swift
[95/248] Compiling ContainersPreview RandomAccessContainer.swift
[96/248] Compiling ContainersPreview RangeExpression2.swift
[97/248] Compiling ContainersPreview RangeReplaceableContainer.swift
[98/248] Compiling ContainersPreview Strideable+Limits.swift
[99/248] Emitting module ContainersPreview
[100/248] Compiling ContainersPreview Ref.swift
[101/248] Compiling ContainersPreview Shared.swift
[102/248] Compiling ContainersPreview SpanIterator.swift
[103/248] Compiling ContainersPreview UniqueBox.swift
[104/248] Compiling ContainersPreview OutputSpan+Extras.swift
[105/248] Compiling ContainersPreview TemporaryAllocation.swift
[106/248] Compiling ContainersPreview BorrowingIteratorProtocol+Copy.swift
[107/248] Compiling ContainersPreview BorrowingIteratorProtocol+ElementsEqual.swift
[108/248] Compiling ContainersPreview BorrowingIteratorProtocol+Filter.swift
[109/248] Compiling ContainersPreview BorrowingIteratorProtocol+Map.swift
[110/248] Compiling ContainersPreview BorrowingIteratorProtocol+Reduce.swift
[111/248] Compiling ContainersPreview BorrowingIteratorProtocol+SpanwiseZip.swift
[112/248] Compiling ContainersPreview BorrowingIteratorProtocol.swift
[113/248] Compiling ContainersPreview BorrowingSequence+Algorithms.swift
[115/290] Compiling OrderedCollections OrderedSet+Partial SetAlgebra isSuperset.swift
[116/290] Compiling OrderedCollections OrderedSet+Partial SetAlgebra subtract.swift
[117/290] Compiling OrderedCollections OrderedSet+Partial SetAlgebra subtracting.swift
[118/290] Compiling OrderedCollections OrderedSet+Partial SetAlgebra symmetricDifference.swift
[119/290] Compiling OrderedCollections OrderedSet+Partial SetAlgebra union.swift
[120/290] Compiling OrderedCollections OrderedSet+Partial SetAlgebra+Basics.swift
[121/290] Compiling OrderedCollections OrderedSet+RandomAccessCollection.swift
[122/290] Compiling OrderedCollections OrderedSet+ReserveCapacity.swift
[123/290] Compiling OrderedCollections OrderedSet+Partial SetAlgebra formSymmetricDifference.swift
[124/290] Compiling OrderedCollections OrderedSet+Partial SetAlgebra formUnion.swift
[125/290] Compiling OrderedCollections OrderedSet+Partial SetAlgebra intersection.swift
[126/290] Compiling OrderedCollections OrderedSet+Partial SetAlgebra isDisjoint.swift
[127/290] Compiling OrderedCollections OrderedSet+Partial SetAlgebra isEqualSet.swift
[128/290] Compiling OrderedCollections OrderedSet+Partial SetAlgebra isStrictSubset.swift
[129/290] Compiling OrderedCollections OrderedSet+Partial SetAlgebra isStrictSuperset.swift
[130/290] Compiling OrderedCollections OrderedSet+Partial SetAlgebra isSubset.swift
[131/297] Compiling DequeModule UniqueDeque+Container.swift
[132/297] Compiling DequeModule UniqueDeque+Deprecated.swift
[133/297] Compiling DequeModule UniqueDeque+Descriptions.swift
[134/297] Compiling DequeModule UniqueDeque+Equatable.swift
[135/297] Compiling DequeModule UniqueDeque+Experimental.swift
[136/302] Compiling DequeModule UniqueDeque+Hashable.swift
[137/302] Compiling DequeModule UniqueDeque+Initializers.swift
[138/302] Compiling DequeModule UniqueDeque+Insertions.swift
[139/302] Compiling DequeModule UniqueDeque+Prepend.swift
[140/302] Compiling DequeModule UniqueDeque+Removals.swift
[141/302] Compiling DequeModule RigidDeque+Equatable.swift
[142/302] Compiling DequeModule RigidDeque+Experimental.swift
[143/302] Compiling DequeModule RigidDeque+Hashable.swift
[144/302] Compiling DequeModule RigidDeque+Initializers.swift
[145/302] Compiling DequeModule RigidDeque+Insertions.swift
[146/302] Compiling DequeModule RigidDeque+Prepend.swift
[147/302] Compiling DequeModule RigidDeque+Removals.swift
[148/302] Compiling DequeModule RigidDeque+Replacements.swift
[149/302] Compiling DequeModule RigidDeque+Testing.swift
[150/302] Compiling DequeModule RigidDeque.swift
[151/302] Compiling DequeModule UniqueDeque+Append.swift
[152/302] Compiling DequeModule UniqueDeque+Consumption.swift
[153/302] Compiling DequeModule _DequeBuffer.swift
[154/302] Compiling DequeModule _DequeBufferHeader.swift
[155/302] Compiling DequeModule RigidDeque+Append.swift
[156/302] Compiling DequeModule RigidDeque+Consumption.swift
[157/302] Compiling DequeModule RigidDeque+Container.swift
[158/302] Compiling DequeModule RigidDeque+Descriptions.swift
[159/302] Compiling DequeModule Deque+Codable.swift
[160/302] Compiling DequeModule Deque+Collection.swift
[161/302] Compiling DequeModule Deque+CustomReflectable.swift
[162/302] Compiling DequeModule Deque+Descriptions.swift
[163/302] Compiling DequeModule Deque+Equatable.swift
[164/302] Compiling DequeModule Deque+ExpressibleByArrayLiteral.swift
[167/302] Compiling OrderedCollections OrderedSet+Sendable.swift
[168/302] Compiling OrderedCollections OrderedSet+SubSequence.swift
[169/302] Compiling OrderedCollections OrderedSet+Testing.swift
[170/302] Compiling OrderedCollections OrderedSet+UnorderedView.swift
[171/302] Compiling OrderedCollections OrderedSet+UnstableInternals.swift
[172/302] Compiling OrderedCollections OrderedSet.swift
[173/302] Compiling OrderedCollections _UnsafeBitset.swift
[174/302] Compiling DequeModule Deque+Extras.swift
[175/302] Compiling DequeModule Deque+Hashable.swift
[176/302] Compiling DequeModule Deque+Testing.swift
[177/302] Compiling DequeModule Deque._Storage.swift
[178/302] Compiling DequeModule Deque._UnsafeHandle.swift
[179/302] Compiling DequeModule Deque.swift
[218/302] Emitting module OrderedCollections
[229/311] Emitting module DequeModule
[230/311] Compiling DequeModule UniqueDeque+Replacements.swift
[231/311] Compiling DequeModule UniqueDeque.swift
[232/311] Compiling DequeModule _DequeSlot.swift
[233/311] Compiling DequeModule _UnsafeDequeHandle.swift
[234/311] Compiling DequeModule _UnsafeDequeSegments.swift
[245/365] Emitting module AsyncAlgorithms
[246/372] Compiling AsyncAlgorithms AsyncSyncSequence.swift
[247/372] Compiling AsyncAlgorithms AsyncThrottleSequence.swift
[248/372] Compiling AsyncAlgorithms AsyncThrowingExclusiveReductionsSequence.swift
[249/372] Compiling AsyncAlgorithms AsyncThrowingInclusiveReductionsSequence.swift
[250/372] Compiling AsyncAlgorithms AsyncTimerSequence.swift
[251/372] Compiling AsyncAlgorithms AsyncBufferSequence.swift
[252/372] Compiling AsyncAlgorithms BoundedBufferStateMachine.swift
[253/372] Compiling AsyncAlgorithms BoundedBufferStorage.swift
[254/372] Compiling AsyncAlgorithms Rethrow.swift
[255/372] Compiling AsyncAlgorithms SetAlgebra.swift
[256/372] Compiling AsyncAlgorithms UnsafeTransfer.swift
[257/372] Compiling AsyncAlgorithms AsyncZip2Sequence.swift
[258/372] Compiling AsyncAlgorithms AsyncZip3Sequence.swift
[259/372] Compiling AsyncAlgorithms ZipStateMachine.swift
[260/372] Compiling AsyncAlgorithms ZipStorage.swift
[261/372] Compiling AsyncAlgorithms AsyncAdjacentPairsSequence.swift
[262/372] Compiling AsyncAlgorithms AsyncBufferedByteIterator.swift
[263/372] Compiling AsyncAlgorithms AsyncChain2Sequence.swift
[264/372] Compiling AsyncAlgorithms AsyncChain3Sequence.swift
[265/372] Compiling AsyncAlgorithms AsyncChunkedByGroupSequence.swift
[266/372] Compiling AsyncAlgorithms AsyncChunkedOnProjectionSequence.swift
[267/372] Compiling AsyncAlgorithms AsyncChunksOfCountOrSignalSequence.swift
[268/372] Compiling AsyncAlgorithms AsyncChunksOfCountSequence.swift
[269/372] Compiling AsyncAlgorithms AsyncCompactedSequence.swift
[270/372] Compiling AsyncAlgorithms AsyncExclusiveReductionsSequence.swift
[271/372] Compiling AsyncAlgorithms AsyncInclusiveReductionsSequence.swift
[272/372] Compiling AsyncAlgorithms AsyncJoinedBySeparatorSequence.swift
[273/372] Compiling AsyncAlgorithms AsyncJoinedSequence.swift
[274/372] Compiling AsyncAlgorithms AsyncMapErrorSequence.swift
[275/372] Compiling AsyncAlgorithms AsyncRemoveDuplicatesSequence.swift
[276/372] Compiling AsyncAlgorithms AsyncShareSequence.swift
[277/372] Compiling AsyncAlgorithms UnboundedBufferStateMachine.swift
[278/372] Compiling AsyncAlgorithms UnboundedBufferStorage.swift
[279/372] Compiling AsyncAlgorithms AsyncChannel.swift
[280/372] Compiling AsyncAlgorithms AsyncThrowingChannel.swift
[281/372] Compiling AsyncAlgorithms ChannelStateMachine.swift
[282/372] Compiling AsyncAlgorithms ChannelStorage.swift
[283/372] Compiling AsyncAlgorithms AsyncCombineLatest2Sequence.swift
[284/372] Compiling AsyncAlgorithms AsyncCombineLatest3Sequence.swift
[285/372] Compiling AsyncAlgorithms CombineLatestStateMachine.swift
[286/372] Compiling AsyncAlgorithms CombineLatestStorage.swift
[287/372] Compiling AsyncAlgorithms AsyncDebounceSequence.swift
[288/372] Compiling AsyncAlgorithms DebounceStateMachine.swift
[289/372] Compiling AsyncAlgorithms DebounceStorage.swift
[290/372] Compiling AsyncAlgorithms Dictionary.swift
[291/372] Compiling AsyncAlgorithms AsyncFlatMapLatestSequence.swift
[292/372] Compiling AsyncAlgorithms FlatMapLatestStateMachine.swift
[293/372] Compiling AsyncAlgorithms FlatMapLatestStorage.swift
[294/372] Compiling AsyncAlgorithms Disconnected.swift
[295/372] Compiling AsyncAlgorithms _TinyArray.swift
[296/372] Compiling AsyncAlgorithms AsyncInterspersedSequence.swift
[297/372] Compiling AsyncAlgorithms Locking.swift
[298/372] Compiling AsyncAlgorithms AsyncMerge2Sequence.swift
[299/372] Compiling AsyncAlgorithms AsyncMerge3Sequence.swift
[300/372] Compiling AsyncAlgorithms MergeStateMachine.swift
[301/372] Compiling AsyncAlgorithms MergeStorage.swift
[302/372] Compiling AsyncAlgorithms MultiProducerSingleConsumerAsyncChannel+Internal.swift
[303/372] Compiling AsyncAlgorithms MultiProducerSingleConsumerAsyncChannel.swift
[304/372] Compiling AsyncAlgorithms RangeReplaceableCollection.swift
[305/372] Emitting module SwiftSyntax
[351/373] Compiling SwiftSyntax SyntaxNodesC.swift
[352/373] Compiling SwiftSyntax SyntaxNodesD.swift
[353/373] Compiling SwiftSyntax SyntaxNodesEF.swift
[354/373] Compiling SwiftSyntax SyntaxNodesGHI.swift
[355/373] Compiling SwiftSyntax SyntaxNodesJKLMN.swift
[356/373] Compiling SwiftSyntax SyntaxNodesOP.swift
[357/373] Compiling SwiftSyntax SyntaxNodesQRS.swift
[358/373] Compiling SwiftSyntax SyntaxNodesTUVWXYZ.swift
[359/389] Wrapping AST for SwiftSyntax for debugging
[361/433] Compiling SwiftDiagnostics Message.swift
[362/434] Compiling SwiftParser Attributes.swift
[363/434] Compiling SwiftParser Availability.swift
[364/434] Compiling SwiftDiagnostics Note.swift
[365/434] Compiling SwiftDiagnostics DiagnosticsFormatter.swift
[366/434] Compiling SwiftDiagnostics DiagnosticDecorator.swift
[367/434] Compiling SwiftParser CharacterInfo.swift
[368/434] Compiling SwiftParser CollectionNodes+Parsable.swift
[369/434] Emitting module SwiftDiagnostics
[370/434] Compiling SwiftBasicFormat Syntax+Extensions.swift
[371/434] Compiling SwiftBasicFormat Trivia+FormatExtensions.swift
[372/434] Compiling SwiftBasicFormat SyntaxProtocol+Formatted.swift
[373/434] Compiling SwiftBasicFormat Indenter.swift
[374/434] Compiling SwiftBasicFormat InferIndentation.swift
[375/434] Compiling SwiftDiagnostics GroupedDiagnostics.swift
[376/434] Compiling SwiftDiagnostics FixIt.swift
[377/435] Wrapping AST for SwiftDiagnostics for debugging
[379/435] Compiling SwiftBasicFormat BasicFormat.swift
[380/435] Emitting module SwiftBasicFormat
[381/436] Wrapping AST for SwiftBasicFormat for debugging
[383/436] Emitting module SwiftParser
[384/441] Compiling SwiftParser Lexeme.swift
[385/441] Compiling SwiftParser LexemeSequence.swift
[386/441] Compiling SwiftParser Lexer.swift
[387/441] Compiling SwiftParser RegexLiteralLexer.swift
[388/441] Compiling SwiftParser UnicodeScalarExtensions.swift
[389/441] Compiling SwiftParser Lookahead.swift
[390/441] Compiling SwiftParser TokenSpec.swift
[391/441] Compiling SwiftParser TokenSpecSet.swift
[392/441] Compiling SwiftParser TopLevel.swift
[393/441] Compiling SwiftParser TriviaParser.swift
[394/441] Compiling SwiftParser Types.swift
[395/441] Compiling SwiftParser StringLiterals.swift
[396/441] Compiling SwiftParser SwiftParserCompatibility.swift
[397/441] Compiling SwiftParser SwiftVersion.swift
[398/441] Compiling SwiftParser SyntaxUtils.swift
[399/441] Compiling SwiftParser TokenConsumer.swift
[400/441] Compiling SwiftParser TokenPrecedence.swift
[405/441] Compiling SwiftParser CompilerFiles.swift
[406/441] Compiling SwiftParser Declarations.swift
[407/441] Compiling SwiftParser LoopProgressCondition.swift
[408/441] Compiling SwiftParser Modifiers.swift
[409/441] Compiling SwiftParser Names.swift
[410/441] Compiling SwiftParser Nominals.swift
[411/441] Compiling SwiftParser Parameters.swift
[412/441] Compiling SwiftParser ParseSourceFile.swift
[413/441] Compiling SwiftParser Parser.swift
[414/441] Compiling SwiftParser Patterns.swift
[415/441] Compiling SwiftParser Recovery.swift
[416/441] Compiling SwiftParser Specifiers.swift
[417/441] Compiling SwiftParser Statements.swift
[418/441] Compiling SwiftParser StringLiteralRepresentedLiteralValue.swift
[419/441] Compiling SwiftParser Directives.swift
[420/441] Compiling SwiftParser ExpressionInterpretedAsVersionTuple.swift
[421/441] Compiling SwiftParser Expressions.swift
[422/441] Compiling SwiftParser IncrementalParseTransition.swift
[423/441] Compiling SwiftParser IsValidIdentifier.swift
[424/441] Compiling SwiftParser Cursor.swift
[425/441] Compiling SwiftParser ExperimentalFeatures.swift
[426/441] Compiling SwiftParser IsLexerClassified.swift
[427/441] Compiling SwiftParser LayoutNodes+Parsable.swift
[428/441] Compiling SwiftParser Parser+TokenSpecSet.swift
[429/441] Compiling SwiftParser TokenSpecStaticMembers.swift
[430/442] Wrapping AST for SwiftParser for debugging
[432/465] Compiling SwiftParserDiagnostics SyntaxKindNameForDiagnostics.swift
[433/466] Compiling SwiftOperators PrecedenceGroup.swift
[434/467] Compiling SwiftParserDiagnostics TokenNameForDiagnostics.swift
[435/467] Compiling SwiftOperators PrecedenceGraph.swift
[436/467] Compiling SwiftOperators OperatorTable.swift
[437/467] Compiling SwiftOperators SyntaxSynthesis.swift
[438/467] Compiling SwiftOperators OperatorTable+Semantics.swift
[439/467] Compiling SwiftOperators OperatorTable+Folding.swift
[440/467] Compiling SwiftParserDiagnostics DiagnosticExtensions.swift
[441/467] Compiling SwiftParserDiagnostics LexerDiagnosticMessages.swift
[442/467] Compiling SwiftParserDiagnostics MissingNodesError.swift
[443/467] Compiling SwiftParserDiagnostics MissingTokenError.swift
[444/467] Emitting module SwiftOperators
[445/468] Emitting module SwiftParserDiagnostics
[447/468] Compiling SwiftParserDiagnostics ChildNameForDiagnostics.swift
[448/468] Compiling SwiftParserDiagnostics SyntaxExtensions.swift
[449/468] Compiling SwiftParserDiagnostics Utils.swift
[449/468] Wrapping AST for SwiftOperators for debugging
[453/468] Compiling SwiftParserDiagnostics ParserDiagnosticMessages.swift
[454/468] Compiling SwiftParserDiagnostics PresenceUtils.swift
[457/468] Compiling SwiftParserDiagnostics MultiLineStringLiteralDiagnosticsGenerator.swift
[458/468] Compiling SwiftParserDiagnostics ParseDiagnosticsGenerator.swift
[459/469] Wrapping AST for SwiftParserDiagnostics for debugging
[461/484] Compiling SwiftSyntaxBuilder SyntaxParsable+ExpressibleByStringInterpolation.swift
[462/484] Compiling SwiftSyntaxBuilder ValidatingSyntaxNodes.swift
[463/485] Compiling SwiftSyntaxBuilder SyntaxExpressibleByStringInterpolationConformances.swift
[464/485] Compiling SwiftSyntaxBuilder ResultBuilderExtensions.swift
[465/485] Compiling SwiftSyntaxBuilder SwiftSyntaxBuilderCompatibility.swift
[466/485] Emitting module SwiftSyntaxBuilder
[467/485] Compiling SwiftSyntaxBuilder Indenter.swift
[468/485] Compiling SwiftSyntaxBuilder ListBuilder.swift
[469/485] Compiling SwiftSyntaxBuilder Syntax+StringInterpolation.swift
[470/485] Compiling SwiftSyntaxBuilder SyntaxNodeWithBody.swift
[471/485] Compiling SwiftSyntaxBuilder ConvenienceInitializers.swift
[472/485] Compiling SwiftSyntaxBuilder DeclSyntaxParseable.swift
[473/485] Compiling SwiftSyntaxBuilder WithTrailingCommaSyntax+EnsuringTrailingComma.swift
[474/485] Compiling SwiftSyntaxBuilder BuildableNodes.swift
[475/485] Compiling SwiftSyntaxBuilder RenamedChildrenBuilderCompatibility.swift
[476/485] Compiling SwiftSyntaxBuilder ResultBuilders.swift
[477/486] Wrapping AST for SwiftSyntaxBuilder for debugging
[479/501] Compiling SwiftIfConfig SyntaxProtocol+IfConfig.swift
[480/501] Compiling SwiftIfConfig VersionTuple+Parsing.swift
[481/502] Compiling SwiftIfConfig StaticBuildConfiguration.swift
[482/502] Compiling SwiftIfConfig SyntaxLiteralUtils.swift
[483/502] Compiling SwiftIfConfig VersionTuple.swift
[484/502] Emitting module SwiftIfConfig
[485/502] Compiling SwiftIfConfig ActiveClauseEvaluator.swift
[486/502] Compiling SwiftIfConfig ActiveSyntaxRewriter.swift
[487/502] Compiling SwiftIfConfig ActiveSyntaxVisitor.swift
[488/502] Compiling SwiftIfConfig BuildConfiguration.swift
[489/502] Compiling SwiftIfConfig ConfiguredRegions.swift
[490/502] Compiling SwiftIfConfig IfConfigDecl+IfConfig.swift
[491/502] Compiling SwiftIfConfig IfConfigFunctions.swift
[492/502] Compiling SwiftIfConfig IfConfigRegionState.swift
[493/502] Compiling SwiftIfConfig IfConfigDiagnostic.swift
[494/502] Compiling SwiftIfConfig IfConfigEvaluation.swift
[495/503] Wrapping AST for SwiftIfConfig for debugging
[497/520] Compiling SwiftSyntaxMacros ExpressionMacro.swift
[498/520] Compiling SwiftSyntaxMacros ExtensionMacro.swift
[499/522] Compiling SwiftSyntaxMacros Macro.swift
[500/522] Compiling SwiftSyntaxMacros MemberAttributeMacro.swift
[501/522] Compiling SwiftSyntaxMacros CodeItemMacro.swift
[502/522] Compiling SwiftSyntaxMacros DeclarationMacro.swift
[503/522] Compiling SwiftSyntaxMacros AccessorMacro.swift
[504/522] Compiling SwiftSyntaxMacros AttachedMacro.swift
[505/522] Compiling SwiftSyntaxMacros BodyMacro.swift
[506/522] Compiling SwiftSyntaxMacros MemberMacro.swift
[507/522] Compiling SwiftSyntaxMacros PeerMacro.swift
[508/522] Compiling SwiftSyntaxMacros FreestandingMacro.swift
[509/522] Compiling SwiftSyntaxMacros Macro+Format.swift
[510/522] Emitting module SwiftSyntaxMacros
[511/522] Compiling SwiftSyntaxMacros AbstractSourceLocation.swift
[512/522] Compiling SwiftSyntaxMacros MacroExpansionContext.swift
[513/522] Compiling SwiftSyntaxMacros MacroExpansionDiagnosticMessages.swift
[514/522] Compiling SwiftSyntaxMacros PreambleMacro.swift
[515/522] Compiling SwiftSyntaxMacros Syntax+LexicalContext.swift
[516/523] Wrapping AST for SwiftSyntaxMacros for debugging
[518/532] Compiling SwiftSyntaxMacroExpansion MacroSpec.swift
[519/533] Compiling SwiftSyntaxMacroExpansion BasicMacroExpansionContext.swift
[520/533] Compiling SwiftSyntaxMacroExpansion FunctionParameterUtils.swift
[521/533] Compiling SwiftSyntaxMacroExpansion MacroArgument.swift
[522/533] Compiling SwiftSyntaxMacroExpansion IndentationUtils.swift
[523/533] Compiling SwiftSyntaxMacroExpansion MacroExpansion.swift
[524/533] Emitting module SwiftSyntaxMacroExpansion
[525/533] Compiling SwiftSyntaxMacroExpansion MacroReplacement.swift
[526/533] Compiling SwiftSyntaxMacroExpansion MacroExpansionDiagnosticMessages.swift
[527/533] Compiling SwiftSyntaxMacroExpansion MacroSystem.swift
[528/534] Wrapping AST for SwiftSyntaxMacroExpansion for debugging
[530/546] Compiling SwiftCompilerPluginMessageHandling PluginMacroExpansionContext.swift
[531/546] Compiling SwiftCompilerPluginMessageHandling PluginMessages.swift
[532/546] Compiling SwiftCompilerPluginMessageHandling PluginMessageCompatibility.swift
[533/547] Compiling SwiftCompilerPluginMessageHandling StandardIOMessageConnection.swift
[534/547] Compiling SwiftCompilerPluginMessageHandling JSONDecoding.swift
[535/547] Compiling SwiftCompilerPluginMessageHandling JSONEncoding.swift
[536/547] Compiling SwiftCompilerPluginMessageHandling LRUCache.swift
[537/547] Compiling SwiftCompilerPluginMessageHandling Macros.swift
[538/547] Compiling SwiftCompilerPluginMessageHandling CompilerPluginMessageHandler.swift
[539/547] Compiling SwiftCompilerPluginMessageHandling Diagnostics.swift
[540/547] Emitting module SwiftCompilerPluginMessageHandling
[541/547] Compiling SwiftCompilerPluginMessageHandling CodingUtilities.swift
[542/547] Compiling SwiftCompilerPluginMessageHandling JSON.swift
[543/548] Wrapping AST for SwiftCompilerPluginMessageHandling for debugging
[545/550] Compiling SwiftCompilerPlugin CompilerPlugin.swift
[546/550] Emitting module SwiftCompilerPlugin
[547/551] Wrapping AST for SwiftCompilerPlugin for debugging
[549/560] Compiling VexilMacros PatternBindingSyntax.swift
[550/561] Compiling VexilMacros SimpleVariables.swift
[551/561] Compiling VexilMacros String+Snakecase.swift
[552/561] Compiling VexilMacros AttributeArgument.swift
[553/561] Compiling VexilMacros DisplayName.swift
[554/561] Compiling VexilMacros FlagContainerMacro.swift
[555/561] Compiling VexilMacros FlagGroupMacro.swift
[556/561] Emitting module VexilMacros
[557/561] Compiling VexilMacros Plugin.swift
[558/561] Compiling VexilMacros FlagMacro.swift
[559/562] Wrapping AST for VexilMacros for debugging
[560/562] Write Objects.LinkFileList
[561/562] Linking VexilMacros-tool
error: emit-module command failed with exit code 1 (use -v to see invocation)
[563/596] Emitting module Vexil
/host/spi-builder-workspace/Sources/Vexil/Lookup.swift:15:8: error: no such module 'Combine'
13 |
14 | #if !os(Linux)
15 | import Combine
   |        `- error: no such module 'Combine'
16 | #endif
17 |
[564/600] Compiling Vexil Visitor.swift
/host/spi-builder-workspace/Sources/Vexil/Lookup.swift:15:8: error: no such module 'Combine'
13 |
14 | #if !os(Linux)
15 | import Combine
   |        `- error: no such module 'Combine'
16 | #endif
17 |
[565/600] Compiling Vexil FlagDescriber.swift
/host/spi-builder-workspace/Sources/Vexil/Lookup.swift:15:8: error: no such module 'Combine'
13 |
14 | #if !os(Linux)
15 | import Combine
   |        `- error: no such module 'Combine'
16 | #endif
17 |
[566/600] Compiling Vexil FlagRemover.swift
/host/spi-builder-workspace/Sources/Vexil/Lookup.swift:15:8: error: no such module 'Combine'
13 |
14 | #if !os(Linux)
15 | import Combine
   |        `- error: no such module 'Combine'
16 | #endif
17 |
[567/600] Compiling Vexil FlagSetter.swift
/host/spi-builder-workspace/Sources/Vexil/Lookup.swift:15:8: error: no such module 'Combine'
13 |
14 | #if !os(Linux)
15 | import Combine
   |        `- error: no such module 'Combine'
16 | #endif
17 |
[568/600] Compiling Vexil FlagValueDictionary.swift
/host/spi-builder-workspace/Sources/Vexil/Lookup.swift:15:8: error: no such module 'Combine'
13 |
14 | #if !os(Linux)
15 | import Combine
   |        `- error: no such module 'Combine'
16 | #endif
17 |
[569/600] Compiling Vexil FlagValueSource.swift
/host/spi-builder-workspace/Sources/Vexil/Lookup.swift:15:8: error: no such module 'Combine'
13 |
14 | #if !os(Linux)
15 | import Combine
   |        `- error: no such module 'Combine'
16 | #endif
17 |
[570/600] Compiling Vexil FlagValueSourceCoordinator.swift
/host/spi-builder-workspace/Sources/Vexil/Lookup.swift:15:8: error: no such module 'Combine'
13 |
14 | #if !os(Linux)
15 | import Combine
   |        `- error: no such module 'Combine'
16 | #endif
17 |
[571/600] Compiling Vexil NSUbiquitousKeyValueStore+FlagValueSource.swift
/host/spi-builder-workspace/Sources/Vexil/Lookup.swift:15:8: error: no such module 'Combine'
13 |
14 | #if !os(Linux)
15 | import Combine
   |        `- error: no such module 'Combine'
16 | #endif
17 |
[572/600] Compiling Vexil NonSendableFlagValueSource.swift
/host/spi-builder-workspace/Sources/Vexil/Lookup.swift:15:8: error: no such module 'Combine'
13 |
14 | #if !os(Linux)
15 | import Combine
   |        `- error: no such module 'Combine'
16 | #endif
17 |
[573/600] Compiling Vexil UserDefaults+FlagValueSource.swift
/host/spi-builder-workspace/Sources/Vexil/Lookup.swift:15:8: error: no such module 'Combine'
13 |
14 | #if !os(Linux)
15 | import Combine
   |        `- error: no such module 'Combine'
16 | #endif
17 |
[574/600] Compiling Vexil StreamManager.swift
/host/spi-builder-workspace/Sources/Vexil/Lookup.swift:15:8: error: no such module 'Combine'
13 |
14 | #if !os(Linux)
15 | import Combine
   |        `- error: no such module 'Combine'
16 | #endif
17 |
[575/600] Compiling Vexil AsyncCurrentValue.swift
/host/spi-builder-workspace/Sources/Vexil/Lookup.swift:15:8: error: no such module 'Combine'
13 |
14 | #if !os(Linux)
15 | import Combine
   |        `- error: no such module 'Combine'
16 | #endif
17 |
[576/600] Compiling Vexil BoxedFlagValue+Codable.swift
/host/spi-builder-workspace/Sources/Vexil/Lookup.swift:15:8: error: no such module 'Combine'
13 |
14 | #if !os(Linux)
15 | import Combine
   |        `- error: no such module 'Combine'
16 | #endif
17 |
[577/600] Compiling Vexil CollectionDifference.Change+Element.swift
/host/spi-builder-workspace/Sources/Vexil/Lookup.swift:15:8: error: no such module 'Combine'
13 |
14 | #if !os(Linux)
15 | import Combine
   |        `- error: no such module 'Combine'
16 | #endif
17 |
[578/600] Compiling Vexil FlagChangeStream.swift
/host/spi-builder-workspace/Sources/Vexil/Lookup.swift:15:8: error: no such module 'Combine'
13 |
14 | #if !os(Linux)
15 | import Combine
   |        `- error: no such module 'Combine'
16 | #endif
17 |
[579/600] Compiling Vexil Lock.swift
/host/spi-builder-workspace/Sources/Vexil/Lookup.swift:15:8: error: no such module 'Combine'
13 |
14 | #if !os(Linux)
15 | import Combine
   |        `- error: no such module 'Combine'
16 | #endif
17 |
[580/600] Compiling Vexil Value.swift
/host/spi-builder-workspace/Sources/Vexil/Lookup.swift:15:8: error: no such module 'Combine'
13 |
14 | #if !os(Linux)
15 | import Combine
   |        `- error: no such module 'Combine'
16 | #endif
17 |
[581/600] Compiling Vexil Configuration.swift
/host/spi-builder-workspace/Sources/Vexil/Lookup.swift:15:8: error: no such module 'Combine'
13 |
14 | #if !os(Linux)
15 | import Combine
   |        `- error: no such module 'Combine'
16 | #endif
17 |
[582/600] Compiling Vexil Container.swift
/host/spi-builder-workspace/Sources/Vexil/Lookup.swift:15:8: error: no such module 'Combine'
13 |
14 | #if !os(Linux)
15 | import Combine
   |        `- error: no such module 'Combine'
16 | #endif
17 |
[583/600] Compiling Vexil DisplayOptions.swift
/host/spi-builder-workspace/Sources/Vexil/Lookup.swift:15:8: error: no such module 'Combine'
13 |
14 | #if !os(Linux)
15 | import Combine
   |        `- error: no such module 'Combine'
16 | #endif
17 |
[584/600] Compiling Vexil Flag.swift
/host/spi-builder-workspace/Sources/Vexil/Lookup.swift:15:8: error: no such module 'Combine'
13 |
14 | #if !os(Linux)
15 | import Combine
   |        `- error: no such module 'Combine'
16 | #endif
17 |
[585/600] Compiling Vexil Group.swift
/host/spi-builder-workspace/Sources/Vexil/Lookup.swift:15:8: error: no such module 'Combine'
13 |
14 | #if !os(Linux)
15 | import Combine
   |        `- error: no such module 'Combine'
16 | #endif
17 |
[586/600] Compiling Vexil KeyPath.swift
/host/spi-builder-workspace/Sources/Vexil/Lookup.swift:15:8: error: no such module 'Combine'
13 |
14 | #if !os(Linux)
15 | import Combine
   |        `- error: no such module 'Combine'
16 | #endif
17 |
[587/600] Compiling Vexil Lookup.swift
/host/spi-builder-workspace/Sources/Vexil/Lookup.swift:15:8: error: no such module 'Combine'
13 |
14 | #if !os(Linux)
15 | import Combine
   |        `- error: no such module 'Combine'
16 | #endif
17 |
[588/600] Compiling Vexil FlagGroupWigwag.swift
/host/spi-builder-workspace/Sources/Vexil/Lookup.swift:15:8: error: no such module 'Combine'
13 |
14 | #if !os(Linux)
15 | import Combine
   |        `- error: no such module 'Combine'
16 | #endif
17 |
[589/600] Compiling Vexil FlagWigwag.swift
/host/spi-builder-workspace/Sources/Vexil/Lookup.swift:15:8: error: no such module 'Combine'
13 |
14 | #if !os(Linux)
15 | import Combine
   |        `- error: no such module 'Combine'
16 | #endif
17 |
[590/600] Compiling Vexil Observing.swift
/host/spi-builder-workspace/Sources/Vexil/Lookup.swift:15:8: error: no such module 'Combine'
13 |
14 | #if !os(Linux)
15 | import Combine
   |        `- error: no such module 'Combine'
16 | #endif
17 |
[591/600] Compiling Vexil Snapshot+Lookup.swift
/host/spi-builder-workspace/Sources/Vexil/Lookup.swift:15:8: error: no such module 'Combine'
13 |
14 | #if !os(Linux)
15 | import Combine
   |        `- error: no such module 'Combine'
16 | #endif
17 |
[592/600] Compiling Vexil Snapshot.swift
/host/spi-builder-workspace/Sources/Vexil/Lookup.swift:15:8: error: no such module 'Combine'
13 |
14 | #if !os(Linux)
15 | import Combine
   |        `- error: no such module 'Combine'
16 | #endif
17 |
[593/600] Compiling Vexil SnapshotBuilder.swift
/host/spi-builder-workspace/Sources/Vexil/Lookup.swift:15:8: error: no such module 'Combine'
13 |
14 | #if !os(Linux)
15 | import Combine
   |        `- error: no such module 'Combine'
16 | #endif
17 |
[594/600] Compiling Vexil BoxedFlagValue+NSObject.swift
/host/spi-builder-workspace/Sources/Vexil/Lookup.swift:15:8: error: no such module 'Combine'
13 |
14 | #if !os(Linux)
15 | import Combine
   |        `- error: no such module 'Combine'
16 | #endif
17 |
[595/600] Compiling Vexil FlagValueDictionary+FlagValueSource.swift
/host/spi-builder-workspace/Sources/Vexil/Lookup.swift:15:8: error: no such module 'Combine'
13 |
14 | #if !os(Linux)
15 | import Combine
   |        `- error: no such module 'Combine'
16 | #endif
17 |
[596/600] Compiling Vexil Pole+Observability.swift
/host/spi-builder-workspace/Sources/Vexil/Lookup.swift:15:8: error: no such module 'Combine'
13 |
14 | #if !os(Linux)
15 | import Combine
   |        `- error: no such module 'Combine'
16 | #endif
17 |
[597/600] Compiling Vexil Pole.swift
/host/spi-builder-workspace/Sources/Vexil/Lookup.swift:15:8: error: no such module 'Combine'
13 |
14 | #if !os(Linux)
15 | import Combine
   |        `- error: no such module 'Combine'
16 | #endif
17 |
[598/600] Compiling Vexil MutableFlagContainer.swift
/host/spi-builder-workspace/Sources/Vexil/Lookup.swift:15:8: error: no such module 'Combine'
13 |
14 | #if !os(Linux)
15 | import Combine
   |        `- error: no such module 'Combine'
16 | #endif
17 |
[599/600] Compiling Vexil Snapshot+Extensions.swift
/host/spi-builder-workspace/Sources/Vexil/Lookup.swift:15:8: error: no such module 'Combine'
13 |
14 | #if !os(Linux)
15 | import Combine
   |        `- error: no such module 'Combine'
16 | #endif
17 |
[600/600] Compiling Vexil Snapshot+FlagValueSource.swift
/host/spi-builder-workspace/Sources/Vexil/Lookup.swift:15:8: error: no such module 'Combine'
13 |
14 | #if !os(Linux)
15 | import Combine
   |        `- error: no such module 'Combine'
16 | #endif
17 |
BUILD FAILURE 6.2 android