Build Information
Failed to build StaqWallet, reference main (a8bdc7), with Swift 6.4 for watchOS using Xcode 27.0 on 17 Oct 2026 10:27:45 UTC.
Build Command
env DEVELOPER_DIR=/Applications/Xcode-27.0.0.app xcrun xcodebuild -IDEClonedSourcePackagesDirPathOverride=$PWD/.dependencies -skipMacroValidation -skipPackagePluginValidation -derivedDataPath $PWD/.derivedData build -scheme StaqWallet -destination generic/platform=watchOSBuild Log
========================================
RunAll
========================================
Builder version: 5.1.3
Interrupt handler set up.
========================================
Checkout
========================================
Clone URL: https://github.com/staqio/StaqWallet.git
Reference: main
Initialized empty Git repository in /Users/admin/builder/spi-builder-workspace/.git/
From https://github.com/staqio/StaqWallet
* branch main -> FETCH_HEAD
* [new branch] main -> origin/main
HEAD is now at a8bdc78 Merge pull request #53 from staqio/release/5.0.1
Cloned https://github.com/staqio/StaqWallet.git
Revision (git rev-parse @):
a8bdc780b30312420b7be8fbe611493edb237f32
SUCCESS checkout https://github.com/staqio/StaqWallet.git at main
========================================
Build
========================================
Selected platform: watchOS
Swift version: 6.4
Building package at path: $PWD
https://github.com/staqio/StaqWallet.git
Command line invocation:
/Applications/Xcode-27.0.0.app/Contents/Developer/usr/bin/xcodebuild -IDEClonedSourcePackagesDirPathOverride=/Users/admin/builder/spi-builder-workspace/.dependencies -resolvePackageDependencies
Resolve Package Graph
Fetching from https://github.com/regulaforensics/FaceSDK-Swift-Package
Fetching from https://github.com/regulaforensics/DocumentReader-Swift-Package
Fetching from https://github.com/staqio/TrustlessSDK
Fetching from https://github.com/regulaforensics/FaceCoreBasic-Swift-Package
Fetching from https://github.com/regulaforensics/DocumentReaderBounds-Swift-Package
Fetching from https://github.com/regulaforensics/RegulaCommon-Swift-Package.git
Creating working copy of package ‘RegulaCommon-Swift-Package’
Checking out 9.1.1844 of package ‘RegulaCommon-Swift-Package’
Creating working copy of package ‘DocumentReader-Swift-Package’
Checking out 9.1.5702 of package ‘DocumentReader-Swift-Package’
Creating working copy of package ‘DocumentReaderBounds-Swift-Package’
Checking out 9.1.15608 of package ‘DocumentReaderBounds-Swift-Package’
Creating working copy of package ‘FaceSDK-Swift-Package’
Checking out 7.2.3526 of package ‘FaceSDK-Swift-Package’
Creating working copy of package ‘TrustlessSDK’
Checking out 1.2.0 of package ‘TrustlessSDK’
Creating working copy of package ‘FaceCoreBasic-Swift-Package’
Checking out 7.2.1622 of package ‘FaceCoreBasic-Swift-Package’
Resolve Package Graph
Resolved source packages:
DocumentReader: https://github.com/regulaforensics/DocumentReader-Swift-Package @ 9.1.5702
Bounds: https://github.com/regulaforensics/DocumentReaderBounds-Swift-Package @ 9.1.15608
FaceSDK: https://github.com/regulaforensics/FaceSDK-Swift-Package @ 7.2.3526
StaqWallet: /Users/admin/builder/spi-builder-workspace
FaceCoreBasic: https://github.com/regulaforensics/FaceCoreBasic-Swift-Package @ 7.2.1622
TrustlessSDK: https://github.com/staqio/TrustlessSDK @ 1.2.0
RegulaCommon: https://github.com/regulaforensics/RegulaCommon-Swift-Package.git @ 9.1.1844
resolved source packages: DocumentReader, Bounds, FaceSDK, StaqWallet, FaceCoreBasic, TrustlessSDK, RegulaCommon
2026-10-17 06:27:01.501 xcodebuild[530:3042] [MT] IDERunDestination: Supported platforms for the buildables in the current scheme is empty.
{
"dependencies" : [
{
"identity" : "trustlesssdk",
"requirement" : {
"exact" : [
"1.2.0"
]
},
"type" : "sourceControl",
"url" : "https://github.com/staqio/TrustlessSDK"
},
{
"identity" : "documentreader-swift-package",
"requirement" : {
"exact" : [
"9.1.5702"
]
},
"type" : "sourceControl",
"url" : "https://github.com/regulaforensics/DocumentReader-Swift-Package"
},
{
"identity" : "documentreaderbounds-swift-package",
"requirement" : {
"exact" : [
"9.1.15608"
]
},
"type" : "sourceControl",
"url" : "https://github.com/regulaforensics/DocumentReaderBounds-Swift-Package"
},
{
"identity" : "facecorebasic-swift-package",
"requirement" : {
"exact" : [
"7.2.1622"
]
},
"type" : "sourceControl",
"url" : "https://github.com/regulaforensics/FaceCoreBasic-Swift-Package"
},
{
"identity" : "facesdk-swift-package",
"requirement" : {
"exact" : [
"7.2.3526"
]
},
"type" : "sourceControl",
"url" : "https://github.com/regulaforensics/FaceSDK-Swift-Package"
}
],
"manifest_display_name" : "StaqWallet",
"name" : "StaqWallet",
"path" : "/Users/admin/builder/spi-builder-workspace",
"platforms" : [
{
"name" : "ios",
"version" : "16.0"
}
],
"products" : [
{
"name" : "StaqWallet",
"targets" : [
"StaqWalletTarget"
],
"type" : {
"library" : [
"automatic"
]
}
}
],
"targets" : [
{
"c99name" : "StaqWalletTarget",
"module_type" : "SwiftTarget",
"name" : "StaqWalletTarget",
"path" : "Sources/StaqWalletTarget",
"product_dependencies" : [
"TrustlessSDK",
"DocumentReader",
"Bounds",
"FaceCoreBasic",
"FaceSDK"
],
"product_memberships" : [
"StaqWallet"
],
"sources" : [
"Exports.swift"
],
"target_dependencies" : [
"StaqWallet"
],
"type" : "library"
},
{
"c99name" : "StaqWallet",
"module_type" : "BinaryTarget",
"name" : "StaqWallet",
"path" : "Sources/StaqWallet.xcframework",
"product_memberships" : [
"StaqWallet"
],
"sources" : [
],
"type" : "binary"
}
],
"tools_version" : "6.4"
}
{
"workspace" : {
"name" : "StaqWallet",
"schemes" : [
"StaqWallet"
]
}
}
2026-10-17 06:27:35.640 xcodebuild[958:5379] [MT] IDERunDestination: Supported platforms for the buildables in the current scheme is empty.
Running build ...
env DEVELOPER_DIR=/Applications/Xcode-27.0.0.app xcrun xcodebuild -IDEClonedSourcePackagesDirPathOverride=$PWD/.dependencies -skipMacroValidation -skipPackagePluginValidation -derivedDataPath $PWD/.derivedData build -scheme StaqWallet -destination generic/platform=watchOS
Command line invocation:
/Applications/Xcode-27.0.0.app/Contents/Developer/usr/bin/xcodebuild -IDEClonedSourcePackagesDirPathOverride=/Users/admin/builder/spi-builder-workspace/.dependencies -skipMacroValidation -skipPackagePluginValidation -derivedDataPath /Users/admin/builder/spi-builder-workspace/.derivedData build -scheme StaqWallet -destination generic/platform=watchOS
Resolve Package Graph
Resolve Package Graph
Resolved source packages:
FaceCoreBasic: https://github.com/regulaforensics/FaceCoreBasic-Swift-Package @ 7.2.1622
StaqWallet: /Users/admin/builder/spi-builder-workspace
RegulaCommon: https://github.com/regulaforensics/RegulaCommon-Swift-Package.git @ 9.1.1844
Bounds: https://github.com/regulaforensics/DocumentReaderBounds-Swift-Package @ 9.1.15608
TrustlessSDK: https://github.com/staqio/TrustlessSDK @ 1.2.0
FaceSDK: https://github.com/regulaforensics/FaceSDK-Swift-Package @ 7.2.3526
DocumentReader: https://github.com/regulaforensics/DocumentReader-Swift-Package @ 9.1.5702
ComputePackagePrebuildTargetDependencyGraph
Prepare packages
CreateBuildRequest
SendProjectDescription
CreateBuildOperation
ComputeTargetDependencyGraph
note: Building targets in dependency order
note: Target dependency graph (11 targets)
Target 'StaqWallet-product' in project 'StaqWallet'
➜ Explicit dependency on target 'StaqWalletTarget' in project 'StaqWallet'
➜ Explicit dependency on target 'TrustlessSDK-product' in project 'TrustlessSDK'
➜ Explicit dependency on target 'DocumentReader-product' in project 'DocumentReader'
➜ Explicit dependency on target 'Bounds-product' in project 'Bounds'
➜ Explicit dependency on target 'FaceCoreBasic-product' in project 'FaceCoreBasic'
➜ Explicit dependency on target 'FaceSDK-product' in project 'FaceSDK'
Target 'StaqWalletTarget' in project 'StaqWallet'
➜ Explicit dependency on target 'TrustlessSDK-product' in project 'TrustlessSDK'
➜ Explicit dependency on target 'DocumentReader-product' in project 'DocumentReader'
➜ Explicit dependency on target 'Bounds-product' in project 'Bounds'
➜ Explicit dependency on target 'FaceCoreBasic-product' in project 'FaceCoreBasic'
➜ Explicit dependency on target 'FaceSDK-product' in project 'FaceSDK'
Target 'FaceSDK-product' in project 'FaceSDK'
➜ Explicit dependency on target 'FaceSDKCommon' in project 'FaceSDK'
➜ Explicit dependency on target 'RegulaCommon-product' in project 'RegulaCommon'
Target 'FaceSDKCommon' in project 'FaceSDK'
➜ Explicit dependency on target 'RegulaCommon-product' in project 'RegulaCommon'
Target 'FaceCoreBasic-product' in project 'FaceCoreBasic' (no dependencies)
Target 'Bounds-product' in project 'Bounds' (no dependencies)
Target 'DocumentReader-product' in project 'DocumentReader'
➜ Explicit dependency on target 'DocumentReaderCommon' in project 'DocumentReader'
➜ Explicit dependency on target 'RegulaCommon-product' in project 'RegulaCommon'
Target 'DocumentReaderCommon' in project 'DocumentReader'
➜ Explicit dependency on target 'RegulaCommon-product' in project 'RegulaCommon'
Target 'RegulaCommon-product' in project 'RegulaCommon' (no dependencies)
Target 'TrustlessSDK-product' in project 'TrustlessSDK'
➜ Explicit dependency on target 'TrustlessSDKTarget' in project 'TrustlessSDK'
Target 'TrustlessSDKTarget' in project 'TrustlessSDK' (no dependencies)
GatherProvisioningInputs
CreateBuildDescription
ExecuteExternalTool /Applications/Xcode-27.0.0.app/Contents/Developer/Toolchains/XcodeDefault.xctoolchain/usr/bin/clang -v -E -dM -arch arm64 -isysroot /Applications/Xcode-27.0.0.app/Contents/Developer/Platforms/WatchOS.platform/Developer/SDKs/WatchOS27.0.sdk -x objective-c -c /dev/null
ExecuteExternalTool /Applications/Xcode-27.0.0.app/Contents/Developer/Toolchains/XcodeDefault.xctoolchain/usr/bin/swiftc --version
ExecuteExternalTool /Applications/Xcode-27.0.0.app/Contents/Developer/Toolchains/XcodeDefault.xctoolchain/usr/bin/clang -v -E -dM -isysroot /Applications/Xcode-27.0.0.app/Contents/Developer/Platforms/WatchOS.platform/Developer/SDKs/WatchOS27.0.sdk -x c -c /dev/null
ExecuteExternalTool /Applications/Xcode-27.0.0.app/Contents/Developer/Toolchains/XcodeDefault.xctoolchain/usr/bin/clang -v -E -dM -arch arm64 -isysroot /Applications/Xcode-27.0.0.app/Contents/Developer/Platforms/WatchOS.platform/Developer/SDKs/WatchOS27.0.sdk -x c -c /dev/null
ExecuteExternalTool /Applications/Xcode-27.0.0.app/Contents/Developer/Toolchains/XcodeDefault.xctoolchain/usr/bin/ld -version_details
ExecuteExternalTool /Applications/Xcode-27.0.0.app/Contents/Developer/Toolchains/XcodeDefault.xctoolchain/usr/bin/clang -v -E -dM -arch arm64_32 -isysroot /Applications/Xcode-27.0.0.app/Contents/Developer/Platforms/WatchOS.platform/Developer/SDKs/WatchOS27.0.sdk -x objective-c -c /dev/null
ExecuteExternalTool /Applications/Xcode-27.0.0.app/Contents/Developer/Toolchains/XcodeDefault.xctoolchain/usr/bin/clang -v -E -dM -arch arm64_32 -isysroot /Applications/Xcode-27.0.0.app/Contents/Developer/Platforms/WatchOS.platform/Developer/SDKs/WatchOS27.0.sdk -x c -c /dev/null
Build description signature: bb020d98e774c9291d6d21757323b25e
Build description path: /Users/admin/builder/spi-builder-workspace/.derivedData/Build/Intermediates.noindex/XCBuildData/bb020d98e774c9291d6d21757323b25e.xcbuilddata
/Users/admin/builder/spi-builder-workspace/.dependencies/artifacts/regulacommon-swift-package/RegulaCommon/RegulaCommon.xcframework:1:1: error: While building for watchOS, no library for this platform was found in '/Users/admin/builder/spi-builder-workspace/.dependencies/artifacts/regulacommon-swift-package/RegulaCommon/RegulaCommon.xcframework'. (in target 'RegulaCommon-product' from project 'RegulaCommon')
/Users/admin/builder/spi-builder-workspace/.dependencies/checkouts/TrustlessSDK/Sources/TrustlessSDK.xcframework:1:1: error: While building for watchOS, no library for this platform was found in '/Users/admin/builder/spi-builder-workspace/.dependencies/checkouts/TrustlessSDK/Sources/TrustlessSDK.xcframework'. (in target 'TrustlessSDKTarget' from project 'TrustlessSDK')
/Users/admin/builder/spi-builder-workspace/.dependencies/checkouts/TrustlessSDK/Sources/TrustlessSDK.xcframework:1:1: error: While building for watchOS, no library for this platform was found in '/Users/admin/builder/spi-builder-workspace/.dependencies/checkouts/TrustlessSDK/Sources/TrustlessSDK.xcframework'. (in target 'TrustlessSDK-product' from project 'TrustlessSDK')
/Users/admin/builder/spi-builder-workspace/Sources/StaqWallet.xcframework:1:1: error: While building for watchOS, no library for this platform was found in '/Users/admin/builder/spi-builder-workspace/Sources/StaqWallet.xcframework'. (in target 'StaqWallet-product' from project 'StaqWallet')
/Users/admin/builder/spi-builder-workspace/.dependencies/artifacts/documentreaderbounds-swift-package/Bounds/DocumentReaderCore.xcframework:1:1: error: While building for watchOS, no library for this platform was found in '/Users/admin/builder/spi-builder-workspace/.dependencies/artifacts/documentreaderbounds-swift-package/Bounds/DocumentReaderCore.xcframework'. (in target 'StaqWallet-product' from project 'StaqWallet')
/Users/admin/builder/spi-builder-workspace/.dependencies/artifacts/facecorebasic-swift-package/FaceCoreBasic/Liveness.xcframework:1:1: error: While building for watchOS, no library for this platform was found in '/Users/admin/builder/spi-builder-workspace/.dependencies/artifacts/facecorebasic-swift-package/FaceCoreBasic/Liveness.xcframework'. (in target 'StaqWallet-product' from project 'StaqWallet')
/Users/admin/builder/spi-builder-workspace/.dependencies/checkouts/TrustlessSDK/Sources/TrustlessSDK.xcframework:1:1: error: While building for watchOS, no library for this platform was found in '/Users/admin/builder/spi-builder-workspace/.dependencies/checkouts/TrustlessSDK/Sources/TrustlessSDK.xcframework'. (in target 'StaqWallet-product' from project 'StaqWallet')
/Users/admin/builder/spi-builder-workspace/.dependencies/artifacts/documentreader-swift-package/DocumentReader/DocumentReader.xcframework:1:1: error: While building for watchOS, no library for this platform was found in '/Users/admin/builder/spi-builder-workspace/.dependencies/artifacts/documentreader-swift-package/DocumentReader/DocumentReader.xcframework'. (in target 'StaqWallet-product' from project 'StaqWallet')
/Users/admin/builder/spi-builder-workspace/.dependencies/artifacts/regulacommon-swift-package/RegulaCommon/RegulaCommon.xcframework:1:1: error: While building for watchOS, no library for this platform was found in '/Users/admin/builder/spi-builder-workspace/.dependencies/artifacts/regulacommon-swift-package/RegulaCommon/RegulaCommon.xcframework'. (in target 'StaqWallet-product' from project 'StaqWallet')
/Users/admin/builder/spi-builder-workspace/.dependencies/artifacts/documentreaderbounds-swift-package/Bounds/DocumentReaderCore.xcframework:1:1: error: While building for watchOS, no library for this platform was found in '/Users/admin/builder/spi-builder-workspace/.dependencies/artifacts/documentreaderbounds-swift-package/Bounds/DocumentReaderCore.xcframework'. (in target 'StaqWallet-product' from project 'StaqWallet')
/Users/admin/builder/spi-builder-workspace/.dependencies/artifacts/facecorebasic-swift-package/FaceCoreBasic/Liveness.xcframework:1:1: error: While building for watchOS, no library for this platform was found in '/Users/admin/builder/spi-builder-workspace/.dependencies/artifacts/facecorebasic-swift-package/FaceCoreBasic/Liveness.xcframework'. (in target 'StaqWallet-product' from project 'StaqWallet')
/Users/admin/builder/spi-builder-workspace/.dependencies/artifacts/facesdk-swift-package/FaceSDK/FaceSDK.xcframework:1:1: error: While building for watchOS, no library for this platform was found in '/Users/admin/builder/spi-builder-workspace/.dependencies/artifacts/facesdk-swift-package/FaceSDK/FaceSDK.xcframework'. (in target 'StaqWallet-product' from project 'StaqWallet')
/Users/admin/builder/spi-builder-workspace/.dependencies/artifacts/regulacommon-swift-package/RegulaCommon/RegulaCommon.xcframework:1:1: error: While building for watchOS, no library for this platform was found in '/Users/admin/builder/spi-builder-workspace/.dependencies/artifacts/regulacommon-swift-package/RegulaCommon/RegulaCommon.xcframework'. (in target 'StaqWallet-product' from project 'StaqWallet')
/Users/admin/builder/spi-builder-workspace/.dependencies/artifacts/regulacommon-swift-package/RegulaCommon/RegulaCommon.xcframework:1:1: error: While building for watchOS, no library for this platform was found in '/Users/admin/builder/spi-builder-workspace/.dependencies/artifacts/regulacommon-swift-package/RegulaCommon/RegulaCommon.xcframework'. (in target 'StaqWallet-product' from project 'StaqWallet')
/Users/admin/builder/spi-builder-workspace/.dependencies/artifacts/documentreaderbounds-swift-package/Bounds/DocumentReaderCore.xcframework:1:1: error: While building for watchOS, no library for this platform was found in '/Users/admin/builder/spi-builder-workspace/.dependencies/artifacts/documentreaderbounds-swift-package/Bounds/DocumentReaderCore.xcframework'. (in target 'Bounds-product' from project 'Bounds')
/Users/admin/builder/spi-builder-workspace/.dependencies/artifacts/documentreader-swift-package/DocumentReader/DocumentReader.xcframework:1:1: error: While building for watchOS, no library for this platform was found in '/Users/admin/builder/spi-builder-workspace/.dependencies/artifacts/documentreader-swift-package/DocumentReader/DocumentReader.xcframework'. (in target 'DocumentReaderCommon' from project 'DocumentReader')
/Users/admin/builder/spi-builder-workspace/.dependencies/artifacts/regulacommon-swift-package/RegulaCommon/RegulaCommon.xcframework:1:1: error: While building for watchOS, no library for this platform was found in '/Users/admin/builder/spi-builder-workspace/.dependencies/artifacts/regulacommon-swift-package/RegulaCommon/RegulaCommon.xcframework'. (in target 'DocumentReaderCommon' from project 'DocumentReader')
/Users/admin/builder/spi-builder-workspace/.dependencies/artifacts/documentreader-swift-package/DocumentReader/DocumentReader.xcframework:1:1: error: While building for watchOS, no library for this platform was found in '/Users/admin/builder/spi-builder-workspace/.dependencies/artifacts/documentreader-swift-package/DocumentReader/DocumentReader.xcframework'. (in target 'DocumentReader-product' from project 'DocumentReader')
/Users/admin/builder/spi-builder-workspace/.dependencies/artifacts/regulacommon-swift-package/RegulaCommon/RegulaCommon.xcframework:1:1: error: While building for watchOS, no library for this platform was found in '/Users/admin/builder/spi-builder-workspace/.dependencies/artifacts/regulacommon-swift-package/RegulaCommon/RegulaCommon.xcframework'. (in target 'DocumentReader-product' from project 'DocumentReader')
/Users/admin/builder/spi-builder-workspace/.dependencies/artifacts/regulacommon-swift-package/RegulaCommon/RegulaCommon.xcframework:1:1: error: While building for watchOS, no library for this platform was found in '/Users/admin/builder/spi-builder-workspace/.dependencies/artifacts/regulacommon-swift-package/RegulaCommon/RegulaCommon.xcframework'. (in target 'DocumentReader-product' from project 'DocumentReader')
/Users/admin/builder/spi-builder-workspace/Sources/StaqWallet.xcframework:1:1: error: While building for watchOS, no library for this platform was found in '/Users/admin/builder/spi-builder-workspace/Sources/StaqWallet.xcframework'. (in target 'StaqWalletTarget' from project 'StaqWallet')
/Users/admin/builder/spi-builder-workspace/.dependencies/artifacts/documentreaderbounds-swift-package/Bounds/DocumentReaderCore.xcframework:1:1: error: While building for watchOS, no library for this platform was found in '/Users/admin/builder/spi-builder-workspace/.dependencies/artifacts/documentreaderbounds-swift-package/Bounds/DocumentReaderCore.xcframework'. (in target 'StaqWalletTarget' from project 'StaqWallet')
/Users/admin/builder/spi-builder-workspace/.dependencies/artifacts/facecorebasic-swift-package/FaceCoreBasic/Liveness.xcframework:1:1: error: While building for watchOS, no library for this platform was found in '/Users/admin/builder/spi-builder-workspace/.dependencies/artifacts/facecorebasic-swift-package/FaceCoreBasic/Liveness.xcframework'. (in target 'StaqWalletTarget' from project 'StaqWallet')
/Users/admin/builder/spi-builder-workspace/.dependencies/artifacts/facecorebasic-swift-package/FaceCoreBasic/Liveness.xcframework:1:1: error: While building for watchOS, no library for this platform was found in '/Users/admin/builder/spi-builder-workspace/.dependencies/artifacts/facecorebasic-swift-package/FaceCoreBasic/Liveness.xcframework'. (in target 'FaceCoreBasic-product' from project 'FaceCoreBasic')
/Users/admin/builder/spi-builder-workspace/.dependencies/artifacts/facesdk-swift-package/FaceSDK/FaceSDK.xcframework:1:1: error: While building for watchOS, no library for this platform was found in '/Users/admin/builder/spi-builder-workspace/.dependencies/artifacts/facesdk-swift-package/FaceSDK/FaceSDK.xcframework'. (in target 'FaceSDKCommon' from project 'FaceSDK')
/Users/admin/builder/spi-builder-workspace/.dependencies/artifacts/regulacommon-swift-package/RegulaCommon/RegulaCommon.xcframework:1:1: error: While building for watchOS, no library for this platform was found in '/Users/admin/builder/spi-builder-workspace/.dependencies/artifacts/regulacommon-swift-package/RegulaCommon/RegulaCommon.xcframework'. (in target 'FaceSDKCommon' from project 'FaceSDK')
/Users/admin/builder/spi-builder-workspace/.dependencies/artifacts/facesdk-swift-package/FaceSDK/FaceSDK.xcframework:1:1: error: While building for watchOS, no library for this platform was found in '/Users/admin/builder/spi-builder-workspace/.dependencies/artifacts/facesdk-swift-package/FaceSDK/FaceSDK.xcframework'. (in target 'FaceSDK-product' from project 'FaceSDK')
/Users/admin/builder/spi-builder-workspace/.dependencies/artifacts/regulacommon-swift-package/RegulaCommon/RegulaCommon.xcframework:1:1: error: While building for watchOS, no library for this platform was found in '/Users/admin/builder/spi-builder-workspace/.dependencies/artifacts/regulacommon-swift-package/RegulaCommon/RegulaCommon.xcframework'. (in target 'FaceSDK-product' from project 'FaceSDK')
/Users/admin/builder/spi-builder-workspace/.dependencies/artifacts/regulacommon-swift-package/RegulaCommon/RegulaCommon.xcframework:1:1: error: While building for watchOS, no library for this platform was found in '/Users/admin/builder/spi-builder-workspace/.dependencies/artifacts/regulacommon-swift-package/RegulaCommon/RegulaCommon.xcframework'. (in target 'FaceSDK-product' from project 'FaceSDK')
2026-10-17 06:27:39.762 xcodebuild[959:5424] [MT] IDERunDestination: Supported platforms for the buildables in the current scheme is empty.
** BUILD FAILED **
The following build commands failed:
Building workspace StaqWallet with scheme StaqWallet
(1 failure)
Command line invocation:
/Applications/Xcode-27.0.0.app/Contents/Developer/usr/bin/xcodebuild -IDEClonedSourcePackagesDirPathOverride=/Users/admin/builder/spi-builder-workspace/.dependencies -resolvePackageDependencies
Resolve Package Graph
Resolved source packages:
FaceCoreBasic: https://github.com/regulaforensics/FaceCoreBasic-Swift-Package @ 7.2.1622
DocumentReader: https://github.com/regulaforensics/DocumentReader-Swift-Package @ 9.1.5702
StaqWallet: /Users/admin/builder/spi-builder-workspace
TrustlessSDK: https://github.com/staqio/TrustlessSDK @ 1.2.0
FaceSDK: https://github.com/regulaforensics/FaceSDK-Swift-Package @ 7.2.3526
Bounds: https://github.com/regulaforensics/DocumentReaderBounds-Swift-Package @ 9.1.15608
RegulaCommon: https://github.com/regulaforensics/RegulaCommon-Swift-Package.git @ 9.1.1844
resolved source packages: FaceCoreBasic, DocumentReader, StaqWallet, TrustlessSDK, FaceSDK, Bounds, RegulaCommon
2026-10-17 06:27:41.950 xcodebuild[1029:5785] [MT] IDERunDestination: Supported platforms for the buildables in the current scheme is empty.
{
"dependencies" : [
{
"identity" : "trustlesssdk",
"requirement" : {
"exact" : [
"1.2.0"
]
},
"type" : "sourceControl",
"url" : "https://github.com/staqio/TrustlessSDK"
},
{
"identity" : "documentreader-swift-package",
"requirement" : {
"exact" : [
"9.1.5702"
]
},
"type" : "sourceControl",
"url" : "https://github.com/regulaforensics/DocumentReader-Swift-Package"
},
{
"identity" : "documentreaderbounds-swift-package",
"requirement" : {
"exact" : [
"9.1.15608"
]
},
"type" : "sourceControl",
"url" : "https://github.com/regulaforensics/DocumentReaderBounds-Swift-Package"
},
{
"identity" : "facecorebasic-swift-package",
"requirement" : {
"exact" : [
"7.2.1622"
]
},
"type" : "sourceControl",
"url" : "https://github.com/regulaforensics/FaceCoreBasic-Swift-Package"
},
{
"identity" : "facesdk-swift-package",
"requirement" : {
"exact" : [
"7.2.3526"
]
},
"type" : "sourceControl",
"url" : "https://github.com/regulaforensics/FaceSDK-Swift-Package"
}
],
"manifest_display_name" : "StaqWallet",
"name" : "StaqWallet",
"path" : "/Users/admin/builder/spi-builder-workspace",
"platforms" : [
{
"name" : "ios",
"version" : "16.0"
}
],
"products" : [
{
"name" : "StaqWallet",
"targets" : [
"StaqWalletTarget"
],
"type" : {
"library" : [
"automatic"
]
}
}
],
"targets" : [
{
"c99name" : "StaqWalletTarget",
"module_type" : "SwiftTarget",
"name" : "StaqWalletTarget",
"path" : "Sources/StaqWalletTarget",
"product_dependencies" : [
"TrustlessSDK",
"DocumentReader",
"Bounds",
"FaceCoreBasic",
"FaceSDK"
],
"product_memberships" : [
"StaqWallet"
],
"sources" : [
"Exports.swift"
],
"target_dependencies" : [
"StaqWallet"
],
"type" : "library"
},
{
"c99name" : "StaqWallet",
"module_type" : "BinaryTarget",
"name" : "StaqWallet",
"path" : "Sources/StaqWallet.xcframework",
"product_memberships" : [
"StaqWallet"
],
"sources" : [
],
"type" : "binary"
}
],
"tools_version" : "6.4"
}
{
"workspace" : {
"name" : "StaqWallet",
"schemes" : [
"StaqWallet"
]
}
}
2026-10-17 06:27:43.385 xcodebuild[1037:5850] [MT] IDERunDestination: Supported platforms for the buildables in the current scheme is empty.
Running build ...
env DEVELOPER_DIR=/Applications/Xcode-27.0.0.app xcrun xcodebuild -IDEClonedSourcePackagesDirPathOverride=$PWD/.dependencies -skipMacroValidation -skipPackagePluginValidation -derivedDataPath $PWD/.derivedData build -scheme StaqWallet -destination generic/platform=watchOS
Command line invocation:
/Applications/Xcode-27.0.0.app/Contents/Developer/usr/bin/xcodebuild -IDEClonedSourcePackagesDirPathOverride=/Users/admin/builder/spi-builder-workspace/.dependencies -skipMacroValidation -skipPackagePluginValidation -derivedDataPath /Users/admin/builder/spi-builder-workspace/.derivedData build -scheme StaqWallet -destination generic/platform=watchOS
Resolve Package Graph
Resolved source packages:
TrustlessSDK: https://github.com/staqio/TrustlessSDK @ 1.2.0
StaqWallet: /Users/admin/builder/spi-builder-workspace
DocumentReader: https://github.com/regulaforensics/DocumentReader-Swift-Package @ 9.1.5702
RegulaCommon: https://github.com/regulaforensics/RegulaCommon-Swift-Package.git @ 9.1.1844
Bounds: https://github.com/regulaforensics/DocumentReaderBounds-Swift-Package @ 9.1.15608
FaceCoreBasic: https://github.com/regulaforensics/FaceCoreBasic-Swift-Package @ 7.2.1622
FaceSDK: https://github.com/regulaforensics/FaceSDK-Swift-Package @ 7.2.3526
ComputePackagePrebuildTargetDependencyGraph
Prepare packages
CreateBuildRequest
SendProjectDescription
CreateBuildOperation
ComputeTargetDependencyGraph
note: Building targets in dependency order
note: Target dependency graph (11 targets)
Target 'StaqWallet-product' in project 'StaqWallet'
➜ Explicit dependency on target 'StaqWalletTarget' in project 'StaqWallet'
➜ Explicit dependency on target 'TrustlessSDK-product' in project 'TrustlessSDK'
➜ Explicit dependency on target 'DocumentReader-product' in project 'DocumentReader'
➜ Explicit dependency on target 'Bounds-product' in project 'Bounds'
➜ Explicit dependency on target 'FaceCoreBasic-product' in project 'FaceCoreBasic'
➜ Explicit dependency on target 'FaceSDK-product' in project 'FaceSDK'
Target 'StaqWalletTarget' in project 'StaqWallet'
➜ Explicit dependency on target 'TrustlessSDK-product' in project 'TrustlessSDK'
➜ Explicit dependency on target 'DocumentReader-product' in project 'DocumentReader'
➜ Explicit dependency on target 'Bounds-product' in project 'Bounds'
➜ Explicit dependency on target 'FaceCoreBasic-product' in project 'FaceCoreBasic'
➜ Explicit dependency on target 'FaceSDK-product' in project 'FaceSDK'
Target 'FaceSDK-product' in project 'FaceSDK'
➜ Explicit dependency on target 'FaceSDKCommon' in project 'FaceSDK'
➜ Explicit dependency on target 'RegulaCommon-product' in project 'RegulaCommon'
Target 'FaceSDKCommon' in project 'FaceSDK'
➜ Explicit dependency on target 'RegulaCommon-product' in project 'RegulaCommon'
Target 'FaceCoreBasic-product' in project 'FaceCoreBasic' (no dependencies)
Target 'Bounds-product' in project 'Bounds' (no dependencies)
Target 'DocumentReader-product' in project 'DocumentReader'
➜ Explicit dependency on target 'DocumentReaderCommon' in project 'DocumentReader'
➜ Explicit dependency on target 'RegulaCommon-product' in project 'RegulaCommon'
Target 'DocumentReaderCommon' in project 'DocumentReader'
➜ Explicit dependency on target 'RegulaCommon-product' in project 'RegulaCommon'
Target 'RegulaCommon-product' in project 'RegulaCommon' (no dependencies)
Target 'TrustlessSDK-product' in project 'TrustlessSDK'
➜ Explicit dependency on target 'TrustlessSDKTarget' in project 'TrustlessSDK'
Target 'TrustlessSDKTarget' in project 'TrustlessSDK' (no dependencies)
GatherProvisioningInputs
CreateBuildDescription
/Users/admin/builder/spi-builder-workspace/.dependencies/artifacts/facesdk-swift-package/FaceSDK/FaceSDK.xcframework:1:1: error: While building for watchOS, no library for this platform was found in '/Users/admin/builder/spi-builder-workspace/.dependencies/artifacts/facesdk-swift-package/FaceSDK/FaceSDK.xcframework'. (in target 'FaceSDK-product' from project 'FaceSDK')
/Users/admin/builder/spi-builder-workspace/.dependencies/artifacts/regulacommon-swift-package/RegulaCommon/RegulaCommon.xcframework:1:1: error: While building for watchOS, no library for this platform was found in '/Users/admin/builder/spi-builder-workspace/.dependencies/artifacts/regulacommon-swift-package/RegulaCommon/RegulaCommon.xcframework'. (in target 'FaceSDK-product' from project 'FaceSDK')
/Users/admin/builder/spi-builder-workspace/.dependencies/artifacts/regulacommon-swift-package/RegulaCommon/RegulaCommon.xcframework:1:1: error: While building for watchOS, no library for this platform was found in '/Users/admin/builder/spi-builder-workspace/.dependencies/artifacts/regulacommon-swift-package/RegulaCommon/RegulaCommon.xcframework'. (in target 'FaceSDK-product' from project 'FaceSDK')
/Users/admin/builder/spi-builder-workspace/.dependencies/artifacts/regulacommon-swift-package/RegulaCommon/RegulaCommon.xcframework:1:1: error: While building for watchOS, no library for this platform was found in '/Users/admin/builder/spi-builder-workspace/.dependencies/artifacts/regulacommon-swift-package/RegulaCommon/RegulaCommon.xcframework'. (in target 'RegulaCommon-product' from project 'RegulaCommon')
/Users/admin/builder/spi-builder-workspace/.dependencies/artifacts/documentreaderbounds-swift-package/Bounds/DocumentReaderCore.xcframework:1:1: error: While building for watchOS, no library for this platform was found in '/Users/admin/builder/spi-builder-workspace/.dependencies/artifacts/documentreaderbounds-swift-package/Bounds/DocumentReaderCore.xcframework'. (in target 'Bounds-product' from project 'Bounds')
/Users/admin/builder/spi-builder-workspace/.dependencies/artifacts/facecorebasic-swift-package/FaceCoreBasic/Liveness.xcframework:1:1: error: While building for watchOS, no library for this platform was found in '/Users/admin/builder/spi-builder-workspace/.dependencies/artifacts/facecorebasic-swift-package/FaceCoreBasic/Liveness.xcframework'. (in target 'FaceCoreBasic-product' from project 'FaceCoreBasic')
/Users/admin/builder/spi-builder-workspace/.dependencies/artifacts/documentreader-swift-package/DocumentReader/DocumentReader.xcframework:1:1: error: While building for watchOS, no library for this platform was found in '/Users/admin/builder/spi-builder-workspace/.dependencies/artifacts/documentreader-swift-package/DocumentReader/DocumentReader.xcframework'. (in target 'DocumentReader-product' from project 'DocumentReader')
/Users/admin/builder/spi-builder-workspace/.dependencies/artifacts/regulacommon-swift-package/RegulaCommon/RegulaCommon.xcframework:1:1: error: While building for watchOS, no library for this platform was found in '/Users/admin/builder/spi-builder-workspace/.dependencies/artifacts/regulacommon-swift-package/RegulaCommon/RegulaCommon.xcframework'. (in target 'DocumentReader-product' from project 'DocumentReader')
/Users/admin/builder/spi-builder-workspace/.dependencies/artifacts/regulacommon-swift-package/RegulaCommon/RegulaCommon.xcframework:1:1: error: While building for watchOS, no library for this platform was found in '/Users/admin/builder/spi-builder-workspace/.dependencies/artifacts/regulacommon-swift-package/RegulaCommon/RegulaCommon.xcframework'. (in target 'DocumentReader-product' from project 'DocumentReader')
/Users/admin/builder/spi-builder-workspace/.dependencies/artifacts/documentreaderbounds-swift-package/Bounds/DocumentReaderCore.xcframework:1:1: error: While building for watchOS, no library for this platform was found in '/Users/admin/builder/spi-builder-workspace/.dependencies/artifacts/documentreaderbounds-swift-package/Bounds/DocumentReaderCore.xcframework'. (in target 'StaqWalletTarget' from project 'StaqWallet')
/Users/admin/builder/spi-builder-workspace/.dependencies/artifacts/facecorebasic-swift-package/FaceCoreBasic/Liveness.xcframework:1:1: error: While building for watchOS, no library for this platform was found in '/Users/admin/builder/spi-builder-workspace/.dependencies/artifacts/facecorebasic-swift-package/FaceCoreBasic/Liveness.xcframework'. (in target 'StaqWalletTarget' from project 'StaqWallet')
/Users/admin/builder/spi-builder-workspace/Sources/StaqWallet.xcframework:1:1: error: While building for watchOS, no library for this platform was found in '/Users/admin/builder/spi-builder-workspace/Sources/StaqWallet.xcframework'. (in target 'StaqWalletTarget' from project 'StaqWallet')
/Users/admin/builder/spi-builder-workspace/.dependencies/artifacts/facesdk-swift-package/FaceSDK/FaceSDK.xcframework:1:1: error: While building for watchOS, no library for this platform was found in '/Users/admin/builder/spi-builder-workspace/.dependencies/artifacts/facesdk-swift-package/FaceSDK/FaceSDK.xcframework'. (in target 'FaceSDKCommon' from project 'FaceSDK')
/Users/admin/builder/spi-builder-workspace/.dependencies/artifacts/regulacommon-swift-package/RegulaCommon/RegulaCommon.xcframework:1:1: error: While building for watchOS, no library for this platform was found in '/Users/admin/builder/spi-builder-workspace/.dependencies/artifacts/regulacommon-swift-package/RegulaCommon/RegulaCommon.xcframework'. (in target 'FaceSDKCommon' from project 'FaceSDK')
/Users/admin/builder/spi-builder-workspace/.dependencies/artifacts/documentreader-swift-package/DocumentReader/DocumentReader.xcframework:1:1: error: While building for watchOS, no library for this platform was found in '/Users/admin/builder/spi-builder-workspace/.dependencies/artifacts/documentreader-swift-package/DocumentReader/DocumentReader.xcframework'. (in target 'DocumentReaderCommon' from project 'DocumentReader')
/Users/admin/builder/spi-builder-workspace/.dependencies/artifacts/regulacommon-swift-package/RegulaCommon/RegulaCommon.xcframework:1:1: error: While building for watchOS, no library for this platform was found in '/Users/admin/builder/spi-builder-workspace/.dependencies/artifacts/regulacommon-swift-package/RegulaCommon/RegulaCommon.xcframework'. (in target 'DocumentReaderCommon' from project 'DocumentReader')
/Users/admin/builder/spi-builder-workspace/.dependencies/artifacts/documentreader-swift-package/DocumentReader/DocumentReader.xcframework:1:1: error: While building for watchOS, no library for this platform was found in '/Users/admin/builder/spi-builder-workspace/.dependencies/artifacts/documentreader-swift-package/DocumentReader/DocumentReader.xcframework'. (in target 'StaqWallet-product' from project 'StaqWallet')
/Users/admin/builder/spi-builder-workspace/.dependencies/artifacts/documentreaderbounds-swift-package/Bounds/DocumentReaderCore.xcframework:1:1: error: While building for watchOS, no library for this platform was found in '/Users/admin/builder/spi-builder-workspace/.dependencies/artifacts/documentreaderbounds-swift-package/Bounds/DocumentReaderCore.xcframework'. (in target 'StaqWallet-product' from project 'StaqWallet')
/Users/admin/builder/spi-builder-workspace/.dependencies/artifacts/documentreaderbounds-swift-package/Bounds/DocumentReaderCore.xcframework:1:1: error: While building for watchOS, no library for this platform was found in '/Users/admin/builder/spi-builder-workspace/.dependencies/artifacts/documentreaderbounds-swift-package/Bounds/DocumentReaderCore.xcframework'. (in target 'StaqWallet-product' from project 'StaqWallet')
/Users/admin/builder/spi-builder-workspace/.dependencies/artifacts/facecorebasic-swift-package/FaceCoreBasic/Liveness.xcframework:1:1: error: While building for watchOS, no library for this platform was found in '/Users/admin/builder/spi-builder-workspace/.dependencies/artifacts/facecorebasic-swift-package/FaceCoreBasic/Liveness.xcframework'. (in target 'StaqWallet-product' from project 'StaqWallet')
/Users/admin/builder/spi-builder-workspace/.dependencies/artifacts/facecorebasic-swift-package/FaceCoreBasic/Liveness.xcframework:1:1: error: While building for watchOS, no library for this platform was found in '/Users/admin/builder/spi-builder-workspace/.dependencies/artifacts/facecorebasic-swift-package/FaceCoreBasic/Liveness.xcframework'. (in target 'StaqWallet-product' from project 'StaqWallet')
/Users/admin/builder/spi-builder-workspace/.dependencies/artifacts/facesdk-swift-package/FaceSDK/FaceSDK.xcframework:1:1: error: While building for watchOS, no library for this platform was found in '/Users/admin/builder/spi-builder-workspace/.dependencies/artifacts/facesdk-swift-package/FaceSDK/FaceSDK.xcframework'. (in target 'StaqWallet-product' from project 'StaqWallet')
/Users/admin/builder/spi-builder-workspace/.dependencies/artifacts/regulacommon-swift-package/RegulaCommon/RegulaCommon.xcframework:1:1: error: While building for watchOS, no library for this platform was found in '/Users/admin/builder/spi-builder-workspace/.dependencies/artifacts/regulacommon-swift-package/RegulaCommon/RegulaCommon.xcframework'. (in target 'StaqWallet-product' from project 'StaqWallet')
/Users/admin/builder/spi-builder-workspace/.dependencies/artifacts/regulacommon-swift-package/RegulaCommon/RegulaCommon.xcframework:1:1: error: While building for watchOS, no library for this platform was found in '/Users/admin/builder/spi-builder-workspace/.dependencies/artifacts/regulacommon-swift-package/RegulaCommon/RegulaCommon.xcframework'. (in target 'StaqWallet-product' from project 'StaqWallet')
/Users/admin/builder/spi-builder-workspace/.dependencies/artifacts/regulacommon-swift-package/RegulaCommon/RegulaCommon.xcframework:1:1: error: While building for watchOS, no library for this platform was found in '/Users/admin/builder/spi-builder-workspace/.dependencies/artifacts/regulacommon-swift-package/RegulaCommon/RegulaCommon.xcframework'. (in target 'StaqWallet-product' from project 'StaqWallet')
/Users/admin/builder/spi-builder-workspace/.dependencies/checkouts/TrustlessSDK/Sources/TrustlessSDK.xcframework:1:1: error: While building for watchOS, no library for this platform was found in '/Users/admin/builder/spi-builder-workspace/.dependencies/checkouts/TrustlessSDK/Sources/TrustlessSDK.xcframework'. (in target 'StaqWallet-product' from project 'StaqWallet')
/Users/admin/builder/spi-builder-workspace/Sources/StaqWallet.xcframework:1:1: error: While building for watchOS, no library for this platform was found in '/Users/admin/builder/spi-builder-workspace/Sources/StaqWallet.xcframework'. (in target 'StaqWallet-product' from project 'StaqWallet')
/Users/admin/builder/spi-builder-workspace/.dependencies/checkouts/TrustlessSDK/Sources/TrustlessSDK.xcframework:1:1: error: While building for watchOS, no library for this platform was found in '/Users/admin/builder/spi-builder-workspace/.dependencies/checkouts/TrustlessSDK/Sources/TrustlessSDK.xcframework'. (in target 'TrustlessSDK-product' from project 'TrustlessSDK')
/Users/admin/builder/spi-builder-workspace/.dependencies/checkouts/TrustlessSDK/Sources/TrustlessSDK.xcframework:1:1: error: While building for watchOS, no library for this platform was found in '/Users/admin/builder/spi-builder-workspace/.dependencies/checkouts/TrustlessSDK/Sources/TrustlessSDK.xcframework'. (in target 'TrustlessSDKTarget' from project 'TrustlessSDK')
2026-10-17 06:27:44.448 xcodebuild[1038:5874] [MT] IDERunDestination: Supported platforms for the buildables in the current scheme is empty.
** BUILD FAILED **
The following build commands failed:
Building workspace StaqWallet with scheme StaqWallet
(1 failure)
BUILD FAILURE 6.4 watchOS