Build Information
Failed to build Kipple, reference main (7b64f9), with Swift 6.4 for visionOS using Xcode 27.0 on 20 Sep 2026 18:08:15 UTC.
Build Command
env DEVELOPER_DIR=/Applications/Xcode-27.0.0-Release.Candidate.app xcrun xcodebuild -IDEClonedSourcePackagesDirPathOverride=$PWD/.dependencies -skipMacroValidation -skipPackagePluginValidation -derivedDataPath $PWD/.derivedData build -scheme Kipple-Package -destination generic/platform=xrOSBuild Log
SwiftDriverJobDiscovery normal arm64 Compiling AdjacentPairs.swift, Chain.swift, Chunked.swift (in target 'Algorithms' from project 'swift-algorithms')
SwiftEmitModule normal arm64 Emitting\ module\ for\ KippleFoundation (in target 'KippleFoundation' from project 'Kipple')
SwiftCompile normal arm64 (in target 'KippleFoundation' from project 'Kipple')
cd /Users/admin/builder/spi-builder-workspace/.swiftpm/xcode
/Users/admin/builder/spi-builder-workspace/Sources/KippleFoundation/Extensions/String+LocalizedError.swift:7:1: warning: extension declares a conformance of imported type 'String' to imported protocols 'LocalizedError', 'Error'; this will not behave correctly if the owners of 'Swift' introduce this conformance in the future
5 | /// Extension that allows a normal `String` to be returned as an error,
6 | /// using itself as the localized error description.
7 | extension String: LocalizedError {
| |- warning: extension declares a conformance of imported type 'String' to imported protocols 'LocalizedError', 'Error'; this will not behave correctly if the owners of 'Swift' introduce this conformance in the future
| `- note: add '@retroactive' to silence this warning
8 | public var errorDescription: String? {
9 | self
SwiftCompile normal arm64 Compiling\ String+Convenience.swift,\ String+LocalizedError.swift /Users/admin/builder/spi-builder-workspace/Sources/KippleFoundation/Extensions/String+Convenience.swift /Users/admin/builder/spi-builder-workspace/Sources/KippleFoundation/Extensions/String+LocalizedError.swift (in target 'KippleFoundation' from project 'Kipple')
SwiftCompile normal arm64 /Users/admin/builder/spi-builder-workspace/Sources/KippleFoundation/Extensions/String+Convenience.swift (in target 'KippleFoundation' from project 'Kipple')
cd /Users/admin/builder/spi-builder-workspace/.swiftpm/xcode
builtin-SwiftPerFileCompile String+Convenience.swift
SwiftCompile normal arm64 /Users/admin/builder/spi-builder-workspace/Sources/KippleFoundation/Extensions/String+LocalizedError.swift (in target 'KippleFoundation' from project 'Kipple')
cd /Users/admin/builder/spi-builder-workspace/.swiftpm/xcode
builtin-SwiftPerFileCompile String+LocalizedError.swift
/Users/admin/builder/spi-builder-workspace/Sources/KippleFoundation/Extensions/String+LocalizedError.swift:7:1: warning: extension declares a conformance of imported type 'String' to imported protocols 'LocalizedError', 'Error'; this will not behave correctly if the owners of 'Swift' introduce this conformance in the future
5 | /// Extension that allows a normal `String` to be returned as an error,
6 | /// using itself as the localized error description.
7 | extension String: LocalizedError {
| |- warning: extension declares a conformance of imported type 'String' to imported protocols 'LocalizedError', 'Error'; this will not behave correctly if the owners of 'Swift' introduce this conformance in the future
| `- note: add '@retroactive' to silence this warning
8 | public var errorDescription: String? {
9 | self
SwiftExplicitDependencyGeneratePcm arm64 /Users/admin/builder/spi-builder-workspace/.derivedData/SDKExplicitPrecompiledModules/OSLog-BNGT87TS0GMBFF7TY70HHB69.pcm
SwiftEmitModule normal arm64 Emitting\ module\ for\ KippleLocalStorage (in target 'KippleLocalStorage' from project 'Kipple')
/Users/admin/builder/spi-builder-workspace/Sources/KippleLocalStorage/UserDefaults/UserDefaults+Key.swift:28:16: warning: static property 'codableStore' is not concurrency-safe because non-'Sendable' type 'UserDefaults' may have shared mutable state; this is an error in the Swift 6 language mode [#MutableGlobalVariable]
26 |
27 | public extension UserDefaults {
28 | static let codableStore = UserDefaults(suiteName: "com.kipple.codablestore")!
| |- warning: static property 'codableStore' is not concurrency-safe because non-'Sendable' type 'UserDefaults' may have shared mutable state; this is an error in the Swift 6 language mode [#MutableGlobalVariable]
| |- note: add '@MainActor' to make static property 'codableStore' part of global actor 'MainActor'
| `- note: disable concurrency-safety checks if accesses are protected by an external synchronization mechanism
29 | }
30 |
/Applications/Xcode-27.0.0-Release.Candidate.app/Contents/Developer/Platforms/XROS.platform/Developer/SDKs/XROS27.0.sdk/System/Library/Frameworks/Foundation.framework/Headers/NSUserDefaults.h:144:12: note: class 'UserDefaults' does not conform to the 'Sendable' protocol
142 | /// - An app can modify settings for one of its app extensions.
143 | /// - An app can modify settings for an app group to which it belongs.
144 | @interface NSUserDefaults : NSObject {
| `- note: class 'UserDefaults' does not conform to the 'Sendable' protocol
145 | @private
146 | id _kvo_;
/Users/admin/builder/spi-builder-workspace/Sources/KippleLocalStorage/UserDefaults/UserDefaults+Mocked.swift:6:16: warning: static property 'mocked' is not concurrency-safe because non-'Sendable' type 'UserDefaults' may have shared mutable state; this is an error in the Swift 6 language mode [#MutableGlobalVariable]
4 |
5 | extension UserDefaults {
6 | static let mocked: UserDefaults = {
| |- warning: static property 'mocked' is not concurrency-safe because non-'Sendable' type 'UserDefaults' may have shared mutable state; this is an error in the Swift 6 language mode [#MutableGlobalVariable]
| |- note: add '@MainActor' to make static property 'mocked' part of global actor 'MainActor'
| `- note: disable concurrency-safety checks if accesses are protected by an external synchronization mechanism
7 | let name = "com.kipple.mocked"
8 | let store = UserDefaults(suiteName: name)!
/Applications/Xcode-27.0.0-Release.Candidate.app/Contents/Developer/Platforms/XROS.platform/Developer/SDKs/XROS27.0.sdk/System/Library/Frameworks/Foundation.framework/Headers/NSUserDefaults.h:144:12: note: class 'UserDefaults' does not conform to the 'Sendable' protocol
142 | /// - An app can modify settings for one of its app extensions.
143 | /// - An app can modify settings for an app group to which it belongs.
144 | @interface NSUserDefaults : NSObject {
| `- note: class 'UserDefaults' does not conform to the 'Sendable' protocol
145 | @private
146 | id _kvo_;
[#MutableGlobalVariable]: <https://docs.swift.org/compiler/documentation/diagnostics/mutable-global-variable>
SwiftCompile normal arm64 (in target 'KippleLocalStorage' from project 'Kipple')
cd /Users/admin/builder/spi-builder-workspace/.swiftpm/xcode
SwiftCompile normal arm64 Compiling\ SemanticVersion.swift /Users/admin/builder/spi-builder-workspace/Sources/KippleFoundation/Models/SemanticVersion.swift (in target 'KippleFoundation' from project 'Kipple')
SwiftCompile normal arm64 /Users/admin/builder/spi-builder-workspace/Sources/KippleFoundation/Models/SemanticVersion.swift (in target 'KippleFoundation' from project 'Kipple')
cd /Users/admin/builder/spi-builder-workspace/.swiftpm/xcode
builtin-SwiftPerFileCompile SemanticVersion.swift
SwiftEmitModule normal arm64 Emitting\ module\ for\ KippleCodable (in target 'KippleCodable' from project 'Kipple')
SwiftCompile normal arm64 (in target 'KippleCodable' from project 'Kipple')
cd /Users/admin/builder/spi-builder-workspace/.swiftpm/xcode
SwiftCompile normal arm64 Compiling\ UserDefaults+Codable.swift /Users/admin/builder/spi-builder-workspace/Sources/KippleLocalStorage/UserDefaults/UserDefaults+Codable.swift (in target 'KippleLocalStorage' from project 'Kipple')
SwiftCompile normal arm64 /Users/admin/builder/spi-builder-workspace/Sources/KippleLocalStorage/UserDefaults/UserDefaults+Codable.swift (in target 'KippleLocalStorage' from project 'Kipple')
cd /Users/admin/builder/spi-builder-workspace/.swiftpm/xcode
builtin-SwiftPerFileCompile UserDefaults+Codable.swift
SwiftCompile normal arm64 Compiling\ UserDefaults+Key.swift /Users/admin/builder/spi-builder-workspace/Sources/KippleLocalStorage/UserDefaults/UserDefaults+Key.swift (in target 'KippleLocalStorage' from project 'Kipple')
SwiftCompile normal arm64 /Users/admin/builder/spi-builder-workspace/Sources/KippleLocalStorage/UserDefaults/UserDefaults+Key.swift (in target 'KippleLocalStorage' from project 'Kipple')
cd /Users/admin/builder/spi-builder-workspace/.swiftpm/xcode
builtin-SwiftPerFileCompile UserDefaults+Key.swift
/Users/admin/builder/spi-builder-workspace/Sources/KippleLocalStorage/UserDefaults/UserDefaults+Key.swift:28:16: warning: static property 'codableStore' is not concurrency-safe because non-'Sendable' type 'UserDefaults' may have shared mutable state; this is an error in the Swift 6 language mode [#MutableGlobalVariable]
26 |
27 | public extension UserDefaults {
28 | static let codableStore = UserDefaults(suiteName: "com.kipple.codablestore")!
| |- warning: static property 'codableStore' is not concurrency-safe because non-'Sendable' type 'UserDefaults' may have shared mutable state; this is an error in the Swift 6 language mode [#MutableGlobalVariable]
| |- note: add '@MainActor' to make static property 'codableStore' part of global actor 'MainActor'
| `- note: disable concurrency-safety checks if accesses are protected by an external synchronization mechanism
29 | }
30 |
/Applications/Xcode-27.0.0-Release.Candidate.app/Contents/Developer/Platforms/XROS.platform/Developer/SDKs/XROS27.0.sdk/System/Library/Frameworks/Foundation.framework/Headers/NSUserDefaults.h:144:12: note: class 'UserDefaults' does not conform to the 'Sendable' protocol
142 | /// - An app can modify settings for one of its app extensions.
143 | /// - An app can modify settings for an app group to which it belongs.
144 | @interface NSUserDefaults : NSObject {
| `- note: class 'UserDefaults' does not conform to the 'Sendable' protocol
145 | @private
146 | id _kvo_;
[#MutableGlobalVariable]: <https://docs.swift.org/compiler/documentation/diagnostics/mutable-global-variable>
SwiftCompile normal arm64 Compiling\ UserDefaults+RemoveAllObjects.swift /Users/admin/builder/spi-builder-workspace/Sources/KippleLocalStorage/UserDefaults/UserDefaults+RemoveAllObjects.swift (in target 'KippleLocalStorage' from project 'Kipple')
SwiftCompile normal arm64 /Users/admin/builder/spi-builder-workspace/Sources/KippleLocalStorage/UserDefaults/UserDefaults+RemoveAllObjects.swift (in target 'KippleLocalStorage' from project 'Kipple')
cd /Users/admin/builder/spi-builder-workspace/.swiftpm/xcode
builtin-SwiftPerFileCompile UserDefaults+RemoveAllObjects.swift
SwiftCompile normal arm64 Compiling\ UserDefaults+Mocked.swift /Users/admin/builder/spi-builder-workspace/Sources/KippleLocalStorage/UserDefaults/UserDefaults+Mocked.swift (in target 'KippleLocalStorage' from project 'Kipple')
/Users/admin/builder/spi-builder-workspace/Sources/KippleLocalStorage/UserDefaults/UserDefaults+Mocked.swift:6:16: warning: static property 'mocked' is not concurrency-safe because non-'Sendable' type 'UserDefaults' may have shared mutable state; this is an error in the Swift 6 language mode [#MutableGlobalVariable]
4 |
5 | extension UserDefaults {
6 | static let mocked: UserDefaults = {
| |- warning: static property 'mocked' is not concurrency-safe because non-'Sendable' type 'UserDefaults' may have shared mutable state; this is an error in the Swift 6 language mode [#MutableGlobalVariable]
| |- note: add '@MainActor' to make static property 'mocked' part of global actor 'MainActor'
| `- note: disable concurrency-safety checks if accesses are protected by an external synchronization mechanism
7 | let name = "com.kipple.mocked"
8 | let store = UserDefaults(suiteName: name)!
/Applications/Xcode-27.0.0-Release.Candidate.app/Contents/Developer/Platforms/XROS.platform/Developer/SDKs/XROS27.0.sdk/System/Library/Frameworks/Foundation.framework/Headers/NSUserDefaults.h:144:12: note: class 'UserDefaults' does not conform to the 'Sendable' protocol
142 | /// - An app can modify settings for one of its app extensions.
143 | /// - An app can modify settings for an app group to which it belongs.
144 | @interface NSUserDefaults : NSObject {
| `- note: class 'UserDefaults' does not conform to the 'Sendable' protocol
145 | @private
146 | id _kvo_;
[#MutableGlobalVariable]: <https://docs.swift.org/compiler/documentation/diagnostics/mutable-global-variable>
SwiftCompile normal arm64 /Users/admin/builder/spi-builder-workspace/Sources/KippleLocalStorage/UserDefaults/UserDefaults+Mocked.swift (in target 'KippleLocalStorage' from project 'Kipple')
cd /Users/admin/builder/spi-builder-workspace/.swiftpm/xcode
builtin-SwiftPerFileCompile UserDefaults+Mocked.swift
SwiftDriverJobDiscovery normal arm64 Compiling Partition.swift, Permutations.swift, Product.swift (in target 'Algorithms' from project 'swift-algorithms')
SwiftCompile normal arm64 Compiling\ Bundle+Convenience.swift,\ Bundle+Key.swift /Users/admin/builder/spi-builder-workspace/Sources/KippleFoundation/Extensions/Bundle+Convenience.swift /Users/admin/builder/spi-builder-workspace/Sources/KippleFoundation/Extensions/Bundle+Key.swift (in target 'KippleFoundation' from project 'Kipple')
SwiftCompile normal arm64 /Users/admin/builder/spi-builder-workspace/Sources/KippleFoundation/Extensions/Bundle+Convenience.swift (in target 'KippleFoundation' from project 'Kipple')
cd /Users/admin/builder/spi-builder-workspace/.swiftpm/xcode
builtin-SwiftPerFileCompile Bundle+Convenience.swift
SwiftCompile normal arm64 /Users/admin/builder/spi-builder-workspace/Sources/KippleFoundation/Extensions/Bundle+Key.swift (in target 'KippleFoundation' from project 'Kipple')
cd /Users/admin/builder/spi-builder-workspace/.swiftpm/xcode
builtin-SwiftPerFileCompile Bundle+Key.swift
SwiftEmitModule normal arm64 Emitting\ module\ for\ KippleLogging (in target 'KippleLogging' from project 'Kipple')
SwiftCompile normal arm64 (in target 'KippleLogging' from project 'Kipple')
cd /Users/admin/builder/spi-builder-workspace/.swiftpm/xcode
SwiftDriverJobDiscovery normal arm64 Emitting module for KippleLocalStorage (in target 'KippleLocalStorage' from project 'Kipple')
SwiftDriver\ Compilation\ Requirements KippleLocalStorage normal arm64 com.apple.xcode.tools.swift.compiler (in target 'KippleLocalStorage' from project 'Kipple')
cd /Users/admin/builder/spi-builder-workspace/.swiftpm/xcode
builtin-Swift-Compilation-Requirements -- /Applications/Xcode-27.0.0-Release.Candidate.app/Contents/Developer/Toolchains/XcodeDefault.xctoolchain/usr/bin/swiftc -parse-as-library -module-name KippleLocalStorage -Onone @/Users/admin/builder/spi-builder-workspace/.derivedData/Build/Intermediates.noindex/Kipple.build/Debug-xros/KippleLocalStorage-t.build/Objects-normal/arm64/KippleLocalStorage.SwiftFileList -DSWIFT_PACKAGE -DDEBUG -DSWIFT_MODULE_RESOURCE_BUNDLE_UNAVAILABLE -DXcode -enable-experimental-feature StrictConcurrency -plugin-path /Applications/Xcode-27.0.0-Release.Candidate.app/Contents/Developer/Toolchains/XcodeDefault.xctoolchain/usr/lib/swift/host/plugins/testing -enable-experimental-feature DebugDescriptionMacro -sdk /Applications/Xcode-27.0.0-Release.Candidate.app/Contents/Developer/Platforms/XROS.platform/Developer/SDKs/XROS27.0.sdk -target arm64-apple-xros1.0 -g -module-cache-path /Users/admin/builder/spi-builder-workspace/.derivedData/ModuleCache.noindex -Xfrontend -serialize-debugging-options -profile-coverage-mapping -profile-generate -enable-testing -index-store-path /Users/admin/builder/spi-builder-workspace/.derivedData/Index.noindex/DataStore -Xcc -D_LIBCPP_HARDENING_MODE\=_LIBCPP_HARDENING_MODE_DEBUG -swift-version 5 -I /Users/admin/builder/spi-builder-workspace/.derivedData/Build/Products/Debug-xros -Isystem /Applications/Xcode-27.0.0-Release.Candidate.app/Contents/Developer/Platforms/XROS.platform/Developer/usr/lib -F /Users/admin/builder/spi-builder-workspace/.derivedData/Build/Products/Debug-xros -F /Applications/Xcode-27.0.0-Release.Candidate.app/Contents/Developer/Platforms/XROS.platform/Developer/Library/Frameworks -F /Applications/Xcode-27.0.0-Release.Candidate.app/Contents/Developer/Platforms/XROS.platform/Developer/SDKs/XROS27.0.sdk/Developer/Library/Frameworks -c -j10 -enable-batch-mode -incremental -Xcc -ivfsstatcache -Xcc /Users/admin/builder/spi-builder-workspace/.derivedData/SDKStatCaches.noindex/xros27.0-24M361-e829b21a6f8c9b70876ba0858053c044735bd543db762f57723cac368afd1ce4.sdkstatcache -output-file-map /Users/admin/builder/spi-builder-workspace/.derivedData/Build/Intermediates.noindex/Kipple.build/Debug-xros/KippleLocalStorage-t.build/Objects-normal/arm64/KippleLocalStorage-OutputFileMap.json -save-temps -no-color-diagnostics -explicit-module-build -module-cache-path /Users/admin/builder/spi-builder-workspace/.derivedData/Build/Intermediates.noindex/SwiftExplicitPrecompiledModules -clang-scanner-module-cache-path /Users/admin/builder/spi-builder-workspace/.derivedData/ModuleCache.noindex -sdk-module-cache-path /Users/admin/builder/spi-builder-workspace/.derivedData/SDKExplicitPrecompiledModules -emit-dependencies -emit-module -emit-module-path /Users/admin/builder/spi-builder-workspace/.derivedData/Build/Intermediates.noindex/Kipple.build/Debug-xros/KippleLocalStorage-t.build/Objects-normal/arm64/KippleLocalStorage.swiftmodule -serialize-diagnostics -dependency-scan-serialize-diagnostics-path /Users/admin/builder/spi-builder-workspace/.derivedData/Build/Intermediates.noindex/Kipple.build/Debug-xros/KippleLocalStorage-t.build/Objects-normal/arm64/KippleLocalStorage-dependency-scan.dia -validate-clang-modules-once -clang-build-session-file /Users/admin/builder/spi-builder-workspace/.derivedData/ModuleCache.noindex/Session.modulevalidation -Xcc -fmodules-prune-interval\=86400 -Xcc -fmodules-prune-after\=345600 -emit-const-values -const-gather-protocols-list /Users/admin/builder/spi-builder-workspace/.derivedData/Build/Intermediates.noindex/Kipple.build/Debug-xros/KippleLocalStorage-t.build/Objects-normal/arm64/KippleLocalStorage_const_extract_protocols.json -Xcc -I/Users/admin/builder/spi-builder-workspace/.derivedData/Build/Products/Debug-xros/include -Xcc -I/Users/admin/builder/spi-builder-workspace/.derivedData/Build/Intermediates.noindex/Kipple.build/Debug-xros/KippleLocalStorage-t.build/DerivedSources-normal/arm64 -Xcc -I/Users/admin/builder/spi-builder-workspace/.derivedData/Build/Intermediates.noindex/Kipple.build/Debug-xros/KippleLocalStorage-t.build/DerivedSources/arm64 -Xcc -I/Users/admin/builder/spi-builder-workspace/.derivedData/Build/Intermediates.noindex/Kipple.build/Debug-xros/KippleLocalStorage-t.build/DerivedSources -Xcc -DSWIFT_PACKAGE -Xcc -DDEBUG\=1 -emit-objc-header -emit-objc-header-path /Users/admin/builder/spi-builder-workspace/.derivedData/Build/Intermediates.noindex/Kipple.build/Debug-xros/KippleLocalStorage-t.build/Objects-normal/arm64/KippleLocalStorage-Swift.h -working-directory /Users/admin/builder/spi-builder-workspace/.swiftpm/xcode -experimental-emit-module-separately -disable-cmo
SwiftDriverJobDiscovery normal arm64 Emitting module for KippleCodable (in target 'KippleCodable' from project 'Kipple')
SwiftCompile normal arm64 Compiling\ ConsoleLogHandler.swift /Users/admin/builder/spi-builder-workspace/Sources/KippleLogging/Handlers/ConsoleLogHandler.swift (in target 'KippleLogging' from project 'Kipple')
SwiftCompile normal arm64 /Users/admin/builder/spi-builder-workspace/Sources/KippleLogging/Handlers/ConsoleLogHandler.swift (in target 'KippleLogging' from project 'Kipple')
cd /Users/admin/builder/spi-builder-workspace/.swiftpm/xcode
builtin-SwiftPerFileCompile ConsoleLogHandler.swift
SwiftMergeGeneratedHeaders /Users/admin/builder/spi-builder-workspace/.derivedData/Build/Intermediates.noindex/GeneratedModuleMaps-xros/KippleLocalStorage-Swift.h /Users/admin/builder/spi-builder-workspace/.derivedData/Build/Intermediates.noindex/Kipple.build/Debug-xros/KippleLocalStorage-t.build/Objects-normal/arm64/KippleLocalStorage-Swift.h (in target 'KippleLocalStorage' from project 'Kipple')
cd /Users/admin/builder/spi-builder-workspace
builtin-swiftHeaderTool -arch arm64 /Users/admin/builder/spi-builder-workspace/.derivedData/Build/Intermediates.noindex/Kipple.build/Debug-xros/KippleLocalStorage-t.build/Objects-normal/arm64/KippleLocalStorage-Swift.h -o /Users/admin/builder/spi-builder-workspace/.derivedData/Build/Intermediates.noindex/GeneratedModuleMaps-xros/KippleLocalStorage-Swift.h
SwiftDriverJobDiscovery normal arm64 Compiling SemanticVersion.swift (in target 'KippleFoundation' from project 'Kipple')
Copy /Users/admin/builder/spi-builder-workspace/.derivedData/Build/Products/Debug-xros/KippleLocalStorage.swiftmodule/arm64-apple-xros.swiftmodule /Users/admin/builder/spi-builder-workspace/.derivedData/Build/Intermediates.noindex/Kipple.build/Debug-xros/KippleLocalStorage-t.build/Objects-normal/arm64/KippleLocalStorage.swiftmodule (in target 'KippleLocalStorage' from project 'Kipple')
cd /Users/admin/builder/spi-builder-workspace
builtin-copy -exclude .DS_Store -exclude CVS -exclude .svn -exclude .git -exclude .hg -resolve-src-symlinks -rename /Users/admin/builder/spi-builder-workspace/.derivedData/Build/Intermediates.noindex/Kipple.build/Debug-xros/KippleLocalStorage-t.build/Objects-normal/arm64/KippleLocalStorage.swiftmodule /Users/admin/builder/spi-builder-workspace/.derivedData/Build/Products/Debug-xros/KippleLocalStorage.swiftmodule/arm64-apple-xros.swiftmodule
Copy /Users/admin/builder/spi-builder-workspace/.derivedData/Build/Products/Debug-xros/KippleLocalStorage.swiftmodule/arm64-apple-xros.swiftdoc /Users/admin/builder/spi-builder-workspace/.derivedData/Build/Intermediates.noindex/Kipple.build/Debug-xros/KippleLocalStorage-t.build/Objects-normal/arm64/KippleLocalStorage.swiftdoc (in target 'KippleLocalStorage' from project 'Kipple')
cd /Users/admin/builder/spi-builder-workspace
builtin-copy -exclude .DS_Store -exclude CVS -exclude .svn -exclude .git -exclude .hg -resolve-src-symlinks -rename /Users/admin/builder/spi-builder-workspace/.derivedData/Build/Intermediates.noindex/Kipple.build/Debug-xros/KippleLocalStorage-t.build/Objects-normal/arm64/KippleLocalStorage.swiftdoc /Users/admin/builder/spi-builder-workspace/.derivedData/Build/Products/Debug-xros/KippleLocalStorage.swiftmodule/arm64-apple-xros.swiftdoc
Copy /Users/admin/builder/spi-builder-workspace/.derivedData/Build/Products/Debug-xros/KippleLocalStorage.swiftmodule/arm64-apple-xros.abi.json /Users/admin/builder/spi-builder-workspace/.derivedData/Build/Intermediates.noindex/Kipple.build/Debug-xros/KippleLocalStorage-t.build/Objects-normal/arm64/KippleLocalStorage.abi.json (in target 'KippleLocalStorage' from project 'Kipple')
cd /Users/admin/builder/spi-builder-workspace
builtin-copy -exclude .DS_Store -exclude CVS -exclude .svn -exclude .git -exclude .hg -resolve-src-symlinks -rename /Users/admin/builder/spi-builder-workspace/.derivedData/Build/Intermediates.noindex/Kipple.build/Debug-xros/KippleLocalStorage-t.build/Objects-normal/arm64/KippleLocalStorage.abi.json /Users/admin/builder/spi-builder-workspace/.derivedData/Build/Products/Debug-xros/KippleLocalStorage.swiftmodule/arm64-apple-xros.abi.json
Copy /Users/admin/builder/spi-builder-workspace/.derivedData/Build/Products/Debug-xros/KippleLocalStorage.swiftmodule/Project/arm64-apple-xros.swiftsourceinfo /Users/admin/builder/spi-builder-workspace/.derivedData/Build/Intermediates.noindex/Kipple.build/Debug-xros/KippleLocalStorage-t.build/Objects-normal/arm64/KippleLocalStorage.swiftsourceinfo (in target 'KippleLocalStorage' from project 'Kipple')
cd /Users/admin/builder/spi-builder-workspace
builtin-copy -exclude .DS_Store -exclude CVS -exclude .svn -exclude .git -exclude .hg -resolve-src-symlinks -rename /Users/admin/builder/spi-builder-workspace/.derivedData/Build/Intermediates.noindex/Kipple.build/Debug-xros/KippleLocalStorage-t.build/Objects-normal/arm64/KippleLocalStorage.swiftsourceinfo /Users/admin/builder/spi-builder-workspace/.derivedData/Build/Products/Debug-xros/KippleLocalStorage.swiftmodule/Project/arm64-apple-xros.swiftsourceinfo
SwiftDriver\ Compilation\ Requirements KippleCodable normal arm64 com.apple.xcode.tools.swift.compiler (in target 'KippleCodable' from project 'Kipple')
cd /Users/admin/builder/spi-builder-workspace/.swiftpm/xcode
builtin-Swift-Compilation-Requirements -- /Applications/Xcode-27.0.0-Release.Candidate.app/Contents/Developer/Toolchains/XcodeDefault.xctoolchain/usr/bin/swiftc -parse-as-library -module-name KippleCodable -Onone @/Users/admin/builder/spi-builder-workspace/.derivedData/Build/Intermediates.noindex/Kipple.build/Debug-xros/KippleCodable-t.build/Objects-normal/arm64/KippleCodable.SwiftFileList -DSWIFT_PACKAGE -DDEBUG -DSWIFT_MODULE_RESOURCE_BUNDLE_UNAVAILABLE -DXcode -enable-experimental-feature StrictConcurrency -plugin-path /Applications/Xcode-27.0.0-Release.Candidate.app/Contents/Developer/Toolchains/XcodeDefault.xctoolchain/usr/lib/swift/host/plugins/testing -enable-experimental-feature DebugDescriptionMacro -sdk /Applications/Xcode-27.0.0-Release.Candidate.app/Contents/Developer/Platforms/XROS.platform/Developer/SDKs/XROS27.0.sdk -target arm64-apple-xros1.0 -g -module-cache-path /Users/admin/builder/spi-builder-workspace/.derivedData/ModuleCache.noindex -Xfrontend -serialize-debugging-options -profile-coverage-mapping -profile-generate -enable-testing -index-store-path /Users/admin/builder/spi-builder-workspace/.derivedData/Index.noindex/DataStore -Xcc -D_LIBCPP_HARDENING_MODE\=_LIBCPP_HARDENING_MODE_DEBUG -swift-version 5 -I /Users/admin/builder/spi-builder-workspace/.derivedData/Build/Products/Debug-xros -Isystem /Applications/Xcode-27.0.0-Release.Candidate.app/Contents/Developer/Platforms/XROS.platform/Developer/usr/lib -F /Users/admin/builder/spi-builder-workspace/.derivedData/Build/Products/Debug-xros -F /Applications/Xcode-27.0.0-Release.Candidate.app/Contents/Developer/Platforms/XROS.platform/Developer/Library/Frameworks -F /Applications/Xcode-27.0.0-Release.Candidate.app/Contents/Developer/Platforms/XROS.platform/Developer/SDKs/XROS27.0.sdk/Developer/Library/Frameworks -c -j10 -enable-batch-mode -incremental -Xcc -ivfsstatcache -Xcc /Users/admin/builder/spi-builder-workspace/.derivedData/SDKStatCaches.noindex/xros27.0-24M361-e829b21a6f8c9b70876ba0858053c044735bd543db762f57723cac368afd1ce4.sdkstatcache -output-file-map /Users/admin/builder/spi-builder-workspace/.derivedData/Build/Intermediates.noindex/Kipple.build/Debug-xros/KippleCodable-t.build/Objects-normal/arm64/KippleCodable-OutputFileMap.json -save-temps -no-color-diagnostics -explicit-module-build -module-cache-path /Users/admin/builder/spi-builder-workspace/.derivedData/Build/Intermediates.noindex/SwiftExplicitPrecompiledModules -clang-scanner-module-cache-path /Users/admin/builder/spi-builder-workspace/.derivedData/ModuleCache.noindex -sdk-module-cache-path /Users/admin/builder/spi-builder-workspace/.derivedData/SDKExplicitPrecompiledModules -emit-dependencies -emit-module -emit-module-path /Users/admin/builder/spi-builder-workspace/.derivedData/Build/Intermediates.noindex/Kipple.build/Debug-xros/KippleCodable-t.build/Objects-normal/arm64/KippleCodable.swiftmodule -serialize-diagnostics -dependency-scan-serialize-diagnostics-path /Users/admin/builder/spi-builder-workspace/.derivedData/Build/Intermediates.noindex/Kipple.build/Debug-xros/KippleCodable-t.build/Objects-normal/arm64/KippleCodable-dependency-scan.dia -validate-clang-modules-once -clang-build-session-file /Users/admin/builder/spi-builder-workspace/.derivedData/ModuleCache.noindex/Session.modulevalidation -Xcc -fmodules-prune-interval\=86400 -Xcc -fmodules-prune-after\=345600 -emit-const-values -const-gather-protocols-list /Users/admin/builder/spi-builder-workspace/.derivedData/Build/Intermediates.noindex/Kipple.build/Debug-xros/KippleCodable-t.build/Objects-normal/arm64/KippleCodable_const_extract_protocols.json -Xcc -I/Users/admin/builder/spi-builder-workspace/.derivedData/Build/Products/Debug-xros/include -Xcc -I/Users/admin/builder/spi-builder-workspace/.derivedData/Build/Intermediates.noindex/Kipple.build/Debug-xros/KippleCodable-t.build/DerivedSources-normal/arm64 -Xcc -I/Users/admin/builder/spi-builder-workspace/.derivedData/Build/Intermediates.noindex/Kipple.build/Debug-xros/KippleCodable-t.build/DerivedSources/arm64 -Xcc -I/Users/admin/builder/spi-builder-workspace/.derivedData/Build/Intermediates.noindex/Kipple.build/Debug-xros/KippleCodable-t.build/DerivedSources -Xcc -DSWIFT_PACKAGE -Xcc -DDEBUG\=1 -emit-objc-header -emit-objc-header-path /Users/admin/builder/spi-builder-workspace/.derivedData/Build/Intermediates.noindex/Kipple.build/Debug-xros/KippleCodable-t.build/Objects-normal/arm64/KippleCodable-Swift.h -working-directory /Users/admin/builder/spi-builder-workspace/.swiftpm/xcode -experimental-emit-module-separately -disable-cmo
SwiftCompile normal arm64 Compiling\ Logger+Convenience.swift /Users/admin/builder/spi-builder-workspace/Sources/KippleLogging/Extensions/Logger+Convenience.swift (in target 'KippleLogging' from project 'Kipple')
SwiftCompile normal arm64 /Users/admin/builder/spi-builder-workspace/Sources/KippleLogging/Extensions/Logger+Convenience.swift (in target 'KippleLogging' from project 'Kipple')
cd /Users/admin/builder/spi-builder-workspace/.swiftpm/xcode
builtin-SwiftPerFileCompile Logger+Convenience.swift
SwiftMergeGeneratedHeaders /Users/admin/builder/spi-builder-workspace/.derivedData/Build/Intermediates.noindex/GeneratedModuleMaps-xros/KippleCodable-Swift.h /Users/admin/builder/spi-builder-workspace/.derivedData/Build/Intermediates.noindex/Kipple.build/Debug-xros/KippleCodable-t.build/Objects-normal/arm64/KippleCodable-Swift.h (in target 'KippleCodable' from project 'Kipple')
cd /Users/admin/builder/spi-builder-workspace
builtin-swiftHeaderTool -arch arm64 /Users/admin/builder/spi-builder-workspace/.derivedData/Build/Intermediates.noindex/Kipple.build/Debug-xros/KippleCodable-t.build/Objects-normal/arm64/KippleCodable-Swift.h -o /Users/admin/builder/spi-builder-workspace/.derivedData/Build/Intermediates.noindex/GeneratedModuleMaps-xros/KippleCodable-Swift.h
SwiftDriverJobDiscovery normal arm64 Emitting module for KippleFoundation (in target 'KippleFoundation' from project 'Kipple')
SwiftDriver\ Compilation\ Requirements KippleFoundation normal arm64 com.apple.xcode.tools.swift.compiler (in target 'KippleFoundation' from project 'Kipple')
cd /Users/admin/builder/spi-builder-workspace/.swiftpm/xcode
builtin-Swift-Compilation-Requirements -- /Applications/Xcode-27.0.0-Release.Candidate.app/Contents/Developer/Toolchains/XcodeDefault.xctoolchain/usr/bin/swiftc -parse-as-library -module-name KippleFoundation -Onone @/Users/admin/builder/spi-builder-workspace/.derivedData/Build/Intermediates.noindex/Kipple.build/Debug-xros/KippleFoundation-t.build/Objects-normal/arm64/KippleFoundation.SwiftFileList -DSWIFT_PACKAGE -DDEBUG -DSWIFT_MODULE_RESOURCE_BUNDLE_UNAVAILABLE -DXcode -enable-experimental-feature StrictConcurrency -plugin-path /Applications/Xcode-27.0.0-Release.Candidate.app/Contents/Developer/Toolchains/XcodeDefault.xctoolchain/usr/lib/swift/host/plugins/testing -enable-experimental-feature DebugDescriptionMacro -sdk /Applications/Xcode-27.0.0-Release.Candidate.app/Contents/Developer/Platforms/XROS.platform/Developer/SDKs/XROS27.0.sdk -target arm64-apple-xros1.0 -g -module-cache-path /Users/admin/builder/spi-builder-workspace/.derivedData/ModuleCache.noindex -Xfrontend -serialize-debugging-options -profile-coverage-mapping -profile-generate -enable-testing -index-store-path /Users/admin/builder/spi-builder-workspace/.derivedData/Index.noindex/DataStore -Xcc -D_LIBCPP_HARDENING_MODE\=_LIBCPP_HARDENING_MODE_DEBUG -swift-version 5 -I /Users/admin/builder/spi-builder-workspace/.derivedData/Build/Products/Debug-xros -Isystem /Applications/Xcode-27.0.0-Release.Candidate.app/Contents/Developer/Platforms/XROS.platform/Developer/usr/lib -F /Users/admin/builder/spi-builder-workspace/.derivedData/Build/Products/Debug-xros -F /Applications/Xcode-27.0.0-Release.Candidate.app/Contents/Developer/Platforms/XROS.platform/Developer/Library/Frameworks -F /Applications/Xcode-27.0.0-Release.Candidate.app/Contents/Developer/Platforms/XROS.platform/Developer/SDKs/XROS27.0.sdk/Developer/Library/Frameworks -c -j10 -enable-batch-mode -incremental -Xcc -ivfsstatcache -Xcc /Users/admin/builder/spi-builder-workspace/.derivedData/SDKStatCaches.noindex/xros27.0-24M361-e829b21a6f8c9b70876ba0858053c044735bd543db762f57723cac368afd1ce4.sdkstatcache -output-file-map /Users/admin/builder/spi-builder-workspace/.derivedData/Build/Intermediates.noindex/Kipple.build/Debug-xros/KippleFoundation-t.build/Objects-normal/arm64/KippleFoundation-OutputFileMap.json -save-temps -no-color-diagnostics -explicit-module-build -module-cache-path /Users/admin/builder/spi-builder-workspace/.derivedData/Build/Intermediates.noindex/SwiftExplicitPrecompiledModules -clang-scanner-module-cache-path /Users/admin/builder/spi-builder-workspace/.derivedData/ModuleCache.noindex -sdk-module-cache-path /Users/admin/builder/spi-builder-workspace/.derivedData/SDKExplicitPrecompiledModules -emit-dependencies -emit-module -emit-module-path /Users/admin/builder/spi-builder-workspace/.derivedData/Build/Intermediates.noindex/Kipple.build/Debug-xros/KippleFoundation-t.build/Objects-normal/arm64/KippleFoundation.swiftmodule -serialize-diagnostics -dependency-scan-serialize-diagnostics-path /Users/admin/builder/spi-builder-workspace/.derivedData/Build/Intermediates.noindex/Kipple.build/Debug-xros/KippleFoundation-t.build/Objects-normal/arm64/KippleFoundation-dependency-scan.dia -validate-clang-modules-once -clang-build-session-file /Users/admin/builder/spi-builder-workspace/.derivedData/ModuleCache.noindex/Session.modulevalidation -Xcc -fmodules-prune-interval\=86400 -Xcc -fmodules-prune-after\=345600 -emit-const-values -const-gather-protocols-list /Users/admin/builder/spi-builder-workspace/.derivedData/Build/Intermediates.noindex/Kipple.build/Debug-xros/KippleFoundation-t.build/Objects-normal/arm64/KippleFoundation_const_extract_protocols.json -Xcc -I/Users/admin/builder/spi-builder-workspace/.derivedData/Build/Products/Debug-xros/include -Xcc -I/Users/admin/builder/spi-builder-workspace/.derivedData/Build/Intermediates.noindex/Kipple.build/Debug-xros/KippleFoundation-t.build/DerivedSources-normal/arm64 -Xcc -I/Users/admin/builder/spi-builder-workspace/.derivedData/Build/Intermediates.noindex/Kipple.build/Debug-xros/KippleFoundation-t.build/DerivedSources/arm64 -Xcc -I/Users/admin/builder/spi-builder-workspace/.derivedData/Build/Intermediates.noindex/Kipple.build/Debug-xros/KippleFoundation-t.build/DerivedSources -Xcc -DSWIFT_PACKAGE -Xcc -DDEBUG\=1 -emit-objc-header -emit-objc-header-path /Users/admin/builder/spi-builder-workspace/.derivedData/Build/Intermediates.noindex/Kipple.build/Debug-xros/KippleFoundation-t.build/Objects-normal/arm64/KippleFoundation-Swift.h -working-directory /Users/admin/builder/spi-builder-workspace/.swiftpm/xcode -experimental-emit-module-separately -disable-cmo
Copy /Users/admin/builder/spi-builder-workspace/.derivedData/Build/Products/Debug-xros/KippleCodable.swiftmodule/arm64-apple-xros.swiftmodule /Users/admin/builder/spi-builder-workspace/.derivedData/Build/Intermediates.noindex/Kipple.build/Debug-xros/KippleCodable-t.build/Objects-normal/arm64/KippleCodable.swiftmodule (in target 'KippleCodable' from project 'Kipple')
cd /Users/admin/builder/spi-builder-workspace
builtin-copy -exclude .DS_Store -exclude CVS -exclude .svn -exclude .git -exclude .hg -resolve-src-symlinks -rename /Users/admin/builder/spi-builder-workspace/.derivedData/Build/Intermediates.noindex/Kipple.build/Debug-xros/KippleCodable-t.build/Objects-normal/arm64/KippleCodable.swiftmodule /Users/admin/builder/spi-builder-workspace/.derivedData/Build/Products/Debug-xros/KippleCodable.swiftmodule/arm64-apple-xros.swiftmodule
SwiftMergeGeneratedHeaders /Users/admin/builder/spi-builder-workspace/.derivedData/Build/Intermediates.noindex/GeneratedModuleMaps-xros/KippleFoundation-Swift.h /Users/admin/builder/spi-builder-workspace/.derivedData/Build/Intermediates.noindex/Kipple.build/Debug-xros/KippleFoundation-t.build/Objects-normal/arm64/KippleFoundation-Swift.h (in target 'KippleFoundation' from project 'Kipple')
cd /Users/admin/builder/spi-builder-workspace
builtin-swiftHeaderTool -arch arm64 /Users/admin/builder/spi-builder-workspace/.derivedData/Build/Intermediates.noindex/Kipple.build/Debug-xros/KippleFoundation-t.build/Objects-normal/arm64/KippleFoundation-Swift.h -o /Users/admin/builder/spi-builder-workspace/.derivedData/Build/Intermediates.noindex/GeneratedModuleMaps-xros/KippleFoundation-Swift.h
Copy /Users/admin/builder/spi-builder-workspace/.derivedData/Build/Products/Debug-xros/KippleFoundation.swiftmodule/arm64-apple-xros.swiftmodule /Users/admin/builder/spi-builder-workspace/.derivedData/Build/Intermediates.noindex/Kipple.build/Debug-xros/KippleFoundation-t.build/Objects-normal/arm64/KippleFoundation.swiftmodule (in target 'KippleFoundation' from project 'Kipple')
cd /Users/admin/builder/spi-builder-workspace
builtin-copy -exclude .DS_Store -exclude CVS -exclude .svn -exclude .git -exclude .hg -resolve-src-symlinks -rename /Users/admin/builder/spi-builder-workspace/.derivedData/Build/Intermediates.noindex/Kipple.build/Debug-xros/KippleFoundation-t.build/Objects-normal/arm64/KippleFoundation.swiftmodule /Users/admin/builder/spi-builder-workspace/.derivedData/Build/Products/Debug-xros/KippleFoundation.swiftmodule/arm64-apple-xros.swiftmodule
SwiftDriverJobDiscovery normal arm64 Emitting module for KippleLogging (in target 'KippleLogging' from project 'Kipple')
Copy /Users/admin/builder/spi-builder-workspace/.derivedData/Build/Products/Debug-xros/KippleFoundation.swiftmodule/arm64-apple-xros.swiftdoc /Users/admin/builder/spi-builder-workspace/.derivedData/Build/Intermediates.noindex/Kipple.build/Debug-xros/KippleFoundation-t.build/Objects-normal/arm64/KippleFoundation.swiftdoc (in target 'KippleFoundation' from project 'Kipple')
cd /Users/admin/builder/spi-builder-workspace
builtin-copy -exclude .DS_Store -exclude CVS -exclude .svn -exclude .git -exclude .hg -resolve-src-symlinks -rename /Users/admin/builder/spi-builder-workspace/.derivedData/Build/Intermediates.noindex/Kipple.build/Debug-xros/KippleFoundation-t.build/Objects-normal/arm64/KippleFoundation.swiftdoc /Users/admin/builder/spi-builder-workspace/.derivedData/Build/Products/Debug-xros/KippleFoundation.swiftmodule/arm64-apple-xros.swiftdoc
SwiftDriver\ Compilation\ Requirements KippleLogging normal arm64 com.apple.xcode.tools.swift.compiler (in target 'KippleLogging' from project 'Kipple')
cd /Users/admin/builder/spi-builder-workspace/.swiftpm/xcode
builtin-Swift-Compilation-Requirements -- /Applications/Xcode-27.0.0-Release.Candidate.app/Contents/Developer/Toolchains/XcodeDefault.xctoolchain/usr/bin/swiftc -parse-as-library -module-name KippleLogging -Onone @/Users/admin/builder/spi-builder-workspace/.derivedData/Build/Intermediates.noindex/Kipple.build/Debug-xros/KippleLogging-t.build/Objects-normal/arm64/KippleLogging.SwiftFileList -DSWIFT_PACKAGE -DDEBUG -DSWIFT_MODULE_RESOURCE_BUNDLE_UNAVAILABLE -DXcode -enable-experimental-feature StrictConcurrency -plugin-path /Applications/Xcode-27.0.0-Release.Candidate.app/Contents/Developer/Toolchains/XcodeDefault.xctoolchain/usr/lib/swift/host/plugins/testing -enable-experimental-feature DebugDescriptionMacro -sdk /Applications/Xcode-27.0.0-Release.Candidate.app/Contents/Developer/Platforms/XROS.platform/Developer/SDKs/XROS27.0.sdk -target arm64-apple-xros1.0 -g -module-cache-path /Users/admin/builder/spi-builder-workspace/.derivedData/ModuleCache.noindex -Xfrontend -serialize-debugging-options -profile-coverage-mapping -profile-generate -enable-testing -index-store-path /Users/admin/builder/spi-builder-workspace/.derivedData/Index.noindex/DataStore -Xcc -D_LIBCPP_HARDENING_MODE\=_LIBCPP_HARDENING_MODE_DEBUG -swift-version 5 -I /Users/admin/builder/spi-builder-workspace/.derivedData/Build/Products/Debug-xros -Isystem /Applications/Xcode-27.0.0-Release.Candidate.app/Contents/Developer/Platforms/XROS.platform/Developer/usr/lib -F /Users/admin/builder/spi-builder-workspace/.derivedData/Build/Products/Debug-xros -F /Applications/Xcode-27.0.0-Release.Candidate.app/Contents/Developer/Platforms/XROS.platform/Developer/Library/Frameworks -F /Applications/Xcode-27.0.0-Release.Candidate.app/Contents/Developer/Platforms/XROS.platform/Developer/SDKs/XROS27.0.sdk/Developer/Library/Frameworks -c -j10 -enable-batch-mode -incremental -Xcc -ivfsstatcache -Xcc /Users/admin/builder/spi-builder-workspace/.derivedData/SDKStatCaches.noindex/xros27.0-24M361-e829b21a6f8c9b70876ba0858053c044735bd543db762f57723cac368afd1ce4.sdkstatcache -output-file-map /Users/admin/builder/spi-builder-workspace/.derivedData/Build/Intermediates.noindex/Kipple.build/Debug-xros/KippleLogging-t.build/Objects-normal/arm64/KippleLogging-OutputFileMap.json -save-temps -no-color-diagnostics -explicit-module-build -module-cache-path /Users/admin/builder/spi-builder-workspace/.derivedData/Build/Intermediates.noindex/SwiftExplicitPrecompiledModules -clang-scanner-module-cache-path /Users/admin/builder/spi-builder-workspace/.derivedData/ModuleCache.noindex -sdk-module-cache-path /Users/admin/builder/spi-builder-workspace/.derivedData/SDKExplicitPrecompiledModules -emit-dependencies -emit-module -emit-module-path /Users/admin/builder/spi-builder-workspace/.derivedData/Build/Intermediates.noindex/Kipple.build/Debug-xros/KippleLogging-t.build/Objects-normal/arm64/KippleLogging.swiftmodule -serialize-diagnostics -dependency-scan-serialize-diagnostics-path /Users/admin/builder/spi-builder-workspace/.derivedData/Build/Intermediates.noindex/Kipple.build/Debug-xros/KippleLogging-t.build/Objects-normal/arm64/KippleLogging-dependency-scan.dia -validate-clang-modules-once -clang-build-session-file /Users/admin/builder/spi-builder-workspace/.derivedData/ModuleCache.noindex/Session.modulevalidation -Xcc -fmodules-prune-interval\=86400 -Xcc -fmodules-prune-after\=345600 -emit-const-values -const-gather-protocols-list /Users/admin/builder/spi-builder-workspace/.derivedData/Build/Intermediates.noindex/Kipple.build/Debug-xros/KippleLogging-t.build/Objects-normal/arm64/KippleLogging_const_extract_protocols.json -Xcc -I/Users/admin/builder/spi-builder-workspace/.derivedData/Build/Products/Debug-xros/include -Xcc -I/Users/admin/builder/spi-builder-workspace/.derivedData/Build/Intermediates.noindex/Kipple.build/Debug-xros/KippleLogging-t.build/DerivedSources-normal/arm64 -Xcc -I/Users/admin/builder/spi-builder-workspace/.derivedData/Build/Intermediates.noindex/Kipple.build/Debug-xros/KippleLogging-t.build/DerivedSources/arm64 -Xcc -I/Users/admin/builder/spi-builder-workspace/.derivedData/Build/Intermediates.noindex/Kipple.build/Debug-xros/KippleLogging-t.build/DerivedSources -Xcc -DSWIFT_PACKAGE -Xcc -DDEBUG\=1 -emit-objc-header -emit-objc-header-path /Users/admin/builder/spi-builder-workspace/.derivedData/Build/Intermediates.noindex/Kipple.build/Debug-xros/KippleLogging-t.build/Objects-normal/arm64/KippleLogging-Swift.h -working-directory /Users/admin/builder/spi-builder-workspace/.swiftpm/xcode -experimental-emit-module-separately -disable-cmo
Copy /Users/admin/builder/spi-builder-workspace/.derivedData/Build/Products/Debug-xros/KippleFoundation.swiftmodule/arm64-apple-xros.abi.json /Users/admin/builder/spi-builder-workspace/.derivedData/Build/Intermediates.noindex/Kipple.build/Debug-xros/KippleFoundation-t.build/Objects-normal/arm64/KippleFoundation.abi.json (in target 'KippleFoundation' from project 'Kipple')
cd /Users/admin/builder/spi-builder-workspace
builtin-copy -exclude .DS_Store -exclude CVS -exclude .svn -exclude .git -exclude .hg -resolve-src-symlinks -rename /Users/admin/builder/spi-builder-workspace/.derivedData/Build/Intermediates.noindex/Kipple.build/Debug-xros/KippleFoundation-t.build/Objects-normal/arm64/KippleFoundation.abi.json /Users/admin/builder/spi-builder-workspace/.derivedData/Build/Products/Debug-xros/KippleFoundation.swiftmodule/arm64-apple-xros.abi.json
Copy /Users/admin/builder/spi-builder-workspace/.derivedData/Build/Products/Debug-xros/KippleFoundation.swiftmodule/Project/arm64-apple-xros.swiftsourceinfo /Users/admin/builder/spi-builder-workspace/.derivedData/Build/Intermediates.noindex/Kipple.build/Debug-xros/KippleFoundation-t.build/Objects-normal/arm64/KippleFoundation.swiftsourceinfo (in target 'KippleFoundation' from project 'Kipple')
cd /Users/admin/builder/spi-builder-workspace
builtin-copy -exclude .DS_Store -exclude CVS -exclude .svn -exclude .git -exclude .hg -resolve-src-symlinks -rename /Users/admin/builder/spi-builder-workspace/.derivedData/Build/Intermediates.noindex/Kipple.build/Debug-xros/KippleFoundation-t.build/Objects-normal/arm64/KippleFoundation.swiftsourceinfo /Users/admin/builder/spi-builder-workspace/.derivedData/Build/Products/Debug-xros/KippleFoundation.swiftmodule/Project/arm64-apple-xros.swiftsourceinfo
SwiftMergeGeneratedHeaders /Users/admin/builder/spi-builder-workspace/.derivedData/Build/Intermediates.noindex/GeneratedModuleMaps-xros/KippleLogging-Swift.h /Users/admin/builder/spi-builder-workspace/.derivedData/Build/Intermediates.noindex/Kipple.build/Debug-xros/KippleLogging-t.build/Objects-normal/arm64/KippleLogging-Swift.h (in target 'KippleLogging' from project 'Kipple')
cd /Users/admin/builder/spi-builder-workspace
builtin-swiftHeaderTool -arch arm64 /Users/admin/builder/spi-builder-workspace/.derivedData/Build/Intermediates.noindex/Kipple.build/Debug-xros/KippleLogging-t.build/Objects-normal/arm64/KippleLogging-Swift.h -o /Users/admin/builder/spi-builder-workspace/.derivedData/Build/Intermediates.noindex/GeneratedModuleMaps-xros/KippleLogging-Swift.h
Copy /Users/admin/builder/spi-builder-workspace/.derivedData/Build/Products/Debug-xros/KippleLogging.swiftmodule/arm64-apple-xros.swiftmodule /Users/admin/builder/spi-builder-workspace/.derivedData/Build/Intermediates.noindex/Kipple.build/Debug-xros/KippleLogging-t.build/Objects-normal/arm64/KippleLogging.swiftmodule (in target 'KippleLogging' from project 'Kipple')
cd /Users/admin/builder/spi-builder-workspace
builtin-copy -exclude .DS_Store -exclude CVS -exclude .svn -exclude .git -exclude .hg -resolve-src-symlinks -rename /Users/admin/builder/spi-builder-workspace/.derivedData/Build/Intermediates.noindex/Kipple.build/Debug-xros/KippleLogging-t.build/Objects-normal/arm64/KippleLogging.swiftmodule /Users/admin/builder/spi-builder-workspace/.derivedData/Build/Products/Debug-xros/KippleLogging.swiftmodule/arm64-apple-xros.swiftmodule
Copy /Users/admin/builder/spi-builder-workspace/.derivedData/Build/Products/Debug-xros/KippleLogging.swiftmodule/arm64-apple-xros.swiftdoc /Users/admin/builder/spi-builder-workspace/.derivedData/Build/Intermediates.noindex/Kipple.build/Debug-xros/KippleLogging-t.build/Objects-normal/arm64/KippleLogging.swiftdoc (in target 'KippleLogging' from project 'Kipple')
cd /Users/admin/builder/spi-builder-workspace
builtin-copy -exclude .DS_Store -exclude CVS -exclude .svn -exclude .git -exclude .hg -resolve-src-symlinks -rename /Users/admin/builder/spi-builder-workspace/.derivedData/Build/Intermediates.noindex/Kipple.build/Debug-xros/KippleLogging-t.build/Objects-normal/arm64/KippleLogging.swiftdoc /Users/admin/builder/spi-builder-workspace/.derivedData/Build/Products/Debug-xros/KippleLogging.swiftmodule/arm64-apple-xros.swiftdoc
Copy /Users/admin/builder/spi-builder-workspace/.derivedData/Build/Products/Debug-xros/KippleLogging.swiftmodule/arm64-apple-xros.abi.json /Users/admin/builder/spi-builder-workspace/.derivedData/Build/Intermediates.noindex/Kipple.build/Debug-xros/KippleLogging-t.build/Objects-normal/arm64/KippleLogging.abi.json (in target 'KippleLogging' from project 'Kipple')
cd /Users/admin/builder/spi-builder-workspace
builtin-copy -exclude .DS_Store -exclude CVS -exclude .svn -exclude .git -exclude .hg -resolve-src-symlinks -rename /Users/admin/builder/spi-builder-workspace/.derivedData/Build/Intermediates.noindex/Kipple.build/Debug-xros/KippleLogging-t.build/Objects-normal/arm64/KippleLogging.abi.json /Users/admin/builder/spi-builder-workspace/.derivedData/Build/Products/Debug-xros/KippleLogging.swiftmodule/arm64-apple-xros.abi.json
Copy /Users/admin/builder/spi-builder-workspace/.derivedData/Build/Products/Debug-xros/KippleLogging.swiftmodule/Project/arm64-apple-xros.swiftsourceinfo /Users/admin/builder/spi-builder-workspace/.derivedData/Build/Intermediates.noindex/Kipple.build/Debug-xros/KippleLogging-t.build/Objects-normal/arm64/KippleLogging.swiftsourceinfo (in target 'KippleLogging' from project 'Kipple')
cd /Users/admin/builder/spi-builder-workspace
builtin-copy -exclude .DS_Store -exclude CVS -exclude .svn -exclude .git -exclude .hg -resolve-src-symlinks -rename /Users/admin/builder/spi-builder-workspace/.derivedData/Build/Intermediates.noindex/Kipple.build/Debug-xros/KippleLogging-t.build/Objects-normal/arm64/KippleLogging.swiftsourceinfo /Users/admin/builder/spi-builder-workspace/.derivedData/Build/Products/Debug-xros/KippleLogging.swiftmodule/Project/arm64-apple-xros.swiftsourceinfo
Copy /Users/admin/builder/spi-builder-workspace/.derivedData/Build/Products/Debug-xros/KippleCodable.swiftmodule/arm64-apple-xros.swiftdoc /Users/admin/builder/spi-builder-workspace/.derivedData/Build/Intermediates.noindex/Kipple.build/Debug-xros/KippleCodable-t.build/Objects-normal/arm64/KippleCodable.swiftdoc (in target 'KippleCodable' from project 'Kipple')
cd /Users/admin/builder/spi-builder-workspace
builtin-copy -exclude .DS_Store -exclude CVS -exclude .svn -exclude .git -exclude .hg -resolve-src-symlinks -rename /Users/admin/builder/spi-builder-workspace/.derivedData/Build/Intermediates.noindex/Kipple.build/Debug-xros/KippleCodable-t.build/Objects-normal/arm64/KippleCodable.swiftdoc /Users/admin/builder/spi-builder-workspace/.derivedData/Build/Products/Debug-xros/KippleCodable.swiftmodule/arm64-apple-xros.swiftdoc
Copy /Users/admin/builder/spi-builder-workspace/.derivedData/Build/Products/Debug-xros/KippleCodable.swiftmodule/arm64-apple-xros.abi.json /Users/admin/builder/spi-builder-workspace/.derivedData/Build/Intermediates.noindex/Kipple.build/Debug-xros/KippleCodable-t.build/Objects-normal/arm64/KippleCodable.abi.json (in target 'KippleCodable' from project 'Kipple')
cd /Users/admin/builder/spi-builder-workspace
builtin-copy -exclude .DS_Store -exclude CVS -exclude .svn -exclude .git -exclude .hg -resolve-src-symlinks -rename /Users/admin/builder/spi-builder-workspace/.derivedData/Build/Intermediates.noindex/Kipple.build/Debug-xros/KippleCodable-t.build/Objects-normal/arm64/KippleCodable.abi.json /Users/admin/builder/spi-builder-workspace/.derivedData/Build/Products/Debug-xros/KippleCodable.swiftmodule/arm64-apple-xros.abi.json
Copy /Users/admin/builder/spi-builder-workspace/.derivedData/Build/Products/Debug-xros/KippleCodable.swiftmodule/Project/arm64-apple-xros.swiftsourceinfo /Users/admin/builder/spi-builder-workspace/.derivedData/Build/Intermediates.noindex/Kipple.build/Debug-xros/KippleCodable-t.build/Objects-normal/arm64/KippleCodable.swiftsourceinfo (in target 'KippleCodable' from project 'Kipple')
cd /Users/admin/builder/spi-builder-workspace
builtin-copy -exclude .DS_Store -exclude CVS -exclude .svn -exclude .git -exclude .hg -resolve-src-symlinks -rename /Users/admin/builder/spi-builder-workspace/.derivedData/Build/Intermediates.noindex/Kipple.build/Debug-xros/KippleCodable-t.build/Objects-normal/arm64/KippleCodable.swiftsourceinfo /Users/admin/builder/spi-builder-workspace/.derivedData/Build/Products/Debug-xros/KippleCodable.swiftmodule/Project/arm64-apple-xros.swiftsourceinfo
SwiftCompile normal arm64 Compiling\ Exports.swift /Users/admin/builder/spi-builder-workspace/Sources/KippleLogging/Exports.swift (in target 'KippleLogging' from project 'Kipple')
SwiftCompile normal arm64 /Users/admin/builder/spi-builder-workspace/Sources/KippleLogging/Exports.swift (in target 'KippleLogging' from project 'Kipple')
cd /Users/admin/builder/spi-builder-workspace/.swiftpm/xcode
builtin-SwiftPerFileCompile Exports.swift
SwiftCompile normal arm64 Compiling\ BinaryInteger+Clamped.swift,\ Bool+Convenience.swift /Users/admin/builder/spi-builder-workspace/Sources/KippleFoundation/Extensions/BinaryInteger+Clamped.swift /Users/admin/builder/spi-builder-workspace/Sources/KippleFoundation/Extensions/Bool+Convenience.swift (in target 'KippleFoundation' from project 'Kipple')
SwiftCompile normal arm64 /Users/admin/builder/spi-builder-workspace/Sources/KippleFoundation/Extensions/BinaryInteger+Clamped.swift (in target 'KippleFoundation' from project 'Kipple')
cd /Users/admin/builder/spi-builder-workspace/.swiftpm/xcode
builtin-SwiftPerFileCompile BinaryInteger+Clamped.swift
SwiftCompile normal arm64 /Users/admin/builder/spi-builder-workspace/Sources/KippleFoundation/Extensions/Bool+Convenience.swift (in target 'KippleFoundation' from project 'Kipple')
cd /Users/admin/builder/spi-builder-workspace/.swiftpm/xcode
builtin-SwiftPerFileCompile Bool+Convenience.swift
SwiftDriverJobDiscovery normal arm64 Compiling ConsoleLogHandler.swift (in target 'KippleLogging' from project 'Kipple')
SwiftCompile normal arm64 Compiling\ NSNumber+Boolean.swift,\ Result+Convenience.swift /Users/admin/builder/spi-builder-workspace/Sources/KippleFoundation/Extensions/NSNumber+Boolean.swift /Users/admin/builder/spi-builder-workspace/Sources/KippleFoundation/Extensions/Result+Convenience.swift (in target 'KippleFoundation' from project 'Kipple')
SwiftCompile normal arm64 /Users/admin/builder/spi-builder-workspace/Sources/KippleFoundation/Extensions/NSNumber+Boolean.swift (in target 'KippleFoundation' from project 'Kipple')
cd /Users/admin/builder/spi-builder-workspace/.swiftpm/xcode
builtin-SwiftPerFileCompile NSNumber+Boolean.swift
SwiftCompile normal arm64 /Users/admin/builder/spi-builder-workspace/Sources/KippleFoundation/Extensions/Result+Convenience.swift (in target 'KippleFoundation' from project 'Kipple')
cd /Users/admin/builder/spi-builder-workspace/.swiftpm/xcode
builtin-SwiftPerFileCompile Result+Convenience.swift
SwiftDriverJobDiscovery normal arm64 Compiling Logger+Convenience.swift (in target 'KippleLogging' from project 'Kipple')
SwiftCompile normal arm64 Compiling\ Swift+Modulo.swift /Users/admin/builder/spi-builder-workspace/Sources/KippleFoundation/Extensions/Swift+Modulo.swift (in target 'KippleFoundation' from project 'Kipple')
SwiftCompile normal arm64 /Users/admin/builder/spi-builder-workspace/Sources/KippleFoundation/Extensions/Swift+Modulo.swift (in target 'KippleFoundation' from project 'Kipple')
cd /Users/admin/builder/spi-builder-workspace/.swiftpm/xcode
builtin-SwiftPerFileCompile Swift+Modulo.swift
SwiftDriverJobDiscovery normal arm64 Compiling Swift+Modulo.swift (in target 'KippleFoundation' from project 'Kipple')
SwiftCompile normal arm64 Compiling\ Comparable+Clamped.swift,\ Int+Convenience.swift /Users/admin/builder/spi-builder-workspace/Sources/KippleFoundation/Extensions/Comparable+Clamped.swift /Users/admin/builder/spi-builder-workspace/Sources/KippleFoundation/Extensions/Int+Convenience.swift (in target 'KippleFoundation' from project 'Kipple')
SwiftCompile normal arm64 /Users/admin/builder/spi-builder-workspace/Sources/KippleFoundation/Extensions/Comparable+Clamped.swift (in target 'KippleFoundation' from project 'Kipple')
cd /Users/admin/builder/spi-builder-workspace/.swiftpm/xcode
builtin-SwiftPerFileCompile Comparable+Clamped.swift
SwiftCompile normal arm64 /Users/admin/builder/spi-builder-workspace/Sources/KippleFoundation/Extensions/Int+Convenience.swift (in target 'KippleFoundation' from project 'Kipple')
cd /Users/admin/builder/spi-builder-workspace/.swiftpm/xcode
builtin-SwiftPerFileCompile Int+Convenience.swift
SwiftCompile normal arm64 Compiling\ AppInfo.swift /Users/admin/builder/spi-builder-workspace/Sources/KippleFoundation/Models/AppInfo.swift (in target 'KippleFoundation' from project 'Kipple')
SwiftCompile normal arm64 /Users/admin/builder/spi-builder-workspace/Sources/KippleFoundation/Models/AppInfo.swift (in target 'KippleFoundation' from project 'Kipple')
cd /Users/admin/builder/spi-builder-workspace/.swiftpm/xcode
builtin-SwiftPerFileCompile AppInfo.swift
SwiftDriverJobDiscovery normal arm64 Compiling UserDefaults+Mocked.swift (in target 'KippleLocalStorage' from project 'Kipple')
SwiftCompile normal arm64 Compiling\ BundleInfo.swift /Users/admin/builder/spi-builder-workspace/Sources/KippleFoundation/Models/BundleInfo.swift (in target 'KippleFoundation' from project 'Kipple')
SwiftCompile normal arm64 /Users/admin/builder/spi-builder-workspace/Sources/KippleFoundation/Models/BundleInfo.swift (in target 'KippleFoundation' from project 'Kipple')
cd /Users/admin/builder/spi-builder-workspace/.swiftpm/xcode
builtin-SwiftPerFileCompile BundleInfo.swift
SwiftCompile normal arm64 Compiling\ URLConvertible.swift /Users/admin/builder/spi-builder-workspace/Sources/KippleFoundation/Protocols/URLConvertible.swift (in target 'KippleFoundation' from project 'Kipple')
SwiftCompile normal arm64 /Users/admin/builder/spi-builder-workspace/Sources/KippleFoundation/Protocols/URLConvertible.swift (in target 'KippleFoundation' from project 'Kipple')
cd /Users/admin/builder/spi-builder-workspace/.swiftpm/xcode
builtin-SwiftPerFileCompile URLConvertible.swift
SwiftCompile normal arm64 Compiling\ JSONDecoder+DecodeCleaned.swift /Users/admin/builder/spi-builder-workspace/Sources/KippleCodable/Extensions/JSONDecoder+DecodeCleaned.swift (in target 'KippleCodable' from project 'Kipple')
SwiftCompile normal arm64 /Users/admin/builder/spi-builder-workspace/Sources/KippleCodable/Extensions/JSONDecoder+DecodeCleaned.swift (in target 'KippleCodable' from project 'Kipple')
cd /Users/admin/builder/spi-builder-workspace/.swiftpm/xcode
builtin-SwiftPerFileCompile JSONDecoder+DecodeCleaned.swift
SwiftDriverJobDiscovery normal arm64 Compiling UserDefaults+RemoveAllObjects.swift (in target 'KippleLocalStorage' from project 'Kipple')
SwiftCompile normal arm64 Compiling\ DecodingError+Cleaned.swift /Users/admin/builder/spi-builder-workspace/Sources/KippleCodable/Extensions/DecodingError+Cleaned.swift (in target 'KippleCodable' from project 'Kipple')
SwiftCompile normal arm64 /Users/admin/builder/spi-builder-workspace/Sources/KippleCodable/Extensions/DecodingError+Cleaned.swift (in target 'KippleCodable' from project 'Kipple')
cd /Users/admin/builder/spi-builder-workspace/.swiftpm/xcode
builtin-SwiftPerFileCompile DecodingError+Cleaned.swift
SwiftDriverJobDiscovery normal arm64 Compiling Bundle+Convenience.swift, Bundle+Key.swift (in target 'KippleFoundation' from project 'Kipple')
SwiftDriverJobDiscovery normal arm64 Compiling UserDefaults+Codable.swift (in target 'KippleLocalStorage' from project 'Kipple')
SwiftDriverJobDiscovery normal arm64 Compiling String+Convenience.swift, String+LocalizedError.swift (in target 'KippleFoundation' from project 'Kipple')
SwiftDriverJobDiscovery normal arm64 Compiling UserDefaults+Key.swift (in target 'KippleLocalStorage' from project 'Kipple')
SwiftCompile normal arm64 Compiling\ PropertyListDecoder+DecodeCleaned.swift /Users/admin/builder/spi-builder-workspace/Sources/KippleCodable/Extensions/PropertyListDecoder+DecodeCleaned.swift (in target 'KippleCodable' from project 'Kipple')
SwiftCompile normal arm64 /Users/admin/builder/spi-builder-workspace/Sources/KippleCodable/Extensions/PropertyListDecoder+DecodeCleaned.swift (in target 'KippleCodable' from project 'Kipple')
cd /Users/admin/builder/spi-builder-workspace/.swiftpm/xcode
builtin-SwiftPerFileCompile PropertyListDecoder+DecodeCleaned.swift
SwiftDriver\ Compilation KippleLocalStorage normal arm64 com.apple.xcode.tools.swift.compiler (in target 'KippleLocalStorage' from project 'Kipple')
cd /Users/admin/builder/spi-builder-workspace/.swiftpm/xcode
builtin-Swift-Compilation -- /Applications/Xcode-27.0.0-Release.Candidate.app/Contents/Developer/Toolchains/XcodeDefault.xctoolchain/usr/bin/swiftc -parse-as-library -module-name KippleLocalStorage -Onone @/Users/admin/builder/spi-builder-workspace/.derivedData/Build/Intermediates.noindex/Kipple.build/Debug-xros/KippleLocalStorage-t.build/Objects-normal/arm64/KippleLocalStorage.SwiftFileList -DSWIFT_PACKAGE -DDEBUG -DSWIFT_MODULE_RESOURCE_BUNDLE_UNAVAILABLE -DXcode -enable-experimental-feature StrictConcurrency -plugin-path /Applications/Xcode-27.0.0-Release.Candidate.app/Contents/Developer/Toolchains/XcodeDefault.xctoolchain/usr/lib/swift/host/plugins/testing -enable-experimental-feature DebugDescriptionMacro -sdk /Applications/Xcode-27.0.0-Release.Candidate.app/Contents/Developer/Platforms/XROS.platform/Developer/SDKs/XROS27.0.sdk -target arm64-apple-xros1.0 -g -module-cache-path /Users/admin/builder/spi-builder-workspace/.derivedData/ModuleCache.noindex -Xfrontend -serialize-debugging-options -profile-coverage-mapping -profile-generate -enable-testing -index-store-path /Users/admin/builder/spi-builder-workspace/.derivedData/Index.noindex/DataStore -Xcc -D_LIBCPP_HARDENING_MODE\=_LIBCPP_HARDENING_MODE_DEBUG -swift-version 5 -I /Users/admin/builder/spi-builder-workspace/.derivedData/Build/Products/Debug-xros -Isystem /Applications/Xcode-27.0.0-Release.Candidate.app/Contents/Developer/Platforms/XROS.platform/Developer/usr/lib -F /Users/admin/builder/spi-builder-workspace/.derivedData/Build/Products/Debug-xros -F /Applications/Xcode-27.0.0-Release.Candidate.app/Contents/Developer/Platforms/XROS.platform/Developer/Library/Frameworks -F /Applications/Xcode-27.0.0-Release.Candidate.app/Contents/Developer/Platforms/XROS.platform/Developer/SDKs/XROS27.0.sdk/Developer/Library/Frameworks -c -j10 -enable-batch-mode -incremental -Xcc -ivfsstatcache -Xcc /Users/admin/builder/spi-builder-workspace/.derivedData/SDKStatCaches.noindex/xros27.0-24M361-e829b21a6f8c9b70876ba0858053c044735bd543db762f57723cac368afd1ce4.sdkstatcache -output-file-map /Users/admin/builder/spi-builder-workspace/.derivedData/Build/Intermediates.noindex/Kipple.build/Debug-xros/KippleLocalStorage-t.build/Objects-normal/arm64/KippleLocalStorage-OutputFileMap.json -save-temps -no-color-diagnostics -explicit-module-build -module-cache-path /Users/admin/builder/spi-builder-workspace/.derivedData/Build/Intermediates.noindex/SwiftExplicitPrecompiledModules -clang-scanner-module-cache-path /Users/admin/builder/spi-builder-workspace/.derivedData/ModuleCache.noindex -sdk-module-cache-path /Users/admin/builder/spi-builder-workspace/.derivedData/SDKExplicitPrecompiledModules -emit-dependencies -emit-module -emit-module-path /Users/admin/builder/spi-builder-workspace/.derivedData/Build/Intermediates.noindex/Kipple.build/Debug-xros/KippleLocalStorage-t.build/Objects-normal/arm64/KippleLocalStorage.swiftmodule -serialize-diagnostics -dependency-scan-serialize-diagnostics-path /Users/admin/builder/spi-builder-workspace/.derivedData/Build/Intermediates.noindex/Kipple.build/Debug-xros/KippleLocalStorage-t.build/Objects-normal/arm64/KippleLocalStorage-dependency-scan.dia -validate-clang-modules-once -clang-build-session-file /Users/admin/builder/spi-builder-workspace/.derivedData/ModuleCache.noindex/Session.modulevalidation -Xcc -fmodules-prune-interval\=86400 -Xcc -fmodules-prune-after\=345600 -emit-const-values -const-gather-protocols-list /Users/admin/builder/spi-builder-workspace/.derivedData/Build/Intermediates.noindex/Kipple.build/Debug-xros/KippleLocalStorage-t.build/Objects-normal/arm64/KippleLocalStorage_const_extract_protocols.json -Xcc -I/Users/admin/builder/spi-builder-workspace/.derivedData/Build/Products/Debug-xros/include -Xcc -I/Users/admin/builder/spi-builder-workspace/.derivedData/Build/Intermediates.noindex/Kipple.build/Debug-xros/KippleLocalStorage-t.build/DerivedSources-normal/arm64 -Xcc -I/Users/admin/builder/spi-builder-workspace/.derivedData/Build/Intermediates.noindex/Kipple.build/Debug-xros/KippleLocalStorage-t.build/DerivedSources/arm64 -Xcc -I/Users/admin/builder/spi-builder-workspace/.derivedData/Build/Intermediates.noindex/Kipple.build/Debug-xros/KippleLocalStorage-t.build/DerivedSources -Xcc -DSWIFT_PACKAGE -Xcc -DDEBUG\=1 -emit-objc-header -emit-objc-header-path /Users/admin/builder/spi-builder-workspace/.derivedData/Build/Intermediates.noindex/Kipple.build/Debug-xros/KippleLocalStorage-t.build/Objects-normal/arm64/KippleLocalStorage-Swift.h -working-directory /Users/admin/builder/spi-builder-workspace/.swiftpm/xcode -experimental-emit-module-separately -disable-cmo
SwiftDriverJobDiscovery normal arm64 Compiling Exports.swift (in target 'KippleLogging' from project 'Kipple')
SwiftDriver\ Compilation KippleLogging normal arm64 com.apple.xcode.tools.swift.compiler (in target 'KippleLogging' from project 'Kipple')
cd /Users/admin/builder/spi-builder-workspace/.swiftpm/xcode
builtin-Swift-Compilation -- /Applications/Xcode-27.0.0-Release.Candidate.app/Contents/Developer/Toolchains/XcodeDefault.xctoolchain/usr/bin/swiftc -parse-as-library -module-name KippleLogging -Onone @/Users/admin/builder/spi-builder-workspace/.derivedData/Build/Intermediates.noindex/Kipple.build/Debug-xros/KippleLogging-t.build/Objects-normal/arm64/KippleLogging.SwiftFileList -DSWIFT_PACKAGE -DDEBUG -DSWIFT_MODULE_RESOURCE_BUNDLE_UNAVAILABLE -DXcode -enable-experimental-feature StrictConcurrency -plugin-path /Applications/Xcode-27.0.0-Release.Candidate.app/Contents/Developer/Toolchains/XcodeDefault.xctoolchain/usr/lib/swift/host/plugins/testing -enable-experimental-feature DebugDescriptionMacro -sdk /Applications/Xcode-27.0.0-Release.Candidate.app/Contents/Developer/Platforms/XROS.platform/Developer/SDKs/XROS27.0.sdk -target arm64-apple-xros1.0 -g -module-cache-path /Users/admin/builder/spi-builder-workspace/.derivedData/ModuleCache.noindex -Xfrontend -serialize-debugging-options -profile-coverage-mapping -profile-generate -enable-testing -index-store-path /Users/admin/builder/spi-builder-workspace/.derivedData/Index.noindex/DataStore -Xcc -D_LIBCPP_HARDENING_MODE\=_LIBCPP_HARDENING_MODE_DEBUG -swift-version 5 -I /Users/admin/builder/spi-builder-workspace/.derivedData/Build/Products/Debug-xros -Isystem /Applications/Xcode-27.0.0-Release.Candidate.app/Contents/Developer/Platforms/XROS.platform/Developer/usr/lib -F /Users/admin/builder/spi-builder-workspace/.derivedData/Build/Products/Debug-xros -F /Applications/Xcode-27.0.0-Release.Candidate.app/Contents/Developer/Platforms/XROS.platform/Developer/Library/Frameworks -F /Applications/Xcode-27.0.0-Release.Candidate.app/Contents/Developer/Platforms/XROS.platform/Developer/SDKs/XROS27.0.sdk/Developer/Library/Frameworks -c -j10 -enable-batch-mode -incremental -Xcc -ivfsstatcache -Xcc /Users/admin/builder/spi-builder-workspace/.derivedData/SDKStatCaches.noindex/xros27.0-24M361-e829b21a6f8c9b70876ba0858053c044735bd543db762f57723cac368afd1ce4.sdkstatcache -output-file-map /Users/admin/builder/spi-builder-workspace/.derivedData/Build/Intermediates.noindex/Kipple.build/Debug-xros/KippleLogging-t.build/Objects-normal/arm64/KippleLogging-OutputFileMap.json -save-temps -no-color-diagnostics -explicit-module-build -module-cache-path /Users/admin/builder/spi-builder-workspace/.derivedData/Build/Intermediates.noindex/SwiftExplicitPrecompiledModules -clang-scanner-module-cache-path /Users/admin/builder/spi-builder-workspace/.derivedData/ModuleCache.noindex -sdk-module-cache-path /Users/admin/builder/spi-builder-workspace/.derivedData/SDKExplicitPrecompiledModules -emit-dependencies -emit-module -emit-module-path /Users/admin/builder/spi-builder-workspace/.derivedData/Build/Intermediates.noindex/Kipple.build/Debug-xros/KippleLogging-t.build/Objects-normal/arm64/KippleLogging.swiftmodule -serialize-diagnostics -dependency-scan-serialize-diagnostics-path /Users/admin/builder/spi-builder-workspace/.derivedData/Build/Intermediates.noindex/Kipple.build/Debug-xros/KippleLogging-t.build/Objects-normal/arm64/KippleLogging-dependency-scan.dia -validate-clang-modules-once -clang-build-session-file /Users/admin/builder/spi-builder-workspace/.derivedData/ModuleCache.noindex/Session.modulevalidation -Xcc -fmodules-prune-interval\=86400 -Xcc -fmodules-prune-after\=345600 -emit-const-values -const-gather-protocols-list /Users/admin/builder/spi-builder-workspace/.derivedData/Build/Intermediates.noindex/Kipple.build/Debug-xros/KippleLogging-t.build/Objects-normal/arm64/KippleLogging_const_extract_protocols.json -Xcc -I/Users/admin/builder/spi-builder-workspace/.derivedData/Build/Products/Debug-xros/include -Xcc -I/Users/admin/builder/spi-builder-workspace/.derivedData/Build/Intermediates.noindex/Kipple.build/Debug-xros/KippleLogging-t.build/DerivedSources-normal/arm64 -Xcc -I/Users/admin/builder/spi-builder-workspace/.derivedData/Build/Intermediates.noindex/Kipple.build/Debug-xros/KippleLogging-t.build/DerivedSources/arm64 -Xcc -I/Users/admin/builder/spi-builder-workspace/.derivedData/Build/Intermediates.noindex/Kipple.build/Debug-xros/KippleLogging-t.build/DerivedSources -Xcc -DSWIFT_PACKAGE -Xcc -DDEBUG\=1 -emit-objc-header -emit-objc-header-path /Users/admin/builder/spi-builder-workspace/.derivedData/Build/Intermediates.noindex/Kipple.build/Debug-xros/KippleLogging-t.build/Objects-normal/arm64/KippleLogging-Swift.h -working-directory /Users/admin/builder/spi-builder-workspace/.swiftpm/xcode -experimental-emit-module-separately -disable-cmo
SwiftCompile normal arm64 Compiling\ Dictionary+AsJSONSerializedData.swift /Users/admin/builder/spi-builder-workspace/Sources/KippleCodable/Extensions/Dictionary+AsJSONSerializedData.swift (in target 'KippleCodable' from project 'Kipple')
SwiftCompile normal arm64 /Users/admin/builder/spi-builder-workspace/Sources/KippleCodable/Extensions/Dictionary+AsJSONSerializedData.swift (in target 'KippleCodable' from project 'Kipple')
cd /Users/admin/builder/spi-builder-workspace/.swiftpm/xcode
builtin-SwiftPerFileCompile Dictionary+AsJSONSerializedData.swift
SwiftCompile normal arm64 Compiling\ CodableDefaultStrategy.swift /Users/admin/builder/spi-builder-workspace/Sources/KippleCodable/PropertyWrappers/CodableDefaultStrategy.swift (in target 'KippleCodable' from project 'Kipple')
SwiftCompile normal arm64 /Users/admin/builder/spi-builder-workspace/Sources/KippleCodable/PropertyWrappers/CodableDefaultStrategy.swift (in target 'KippleCodable' from project 'Kipple')
cd /Users/admin/builder/spi-builder-workspace/.swiftpm/xcode
builtin-SwiftPerFileCompile CodableDefaultStrategy.swift
SwiftDriverJobDiscovery normal arm64 Compiling NSNumber+Boolean.swift, Result+Convenience.swift (in target 'KippleFoundation' from project 'Kipple')
SwiftCompile normal arm64 Compiling\ CleanedDecodingError.swift,\ KippleCodableError.swift /Users/admin/builder/spi-builder-workspace/Sources/KippleCodable/Errors/CleanedDecodingError.swift /Users/admin/builder/spi-builder-workspace/Sources/KippleCodable/Errors/KippleCodableError.swift (in target 'KippleCodable' from project 'Kipple')
SwiftCompile normal arm64 /Users/admin/builder/spi-builder-workspace/Sources/KippleCodable/Errors/CleanedDecodingError.swift (in target 'KippleCodable' from project 'Kipple')
cd /Users/admin/builder/spi-builder-workspace/.swiftpm/xcode
builtin-SwiftPerFileCompile CleanedDecodingError.swift
SwiftCompile normal arm64 /Users/admin/builder/spi-builder-workspace/Sources/KippleCodable/Errors/KippleCodableError.swift (in target 'KippleCodable' from project 'Kipple')
cd /Users/admin/builder/spi-builder-workspace/.swiftpm/xcode
builtin-SwiftPerFileCompile KippleCodableError.swift
SwiftDriverJobDiscovery normal arm64 Compiling BinaryInteger+Clamped.swift, Bool+Convenience.swift (in target 'KippleFoundation' from project 'Kipple')
SwiftCompile normal arm64 Compiling\ Encodable+PrettyPrinted.swift /Users/admin/builder/spi-builder-workspace/Sources/KippleCodable/Extensions/Encodable+PrettyPrinted.swift (in target 'KippleCodable' from project 'Kipple')
SwiftCompile normal arm64 /Users/admin/builder/spi-builder-workspace/Sources/KippleCodable/Extensions/Encodable+PrettyPrinted.swift (in target 'KippleCodable' from project 'Kipple')
cd /Users/admin/builder/spi-builder-workspace/.swiftpm/xcode
builtin-SwiftPerFileCompile Encodable+PrettyPrinted.swift
SwiftDriverJobDiscovery normal arm64 Compiling JSONDecoder+DecodeCleaned.swift (in target 'KippleCodable' from project 'Kipple')
SwiftCompile normal arm64 Compiling\ CodableIgnored.swift /Users/admin/builder/spi-builder-workspace/Sources/KippleCodable/PropertyWrappers/CodableIgnored.swift (in target 'KippleCodable' from project 'Kipple')
SwiftCompile normal arm64 /Users/admin/builder/spi-builder-workspace/Sources/KippleCodable/PropertyWrappers/CodableIgnored.swift (in target 'KippleCodable' from project 'Kipple')
cd /Users/admin/builder/spi-builder-workspace/.swiftpm/xcode
builtin-SwiftPerFileCompile CodableIgnored.swift
SwiftDriverJobDiscovery normal arm64 Compiling Comparable+Clamped.swift, Int+Convenience.swift (in target 'KippleFoundation' from project 'Kipple')
SwiftCompile normal arm64 Compiling\ Encodable+AsDictionary.swift /Users/admin/builder/spi-builder-workspace/Sources/KippleCodable/Extensions/Encodable+AsDictionary.swift (in target 'KippleCodable' from project 'Kipple')
SwiftCompile normal arm64 /Users/admin/builder/spi-builder-workspace/Sources/KippleCodable/Extensions/Encodable+AsDictionary.swift (in target 'KippleCodable' from project 'Kipple')
cd /Users/admin/builder/spi-builder-workspace/.swiftpm/xcode
builtin-SwiftPerFileCompile Encodable+AsDictionary.swift
SwiftDriverJobDiscovery normal arm64 Compiling URLConvertible.swift (in target 'KippleFoundation' from project 'Kipple')
SwiftCompile normal arm64 Compiling\ CodableDefault.swift /Users/admin/builder/spi-builder-workspace/Sources/KippleCodable/PropertyWrappers/CodableDefault.swift (in target 'KippleCodable' from project 'Kipple')
SwiftCompile normal arm64 /Users/admin/builder/spi-builder-workspace/Sources/KippleCodable/PropertyWrappers/CodableDefault.swift (in target 'KippleCodable' from project 'Kipple')
cd /Users/admin/builder/spi-builder-workspace/.swiftpm/xcode
builtin-SwiftPerFileCompile CodableDefault.swift
SwiftDriverJobDiscovery normal arm64 Compiling PropertyListDecoder+DecodeCleaned.swift (in target 'KippleCodable' from project 'Kipple')
SwiftDriverJobDiscovery normal arm64 Compiling Dictionary+AsJSONSerializedData.swift (in target 'KippleCodable' from project 'Kipple')
SwiftDriver\ Compilation Algorithms normal arm64 com.apple.xcode.tools.swift.compiler (in target 'Algorithms' from project 'swift-algorithms')
cd /Users/admin/builder/spi-builder-workspace/.swiftpm/xcode
builtin-Swift-Compilation -- /Applications/Xcode-27.0.0-Release.Candidate.app/Contents/Developer/Toolchains/XcodeDefault.xctoolchain/usr/bin/swiftc -parse-as-library -module-name Algorithms -Onone @/Users/admin/builder/spi-builder-workspace/.derivedData/Build/Intermediates.noindex/swift-algorithms.build/Debug-xros/Algorithms-t.build/Objects-normal/arm64/Algorithms.SwiftFileList -DSWIFT_PACKAGE -DDEBUG -DSWIFT_MODULE_RESOURCE_BUNDLE_UNAVAILABLE -Xcc -fmodule-map-file\=/Users/admin/builder/spi-builder-workspace/.dependencies/checkouts/swift-numerics/Sources/_NumericsShims/include/module.modulemap -DXcode -plugin-path /Applications/Xcode-27.0.0-Release.Candidate.app/Contents/Developer/Toolchains/XcodeDefault.xctoolchain/usr/lib/swift/host/plugins/testing -enable-experimental-feature DebugDescriptionMacro -sdk /Applications/Xcode-27.0.0-Release.Candidate.app/Contents/Developer/Platforms/XROS.platform/Developer/SDKs/XROS27.0.sdk -target arm64-apple-xros1.0 -g -module-cache-path /Users/admin/builder/spi-builder-workspace/.derivedData/ModuleCache.noindex -Xfrontend -serialize-debugging-options -profile-coverage-mapping -profile-generate -enable-testing -suppress-warnings -index-store-path /Users/admin/builder/spi-builder-workspace/.derivedData/Index.noindex/DataStore -Xcc -D_LIBCPP_HARDENING_MODE\=_LIBCPP_HARDENING_MODE_DEBUG -swift-version 5 -I /Users/admin/builder/spi-builder-workspace/.derivedData/Build/Products/Debug-xros -Isystem /Applications/Xcode-27.0.0-Release.Candidate.app/Contents/Developer/Platforms/XROS.platform/Developer/usr/lib -F /Users/admin/builder/spi-builder-workspace/.derivedData/Build/Products/Debug-xros/PackageFrameworks -F /Users/admin/builder/spi-builder-workspace/.derivedData/Build/Products/Debug-xros -F /Applications/Xcode-27.0.0-Release.Candidate.app/Contents/Developer/Platforms/XROS.platform/Developer/Library/Frameworks -F /Applications/Xcode-27.0.0-Release.Candidate.app/Contents/Developer/Platforms/XROS.platform/Developer/SDKs/XROS27.0.sdk/Developer/Library/Frameworks -c -j10 -enable-batch-mode -incremental -Xcc -ivfsstatcache -Xcc /Users/admin/builder/spi-builder-workspace/.derivedData/SDKStatCaches.noindex/xros27.0-24M361-e829b21a6f8c9b70876ba0858053c044735bd543db762f57723cac368afd1ce4.sdkstatcache -output-file-map /Users/admin/builder/spi-builder-workspace/.derivedData/Build/Intermediates.noindex/swift-algorithms.build/Debug-xros/Algorithms-t.build/Objects-normal/arm64/Algorithms-OutputFileMap.json -save-temps -no-color-diagnostics -explicit-module-build -module-cache-path /Users/admin/builder/spi-builder-workspace/.derivedData/Build/Intermediates.noindex/SwiftExplicitPrecompiledModules -clang-scanner-module-cache-path /Users/admin/builder/spi-builder-workspace/.derivedData/ModuleCache.noindex -sdk-module-cache-path /Users/admin/builder/spi-builder-workspace/.derivedData/SDKExplicitPrecompiledModules -emit-dependencies -emit-module -emit-module-path /Users/admin/builder/spi-builder-workspace/.derivedData/Build/Intermediates.noindex/swift-algorithms.build/Debug-xros/Algorithms-t.build/Objects-normal/arm64/Algorithms.swiftmodule -serialize-diagnostics -dependency-scan-serialize-diagnostics-path /Users/admin/builder/spi-builder-workspace/.derivedData/Build/Intermediates.noindex/swift-algorithms.build/Debug-xros/Algorithms-t.build/Objects-normal/arm64/Algorithms-dependency-scan.dia -validate-clang-modules-once -clang-build-session-file /Users/admin/builder/spi-builder-workspace/.derivedData/ModuleCache.noindex/Session.modulevalidation -Xcc -fmodules-prune-interval\=86400 -Xcc -fmodules-prune-after\=345600 -emit-const-values -const-gather-protocols-list /Users/admin/builder/spi-builder-workspace/.derivedData/Build/Intermediates.noindex/swift-algorithms.build/Debug-xros/Algorithms-t.build/Objects-normal/arm64/Algorithms_const_extract_protocols.json -Xcc -I/Users/admin/builder/spi-builder-workspace/.dependencies/checkouts/swift-numerics/Sources/_NumericsShims/include -Xcc -I/Users/admin/builder/spi-builder-workspace/.derivedData/Build/Products/Debug-xros/include -Xcc -I/Users/admin/builder/spi-builder-workspace/.derivedData/Build/Intermediates.noindex/swift-algorithms.build/Debug-xros/Algorithms-t.build/DerivedSources-normal/arm64 -Xcc -I/Users/admin/builder/spi-builder-workspace/.derivedData/Build/Intermediates.noindex/swift-algorithms.build/Debug-xros/Algorithms-t.build/DerivedSources/arm64 -Xcc -I/Users/admin/builder/spi-builder-workspace/.derivedData/Build/Intermediates.noindex/swift-algorithms.build/Debug-xros/Algorithms-t.build/DerivedSources -Xcc -DSWIFT_PACKAGE -Xcc -DDEBUG\=1 -emit-objc-header -emit-objc-header-path /Users/admin/builder/spi-builder-workspace/.derivedData/Build/Intermediates.noindex/swift-algorithms.build/Debug-xros/Algorithms-t.build/Objects-normal/arm64/Algorithms-Swift.h -working-directory /Users/admin/builder/spi-builder-workspace/.swiftpm/xcode -experimental-emit-module-separately -disable-cmo
Ld /Users/admin/builder/spi-builder-workspace/.derivedData/Build/Products/Debug-xros/KippleLogging.o normal (in target 'KippleLogging' from project 'Kipple')
cd /Users/admin/builder/spi-builder-workspace
/Applications/Xcode-27.0.0-Release.Candidate.app/Contents/Developer/Toolchains/XcodeDefault.xctoolchain/usr/bin/clang -Xlinker -reproducible -target arm64-apple-xros1.0 -r -isysroot /Applications/Xcode-27.0.0-Release.Candidate.app/Contents/Developer/Platforms/XROS.platform/Developer/SDKs/XROS27.0.sdk -O0 -Xlinker -no_warn_duplicate_libraries -F/Users/admin/builder/spi-builder-workspace/.derivedData/Build/Intermediates.noindex/EagerLinkingTBDs/Debug-xros -F/Users/admin/builder/spi-builder-workspace/.derivedData/Build/Products/Debug-xros -iframework /Applications/Xcode-27.0.0-Release.Candidate.app/Contents/Developer/Platforms/XROS.platform/Developer/Library/Frameworks -iframework /Applications/Xcode-27.0.0-Release.Candidate.app/Contents/Developer/Platforms/XROS.platform/Developer/SDKs/XROS27.0.sdk/Developer/Library/Frameworks -filelist /Users/admin/builder/spi-builder-workspace/.derivedData/Build/Intermediates.noindex/Kipple.build/Debug-xros/KippleLogging-t.build/Objects-normal/arm64/KippleLogging.LinkFileList -nostdlib -Xlinker -object_path_lto -Xlinker /Users/admin/builder/spi-builder-workspace/.derivedData/Build/Intermediates.noindex/Kipple.build/Debug-xros/KippleLogging-t.build/Objects-normal/arm64/KippleLogging_lto.o -Xlinker -no_deduplicate -Xlinker -debug_variant -Xlinker -dependency_info -Xlinker /Users/admin/builder/spi-builder-workspace/.derivedData/Build/Intermediates.noindex/Kipple.build/Debug-xros/KippleLogging-t.build/Objects-normal/arm64/KippleLogging_dependency_info.dat -fobjc-link-runtime -L/Applications/Xcode-27.0.0-Release.Candidate.app/Contents/Developer/Toolchains/XcodeDefault.xctoolchain/usr/lib/swift/xros -L/usr/lib/swift -Xlinker -add_ast_path -Xlinker /Users/admin/builder/spi-builder-workspace/.derivedData/Build/Intermediates.noindex/Kipple.build/Debug-xros/KippleLogging-t.build/Objects-normal/arm64/KippleLogging.swiftmodule -o /Users/admin/builder/spi-builder-workspace/.derivedData/Build/Products/Debug-xros/KippleLogging.o
Ld /Users/admin/builder/spi-builder-workspace/.derivedData/Build/Products/Debug-xros/KippleLocalStorage.o normal (in target 'KippleLocalStorage' from project 'Kipple')
cd /Users/admin/builder/spi-builder-workspace
/Applications/Xcode-27.0.0-Release.Candidate.app/Contents/Developer/Toolchains/XcodeDefault.xctoolchain/usr/bin/clang -Xlinker -reproducible -target arm64-apple-xros1.0 -r -isysroot /Applications/Xcode-27.0.0-Release.Candidate.app/Contents/Developer/Platforms/XROS.platform/Developer/SDKs/XROS27.0.sdk -O0 -Xlinker -no_warn_duplicate_libraries -F/Users/admin/builder/spi-builder-workspace/.derivedData/Build/Intermediates.noindex/EagerLinkingTBDs/Debug-xros -F/Users/admin/builder/spi-builder-workspace/.derivedData/Build/Products/Debug-xros -iframework /Applications/Xcode-27.0.0-Release.Candidate.app/Contents/Developer/Platforms/XROS.platform/Developer/Library/Frameworks -iframework /Applications/Xcode-27.0.0-Release.Candidate.app/Contents/Developer/Platforms/XROS.platform/Developer/SDKs/XROS27.0.sdk/Developer/Library/Frameworks -filelist /Users/admin/builder/spi-builder-workspace/.derivedData/Build/Intermediates.noindex/Kipple.build/Debug-xros/KippleLocalStorage-t.build/Objects-normal/arm64/KippleLocalStorage.LinkFileList -nostdlib -Xlinker -object_path_lto -Xlinker /Users/admin/builder/spi-builder-workspace/.derivedData/Build/Intermediates.noindex/Kipple.build/Debug-xros/KippleLocalStorage-t.build/Objects-normal/arm64/KippleLocalStorage_lto.o -Xlinker -no_deduplicate -Xlinker -debug_variant -Xlinker -dependency_info -Xlinker /Users/admin/builder/spi-builder-workspace/.derivedData/Build/Intermediates.noindex/Kipple.build/Debug-xros/KippleLocalStorage-t.build/Objects-normal/arm64/KippleLocalStorage_dependency_info.dat -fobjc-link-runtime -L/Applications/Xcode-27.0.0-Release.Candidate.app/Contents/Developer/Toolchains/XcodeDefault.xctoolchain/usr/lib/swift/xros -L/usr/lib/swift -Xlinker -add_ast_path -Xlinker /Users/admin/builder/spi-builder-workspace/.derivedData/Build/Intermediates.noindex/Kipple.build/Debug-xros/KippleLocalStorage-t.build/Objects-normal/arm64/KippleLocalStorage.swiftmodule -o /Users/admin/builder/spi-builder-workspace/.derivedData/Build/Products/Debug-xros/KippleLocalStorage.o
SwiftDriverJobDiscovery normal arm64 Compiling CodableDefaultStrategy.swift (in target 'KippleCodable' from project 'Kipple')
Ld /Users/admin/builder/spi-builder-workspace/.derivedData/Build/Products/Debug-xros/Algorithms.o normal (in target 'Algorithms' from project 'swift-algorithms')
cd /Users/admin/builder/spi-builder-workspace/.dependencies/checkouts/swift-algorithms
/Applications/Xcode-27.0.0-Release.Candidate.app/Contents/Developer/Toolchains/XcodeDefault.xctoolchain/usr/bin/clang -Xlinker -reproducible -target arm64-apple-xros1.0 -r -isysroot /Applications/Xcode-27.0.0-Release.Candidate.app/Contents/Developer/Platforms/XROS.platform/Developer/SDKs/XROS27.0.sdk -O0 -w -Xlinker -no_warn_duplicate_libraries -F/Users/admin/builder/spi-builder-workspace/.derivedData/Build/Intermediates.noindex/EagerLinkingTBDs/Debug-xros -F/Users/admin/builder/spi-builder-workspace/.derivedData/Build/Products/Debug-xros/PackageFrameworks -F/Users/admin/builder/spi-builder-workspace/.derivedData/Build/Products/Debug-xros -iframework /Applications/Xcode-27.0.0-Release.Candidate.app/Contents/Developer/Platforms/XROS.platform/Developer/Library/Frameworks -iframework /Applications/Xcode-27.0.0-Release.Candidate.app/Contents/Developer/Platforms/XROS.platform/Developer/SDKs/XROS27.0.sdk/Developer/Library/Frameworks -filelist /Users/admin/builder/spi-builder-workspace/.derivedData/Build/Intermediates.noindex/swift-algorithms.build/Debug-xros/Algorithms-t.build/Objects-normal/arm64/Algorithms.LinkFileList -nostdlib -Xlinker -object_path_lto -Xlinker /Users/admin/builder/spi-builder-workspace/.derivedData/Build/Intermediates.noindex/swift-algorithms.build/Debug-xros/Algorithms-t.build/Objects-normal/arm64/Algorithms_lto.o -Xlinker -no_deduplicate -Xlinker -debug_variant -Xlinker -dependency_info -Xlinker /Users/admin/builder/spi-builder-workspace/.derivedData/Build/Intermediates.noindex/swift-algorithms.build/Debug-xros/Algorithms-t.build/Objects-normal/arm64/Algorithms_dependency_info.dat -fobjc-link-runtime -L/Applications/Xcode-27.0.0-Release.Candidate.app/Contents/Developer/Toolchains/XcodeDefault.xctoolchain/usr/lib/swift/xros -L/usr/lib/swift -Xlinker -add_ast_path -Xlinker /Users/admin/builder/spi-builder-workspace/.derivedData/Build/Intermediates.noindex/swift-algorithms.build/Debug-xros/Algorithms-t.build/Objects-normal/arm64/Algorithms.swiftmodule -o /Users/admin/builder/spi-builder-workspace/.derivedData/Build/Products/Debug-xros/Algorithms.o
SwiftDriverJobDiscovery normal arm64 Compiling DecodingError+Cleaned.swift (in target 'KippleCodable' from project 'Kipple')
ExtractAppIntentsMetadata (in target 'KippleLogging' from project 'Kipple')
cd /Users/admin/builder/spi-builder-workspace
/Applications/Xcode-27.0.0-Release.Candidate.app/Contents/Developer/Toolchains/XcodeDefault.xctoolchain/usr/bin/appintentsmetadataprocessor --toolchain-dir /var/run/com.apple.security.cryptexd/mnt/com.apple.MobileAsset.MetalToolchain-v27.1.266.1.RxyQ0i/Metal.xctoolchain --module-name KippleLogging --sdk-root /Applications/Xcode-27.0.0-Release.Candidate.app/Contents/Developer/Platforms/XROS.platform/Developer/SDKs/XROS27.0.sdk --xcode-version 27A266a --platform-family xrOS --deployment-target 1.0 --bundle-identifier spi-builder-workspace.KippleLogging --output /Users/admin/builder/spi-builder-workspace/.derivedData/Build/Products/Debug-xros/KippleLogging.appintents --target-triple arm64-apple-xros1.0 --binary-file /Users/admin/builder/spi-builder-workspace/.derivedData/Build/Products/Debug-xros/KippleLogging.o --dependency-file /Users/admin/builder/spi-builder-workspace/.derivedData/Build/Intermediates.noindex/Kipple.build/Debug-xros/KippleLogging-t.build/Objects-normal/arm64/KippleLogging_dependency_info.dat --stringsdata-file /Users/admin/builder/spi-builder-workspace/.derivedData/Build/Intermediates.noindex/Kipple.build/Debug-xros/KippleLogging-t.build/Objects-normal/arm64/ExtractedAppShortcutsMetadata.stringsdata --source-file-list /Users/admin/builder/spi-builder-workspace/.derivedData/Build/Intermediates.noindex/Kipple.build/Debug-xros/KippleLogging-t.build/Objects-normal/arm64/KippleLogging.SwiftFileList --metadata-file-list /Users/admin/builder/spi-builder-workspace/.derivedData/Build/Intermediates.noindex/Kipple.build/Debug-xros/KippleLogging-t.build/KippleLogging.DependencyMetadataFileList --static-metadata-file-list /Users/admin/builder/spi-builder-workspace/.derivedData/Build/Intermediates.noindex/Kipple.build/Debug-xros/KippleLogging-t.build/KippleLogging.DependencyStaticMetadataFileList --swift-const-vals-list /Users/admin/builder/spi-builder-workspace/.derivedData/Build/Intermediates.noindex/Kipple.build/Debug-xros/KippleLogging-t.build/Objects-normal/arm64/KippleLogging.SwiftConstValuesFileList --force --compile-time-extraction --deployment-aware-processing --no-app-shortcuts-localization
2026-09-20 14:08:00.135 appintentsmetadataprocessor[1366:7532] Starting appintentsmetadataprocessor export
2026-09-20 14:08:00.258 appintentsmetadataprocessor[1366:7532] Extracted no relevant App Intents symbols, skipping writing output
ExtractAppIntentsMetadata (in target 'KippleLocalStorage' from project 'Kipple')
cd /Users/admin/builder/spi-builder-workspace
/Applications/Xcode-27.0.0-Release.Candidate.app/Contents/Developer/Toolchains/XcodeDefault.xctoolchain/usr/bin/appintentsmetadataprocessor --toolchain-dir /var/run/com.apple.security.cryptexd/mnt/com.apple.MobileAsset.MetalToolchain-v27.1.266.1.RxyQ0i/Metal.xctoolchain --module-name KippleLocalStorage --sdk-root /Applications/Xcode-27.0.0-Release.Candidate.app/Contents/Developer/Platforms/XROS.platform/Developer/SDKs/XROS27.0.sdk --xcode-version 27A266a --platform-family xrOS --deployment-target 1.0 --bundle-identifier spi-builder-workspace.KippleLocalStorage --output /Users/admin/builder/spi-builder-workspace/.derivedData/Build/Products/Debug-xros/KippleLocalStorage.appintents --target-triple arm64-apple-xros1.0 --binary-file /Users/admin/builder/spi-builder-workspace/.derivedData/Build/Products/Debug-xros/KippleLocalStorage.o --dependency-file /Users/admin/builder/spi-builder-workspace/.derivedData/Build/Intermediates.noindex/Kipple.build/Debug-xros/KippleLocalStorage-t.build/Objects-normal/arm64/KippleLocalStorage_dependency_info.dat --stringsdata-file /Users/admin/builder/spi-builder-workspace/.derivedData/Build/Intermediates.noindex/Kipple.build/Debug-xros/KippleLocalStorage-t.build/Objects-normal/arm64/ExtractedAppShortcutsMetadata.stringsdata --source-file-list /Users/admin/builder/spi-builder-workspace/.derivedData/Build/Intermediates.noindex/Kipple.build/Debug-xros/KippleLocalStorage-t.build/Objects-normal/arm64/KippleLocalStorage.SwiftFileList --metadata-file-list /Users/admin/builder/spi-builder-workspace/.derivedData/Build/Intermediates.noindex/Kipple.build/Debug-xros/KippleLocalStorage-t.build/KippleLocalStorage.DependencyMetadataFileList --static-metadata-file-list /Users/admin/builder/spi-builder-workspace/.derivedData/Build/Intermediates.noindex/Kipple.build/Debug-xros/KippleLocalStorage-t.build/KippleLocalStorage.DependencyStaticMetadataFileList --swift-const-vals-list /Users/admin/builder/spi-builder-workspace/.derivedData/Build/Intermediates.noindex/Kipple.build/Debug-xros/KippleLocalStorage-t.build/Objects-normal/arm64/KippleLocalStorage.SwiftConstValuesFileList --force --compile-time-extraction --deployment-aware-processing --no-app-shortcuts-localization
2026-09-20 14:08:00.159 appintentsmetadataprocessor[1368:7555] Starting appintentsmetadataprocessor export
2026-09-20 14:08:00.236 appintentsmetadataprocessor[1368:7555] Extracted no relevant App Intents symbols, skipping writing output
SwiftDriverJobDiscovery normal arm64 Compiling AppInfo.swift (in target 'KippleFoundation' from project 'Kipple')
SwiftDriver KippleKeychain normal arm64 com.apple.xcode.tools.swift.compiler (in target 'KippleKeychain' from project 'Kipple')
cd /Users/admin/builder/spi-builder-workspace/.swiftpm/xcode
builtin-SwiftDriver -- /Applications/Xcode-27.0.0-Release.Candidate.app/Contents/Developer/Toolchains/XcodeDefault.xctoolchain/usr/bin/swiftc -parse-as-library -module-name KippleKeychain -Onone @/Users/admin/builder/spi-builder-workspace/.derivedData/Build/Intermediates.noindex/Kipple.build/Debug-xros/KippleKeychain-t.build/Objects-normal/arm64/KippleKeychain.SwiftFileList -DSWIFT_PACKAGE -DDEBUG -DSWIFT_MODULE_RESOURCE_BUNDLE_UNAVAILABLE -DXcode -enable-experimental-feature StrictConcurrency -plugin-path /Applications/Xcode-27.0.0-Release.Candidate.app/Contents/Developer/Toolchains/XcodeDefault.xctoolchain/usr/lib/swift/host/plugins/testing -enable-experimental-feature DebugDescriptionMacro -sdk /Applications/Xcode-27.0.0-Release.Candidate.app/Contents/Developer/Platforms/XROS.platform/Developer/SDKs/XROS27.0.sdk -target arm64-apple-xros1.0 -g -module-cache-path /Users/admin/builder/spi-builder-workspace/.derivedData/ModuleCache.noindex -Xfrontend -serialize-debugging-options -profile-coverage-mapping -profile-generate -enable-testing -index-store-path /Users/admin/builder/spi-builder-workspace/.derivedData/Index.noindex/DataStore -Xcc -D_LIBCPP_HARDENING_MODE\=_LIBCPP_HARDENING_MODE_DEBUG -swift-version 5 -I /Users/admin/builder/spi-builder-workspace/.derivedData/Build/Products/Debug-xros -Isystem /Applications/Xcode-27.0.0-Release.Candidate.app/Contents/Developer/Platforms/XROS.platform/Developer/usr/lib -F /Users/admin/builder/spi-builder-workspace/.derivedData/Build/Products/Debug-xros/PackageFrameworks -F /Users/admin/builder/spi-builder-workspace/.derivedData/Build/Products/Debug-xros -F /Applications/Xcode-27.0.0-Release.Candidate.app/Contents/Developer/Platforms/XROS.platform/Developer/Library/Frameworks -F /Applications/Xcode-27.0.0-Release.Candidate.app/Contents/Developer/Platforms/XROS.platform/Developer/SDKs/XROS27.0.sdk/Developer/Library/Frameworks -c -j10 -enable-batch-mode -incremental -Xcc -ivfsstatcache -Xcc /Users/admin/builder/spi-builder-workspace/.derivedData/SDKStatCaches.noindex/xros27.0-24M361-e829b21a6f8c9b70876ba0858053c044735bd543db762f57723cac368afd1ce4.sdkstatcache -output-file-map /Users/admin/builder/spi-builder-workspace/.derivedData/Build/Intermediates.noindex/Kipple.build/Debug-xros/KippleKeychain-t.build/Objects-normal/arm64/KippleKeychain-OutputFileMap.json -save-temps -no-color-diagnostics -explicit-module-build -module-cache-path /Users/admin/builder/spi-builder-workspace/.derivedData/Build/Intermediates.noindex/SwiftExplicitPrecompiledModules -clang-scanner-module-cache-path /Users/admin/builder/spi-builder-workspace/.derivedData/ModuleCache.noindex -sdk-module-cache-path /Users/admin/builder/spi-builder-workspace/.derivedData/SDKExplicitPrecompiledModules -emit-dependencies -emit-module -emit-module-path /Users/admin/builder/spi-builder-workspace/.derivedData/Build/Intermediates.noindex/Kipple.build/Debug-xros/KippleKeychain-t.build/Objects-normal/arm64/KippleKeychain.swiftmodule -serialize-diagnostics -dependency-scan-serialize-diagnostics-path /Users/admin/builder/spi-builder-workspace/.derivedData/Build/Intermediates.noindex/Kipple.build/Debug-xros/KippleKeychain-t.build/Objects-normal/arm64/KippleKeychain-dependency-scan.dia -validate-clang-modules-once -clang-build-session-file /Users/admin/builder/spi-builder-workspace/.derivedData/ModuleCache.noindex/Session.modulevalidation -Xcc -fmodules-prune-interval\=86400 -Xcc -fmodules-prune-after\=345600 -emit-const-values -const-gather-protocols-list /Users/admin/builder/spi-builder-workspace/.derivedData/Build/Intermediates.noindex/Kipple.build/Debug-xros/KippleKeychain-t.build/Objects-normal/arm64/KippleKeychain_const_extract_protocols.json -Xcc -I/Users/admin/builder/spi-builder-workspace/.derivedData/Build/Products/Debug-xros/include -Xcc -I/Users/admin/builder/spi-builder-workspace/.derivedData/Build/Intermediates.noindex/Kipple.build/Debug-xros/KippleKeychain-t.build/DerivedSources-normal/arm64 -Xcc -I/Users/admin/builder/spi-builder-workspace/.derivedData/Build/Intermediates.noindex/Kipple.build/Debug-xros/KippleKeychain-t.build/DerivedSources/arm64 -Xcc -I/Users/admin/builder/spi-builder-workspace/.derivedData/Build/Intermediates.noindex/Kipple.build/Debug-xros/KippleKeychain-t.build/DerivedSources -Xcc -DSWIFT_PACKAGE -Xcc -DDEBUG\=1 -emit-objc-header -emit-objc-header-path /Users/admin/builder/spi-builder-workspace/.derivedData/Build/Intermediates.noindex/Kipple.build/Debug-xros/KippleKeychain-t.build/Objects-normal/arm64/KippleKeychain-Swift.h -working-directory /Users/admin/builder/spi-builder-workspace/.swiftpm/xcode -experimental-emit-module-separately -disable-cmo
ExtractAppIntentsMetadata (in target 'Algorithms' from project 'swift-algorithms')
cd /Users/admin/builder/spi-builder-workspace/.dependencies/checkouts/swift-algorithms
/Applications/Xcode-27.0.0-Release.Candidate.app/Contents/Developer/Toolchains/XcodeDefault.xctoolchain/usr/bin/appintentsmetadataprocessor --toolchain-dir /var/run/com.apple.security.cryptexd/mnt/com.apple.MobileAsset.MetalToolchain-v27.1.266.1.RxyQ0i/Metal.xctoolchain --module-name Algorithms --sdk-root /Applications/Xcode-27.0.0-Release.Candidate.app/Contents/Developer/Platforms/XROS.platform/Developer/SDKs/XROS27.0.sdk --xcode-version 27A266a --platform-family xrOS --deployment-target 1.0 --bundle-identifier swift-algorithms.Algorithms --output /Users/admin/builder/spi-builder-workspace/.derivedData/Build/Products/Debug-xros/Algorithms.appintents --target-triple arm64-apple-xros1.0 --binary-file /Users/admin/builder/spi-builder-workspace/.derivedData/Build/Products/Debug-xros/Algorithms.o --dependency-file /Users/admin/builder/spi-builder-workspace/.derivedData/Build/Intermediates.noindex/swift-algorithms.build/Debug-xros/Algorithms-t.build/Objects-normal/arm64/Algorithms_dependency_info.dat --stringsdata-file /Users/admin/builder/spi-builder-workspace/.derivedData/Build/Intermediates.noindex/swift-algorithms.build/Debug-xros/Algorithms-t.build/Objects-normal/arm64/ExtractedAppShortcutsMetadata.stringsdata --source-file-list /Users/admin/builder/spi-builder-workspace/.derivedData/Build/Intermediates.noindex/swift-algorithms.build/Debug-xros/Algorithms-t.build/Objects-normal/arm64/Algorithms.SwiftFileList --metadata-file-list /Users/admin/builder/spi-builder-workspace/.derivedData/Build/Intermediates.noindex/swift-algorithms.build/Debug-xros/Algorithms-t.build/Algorithms.DependencyMetadataFileList --static-metadata-file-list /Users/admin/builder/spi-builder-workspace/.derivedData/Build/Intermediates.noindex/swift-algorithms.build/Debug-xros/Algorithms-t.build/Algorithms.DependencyStaticMetadataFileList --swift-const-vals-list /Users/admin/builder/spi-builder-workspace/.derivedData/Build/Intermediates.noindex/swift-algorithms.build/Debug-xros/Algorithms-t.build/Objects-normal/arm64/Algorithms.SwiftConstValuesFileList --force --compile-time-extraction --deployment-aware-processing --no-app-shortcuts-localization
2026-09-20 14:08:00.173 appintentsmetadataprocessor[1369:7558] Starting appintentsmetadataprocessor export
2026-09-20 14:08:00.251 appintentsmetadataprocessor[1369:7558] Extracted no relevant App Intents symbols, skipping writing output
SwiftDriverJobDiscovery normal arm64 Compiling BundleInfo.swift (in target 'KippleFoundation' from project 'Kipple')
SwiftDriver\ Compilation KippleFoundation normal arm64 com.apple.xcode.tools.swift.compiler (in target 'KippleFoundation' from project 'Kipple')
cd /Users/admin/builder/spi-builder-workspace/.swiftpm/xcode
builtin-Swift-Compilation -- /Applications/Xcode-27.0.0-Release.Candidate.app/Contents/Developer/Toolchains/XcodeDefault.xctoolchain/usr/bin/swiftc -parse-as-library -module-name KippleFoundation -Onone @/Users/admin/builder/spi-builder-workspace/.derivedData/Build/Intermediates.noindex/Kipple.build/Debug-xros/KippleFoundation-t.build/Objects-normal/arm64/KippleFoundation.SwiftFileList -DSWIFT_PACKAGE -DDEBUG -DSWIFT_MODULE_RESOURCE_BUNDLE_UNAVAILABLE -DXcode -enable-experimental-feature StrictConcurrency -plugin-path /Applications/Xcode-27.0.0-Release.Candidate.app/Contents/Developer/Toolchains/XcodeDefault.xctoolchain/usr/lib/swift/host/plugins/testing -enable-experimental-feature DebugDescriptionMacro -sdk /Applications/Xcode-27.0.0-Release.Candidate.app/Contents/Developer/Platforms/XROS.platform/Developer/SDKs/XROS27.0.sdk -target arm64-apple-xros1.0 -g -module-cache-path /Users/admin/builder/spi-builder-workspace/.derivedData/ModuleCache.noindex -Xfrontend -serialize-debugging-options -profile-coverage-mapping -profile-generate -enable-testing -index-store-path /Users/admin/builder/spi-builder-workspace/.derivedData/Index.noindex/DataStore -Xcc -D_LIBCPP_HARDENING_MODE\=_LIBCPP_HARDENING_MODE_DEBUG -swift-version 5 -I /Users/admin/builder/spi-builder-workspace/.derivedData/Build/Products/Debug-xros -Isystem /Applications/Xcode-27.0.0-Release.Candidate.app/Contents/Developer/Platforms/XROS.platform/Developer/usr/lib -F /Users/admin/builder/spi-builder-workspace/.derivedData/Build/Products/Debug-xros -F /Applications/Xcode-27.0.0-Release.Candidate.app/Contents/Developer/Platforms/XROS.platform/Developer/Library/Frameworks -F /Applications/Xcode-27.0.0-Release.Candidate.app/Contents/Developer/Platforms/XROS.platform/Developer/SDKs/XROS27.0.sdk/Developer/Library/Frameworks -c -j10 -enable-batch-mode -incremental -Xcc -ivfsstatcache -Xcc /Users/admin/builder/spi-builder-workspace/.derivedData/SDKStatCaches.noindex/xros27.0-24M361-e829b21a6f8c9b70876ba0858053c044735bd543db762f57723cac368afd1ce4.sdkstatcache -output-file-map /Users/admin/builder/spi-builder-workspace/.derivedData/Build/Intermediates.noindex/Kipple.build/Debug-xros/KippleFoundation-t.build/Objects-normal/arm64/KippleFoundation-OutputFileMap.json -save-temps -no-color-diagnostics -explicit-module-build -module-cache-path /Users/admin/builder/spi-builder-workspace/.derivedData/Build/Intermediates.noindex/SwiftExplicitPrecompiledModules -clang-scanner-module-cache-path /Users/admin/builder/spi-builder-workspace/.derivedData/ModuleCache.noindex -sdk-module-cache-path /Users/admin/builder/spi-builder-workspace/.derivedData/SDKExplicitPrecompiledModules -emit-dependencies -emit-module -emit-module-path /Users/admin/builder/spi-builder-workspace/.derivedData/Build/Intermediates.noindex/Kipple.build/Debug-xros/KippleFoundation-t.build/Objects-normal/arm64/KippleFoundation.swiftmodule -serialize-diagnostics -dependency-scan-serialize-diagnostics-path /Users/admin/builder/spi-builder-workspace/.derivedData/Build/Intermediates.noindex/Kipple.build/Debug-xros/KippleFoundation-t.build/Objects-normal/arm64/KippleFoundation-dependency-scan.dia -validate-clang-modules-once -clang-build-session-file /Users/admin/builder/spi-builder-workspace/.derivedData/ModuleCache.noindex/Session.modulevalidation -Xcc -fmodules-prune-interval\=86400 -Xcc -fmodules-prune-after\=345600 -emit-const-values -const-gather-protocols-list /Users/admin/builder/spi-builder-workspace/.derivedData/Build/Intermediates.noindex/Kipple.build/Debug-xros/KippleFoundation-t.build/Objects-normal/arm64/KippleFoundation_const_extract_protocols.json -Xcc -I/Users/admin/builder/spi-builder-workspace/.derivedData/Build/Products/Debug-xros/include -Xcc -I/Users/admin/builder/spi-builder-workspace/.derivedData/Build/Intermediates.noindex/Kipple.build/Debug-xros/KippleFoundation-t.build/DerivedSources-normal/arm64 -Xcc -I/Users/admin/builder/spi-builder-workspace/.derivedData/Build/Intermediates.noindex/Kipple.build/Debug-xros/KippleFoundation-t.build/DerivedSources/arm64 -Xcc -I/Users/admin/builder/spi-builder-workspace/.derivedData/Build/Intermediates.noindex/Kipple.build/Debug-xros/KippleFoundation-t.build/DerivedSources -Xcc -DSWIFT_PACKAGE -Xcc -DDEBUG\=1 -emit-objc-header -emit-objc-header-path /Users/admin/builder/spi-builder-workspace/.derivedData/Build/Intermediates.noindex/Kipple.build/Debug-xros/KippleFoundation-t.build/Objects-normal/arm64/KippleFoundation-Swift.h -working-directory /Users/admin/builder/spi-builder-workspace/.swiftpm/xcode -experimental-emit-module-separately -disable-cmo
Ld /Users/admin/builder/spi-builder-workspace/.derivedData/Build/Products/Debug-xros/KippleFoundation.o normal (in target 'KippleFoundation' from project 'Kipple')
cd /Users/admin/builder/spi-builder-workspace
/Applications/Xcode-27.0.0-Release.Candidate.app/Contents/Developer/Toolchains/XcodeDefault.xctoolchain/usr/bin/clang -Xlinker -reproducible -target arm64-apple-xros1.0 -r -isysroot /Applications/Xcode-27.0.0-Release.Candidate.app/Contents/Developer/Platforms/XROS.platform/Developer/SDKs/XROS27.0.sdk -O0 -Xlinker -no_warn_duplicate_libraries -F/Users/admin/builder/spi-builder-workspace/.derivedData/Build/Intermediates.noindex/EagerLinkingTBDs/Debug-xros -F/Users/admin/builder/spi-builder-workspace/.derivedData/Build/Products/Debug-xros -iframework /Applications/Xcode-27.0.0-Release.Candidate.app/Contents/Developer/Platforms/XROS.platform/Developer/Library/Frameworks -iframework /Applications/Xcode-27.0.0-Release.Candidate.app/Contents/Developer/Platforms/XROS.platform/Developer/SDKs/XROS27.0.sdk/Developer/Library/Frameworks -filelist /Users/admin/builder/spi-builder-workspace/.derivedData/Build/Intermediates.noindex/Kipple.build/Debug-xros/KippleFoundation-t.build/Objects-normal/arm64/KippleFoundation.LinkFileList -nostdlib -Xlinker -object_path_lto -Xlinker /Users/admin/builder/spi-builder-workspace/.derivedData/Build/Intermediates.noindex/Kipple.build/Debug-xros/KippleFoundation-t.build/Objects-normal/arm64/KippleFoundation_lto.o -Xlinker -no_deduplicate -Xlinker -debug_variant -Xlinker -dependency_info -Xlinker /Users/admin/builder/spi-builder-workspace/.derivedData/Build/Intermediates.noindex/Kipple.build/Debug-xros/KippleFoundation-t.build/Objects-normal/arm64/KippleFoundation_dependency_info.dat -fobjc-link-runtime -L/Applications/Xcode-27.0.0-Release.Candidate.app/Contents/Developer/Toolchains/XcodeDefault.xctoolchain/usr/lib/swift/xros -L/usr/lib/swift -Xlinker -add_ast_path -Xlinker /Users/admin/builder/spi-builder-workspace/.derivedData/Build/Intermediates.noindex/Kipple.build/Debug-xros/KippleFoundation-t.build/Objects-normal/arm64/KippleFoundation.swiftmodule -o /Users/admin/builder/spi-builder-workspace/.derivedData/Build/Products/Debug-xros/KippleFoundation.o
SwiftDriver KippleDevice normal arm64 com.apple.xcode.tools.swift.compiler (in target 'KippleDevice' from project 'Kipple')
cd /Users/admin/builder/spi-builder-workspace/.swiftpm/xcode
builtin-SwiftDriver -- /Applications/Xcode-27.0.0-Release.Candidate.app/Contents/Developer/Toolchains/XcodeDefault.xctoolchain/usr/bin/swiftc -parse-as-library -module-name KippleDevice -Onone @/Users/admin/builder/spi-builder-workspace/.derivedData/Build/Intermediates.noindex/Kipple.build/Debug-xros/KippleDevice-t.build/Objects-normal/arm64/KippleDevice.SwiftFileList -DSWIFT_PACKAGE -DDEBUG -DSWIFT_MODULE_RESOURCE_BUNDLE_UNAVAILABLE -DXcode -enable-experimental-feature StrictConcurrency -plugin-path /Applications/Xcode-27.0.0-Release.Candidate.app/Contents/Developer/Toolchains/XcodeDefault.xctoolchain/usr/lib/swift/host/plugins/testing -enable-experimental-feature DebugDescriptionMacro -sdk /Applications/Xcode-27.0.0-Release.Candidate.app/Contents/Developer/Platforms/XROS.platform/Developer/SDKs/XROS27.0.sdk -target arm64-apple-xros1.0 -g -module-cache-path /Users/admin/builder/spi-builder-workspace/.derivedData/ModuleCache.noindex -Xfrontend -serialize-debugging-options -profile-coverage-mapping -profile-generate -enable-testing -index-store-path /Users/admin/builder/spi-builder-workspace/.derivedData/Index.noindex/DataStore -Xcc -D_LIBCPP_HARDENING_MODE\=_LIBCPP_HARDENING_MODE_DEBUG -swift-version 5 -I /Users/admin/builder/spi-builder-workspace/.derivedData/Build/Products/Debug-xros -Isystem /Applications/Xcode-27.0.0-Release.Candidate.app/Contents/Developer/Platforms/XROS.platform/Developer/usr/lib -F /Users/admin/builder/spi-builder-workspace/.derivedData/Build/Products/Debug-xros/PackageFrameworks -F /Users/admin/builder/spi-builder-workspace/.derivedData/Build/Products/Debug-xros -F /Applications/Xcode-27.0.0-Release.Candidate.app/Contents/Developer/Platforms/XROS.platform/Developer/Library/Frameworks -F /Applications/Xcode-27.0.0-Release.Candidate.app/Contents/Developer/Platforms/XROS.platform/Developer/SDKs/XROS27.0.sdk/Developer/Library/Frameworks -c -j10 -enable-batch-mode -incremental -Xcc -ivfsstatcache -Xcc /Users/admin/builder/spi-builder-workspace/.derivedData/SDKStatCaches.noindex/xros27.0-24M361-e829b21a6f8c9b70876ba0858053c044735bd543db762f57723cac368afd1ce4.sdkstatcache -output-file-map /Users/admin/builder/spi-builder-workspace/.derivedData/Build/Intermediates.noindex/Kipple.build/Debug-xros/KippleDevice-t.build/Objects-normal/arm64/KippleDevice-OutputFileMap.json -save-temps -no-color-diagnostics -explicit-module-build -module-cache-path /Users/admin/builder/spi-builder-workspace/.derivedData/Build/Intermediates.noindex/SwiftExplicitPrecompiledModules -clang-scanner-module-cache-path /Users/admin/builder/spi-builder-workspace/.derivedData/ModuleCache.noindex -sdk-module-cache-path /Users/admin/builder/spi-builder-workspace/.derivedData/SDKExplicitPrecompiledModules -emit-dependencies -emit-module -emit-module-path /Users/admin/builder/spi-builder-workspace/.derivedData/Build/Intermediates.noindex/Kipple.build/Debug-xros/KippleDevice-t.build/Objects-normal/arm64/KippleDevice.swiftmodule -serialize-diagnostics -dependency-scan-serialize-diagnostics-path /Users/admin/builder/spi-builder-workspace/.derivedData/Build/Intermediates.noindex/Kipple.build/Debug-xros/KippleDevice-t.build/Objects-normal/arm64/KippleDevice-dependency-scan.dia -validate-clang-modules-once -clang-build-session-file /Users/admin/builder/spi-builder-workspace/.derivedData/ModuleCache.noindex/Session.modulevalidation -Xcc -fmodules-prune-interval\=86400 -Xcc -fmodules-prune-after\=345600 -emit-const-values -const-gather-protocols-list /Users/admin/builder/spi-builder-workspace/.derivedData/Build/Intermediates.noindex/Kipple.build/Debug-xros/KippleDevice-t.build/Objects-normal/arm64/KippleDevice_const_extract_protocols.json -Xcc -I/Users/admin/builder/spi-builder-workspace/.derivedData/Build/Products/Debug-xros/include -Xcc -I/Users/admin/builder/spi-builder-workspace/.derivedData/Build/Intermediates.noindex/Kipple.build/Debug-xros/KippleDevice-t.build/DerivedSources-normal/arm64 -Xcc -I/Users/admin/builder/spi-builder-workspace/.derivedData/Build/Intermediates.noindex/Kipple.build/Debug-xros/KippleDevice-t.build/DerivedSources/arm64 -Xcc -I/Users/admin/builder/spi-builder-workspace/.derivedData/Build/Intermediates.noindex/Kipple.build/Debug-xros/KippleDevice-t.build/DerivedSources -Xcc -DSWIFT_PACKAGE -Xcc -DDEBUG\=1 -emit-objc-header -emit-objc-header-path /Users/admin/builder/spi-builder-workspace/.derivedData/Build/Intermediates.noindex/Kipple.build/Debug-xros/KippleDevice-t.build/Objects-normal/arm64/KippleDevice-Swift.h -working-directory /Users/admin/builder/spi-builder-workspace/.swiftpm/xcode -experimental-emit-module-separately -disable-cmo
SwiftDriverJobDiscovery normal arm64 Compiling CleanedDecodingError.swift, KippleCodableError.swift (in target 'KippleCodable' from project 'Kipple')
SwiftDriverJobDiscovery normal arm64 Compiling Encodable+AsDictionary.swift (in target 'KippleCodable' from project 'Kipple')
SwiftDriverJobDiscovery normal arm64 Compiling CodableIgnored.swift (in target 'KippleCodable' from project 'Kipple')
ExtractAppIntentsMetadata (in target 'KippleFoundation' from project 'Kipple')
cd /Users/admin/builder/spi-builder-workspace
/Applications/Xcode-27.0.0-Release.Candidate.app/Contents/Developer/Toolchains/XcodeDefault.xctoolchain/usr/bin/appintentsmetadataprocessor --toolchain-dir /var/run/com.apple.security.cryptexd/mnt/com.apple.MobileAsset.MetalToolchain-v27.1.266.1.RxyQ0i/Metal.xctoolchain --module-name KippleFoundation --sdk-root /Applications/Xcode-27.0.0-Release.Candidate.app/Contents/Developer/Platforms/XROS.platform/Developer/SDKs/XROS27.0.sdk --xcode-version 27A266a --platform-family xrOS --deployment-target 1.0 --bundle-identifier spi-builder-workspace.KippleFoundation --output /Users/admin/builder/spi-builder-workspace/.derivedData/Build/Products/Debug-xros/KippleFoundation.appintents --target-triple arm64-apple-xros1.0 --binary-file /Users/admin/builder/spi-builder-workspace/.derivedData/Build/Products/Debug-xros/KippleFoundation.o --dependency-file /Users/admin/builder/spi-builder-workspace/.derivedData/Build/Intermediates.noindex/Kipple.build/Debug-xros/KippleFoundation-t.build/Objects-normal/arm64/KippleFoundation_dependency_info.dat --stringsdata-file /Users/admin/builder/spi-builder-workspace/.derivedData/Build/Intermediates.noindex/Kipple.build/Debug-xros/KippleFoundation-t.build/Objects-normal/arm64/ExtractedAppShortcutsMetadata.stringsdata --source-file-list /Users/admin/builder/spi-builder-workspace/.derivedData/Build/Intermediates.noindex/Kipple.build/Debug-xros/KippleFoundation-t.build/Objects-normal/arm64/KippleFoundation.SwiftFileList --metadata-file-list /Users/admin/builder/spi-builder-workspace/.derivedData/Build/Intermediates.noindex/Kipple.build/Debug-xros/KippleFoundation-t.build/KippleFoundation.DependencyMetadataFileList --static-metadata-file-list /Users/admin/builder/spi-builder-workspace/.derivedData/Build/Intermediates.noindex/Kipple.build/Debug-xros/KippleFoundation-t.build/KippleFoundation.DependencyStaticMetadataFileList --swift-const-vals-list /Users/admin/builder/spi-builder-workspace/.derivedData/Build/Intermediates.noindex/Kipple.build/Debug-xros/KippleFoundation-t.build/Objects-normal/arm64/KippleFoundation.SwiftConstValuesFileList --force --compile-time-extraction --deployment-aware-processing --no-app-shortcuts-localization
2026-09-20 14:08:00.233 appintentsmetadataprocessor[1384:7600] Starting appintentsmetadataprocessor export
2026-09-20 14:08:00.315 appintentsmetadataprocessor[1384:7600] Extracted no relevant App Intents symbols, skipping writing output
SwiftCompile normal arm64 Compiling\ Keychain+Default.swift /Users/admin/builder/spi-builder-workspace/Sources/KippleKeychain/Keychain+Default.swift (in target 'KippleKeychain' from project 'Kipple')
SwiftCompile normal arm64 /Users/admin/builder/spi-builder-workspace/Sources/KippleKeychain/Keychain+Default.swift (in target 'KippleKeychain' from project 'Kipple')
cd /Users/admin/builder/spi-builder-workspace/.swiftpm/xcode
builtin-SwiftPerFileCompile Keychain+Default.swift
SwiftEmitModule normal arm64 Emitting\ module\ for\ KippleKeychain (in target 'KippleKeychain' from project 'Kipple')
SwiftCompile normal arm64 (in target 'KippleKeychain' from project 'Kipple')
cd /Users/admin/builder/spi-builder-workspace/.swiftpm/xcode
SwiftCompile normal arm64 Compiling\ Exports.swift /Users/admin/builder/spi-builder-workspace/Sources/KippleKeychain/Exports.swift (in target 'KippleKeychain' from project 'Kipple')
SwiftCompile normal arm64 /Users/admin/builder/spi-builder-workspace/Sources/KippleKeychain/Exports.swift (in target 'KippleKeychain' from project 'Kipple')
cd /Users/admin/builder/spi-builder-workspace/.swiftpm/xcode
builtin-SwiftPerFileCompile Exports.swift
SwiftCompile normal arm64 Compiling\ Keychain+Key.swift /Users/admin/builder/spi-builder-workspace/Sources/KippleKeychain/Keychain+Key.swift (in target 'KippleKeychain' from project 'Kipple')
SwiftCompile normal arm64 /Users/admin/builder/spi-builder-workspace/Sources/KippleKeychain/Keychain+Key.swift (in target 'KippleKeychain' from project 'Kipple')
cd /Users/admin/builder/spi-builder-workspace/.swiftpm/xcode
builtin-SwiftPerFileCompile Keychain+Key.swift
SwiftDriverJobDiscovery normal arm64 Compiling Encodable+PrettyPrinted.swift (in target 'KippleCodable' from project 'Kipple')
SwiftDriverJobDiscovery normal arm64 Compiling CodableDefault.swift (in target 'KippleCodable' from project 'Kipple')
SwiftDriver\ Compilation KippleCodable normal arm64 com.apple.xcode.tools.swift.compiler (in target 'KippleCodable' from project 'Kipple')
cd /Users/admin/builder/spi-builder-workspace/.swiftpm/xcode
builtin-Swift-Compilation -- /Applications/Xcode-27.0.0-Release.Candidate.app/Contents/Developer/Toolchains/XcodeDefault.xctoolchain/usr/bin/swiftc -parse-as-library -module-name KippleCodable -Onone @/Users/admin/builder/spi-builder-workspace/.derivedData/Build/Intermediates.noindex/Kipple.build/Debug-xros/KippleCodable-t.build/Objects-normal/arm64/KippleCodable.SwiftFileList -DSWIFT_PACKAGE -DDEBUG -DSWIFT_MODULE_RESOURCE_BUNDLE_UNAVAILABLE -DXcode -enable-experimental-feature StrictConcurrency -plugin-path /Applications/Xcode-27.0.0-Release.Candidate.app/Contents/Developer/Toolchains/XcodeDefault.xctoolchain/usr/lib/swift/host/plugins/testing -enable-experimental-feature DebugDescriptionMacro -sdk /Applications/Xcode-27.0.0-Release.Candidate.app/Contents/Developer/Platforms/XROS.platform/Developer/SDKs/XROS27.0.sdk -target arm64-apple-xros1.0 -g -module-cache-path /Users/admin/builder/spi-builder-workspace/.derivedData/ModuleCache.noindex -Xfrontend -serialize-debugging-options -profile-coverage-mapping -profile-generate -enable-testing -index-store-path /Users/admin/builder/spi-builder-workspace/.derivedData/Index.noindex/DataStore -Xcc -D_LIBCPP_HARDENING_MODE\=_LIBCPP_HARDENING_MODE_DEBUG -swift-version 5 -I /Users/admin/builder/spi-builder-workspace/.derivedData/Build/Products/Debug-xros -Isystem /Applications/Xcode-27.0.0-Release.Candidate.app/Contents/Developer/Platforms/XROS.platform/Developer/usr/lib -F /Users/admin/builder/spi-builder-workspace/.derivedData/Build/Products/Debug-xros -F /Applications/Xcode-27.0.0-Release.Candidate.app/Contents/Developer/Platforms/XROS.platform/Developer/Library/Frameworks -F /Applications/Xcode-27.0.0-Release.Candidate.app/Contents/Developer/Platforms/XROS.platform/Developer/SDKs/XROS27.0.sdk/Developer/Library/Frameworks -c -j10 -enable-batch-mode -incremental -Xcc -ivfsstatcache -Xcc /Users/admin/builder/spi-builder-workspace/.derivedData/SDKStatCaches.noindex/xros27.0-24M361-e829b21a6f8c9b70876ba0858053c044735bd543db762f57723cac368afd1ce4.sdkstatcache -output-file-map /Users/admin/builder/spi-builder-workspace/.derivedData/Build/Intermediates.noindex/Kipple.build/Debug-xros/KippleCodable-t.build/Objects-normal/arm64/KippleCodable-OutputFileMap.json -save-temps -no-color-diagnostics -explicit-module-build -module-cache-path /Users/admin/builder/spi-builder-workspace/.derivedData/Build/Intermediates.noindex/SwiftExplicitPrecompiledModules -clang-scanner-module-cache-path /Users/admin/builder/spi-builder-workspace/.derivedData/ModuleCache.noindex -sdk-module-cache-path /Users/admin/builder/spi-builder-workspace/.derivedData/SDKExplicitPrecompiledModules -emit-dependencies -emit-module -emit-module-path /Users/admin/builder/spi-builder-workspace/.derivedData/Build/Intermediates.noindex/Kipple.build/Debug-xros/KippleCodable-t.build/Objects-normal/arm64/KippleCodable.swiftmodule -serialize-diagnostics -dependency-scan-serialize-diagnostics-path /Users/admin/builder/spi-builder-workspace/.derivedData/Build/Intermediates.noindex/Kipple.build/Debug-xros/KippleCodable-t.build/Objects-normal/arm64/KippleCodable-dependency-scan.dia -validate-clang-modules-once -clang-build-session-file /Users/admin/builder/spi-builder-workspace/.derivedData/ModuleCache.noindex/Session.modulevalidation -Xcc -fmodules-prune-interval\=86400 -Xcc -fmodules-prune-after\=345600 -emit-const-values -const-gather-protocols-list /Users/admin/builder/spi-builder-workspace/.derivedData/Build/Intermediates.noindex/Kipple.build/Debug-xros/KippleCodable-t.build/Objects-normal/arm64/KippleCodable_const_extract_protocols.json -Xcc -I/Users/admin/builder/spi-builder-workspace/.derivedData/Build/Products/Debug-xros/include -Xcc -I/Users/admin/builder/spi-builder-workspace/.derivedData/Build/Intermediates.noindex/Kipple.build/Debug-xros/KippleCodable-t.build/DerivedSources-normal/arm64 -Xcc -I/Users/admin/builder/spi-builder-workspace/.derivedData/Build/Intermediates.noindex/Kipple.build/Debug-xros/KippleCodable-t.build/DerivedSources/arm64 -Xcc -I/Users/admin/builder/spi-builder-workspace/.derivedData/Build/Intermediates.noindex/Kipple.build/Debug-xros/KippleCodable-t.build/DerivedSources -Xcc -DSWIFT_PACKAGE -Xcc -DDEBUG\=1 -emit-objc-header -emit-objc-header-path /Users/admin/builder/spi-builder-workspace/.derivedData/Build/Intermediates.noindex/Kipple.build/Debug-xros/KippleCodable-t.build/Objects-normal/arm64/KippleCodable-Swift.h -working-directory /Users/admin/builder/spi-builder-workspace/.swiftpm/xcode -experimental-emit-module-separately -disable-cmo
Ld /Users/admin/builder/spi-builder-workspace/.derivedData/Build/Products/Debug-xros/KippleCodable.o normal (in target 'KippleCodable' from project 'Kipple')
cd /Users/admin/builder/spi-builder-workspace
/Applications/Xcode-27.0.0-Release.Candidate.app/Contents/Developer/Toolchains/XcodeDefault.xctoolchain/usr/bin/clang -Xlinker -reproducible -target arm64-apple-xros1.0 -r -isysroot /Applications/Xcode-27.0.0-Release.Candidate.app/Contents/Developer/Platforms/XROS.platform/Developer/SDKs/XROS27.0.sdk -O0 -Xlinker -no_warn_duplicate_libraries -F/Users/admin/builder/spi-builder-workspace/.derivedData/Build/Intermediates.noindex/EagerLinkingTBDs/Debug-xros -F/Users/admin/builder/spi-builder-workspace/.derivedData/Build/Products/Debug-xros -iframework /Applications/Xcode-27.0.0-Release.Candidate.app/Contents/Developer/Platforms/XROS.platform/Developer/Library/Frameworks -iframework /Applications/Xcode-27.0.0-Release.Candidate.app/Contents/Developer/Platforms/XROS.platform/Developer/SDKs/XROS27.0.sdk/Developer/Library/Frameworks -filelist /Users/admin/builder/spi-builder-workspace/.derivedData/Build/Intermediates.noindex/Kipple.build/Debug-xros/KippleCodable-t.build/Objects-normal/arm64/KippleCodable.LinkFileList -nostdlib -Xlinker -object_path_lto -Xlinker /Users/admin/builder/spi-builder-workspace/.derivedData/Build/Intermediates.noindex/Kipple.build/Debug-xros/KippleCodable-t.build/Objects-normal/arm64/KippleCodable_lto.o -Xlinker -no_deduplicate -Xlinker -debug_variant -Xlinker -dependency_info -Xlinker /Users/admin/builder/spi-builder-workspace/.derivedData/Build/Intermediates.noindex/Kipple.build/Debug-xros/KippleCodable-t.build/Objects-normal/arm64/KippleCodable_dependency_info.dat -fobjc-link-runtime -L/Applications/Xcode-27.0.0-Release.Candidate.app/Contents/Developer/Toolchains/XcodeDefault.xctoolchain/usr/lib/swift/xros -L/usr/lib/swift -Xlinker -add_ast_path -Xlinker /Users/admin/builder/spi-builder-workspace/.derivedData/Build/Intermediates.noindex/Kipple.build/Debug-xros/KippleCodable-t.build/Objects-normal/arm64/KippleCodable.swiftmodule -o /Users/admin/builder/spi-builder-workspace/.derivedData/Build/Products/Debug-xros/KippleCodable.o
Ld /Users/admin/builder/spi-builder-workspace/.derivedData/Build/Products/Debug-xros/KippleCollections.o normal (in target 'KippleCollections' from project 'Kipple')
cd /Users/admin/builder/spi-builder-workspace
/Applications/Xcode-27.0.0-Release.Candidate.app/Contents/Developer/Toolchains/XcodeDefault.xctoolchain/usr/bin/clang -Xlinker -reproducible -target arm64-apple-xros1.0 -r -isysroot /Applications/Xcode-27.0.0-Release.Candidate.app/Contents/Developer/Platforms/XROS.platform/Developer/SDKs/XROS27.0.sdk -O0 -Xlinker -no_warn_duplicate_libraries -F/Users/admin/builder/spi-builder-workspace/.derivedData/Build/Intermediates.noindex/EagerLinkingTBDs/Debug-xros -F/Users/admin/builder/spi-builder-workspace/.derivedData/Build/Products/Debug-xros/PackageFrameworks -F/Users/admin/builder/spi-builder-workspace/.derivedData/Build/Products/Debug-xros -iframework /Applications/Xcode-27.0.0-Release.Candidate.app/Contents/Developer/Platforms/XROS.platform/Developer/Library/Frameworks -iframework /Applications/Xcode-27.0.0-Release.Candidate.app/Contents/Developer/Platforms/XROS.platform/Developer/SDKs/XROS27.0.sdk/Developer/Library/Frameworks -filelist /Users/admin/builder/spi-builder-workspace/.derivedData/Build/Intermediates.noindex/Kipple.build/Debug-xros/KippleCollections-t.build/Objects-normal/arm64/KippleCollections.LinkFileList -nostdlib -Xlinker -object_path_lto -Xlinker /Users/admin/builder/spi-builder-workspace/.derivedData/Build/Intermediates.noindex/Kipple.build/Debug-xros/KippleCollections-t.build/Objects-normal/arm64/KippleCollections_lto.o -Xlinker -no_deduplicate -Xlinker -debug_variant -Xlinker -dependency_info -Xlinker /Users/admin/builder/spi-builder-workspace/.derivedData/Build/Intermediates.noindex/Kipple.build/Debug-xros/KippleCollections-t.build/Objects-normal/arm64/KippleCollections_dependency_info.dat -fobjc-link-runtime -L/Applications/Xcode-27.0.0-Release.Candidate.app/Contents/Developer/Toolchains/XcodeDefault.xctoolchain/usr/lib/swift/xros -L/usr/lib/swift -Xlinker -add_ast_path -Xlinker /Users/admin/builder/spi-builder-workspace/.derivedData/Build/Intermediates.noindex/Kipple.build/Debug-xros/KippleCollections-t.build/Objects-normal/arm64/KippleCollections.swiftmodule -o /Users/admin/builder/spi-builder-workspace/.derivedData/Build/Products/Debug-xros/KippleCollections.o
SwiftDriverJobDiscovery normal arm64 Emitting module for KippleKeychain (in target 'KippleKeychain' from project 'Kipple')
SwiftDriverJobDiscovery normal arm64 Compiling Keychain+Default.swift (in target 'KippleKeychain' from project 'Kipple')
SwiftDriver\ Compilation\ Requirements KippleKeychain normal arm64 com.apple.xcode.tools.swift.compiler (in target 'KippleKeychain' from project 'Kipple')
cd /Users/admin/builder/spi-builder-workspace/.swiftpm/xcode
builtin-Swift-Compilation-Requirements -- /Applications/Xcode-27.0.0-Release.Candidate.app/Contents/Developer/Toolchains/XcodeDefault.xctoolchain/usr/bin/swiftc -parse-as-library -module-name KippleKeychain -Onone @/Users/admin/builder/spi-builder-workspace/.derivedData/Build/Intermediates.noindex/Kipple.build/Debug-xros/KippleKeychain-t.build/Objects-normal/arm64/KippleKeychain.SwiftFileList -DSWIFT_PACKAGE -DDEBUG -DSWIFT_MODULE_RESOURCE_BUNDLE_UNAVAILABLE -DXcode -enable-experimental-feature StrictConcurrency -plugin-path /Applications/Xcode-27.0.0-Release.Candidate.app/Contents/Developer/Toolchains/XcodeDefault.xctoolchain/usr/lib/swift/host/plugins/testing -enable-experimental-feature DebugDescriptionMacro -sdk /Applications/Xcode-27.0.0-Release.Candidate.app/Contents/Developer/Platforms/XROS.platform/Developer/SDKs/XROS27.0.sdk -target arm64-apple-xros1.0 -g -module-cache-path /Users/admin/builder/spi-builder-workspace/.derivedData/ModuleCache.noindex -Xfrontend -serialize-debugging-options -profile-coverage-mapping -profile-generate -enable-testing -index-store-path /Users/admin/builder/spi-builder-workspace/.derivedData/Index.noindex/DataStore -Xcc -D_LIBCPP_HARDENING_MODE\=_LIBCPP_HARDENING_MODE_DEBUG -swift-version 5 -I /Users/admin/builder/spi-builder-workspace/.derivedData/Build/Products/Debug-xros -Isystem /Applications/Xcode-27.0.0-Release.Candidate.app/Contents/Developer/Platforms/XROS.platform/Developer/usr/lib -F /Users/admin/builder/spi-builder-workspace/.derivedData/Build/Products/Debug-xros/PackageFrameworks -F /Users/admin/builder/spi-builder-workspace/.derivedData/Build/Products/Debug-xros -F /Applications/Xcode-27.0.0-Release.Candidate.app/Contents/Developer/Platforms/XROS.platform/Developer/Library/Frameworks -F /Applications/Xcode-27.0.0-Release.Candidate.app/Contents/Developer/Platforms/XROS.platform/Developer/SDKs/XROS27.0.sdk/Developer/Library/Frameworks -c -j10 -enable-batch-mode -incremental -Xcc -ivfsstatcache -Xcc /Users/admin/builder/spi-builder-workspace/.derivedData/SDKStatCaches.noindex/xros27.0-24M361-e829b21a6f8c9b70876ba0858053c044735bd543db762f57723cac368afd1ce4.sdkstatcache -output-file-map /Users/admin/builder/spi-builder-workspace/.derivedData/Build/Intermediates.noindex/Kipple.build/Debug-xros/KippleKeychain-t.build/Objects-normal/arm64/KippleKeychain-OutputFileMap.json -save-temps -no-color-diagnostics -explicit-module-build -module-cache-path /Users/admin/builder/spi-builder-workspace/.derivedData/Build/Intermediates.noindex/SwiftExplicitPrecompiledModules -clang-scanner-module-cache-path /Users/admin/builder/spi-builder-workspace/.derivedData/ModuleCache.noindex -sdk-module-cache-path /Users/admin/builder/spi-builder-workspace/.derivedData/SDKExplicitPrecompiledModules -emit-dependencies -emit-module -emit-module-path /Users/admin/builder/spi-builder-workspace/.derivedData/Build/Intermediates.noindex/Kipple.build/Debug-xros/KippleKeychain-t.build/Objects-normal/arm64/KippleKeychain.swiftmodule -serialize-diagnostics -dependency-scan-serialize-diagnostics-path /Users/admin/builder/spi-builder-workspace/.derivedData/Build/Intermediates.noindex/Kipple.build/Debug-xros/KippleKeychain-t.build/Objects-normal/arm64/KippleKeychain-dependency-scan.dia -validate-clang-modules-once -clang-build-session-file /Users/admin/builder/spi-builder-workspace/.derivedData/ModuleCache.noindex/Session.modulevalidation -Xcc -fmodules-prune-interval\=86400 -Xcc -fmodules-prune-after\=345600 -emit-const-values -const-gather-protocols-list /Users/admin/builder/spi-builder-workspace/.derivedData/Build/Intermediates.noindex/Kipple.build/Debug-xros/KippleKeychain-t.build/Objects-normal/arm64/KippleKeychain_const_extract_protocols.json -Xcc -I/Users/admin/builder/spi-builder-workspace/.derivedData/Build/Products/Debug-xros/include -Xcc -I/Users/admin/builder/spi-builder-workspace/.derivedData/Build/Intermediates.noindex/Kipple.build/Debug-xros/KippleKeychain-t.build/DerivedSources-normal/arm64 -Xcc -I/Users/admin/builder/spi-builder-workspace/.derivedData/Build/Intermediates.noindex/Kipple.build/Debug-xros/KippleKeychain-t.build/DerivedSources/arm64 -Xcc -I/Users/admin/builder/spi-builder-workspace/.derivedData/Build/Intermediates.noindex/Kipple.build/Debug-xros/KippleKeychain-t.build/DerivedSources -Xcc -DSWIFT_PACKAGE -Xcc -DDEBUG\=1 -emit-objc-header -emit-objc-header-path /Users/admin/builder/spi-builder-workspace/.derivedData/Build/Intermediates.noindex/Kipple.build/Debug-xros/KippleKeychain-t.build/Objects-normal/arm64/KippleKeychain-Swift.h -working-directory /Users/admin/builder/spi-builder-workspace/.swiftpm/xcode -experimental-emit-module-separately -disable-cmo
SwiftMergeGeneratedHeaders /Users/admin/builder/spi-builder-workspace/.derivedData/Build/Intermediates.noindex/GeneratedModuleMaps-xros/KippleKeychain-Swift.h /Users/admin/builder/spi-builder-workspace/.derivedData/Build/Intermediates.noindex/Kipple.build/Debug-xros/KippleKeychain-t.build/Objects-normal/arm64/KippleKeychain-Swift.h (in target 'KippleKeychain' from project 'Kipple')
cd /Users/admin/builder/spi-builder-workspace
builtin-swiftHeaderTool -arch arm64 /Users/admin/builder/spi-builder-workspace/.derivedData/Build/Intermediates.noindex/Kipple.build/Debug-xros/KippleKeychain-t.build/Objects-normal/arm64/KippleKeychain-Swift.h -o /Users/admin/builder/spi-builder-workspace/.derivedData/Build/Intermediates.noindex/GeneratedModuleMaps-xros/KippleKeychain-Swift.h
Copy /Users/admin/builder/spi-builder-workspace/.derivedData/Build/Products/Debug-xros/KippleKeychain.swiftmodule/arm64-apple-xros.swiftmodule /Users/admin/builder/spi-builder-workspace/.derivedData/Build/Intermediates.noindex/Kipple.build/Debug-xros/KippleKeychain-t.build/Objects-normal/arm64/KippleKeychain.swiftmodule (in target 'KippleKeychain' from project 'Kipple')
cd /Users/admin/builder/spi-builder-workspace
builtin-copy -exclude .DS_Store -exclude CVS -exclude .svn -exclude .git -exclude .hg -resolve-src-symlinks -rename /Users/admin/builder/spi-builder-workspace/.derivedData/Build/Intermediates.noindex/Kipple.build/Debug-xros/KippleKeychain-t.build/Objects-normal/arm64/KippleKeychain.swiftmodule /Users/admin/builder/spi-builder-workspace/.derivedData/Build/Products/Debug-xros/KippleKeychain.swiftmodule/arm64-apple-xros.swiftmodule
Copy /Users/admin/builder/spi-builder-workspace/.derivedData/Build/Products/Debug-xros/KippleKeychain.swiftmodule/arm64-apple-xros.swiftdoc /Users/admin/builder/spi-builder-workspace/.derivedData/Build/Intermediates.noindex/Kipple.build/Debug-xros/KippleKeychain-t.build/Objects-normal/arm64/KippleKeychain.swiftdoc (in target 'KippleKeychain' from project 'Kipple')
cd /Users/admin/builder/spi-builder-workspace
builtin-copy -exclude .DS_Store -exclude CVS -exclude .svn -exclude .git -exclude .hg -resolve-src-symlinks -rename /Users/admin/builder/spi-builder-workspace/.derivedData/Build/Intermediates.noindex/Kipple.build/Debug-xros/KippleKeychain-t.build/Objects-normal/arm64/KippleKeychain.swiftdoc /Users/admin/builder/spi-builder-workspace/.derivedData/Build/Products/Debug-xros/KippleKeychain.swiftmodule/arm64-apple-xros.swiftdoc
Copy /Users/admin/builder/spi-builder-workspace/.derivedData/Build/Products/Debug-xros/KippleKeychain.swiftmodule/arm64-apple-xros.abi.json /Users/admin/builder/spi-builder-workspace/.derivedData/Build/Intermediates.noindex/Kipple.build/Debug-xros/KippleKeychain-t.build/Objects-normal/arm64/KippleKeychain.abi.json (in target 'KippleKeychain' from project 'Kipple')
cd /Users/admin/builder/spi-builder-workspace
builtin-copy -exclude .DS_Store -exclude CVS -exclude .svn -exclude .git -exclude .hg -resolve-src-symlinks -rename /Users/admin/builder/spi-builder-workspace/.derivedData/Build/Intermediates.noindex/Kipple.build/Debug-xros/KippleKeychain-t.build/Objects-normal/arm64/KippleKeychain.abi.json /Users/admin/builder/spi-builder-workspace/.derivedData/Build/Products/Debug-xros/KippleKeychain.swiftmodule/arm64-apple-xros.abi.json
Copy /Users/admin/builder/spi-builder-workspace/.derivedData/Build/Products/Debug-xros/KippleKeychain.swiftmodule/Project/arm64-apple-xros.swiftsourceinfo /Users/admin/builder/spi-builder-workspace/.derivedData/Build/Intermediates.noindex/Kipple.build/Debug-xros/KippleKeychain-t.build/Objects-normal/arm64/KippleKeychain.swiftsourceinfo (in target 'KippleKeychain' from project 'Kipple')
cd /Users/admin/builder/spi-builder-workspace
builtin-copy -exclude .DS_Store -exclude CVS -exclude .svn -exclude .git -exclude .hg -resolve-src-symlinks -rename /Users/admin/builder/spi-builder-workspace/.derivedData/Build/Intermediates.noindex/Kipple.build/Debug-xros/KippleKeychain-t.build/Objects-normal/arm64/KippleKeychain.swiftsourceinfo /Users/admin/builder/spi-builder-workspace/.derivedData/Build/Products/Debug-xros/KippleKeychain.swiftmodule/Project/arm64-apple-xros.swiftsourceinfo
SwiftDriverJobDiscovery normal arm64 Compiling Exports.swift (in target 'KippleKeychain' from project 'Kipple')
SwiftDriverJobDiscovery normal arm64 Compiling Keychain+Key.swift (in target 'KippleKeychain' from project 'Kipple')
SwiftDriver\ Compilation KippleKeychain normal arm64 com.apple.xcode.tools.swift.compiler (in target 'KippleKeychain' from project 'Kipple')
cd /Users/admin/builder/spi-builder-workspace/.swiftpm/xcode
builtin-Swift-Compilation -- /Applications/Xcode-27.0.0-Release.Candidate.app/Contents/Developer/Toolchains/XcodeDefault.xctoolchain/usr/bin/swiftc -parse-as-library -module-name KippleKeychain -Onone @/Users/admin/builder/spi-builder-workspace/.derivedData/Build/Intermediates.noindex/Kipple.build/Debug-xros/KippleKeychain-t.build/Objects-normal/arm64/KippleKeychain.SwiftFileList -DSWIFT_PACKAGE -DDEBUG -DSWIFT_MODULE_RESOURCE_BUNDLE_UNAVAILABLE -DXcode -enable-experimental-feature StrictConcurrency -plugin-path /Applications/Xcode-27.0.0-Release.Candidate.app/Contents/Developer/Toolchains/XcodeDefault.xctoolchain/usr/lib/swift/host/plugins/testing -enable-experimental-feature DebugDescriptionMacro -sdk /Applications/Xcode-27.0.0-Release.Candidate.app/Contents/Developer/Platforms/XROS.platform/Developer/SDKs/XROS27.0.sdk -target arm64-apple-xros1.0 -g -module-cache-path /Users/admin/builder/spi-builder-workspace/.derivedData/ModuleCache.noindex -Xfrontend -serialize-debugging-options -profile-coverage-mapping -profile-generate -enable-testing -index-store-path /Users/admin/builder/spi-builder-workspace/.derivedData/Index.noindex/DataStore -Xcc -D_LIBCPP_HARDENING_MODE\=_LIBCPP_HARDENING_MODE_DEBUG -swift-version 5 -I /Users/admin/builder/spi-builder-workspace/.derivedData/Build/Products/Debug-xros -Isystem /Applications/Xcode-27.0.0-Release.Candidate.app/Contents/Developer/Platforms/XROS.platform/Developer/usr/lib -F /Users/admin/builder/spi-builder-workspace/.derivedData/Build/Products/Debug-xros/PackageFrameworks -F /Users/admin/builder/spi-builder-workspace/.derivedData/Build/Products/Debug-xros -F /Applications/Xcode-27.0.0-Release.Candidate.app/Contents/Developer/Platforms/XROS.platform/Developer/Library/Frameworks -F /Applications/Xcode-27.0.0-Release.Candidate.app/Contents/Developer/Platforms/XROS.platform/Developer/SDKs/XROS27.0.sdk/Developer/Library/Frameworks -c -j10 -enable-batch-mode -incremental -Xcc -ivfsstatcache -Xcc /Users/admin/builder/spi-builder-workspace/.derivedData/SDKStatCaches.noindex/xros27.0-24M361-e829b21a6f8c9b70876ba0858053c044735bd543db762f57723cac368afd1ce4.sdkstatcache -output-file-map /Users/admin/builder/spi-builder-workspace/.derivedData/Build/Intermediates.noindex/Kipple.build/Debug-xros/KippleKeychain-t.build/Objects-normal/arm64/KippleKeychain-OutputFileMap.json -save-temps -no-color-diagnostics -explicit-module-build -module-cache-path /Users/admin/builder/spi-builder-workspace/.derivedData/Build/Intermediates.noindex/SwiftExplicitPrecompiledModules -clang-scanner-module-cache-path /Users/admin/builder/spi-builder-workspace/.derivedData/ModuleCache.noindex -sdk-module-cache-path /Users/admin/builder/spi-builder-workspace/.derivedData/SDKExplicitPrecompiledModules -emit-dependencies -emit-module -emit-module-path /Users/admin/builder/spi-builder-workspace/.derivedData/Build/Intermediates.noindex/Kipple.build/Debug-xros/KippleKeychain-t.build/Objects-normal/arm64/KippleKeychain.swiftmodule -serialize-diagnostics -dependency-scan-serialize-diagnostics-path /Users/admin/builder/spi-builder-workspace/.derivedData/Build/Intermediates.noindex/Kipple.build/Debug-xros/KippleKeychain-t.build/Objects-normal/arm64/KippleKeychain-dependency-scan.dia -validate-clang-modules-once -clang-build-session-file /Users/admin/builder/spi-builder-workspace/.derivedData/ModuleCache.noindex/Session.modulevalidation -Xcc -fmodules-prune-interval\=86400 -Xcc -fmodules-prune-after\=345600 -emit-const-values -const-gather-protocols-list /Users/admin/builder/spi-builder-workspace/.derivedData/Build/Intermediates.noindex/Kipple.build/Debug-xros/KippleKeychain-t.build/Objects-normal/arm64/KippleKeychain_const_extract_protocols.json -Xcc -I/Users/admin/builder/spi-builder-workspace/.derivedData/Build/Products/Debug-xros/include -Xcc -I/Users/admin/builder/spi-builder-workspace/.derivedData/Build/Intermediates.noindex/Kipple.build/Debug-xros/KippleKeychain-t.build/DerivedSources-normal/arm64 -Xcc -I/Users/admin/builder/spi-builder-workspace/.derivedData/Build/Intermediates.noindex/Kipple.build/Debug-xros/KippleKeychain-t.build/DerivedSources/arm64 -Xcc -I/Users/admin/builder/spi-builder-workspace/.derivedData/Build/Intermediates.noindex/Kipple.build/Debug-xros/KippleKeychain-t.build/DerivedSources -Xcc -DSWIFT_PACKAGE -Xcc -DDEBUG\=1 -emit-objc-header -emit-objc-header-path /Users/admin/builder/spi-builder-workspace/.derivedData/Build/Intermediates.noindex/Kipple.build/Debug-xros/KippleKeychain-t.build/Objects-normal/arm64/KippleKeychain-Swift.h -working-directory /Users/admin/builder/spi-builder-workspace/.swiftpm/xcode -experimental-emit-module-separately -disable-cmo
ExtractAppIntentsMetadata (in target 'KippleCodable' from project 'Kipple')
cd /Users/admin/builder/spi-builder-workspace
/Applications/Xcode-27.0.0-Release.Candidate.app/Contents/Developer/Toolchains/XcodeDefault.xctoolchain/usr/bin/appintentsmetadataprocessor --toolchain-dir /var/run/com.apple.security.cryptexd/mnt/com.apple.MobileAsset.MetalToolchain-v27.1.266.1.RxyQ0i/Metal.xctoolchain --module-name KippleCodable --sdk-root /Applications/Xcode-27.0.0-Release.Candidate.app/Contents/Developer/Platforms/XROS.platform/Developer/SDKs/XROS27.0.sdk --xcode-version 27A266a --platform-family xrOS --deployment-target 1.0 --bundle-identifier spi-builder-workspace.KippleCodable --output /Users/admin/builder/spi-builder-workspace/.derivedData/Build/Products/Debug-xros/KippleCodable.appintents --target-triple arm64-apple-xros1.0 --binary-file /Users/admin/builder/spi-builder-workspace/.derivedData/Build/Products/Debug-xros/KippleCodable.o --dependency-file /Users/admin/builder/spi-builder-workspace/.derivedData/Build/Intermediates.noindex/Kipple.build/Debug-xros/KippleCodable-t.build/Objects-normal/arm64/KippleCodable_dependency_info.dat --stringsdata-file /Users/admin/builder/spi-builder-workspace/.derivedData/Build/Intermediates.noindex/Kipple.build/Debug-xros/KippleCodable-t.build/Objects-normal/arm64/ExtractedAppShortcutsMetadata.stringsdata --source-file-list /Users/admin/builder/spi-builder-workspace/.derivedData/Build/Intermediates.noindex/Kipple.build/Debug-xros/KippleCodable-t.build/Objects-normal/arm64/KippleCodable.SwiftFileList --metadata-file-list /Users/admin/builder/spi-builder-workspace/.derivedData/Build/Intermediates.noindex/Kipple.build/Debug-xros/KippleCodable-t.build/KippleCodable.DependencyMetadataFileList --static-metadata-file-list /Users/admin/builder/spi-builder-workspace/.derivedData/Build/Intermediates.noindex/Kipple.build/Debug-xros/KippleCodable-t.build/KippleCodable.DependencyStaticMetadataFileList --swift-const-vals-list /Users/admin/builder/spi-builder-workspace/.derivedData/Build/Intermediates.noindex/Kipple.build/Debug-xros/KippleCodable-t.build/Objects-normal/arm64/KippleCodable.SwiftConstValuesFileList --force --compile-time-extraction --deployment-aware-processing --no-app-shortcuts-localization
2026-09-20 14:08:00.331 appintentsmetadataprocessor[1393:7664] Starting appintentsmetadataprocessor export
2026-09-20 14:08:00.393 appintentsmetadataprocessor[1393:7664] Extracted no relevant App Intents symbols, skipping writing output
ExtractAppIntentsMetadata (in target 'KippleCollections' from project 'Kipple')
cd /Users/admin/builder/spi-builder-workspace
/Applications/Xcode-27.0.0-Release.Candidate.app/Contents/Developer/Toolchains/XcodeDefault.xctoolchain/usr/bin/appintentsmetadataprocessor --toolchain-dir /var/run/com.apple.security.cryptexd/mnt/com.apple.MobileAsset.MetalToolchain-v27.1.266.1.RxyQ0i/Metal.xctoolchain --module-name KippleCollections --sdk-root /Applications/Xcode-27.0.0-Release.Candidate.app/Contents/Developer/Platforms/XROS.platform/Developer/SDKs/XROS27.0.sdk --xcode-version 27A266a --platform-family xrOS --deployment-target 1.0 --bundle-identifier spi-builder-workspace.KippleCollections --output /Users/admin/builder/spi-builder-workspace/.derivedData/Build/Products/Debug-xros/KippleCollections.appintents --target-triple arm64-apple-xros1.0 --binary-file /Users/admin/builder/spi-builder-workspace/.derivedData/Build/Products/Debug-xros/KippleCollections.o --dependency-file /Users/admin/builder/spi-builder-workspace/.derivedData/Build/Intermediates.noindex/Kipple.build/Debug-xros/KippleCollections-t.build/Objects-normal/arm64/KippleCollections_dependency_info.dat --stringsdata-file /Users/admin/builder/spi-builder-workspace/.derivedData/Build/Intermediates.noindex/Kipple.build/Debug-xros/KippleCollections-t.build/Objects-normal/arm64/ExtractedAppShortcutsMetadata.stringsdata --source-file-list /Users/admin/builder/spi-builder-workspace/.derivedData/Build/Intermediates.noindex/Kipple.build/Debug-xros/KippleCollections-t.build/Objects-normal/arm64/KippleCollections.SwiftFileList --metadata-file-list /Users/admin/builder/spi-builder-workspace/.derivedData/Build/Intermediates.noindex/Kipple.build/Debug-xros/KippleCollections-t.build/KippleCollections.DependencyMetadataFileList --static-metadata-file-list /Users/admin/builder/spi-builder-workspace/.derivedData/Build/Intermediates.noindex/Kipple.build/Debug-xros/KippleCollections-t.build/KippleCollections.DependencyStaticMetadataFileList --swift-const-vals-list /Users/admin/builder/spi-builder-workspace/.derivedData/Build/Intermediates.noindex/Kipple.build/Debug-xros/KippleCollections-t.build/Objects-normal/arm64/KippleCollections.SwiftConstValuesFileList --force --compile-time-extraction --deployment-aware-processing --no-app-shortcuts-localization
2026-09-20 14:08:00.332 appintentsmetadataprocessor[1394:7668] Starting appintentsmetadataprocessor export
2026-09-20 14:08:00.396 appintentsmetadataprocessor[1394:7668] Extracted no relevant App Intents symbols, skipping writing output
Ld /Users/admin/builder/spi-builder-workspace/.derivedData/Build/Products/Debug-xros/KippleKeychain.o normal (in target 'KippleKeychain' from project 'Kipple')
cd /Users/admin/builder/spi-builder-workspace
/Applications/Xcode-27.0.0-Release.Candidate.app/Contents/Developer/Toolchains/XcodeDefault.xctoolchain/usr/bin/clang -Xlinker -reproducible -target arm64-apple-xros1.0 -r -isysroot /Applications/Xcode-27.0.0-Release.Candidate.app/Contents/Developer/Platforms/XROS.platform/Developer/SDKs/XROS27.0.sdk -O0 -Xlinker -no_warn_duplicate_libraries -F/Users/admin/builder/spi-builder-workspace/.derivedData/Build/Intermediates.noindex/EagerLinkingTBDs/Debug-xros -F/Users/admin/builder/spi-builder-workspace/.derivedData/Build/Products/Debug-xros/PackageFrameworks -F/Users/admin/builder/spi-builder-workspace/.derivedData/Build/Products/Debug-xros -iframework /Applications/Xcode-27.0.0-Release.Candidate.app/Contents/Developer/Platforms/XROS.platform/Developer/Library/Frameworks -iframework /Applications/Xcode-27.0.0-Release.Candidate.app/Contents/Developer/Platforms/XROS.platform/Developer/SDKs/XROS27.0.sdk/Developer/Library/Frameworks -filelist /Users/admin/builder/spi-builder-workspace/.derivedData/Build/Intermediates.noindex/Kipple.build/Debug-xros/KippleKeychain-t.build/Objects-normal/arm64/KippleKeychain.LinkFileList -nostdlib -Xlinker -object_path_lto -Xlinker /Users/admin/builder/spi-builder-workspace/.derivedData/Build/Intermediates.noindex/Kipple.build/Debug-xros/KippleKeychain-t.build/Objects-normal/arm64/KippleKeychain_lto.o -Xlinker -no_deduplicate -Xlinker -debug_variant -Xlinker -dependency_info -Xlinker /Users/admin/builder/spi-builder-workspace/.derivedData/Build/Intermediates.noindex/Kipple.build/Debug-xros/KippleKeychain-t.build/Objects-normal/arm64/KippleKeychain_dependency_info.dat -fobjc-link-runtime -L/Applications/Xcode-27.0.0-Release.Candidate.app/Contents/Developer/Toolchains/XcodeDefault.xctoolchain/usr/lib/swift/xros -L/usr/lib/swift -Xlinker -add_ast_path -Xlinker /Users/admin/builder/spi-builder-workspace/.derivedData/Build/Intermediates.noindex/Kipple.build/Debug-xros/KippleKeychain-t.build/Objects-normal/arm64/KippleKeychain.swiftmodule -o /Users/admin/builder/spi-builder-workspace/.derivedData/Build/Products/Debug-xros/KippleKeychain.o
ExtractAppIntentsMetadata (in target 'KippleKeychain' from project 'Kipple')
cd /Users/admin/builder/spi-builder-workspace
/Applications/Xcode-27.0.0-Release.Candidate.app/Contents/Developer/Toolchains/XcodeDefault.xctoolchain/usr/bin/appintentsmetadataprocessor --toolchain-dir /var/run/com.apple.security.cryptexd/mnt/com.apple.MobileAsset.MetalToolchain-v27.1.266.1.RxyQ0i/Metal.xctoolchain --module-name KippleKeychain --sdk-root /Applications/Xcode-27.0.0-Release.Candidate.app/Contents/Developer/Platforms/XROS.platform/Developer/SDKs/XROS27.0.sdk --xcode-version 27A266a --platform-family xrOS --deployment-target 1.0 --bundle-identifier spi-builder-workspace.KippleKeychain --output /Users/admin/builder/spi-builder-workspace/.derivedData/Build/Products/Debug-xros/KippleKeychain.appintents --target-triple arm64-apple-xros1.0 --binary-file /Users/admin/builder/spi-builder-workspace/.derivedData/Build/Products/Debug-xros/KippleKeychain.o --dependency-file /Users/admin/builder/spi-builder-workspace/.derivedData/Build/Intermediates.noindex/Kipple.build/Debug-xros/KippleKeychain-t.build/Objects-normal/arm64/KippleKeychain_dependency_info.dat --stringsdata-file /Users/admin/builder/spi-builder-workspace/.derivedData/Build/Intermediates.noindex/Kipple.build/Debug-xros/KippleKeychain-t.build/Objects-normal/arm64/ExtractedAppShortcutsMetadata.stringsdata --source-file-list /Users/admin/builder/spi-builder-workspace/.derivedData/Build/Intermediates.noindex/Kipple.build/Debug-xros/KippleKeychain-t.build/Objects-normal/arm64/KippleKeychain.SwiftFileList --metadata-file-list /Users/admin/builder/spi-builder-workspace/.derivedData/Build/Intermediates.noindex/Kipple.build/Debug-xros/KippleKeychain-t.build/KippleKeychain.DependencyMetadataFileList --static-metadata-file-list /Users/admin/builder/spi-builder-workspace/.derivedData/Build/Intermediates.noindex/Kipple.build/Debug-xros/KippleKeychain-t.build/KippleKeychain.DependencyStaticMetadataFileList --swift-const-vals-list /Users/admin/builder/spi-builder-workspace/.derivedData/Build/Intermediates.noindex/Kipple.build/Debug-xros/KippleKeychain-t.build/Objects-normal/arm64/KippleKeychain.SwiftConstValuesFileList --force --compile-time-extraction --deployment-aware-processing --no-app-shortcuts-localization
2026-09-20 14:08:00.359 appintentsmetadataprocessor[1397:7687] Starting appintentsmetadataprocessor export
2026-09-20 14:08:00.420 appintentsmetadataprocessor[1397:7687] Extracted no relevant App Intents symbols, skipping writing output
SwiftCompile normal arm64 Compiling\ DeviceInfo.swift /Users/admin/builder/spi-builder-workspace/Sources/KippleDevice/DeviceInfo.swift (in target 'KippleDevice' from project 'Kipple')
SwiftCompile normal arm64 /Users/admin/builder/spi-builder-workspace/Sources/KippleDevice/DeviceInfo.swift (in target 'KippleDevice' from project 'Kipple')
cd /Users/admin/builder/spi-builder-workspace/.swiftpm/xcode
builtin-SwiftPerFileCompile DeviceInfo.swift
/Users/admin/builder/spi-builder-workspace/Sources/KippleDevice/DeviceInfo.swift:81:9: error: cannot find 'Device' in scope
79 | private static var currentDeviceModel: String {
80 | #if canImport(UIKit)
81 | Device.current.model ?? "Unknown"
| `- error: cannot find 'Device' in scope
82 | #elseif os(macOS)
83 | "Mac"
/Users/admin/builder/spi-builder-workspace/Sources/KippleDevice/DeviceInfo.swift:92:9: error: cannot find 'Device' in scope
90 | private static var currentSystemName: String {
91 | #if canImport(UIKit)
92 | Device.current.systemName ?? "Unknown"
| `- error: cannot find 'Device' in scope
93 | #elseif os(macOS)
94 | "macOS"
/Users/admin/builder/spi-builder-workspace/Sources/KippleDevice/DeviceInfo.swift:105:15: error: cannot find 'Device' in scope
103 | private static var currentSystemVersion: SemanticVersion {
104 | #if canImport(UIKit)
105 | .from(Device.current.systemVersion ?? "Unknown")
| `- error: cannot find 'Device' in scope
106 | #elseif os(macOS) || os(Linux)
107 | ProcessInfo.processInfo.operatingSystemVersion.semanticVersion
Failed frontend command:
/Applications/Xcode-27.0.0-Release.Candidate.app/Contents/Developer/Toolchains/XcodeDefault.xctoolchain/usr/bin/swift-frontend -frontend -c /Users/admin/builder/spi-builder-workspace/Sources/KippleDevice/DeviceFamily.swift -primary-file /Users/admin/builder/spi-builder-workspace/Sources/KippleDevice/DeviceInfo.swift -emit-dependencies-path /Users/admin/builder/spi-builder-workspace/.derivedData/Build/Intermediates.noindex/Kipple.build/Debug-xros/KippleDevice-t.build/Objects-normal/arm64/DeviceInfo.d -emit-const-values-path /Users/admin/builder/spi-builder-workspace/.derivedData/Build/Intermediates.noindex/Kipple.build/Debug-xros/KippleDevice-t.build/Objects-normal/arm64/DeviceInfo.swiftconstvalues -emit-reference-dependencies-path /Users/admin/builder/spi-builder-workspace/.derivedData/Build/Intermediates.noindex/Kipple.build/Debug-xros/KippleDevice-t.build/Objects-normal/arm64/DeviceInfo.swiftdeps -serialize-diagnostics-path /Users/admin/builder/spi-builder-workspace/.derivedData/Build/Intermediates.noindex/Kipple.build/Debug-xros/KippleDevice-t.build/Objects-normal/arm64/DeviceInfo.dia -target arm64-apple-xros1.0 -module-can-import-version UIKit 9127.0.84.1 9127.0.84 -disable-cross-import-overlay-search -load-resolved-plugin /Applications/Xcode-27.0.0-Release.Candidate.app/Contents/Developer/Platforms/XROS.platform/Developer/usr/lib/swift/host/plugins/libFoundationMacros.dylib\#/Applications/Xcode-27.0.0-Release.Candidate.app/Contents/Developer/Platforms/XROS.platform/Developer/usr/bin/swift-plugin-server\#FoundationMacros -load-resolved-plugin /Applications/Xcode-27.0.0-Release.Candidate.app/Contents/Developer/Platforms/XROS.platform/Developer/usr/lib/swift/host/plugins/libObservationMacros.dylib\#/Applications/Xcode-27.0.0-Release.Candidate.app/Contents/Developer/Platforms/XROS.platform/Developer/usr/bin/swift-plugin-server\#ObservationMacros -load-resolved-plugin /Applications/Xcode-27.0.0-Release.Candidate.app/Contents/Developer/Platforms/XROS.platform/Developer/usr/lib/swift/host/plugins/libSwiftMacros.dylib\#/Applications/Xcode-27.0.0-Release.Candidate.app/Contents/Developer/Platforms/XROS.platform/Developer/usr/bin/swift-plugin-server\#SwiftMacros -disable-implicit-swift-modules -Xcc -fno-implicit-modules -Xcc -fno-implicit-module-maps -explicit-swift-module-map-file /Users/admin/builder/spi-builder-workspace/.derivedData/Build/Intermediates.noindex/Kipple.build/Debug-xros/KippleDevice-t.build/Objects-normal/arm64/KippleDevice-dependencies-1.json -Xllvm -aarch64-use-tbi -enable-objc-interop -stack-check -sdk /Applications/Xcode-27.0.0-Release.Candidate.app/Contents/Developer/Platforms/XROS.platform/Developer/SDKs/XROS27.0.sdk -I /Users/admin/builder/spi-builder-workspace/.derivedData/Build/Products/Debug-xros -Isystem /Applications/Xcode-27.0.0-Release.Candidate.app/Contents/Developer/Platforms/XROS.platform/Developer/usr/lib -F /Users/admin/builder/spi-builder-workspace/.derivedData/Build/Products/Debug-xros/PackageFrameworks -F /Users/admin/builder/spi-builder-workspace/.derivedData/Build/Products/Debug-xros -F /Applications/Xcode-27.0.0-Release.Candidate.app/Contents/Developer/Platforms/XROS.platform/Developer/Library/Frameworks -F /Applications/Xcode-27.0.0-Release.Candidate.app/Contents/Developer/Platforms/XROS.platform/Developer/SDKs/XROS27.0.sdk/Developer/Library/Frameworks -module-cache-path /Users/admin/builder/spi-builder-workspace/.derivedData/Build/Intermediates.noindex/SwiftExplicitPrecompiledModules -no-color-diagnostics -Xcc -fno-color-diagnostics -enable-testing -g -debug-info-format\=dwarf -dwarf-version\=4 -profile-generate -profile-coverage-mapping -swift-version 5 -Onone -D SWIFT_PACKAGE -D DEBUG -D SWIFT_MODULE_RESOURCE_BUNDLE_UNAVAILABLE -D Xcode -serialize-debugging-options -enable-experimental-feature StrictConcurrency -enable-experimental-feature DebugDescriptionMacro -empty-abi-descriptor -validate-clang-modules-once -clang-build-session-file /Users/admin/builder/spi-builder-workspace/.derivedData/ModuleCache.noindex/Session.modulevalidation -Xcc -working-directory -Xcc /Users/admin/builder/spi-builder-workspace/.swiftpm/xcode -enable-anonymous-context-mangled-names -file-compilation-dir /Users/admin/builder/spi-builder-workspace/.swiftpm/xcode -Xcc -D_LIBCPP_HARDENING_MODE\=_LIBCPP_HARDENING_MODE_DEBUG -Xcc -ivfsstatcache -Xcc /Users/admin/builder/spi-builder-workspace/.derivedData/SDKStatCaches.noindex/xros27.0-24M361-e829b21a6f8c9b70876ba0858053c044735bd543db762f57723cac368afd1ce4.sdkstatcache -Xcc -fmodules-prune-interval\=86400 -Xcc -fmodules-prune-after\=345600 -Xcc -I/Users/admin/builder/spi-builder-workspace/.derivedData/Build/Products/Debug-xros/include -Xcc -I/Users/admin/builder/spi-builder-workspace/.derivedData/Build/Intermediates.noindex/Kipple.build/Debug-xros/KippleDevice-t.build/DerivedSources-normal/arm64 -Xcc -I/Users/admin/builder/spi-builder-workspace/.derivedData/Build/Intermediates.noindex/Kipple.build/Debug-xros/KippleDevice-t.build/DerivedSources/arm64 -Xcc -I/Users/admin/builder/spi-builder-workspace/.derivedData/Build/Intermediates.noindex/Kipple.build/Debug-xros/KippleDevice-t.build/DerivedSources -Xcc -DSWIFT_PACKAGE -Xcc -DDEBUG\=1 -no-auto-bridging-header-chaining -module-name KippleDevice -const-gather-protocols-file /Users/admin/builder/spi-builder-workspace/.derivedData/Build/Intermediates.noindex/Kipple.build/Debug-xros/KippleDevice-t.build/Objects-normal/arm64/KippleDevice_const_extract_protocols.json -disable-clang-spi -clang-target arm64-apple-xros27.0 -target-sdk-version 27.0 -target-sdk-name xros27.0 -in-process-plugin-server-path /Applications/Xcode-27.0.0-Release.Candidate.app/Contents/Developer/Toolchains/XcodeDefault.xctoolchain/usr/lib/swift/host/libSwiftInProcPluginServer.dylib -parse-as-library -o /Users/admin/builder/spi-builder-workspace/.derivedData/Build/Intermediates.noindex/Kipple.build/Debug-xros/KippleDevice-t.build/Objects-normal/arm64/DeviceInfo.o -debug-module-path /Users/admin/builder/spi-builder-workspace/.derivedData/Build/Intermediates.noindex/Kipple.build/Debug-xros/KippleDevice-t.build/Objects-normal/arm64/KippleDevice.swiftmodule -index-unit-output-path /Kipple.build/Debug-xros/KippleDevice-t.build/Objects-normal/arm64/DeviceInfo.o -index-store-path /Users/admin/builder/spi-builder-workspace/.derivedData/Index.noindex/DataStore -index-system-modules
SwiftEmitModule normal arm64 Emitting\ module\ for\ KippleDevice (in target 'KippleDevice' from project 'Kipple')
SwiftCompile normal arm64 (in target 'KippleDevice' from project 'Kipple')
cd /Users/admin/builder/spi-builder-workspace/.swiftpm/xcode
SwiftCompile normal arm64 Compiling\ DeviceFamily.swift /Users/admin/builder/spi-builder-workspace/Sources/KippleDevice/DeviceFamily.swift (in target 'KippleDevice' from project 'Kipple')
SwiftCompile normal arm64 /Users/admin/builder/spi-builder-workspace/Sources/KippleDevice/DeviceFamily.swift (in target 'KippleDevice' from project 'Kipple')
cd /Users/admin/builder/spi-builder-workspace/.swiftpm/xcode
builtin-SwiftPerFileCompile DeviceFamily.swift
PruneExplicitPrecompiledModules /Users/admin/builder/spi-builder-workspace/.derivedData/Build/Intermediates.noindex/ExplicitPrecompiledModules
PruneExplicitPrecompiledModules /Users/admin/builder/spi-builder-workspace/.derivedData/SDKExplicitPrecompiledModules
PruneExplicitPrecompiledModules /Users/admin/builder/spi-builder-workspace/.derivedData/Build/Intermediates.noindex/SwiftExplicitPrecompiledModules
2026-09-20 14:07:50.222 xcodebuild[1034:6024] [MT] IDERunDestination: Supported platforms for the buildables in the current scheme is empty.
** BUILD FAILED **
The following build commands failed:
SwiftCompile normal arm64 /Users/admin/builder/spi-builder-workspace/Sources/KippleDevice/DeviceInfo.swift (in target 'KippleDevice' from project 'Kipple')
SwiftCompile normal arm64 Compiling\ DeviceInfo.swift /Users/admin/builder/spi-builder-workspace/Sources/KippleDevice/DeviceInfo.swift (in target 'KippleDevice' from project 'Kipple')
Building workspace Kipple with scheme Kipple-Package
(3 failures)
Command line invocation:
/Applications/Xcode-27.0.0-Release.Candidate.app/Contents/Developer/usr/bin/xcodebuild -IDEClonedSourcePackagesDirPathOverride=/Users/admin/builder/spi-builder-workspace/.dependencies -resolvePackageDependencies
Resolve Package Graph
Resolved source packages:
swift-log: https://github.com/apple/swift-log @ 1.15.1
SwiftFormat: https://github.com/nicklockwood/SwiftFormat @ 0.63.0
Kipple: /Users/admin/builder/spi-builder-workspace
DeviceKit: https://github.com/devicekit/DeviceKit @ 5.8.0
KeychainAccess: https://github.com/kishikawakatsumi/KeychainAccess @ 4.2.2
swift-argument-parser: https://github.com/apple/swift-argument-parser @ 1.8.2
swift-algorithms: https://github.com/apple/swift-algorithms @ 1.2.1
KippleTools: https://github.com/bdrelling/KippleTools @ 0.5.4
swift-numerics: https://github.com/apple/swift-numerics.git @ 1.1.1
swift-collections: https://github.com/apple/swift-collections @ 1.6.0
resolved source packages: swift-log, SwiftFormat, Kipple, DeviceKit, KeychainAccess, swift-argument-parser, swift-algorithms, KippleTools, swift-numerics, swift-collections
2026-09-20 14:08:03.447 xcodebuild[1401:7730] [MT] IDERunDestination: Supported platforms for the buildables in the current scheme is empty.
{
"dependencies" : [
{
"identity" : "swift-algorithms",
"requirement" : {
"range" : [
{
"lower_bound" : "1.2.0",
"upper_bound" : "2.0.0"
}
]
},
"type" : "sourceControl",
"url" : "https://github.com/apple/swift-algorithms"
},
{
"identity" : "swift-collections",
"requirement" : {
"range" : [
{
"lower_bound" : "1.1.0",
"upper_bound" : "2.0.0"
}
]
},
"type" : "sourceControl",
"url" : "https://github.com/apple/swift-collections"
},
{
"identity" : "swift-log",
"requirement" : {
"range" : [
{
"lower_bound" : "1.5.4",
"upper_bound" : "2.0.0"
}
]
},
"type" : "sourceControl",
"url" : "https://github.com/apple/swift-log"
},
{
"identity" : "kippletools",
"requirement" : {
"range" : [
{
"lower_bound" : "0.5.3",
"upper_bound" : "0.6.0"
}
]
},
"type" : "sourceControl",
"url" : "https://github.com/bdrelling/KippleTools"
},
{
"identity" : "devicekit",
"requirement" : {
"range" : [
{
"lower_bound" : "5.2.3",
"upper_bound" : "6.0.0"
}
]
},
"type" : "sourceControl",
"url" : "https://github.com/devicekit/DeviceKit"
},
{
"identity" : "keychainaccess",
"requirement" : {
"range" : [
{
"lower_bound" : "4.2.2",
"upper_bound" : "5.0.0"
}
]
},
"type" : "sourceControl",
"url" : "https://github.com/kishikawakatsumi/KeychainAccess"
}
],
"manifest_display_name" : "Kipple",
"name" : "Kipple",
"path" : "/Users/admin/builder/spi-builder-workspace",
"platforms" : [
{
"name" : "ios",
"version" : "16.0"
},
{
"name" : "macos",
"version" : "13.0"
},
{
"name" : "tvos",
"version" : "16.0"
},
{
"name" : "watchos",
"version" : "9.0"
}
],
"products" : [
{
"name" : "Kipple",
"targets" : [
"Kipple"
],
"type" : {
"library" : [
"automatic"
]
}
},
{
"name" : "KippleCodable",
"targets" : [
"KippleCodable"
],
"type" : {
"library" : [
"automatic"
]
}
},
{
"name" : "KippleCollections",
"targets" : [
"KippleCollections"
],
"type" : {
"library" : [
"automatic"
]
}
},
{
"name" : "KippleCombine",
"targets" : [
"KippleCombine"
],
"type" : {
"library" : [
"automatic"
]
}
},
{
"name" : "KippleFoundation",
"targets" : [
"KippleFoundation"
],
"type" : {
"library" : [
"automatic"
]
}
},
{
"name" : "KippleDevice",
"targets" : [
"KippleDevice"
],
"type" : {
"library" : [
"automatic"
]
}
},
{
"name" : "KippleKeychain",
"targets" : [
"KippleKeychain"
],
"type" : {
"library" : [
"automatic"
]
}
},
{
"name" : "KippleLocalStorage",
"targets" : [
"KippleLocalStorage"
],
"type" : {
"library" : [
"automatic"
]
}
},
{
"name" : "KippleLogging",
"targets" : [
"KippleLogging"
],
"type" : {
"library" : [
"automatic"
]
}
}
],
"targets" : [
{
"c99name" : "KippleLoggingTests",
"module_type" : "SwiftTarget",
"name" : "KippleLoggingTests",
"path" : "Tests/KippleLoggingTests",
"sources" : [
"Protocols/LogHandlerValidating.swift",
"Tests/ConsoleLogHandlerTests.swift"
],
"target_dependencies" : [
"KippleLogging"
],
"type" : "test"
},
{
"c99name" : "KippleLogging",
"module_type" : "SwiftTarget",
"name" : "KippleLogging",
"path" : "Sources/KippleLogging",
"product_dependencies" : [
"Logging"
],
"product_memberships" : [
"Kipple",
"KippleLogging"
],
"sources" : [
"Exports.swift",
"Extensions/Logger+Convenience.swift",
"Handlers/ConsoleLogHandler.swift"
],
"type" : "library"
},
{
"c99name" : "KippleLocalStorageTests",
"module_type" : "SwiftTarget",
"name" : "KippleLocalStorageTests",
"path" : "Tests/KippleLocalStorageTests",
"sources" : [
"UserDefaultsExtensionsTests.swift"
],
"target_dependencies" : [
"KippleLocalStorage"
],
"type" : "test"
},
{
"c99name" : "KippleLocalStorage",
"module_type" : "SwiftTarget",
"name" : "KippleLocalStorage",
"path" : "Sources/KippleLocalStorage",
"product_memberships" : [
"Kipple",
"KippleLocalStorage"
],
"sources" : [
"UserDefaults/UserDefaults+Codable.swift",
"UserDefaults/UserDefaults+Key.swift",
"UserDefaults/UserDefaults+Mocked.swift",
"UserDefaults/UserDefaults+RemoveAllObjects.swift"
],
"type" : "library"
},
{
"c99name" : "KippleKeychain",
"module_type" : "SwiftTarget",
"name" : "KippleKeychain",
"path" : "Sources/KippleKeychain",
"product_dependencies" : [
"KeychainAccess"
],
"product_memberships" : [
"Kipple",
"KippleKeychain"
],
"sources" : [
"Exports.swift",
"Keychain+Default.swift",
"Keychain+Key.swift"
],
"target_dependencies" : [
"KippleFoundation"
],
"type" : "library"
},
{
"c99name" : "KippleFoundationTests",
"module_type" : "SwiftTarget",
"name" : "KippleFoundationTests",
"path" : "Tests/KippleFoundationTests",
"sources" : [
"AppInfoTests.swift",
"BoolExtensionTests.swift",
"BundleExtensionTests.swift",
"BundleInfoTests.swift",
"ComparableExtensionTests.swift",
"Int64ClampedTests.swift",
"IntExtensionTests.swift",
"ModuloTests.swift",
"NSNumberExtensionTests.swift",
"ResultExtensionTests.swift",
"SemanticVersionTests.swift",
"StringExtensionTests.swift",
"StringLocalizedErrorExtensionTests.swift",
"UInt64ClampedTests.swift",
"URLConvertibleTests.swift"
],
"target_dependencies" : [
"KippleFoundation"
],
"type" : "test"
},
{
"c99name" : "KippleFoundation",
"module_type" : "SwiftTarget",
"name" : "KippleFoundation",
"path" : "Sources/KippleFoundation",
"product_memberships" : [
"Kipple",
"KippleFoundation",
"KippleDevice",
"KippleKeychain"
],
"sources" : [
"Extensions/BinaryInteger+Clamped.swift",
"Extensions/Bool+Convenience.swift",
"Extensions/Bundle+Convenience.swift",
"Extensions/Bundle+Key.swift",
"Extensions/Comparable+Clamped.swift",
"Extensions/Int+Convenience.swift",
"Extensions/NSNumber+Boolean.swift",
"Extensions/Result+Convenience.swift",
"Extensions/String+Convenience.swift",
"Extensions/String+LocalizedError.swift",
"Extensions/Swift+Modulo.swift",
"Models/AppInfo.swift",
"Models/BundleInfo.swift",
"Models/SemanticVersion.swift",
"Protocols/URLConvertible.swift"
],
"type" : "library"
},
{
"c99name" : "KippleDeviceTests",
"module_type" : "SwiftTarget",
"name" : "KippleDeviceTests",
"path" : "Tests/KippleDeviceTests",
"sources" : [
"DeviceInfoTests.swift"
],
"target_dependencies" : [
"KippleDevice"
],
"type" : "test"
},
{
"c99name" : "KippleDevice",
"module_type" : "SwiftTarget",
"name" : "KippleDevice",
"path" : "Sources/KippleDevice",
"product_dependencies" : [
"DeviceKit"
],
"product_memberships" : [
"Kipple",
"KippleDevice"
],
"sources" : [
"DeviceFamily.swift",
"DeviceInfo.swift"
],
"target_dependencies" : [
"KippleFoundation"
],
"type" : "library"
},
{
"c99name" : "KippleCombineTests",
"module_type" : "SwiftTarget",
"name" : "KippleCombineTests",
"path" : "Tests/KippleCombineTests",
"sources" : [
"PublisherResultTests.swift"
],
"target_dependencies" : [
"KippleCombine"
],
"type" : "test"
},
{
"c99name" : "KippleCombine",
"module_type" : "SwiftTarget",
"name" : "KippleCombine",
"path" : "Sources/KippleCombine",
"product_memberships" : [
"Kipple",
"KippleCombine"
],
"sources" : [
"Publisher+Result.swift"
],
"type" : "library"
},
{
"c99name" : "KippleCollectionsTests",
"module_type" : "SwiftTarget",
"name" : "KippleCollectionsTests",
"path" : "Tests/KippleCollectionsTests",
"sources" : [
"BidirectionalCollectionExtensionTests.swift",
"InterleavableDictionaryTests.swift"
],
"target_dependencies" : [
"KippleCollections"
],
"type" : "test"
},
{
"c99name" : "KippleCollections",
"module_type" : "SwiftTarget",
"name" : "KippleCollections",
"path" : "Sources/KippleCollections",
"product_dependencies" : [
"Algorithms",
"OrderedCollections"
],
"product_memberships" : [
"Kipple",
"KippleCollections"
],
"sources" : [
"Exports.swift",
"Extensions/Array+RemoveDuplicates.swift",
"Extensions/BidirectionalCollection+Looping.swift",
"Extensions/Collection+Convenience.swift",
"Extensions/RangeReplaceableCollection+Rotating.swift",
"Protocols/InterleavableDictionary.swift"
],
"type" : "library"
},
{
"c99name" : "KippleCodableTests",
"module_type" : "SwiftTarget",
"name" : "KippleCodableTests",
"path" : "Tests/KippleCodableTests",
"sources" : [
"CodableDefaultTests.swift",
"CodableIgnoredTests.swift",
"DecodingErrorCleanedTests.swift",
"DictionaryExtensionTests.swift",
"EncodableAsDictionaryTests.swift",
"EncodablePrettyPrintedTests.swift"
],
"target_dependencies" : [
"KippleCodable"
],
"type" : "test"
},
{
"c99name" : "KippleCodable",
"module_type" : "SwiftTarget",
"name" : "KippleCodable",
"path" : "Sources/KippleCodable",
"product_memberships" : [
"Kipple",
"KippleCodable"
],
"sources" : [
"Errors/CleanedDecodingError.swift",
"Errors/KippleCodableError.swift",
"Extensions/DecodingError+Cleaned.swift",
"Extensions/Dictionary+AsJSONSerializedData.swift",
"Extensions/Encodable+AsDictionary.swift",
"Extensions/Encodable+PrettyPrinted.swift",
"Extensions/JSONDecoder+DecodeCleaned.swift",
"Extensions/PropertyListDecoder+DecodeCleaned.swift",
"PropertyWrappers/CodableDefault.swift",
"PropertyWrappers/CodableDefaultStrategy.swift",
"PropertyWrappers/CodableIgnored.swift"
],
"type" : "library"
},
{
"c99name" : "Kipple",
"module_type" : "SwiftTarget",
"name" : "Kipple",
"path" : "Sources/Kipple",
"product_memberships" : [
"Kipple"
],
"sources" : [
"Exports.swift"
],
"target_dependencies" : [
"KippleCodable",
"KippleCollections",
"KippleCombine",
"KippleFoundation",
"KippleDevice",
"KippleKeychain",
"KippleLocalStorage",
"KippleLogging"
],
"type" : "library"
}
],
"tools_version" : "5.8"
}
{
"workspace" : {
"name" : "Kipple",
"schemes" : [
"Kipple",
"Kipple-Package",
"KippleCodable",
"KippleCollections",
"KippleCombine",
"KippleDevice",
"KippleFoundation",
"KippleKeychain",
"KippleLocalStorage",
"KippleLogging"
]
}
}
2026-09-20 14:08:06.754 xcodebuild[1421:7879] [MT] IDERunDestination: Supported platforms for the buildables in the current scheme is empty.
{
"workspace" : {
"name" : "Kipple",
"schemes" : [
"Kipple",
"Kipple-Package",
"KippleCodable",
"KippleCollections",
"KippleCombine",
"KippleDevice",
"KippleFoundation",
"KippleKeychain",
"KippleLocalStorage",
"KippleLogging"
]
}
}
2026-09-20 14:08:09.756 xcodebuild[1435:7981] [MT] IDERunDestination: Supported platforms for the buildables in the current scheme is empty.
Running build ...
env DEVELOPER_DIR=/Applications/Xcode-27.0.0-Release.Candidate.app xcrun xcodebuild -IDEClonedSourcePackagesDirPathOverride=$PWD/.dependencies -skipMacroValidation -skipPackagePluginValidation -derivedDataPath $PWD/.derivedData build -scheme Kipple-Package -destination generic/platform=xrOS
Command line invocation:
/Applications/Xcode-27.0.0-Release.Candidate.app/Contents/Developer/usr/bin/xcodebuild -IDEClonedSourcePackagesDirPathOverride=/Users/admin/builder/spi-builder-workspace/.dependencies -skipMacroValidation -skipPackagePluginValidation -derivedDataPath /Users/admin/builder/spi-builder-workspace/.derivedData build -scheme Kipple-Package -destination generic/platform=xrOS
Resolve Package Graph
Resolved source packages:
swift-collections: https://github.com/apple/swift-collections @ 1.6.0
swift-algorithms: https://github.com/apple/swift-algorithms @ 1.2.1
KeychainAccess: https://github.com/kishikawakatsumi/KeychainAccess @ 4.2.2
DeviceKit: https://github.com/devicekit/DeviceKit @ 5.8.0
SwiftFormat: https://github.com/nicklockwood/SwiftFormat @ 0.63.0
swift-argument-parser: https://github.com/apple/swift-argument-parser @ 1.8.2
KippleTools: https://github.com/bdrelling/KippleTools @ 0.5.4
swift-numerics: https://github.com/apple/swift-numerics.git @ 1.1.1
swift-log: https://github.com/apple/swift-log @ 1.15.1
Kipple: /Users/admin/builder/spi-builder-workspace
ComputePackagePrebuildTargetDependencyGraph
Prepare packages
CreateBuildRequest
SendProjectDescription
CreateBuildOperation
ComputeTargetDependencyGraph
note: Building targets in dependency order
note: Target dependency graph (26 targets)
Target 'KippleLogging-product' in project 'Kipple'
➜ Explicit dependency on target 'KippleLogging' in project 'Kipple'
Target 'KippleLocalStorage-product' in project 'Kipple'
➜ Explicit dependency on target 'KippleLocalStorage' in project 'Kipple'
Target 'KippleKeychain-product' in project 'Kipple'
➜ Explicit dependency on target 'KippleKeychain' in project 'Kipple'
➜ Explicit dependency on target 'KippleFoundation' in project 'Kipple'
Target 'KippleDevice-product' in project 'Kipple'
➜ Explicit dependency on target 'KippleDevice' in project 'Kipple'
➜ Explicit dependency on target 'KippleFoundation' in project 'Kipple'
Target 'KippleFoundation-product' in project 'Kipple'
➜ Explicit dependency on target 'KippleFoundation' in project 'Kipple'
Target 'KippleCombine-product' in project 'Kipple'
➜ Explicit dependency on target 'KippleCombine' in project 'Kipple'
Target 'KippleCollections-product' in project 'Kipple'
➜ Explicit dependency on target 'KippleCollections' in project 'Kipple'
➜ Explicit dependency on target 'Algorithms-product' in project 'swift-algorithms'
➜ Explicit dependency on target 'OrderedCollections-product' in project 'swift-collections'
Target 'KippleCodable-product' in project 'Kipple'
➜ Explicit dependency on target 'KippleCodable' in project 'Kipple'
Target 'Kipple-product' in project 'Kipple'
➜ Explicit dependency on target 'Kipple' in project 'Kipple'
➜ Explicit dependency on target 'KippleCodable' in project 'Kipple'
➜ Explicit dependency on target 'KippleCollections' in project 'Kipple'
➜ Explicit dependency on target 'KippleCombine' in project 'Kipple'
➜ Explicit dependency on target 'KippleFoundation' in project 'Kipple'
➜ Explicit dependency on target 'KippleDevice' in project 'Kipple'
➜ Explicit dependency on target 'KippleKeychain' in project 'Kipple'
➜ Explicit dependency on target 'KippleLocalStorage' in project 'Kipple'
➜ Explicit dependency on target 'KippleLogging' in project 'Kipple'
➜ Explicit dependency on target 'Algorithms-product' in project 'swift-algorithms'
➜ Explicit dependency on target 'OrderedCollections-product' in project 'swift-collections'
Target 'Kipple' in project 'Kipple'
➜ Explicit dependency on target 'KippleCodable' in project 'Kipple'
➜ Explicit dependency on target 'KippleCollections' in project 'Kipple'
➜ Explicit dependency on target 'KippleCombine' in project 'Kipple'
➜ Explicit dependency on target 'KippleFoundation' in project 'Kipple'
➜ Explicit dependency on target 'KippleDevice' in project 'Kipple'
➜ Explicit dependency on target 'KippleKeychain' in project 'Kipple'
➜ Explicit dependency on target 'KippleLocalStorage' in project 'Kipple'
➜ Explicit dependency on target 'KippleLogging' in project 'Kipple'
➜ Explicit dependency on target 'Algorithms-product' in project 'swift-algorithms'
➜ Explicit dependency on target 'OrderedCollections-product' in project 'swift-collections'
Target 'KippleLogging' in project 'Kipple' (no dependencies)
Target 'KippleLocalStorage' in project 'Kipple' (no dependencies)
Target 'KippleKeychain' in project 'Kipple'
➜ Explicit dependency on target 'KippleFoundation' in project 'Kipple'
Target 'KippleDevice' in project 'Kipple'
➜ Explicit dependency on target 'KippleFoundation' in project 'Kipple'
Target 'KippleFoundation' in project 'Kipple' (no dependencies)
Target 'KippleCombine' in project 'Kipple' (no dependencies)
Target 'KippleCollections' in project 'Kipple'
➜ Explicit dependency on target 'Algorithms-product' in project 'swift-algorithms'
➜ Explicit dependency on target 'OrderedCollections-product' in project 'swift-collections'
Target 'OrderedCollections-product' in project 'swift-collections'
➜ Explicit dependency on target 'OrderedCollections' in project 'swift-collections'
➜ Explicit dependency on target 'InternalCollectionsUtilities' in project 'swift-collections'
Target 'OrderedCollections' in project 'swift-collections'
➜ Explicit dependency on target 'InternalCollectionsUtilities' in project 'swift-collections'
Target 'InternalCollectionsUtilities' in project 'swift-collections' (no dependencies)
Target 'Algorithms-product' in project 'swift-algorithms'
➜ Explicit dependency on target 'Algorithms' in project 'swift-algorithms'
➜ Explicit dependency on target 'RealModule-product' in project 'swift-numerics'
Target 'Algorithms' in project 'swift-algorithms'
➜ Explicit dependency on target 'RealModule-product' in project 'swift-numerics'
Target 'RealModule-product' in project 'swift-numerics'
➜ Explicit dependency on target 'RealModule' in project 'swift-numerics'
➜ Explicit dependency on target '_NumericsShims' in project 'swift-numerics'
Target 'RealModule' in project 'swift-numerics'
➜ Explicit dependency on target '_NumericsShims' in project 'swift-numerics'
Target '_NumericsShims' in project 'swift-numerics' (no dependencies)
Target 'KippleCodable' in project 'Kipple' (no dependencies)
GatherProvisioningInputs
CreateBuildDescription
ClangStatCache /Applications/Xcode-27.0.0-Release.Candidate.app/Contents/Developer/Toolchains/XcodeDefault.xctoolchain/usr/bin/clang-stat-cache /Applications/Xcode-27.0.0-Release.Candidate.app/Contents/Developer/Platforms/XROS.platform/Developer/SDKs/XROS27.0.sdk /Users/admin/builder/spi-builder-workspace/.derivedData/SDKStatCaches.noindex/xros27.0-24M361-e829b21a6f8c9b70876ba0858053c044735bd543db762f57723cac368afd1ce4.sdkstatcache
cd /Users/admin/builder/spi-builder-workspace/.swiftpm/xcode
/Applications/Xcode-27.0.0-Release.Candidate.app/Contents/Developer/Toolchains/XcodeDefault.xctoolchain/usr/bin/clang-stat-cache /Applications/Xcode-27.0.0-Release.Candidate.app/Contents/Developer/Platforms/XROS.platform/Developer/SDKs/XROS27.0.sdk -o /Users/admin/builder/spi-builder-workspace/.derivedData/SDKStatCaches.noindex/xros27.0-24M361-e829b21a6f8c9b70876ba0858053c044735bd543db762f57723cac368afd1ce4.sdkstatcache
SwiftDriver KippleDevice normal arm64 com.apple.xcode.tools.swift.compiler (in target 'KippleDevice' from project 'Kipple')
cd /Users/admin/builder/spi-builder-workspace/.swiftpm/xcode
builtin-SwiftDriver -- /Applications/Xcode-27.0.0-Release.Candidate.app/Contents/Developer/Toolchains/XcodeDefault.xctoolchain/usr/bin/swiftc -parse-as-library -module-name KippleDevice -Onone @/Users/admin/builder/spi-builder-workspace/.derivedData/Build/Intermediates.noindex/Kipple.build/Debug-xros/KippleDevice-t.build/Objects-normal/arm64/KippleDevice.SwiftFileList -DSWIFT_PACKAGE -DDEBUG -DSWIFT_MODULE_RESOURCE_BUNDLE_UNAVAILABLE -DXcode -enable-experimental-feature StrictConcurrency -plugin-path /Applications/Xcode-27.0.0-Release.Candidate.app/Contents/Developer/Toolchains/XcodeDefault.xctoolchain/usr/lib/swift/host/plugins/testing -enable-experimental-feature DebugDescriptionMacro -sdk /Applications/Xcode-27.0.0-Release.Candidate.app/Contents/Developer/Platforms/XROS.platform/Developer/SDKs/XROS27.0.sdk -target arm64-apple-xros1.0 -g -module-cache-path /Users/admin/builder/spi-builder-workspace/.derivedData/ModuleCache.noindex -Xfrontend -serialize-debugging-options -profile-coverage-mapping -profile-generate -enable-testing -index-store-path /Users/admin/builder/spi-builder-workspace/.derivedData/Index.noindex/DataStore -Xcc -D_LIBCPP_HARDENING_MODE\=_LIBCPP_HARDENING_MODE_DEBUG -swift-version 5 -I /Users/admin/builder/spi-builder-workspace/.derivedData/Build/Products/Debug-xros -Isystem /Applications/Xcode-27.0.0-Release.Candidate.app/Contents/Developer/Platforms/XROS.platform/Developer/usr/lib -F /Users/admin/builder/spi-builder-workspace/.derivedData/Build/Products/Debug-xros/PackageFrameworks -F /Users/admin/builder/spi-builder-workspace/.derivedData/Build/Products/Debug-xros -F /Applications/Xcode-27.0.0-Release.Candidate.app/Contents/Developer/Platforms/XROS.platform/Developer/Library/Frameworks -F /Applications/Xcode-27.0.0-Release.Candidate.app/Contents/Developer/Platforms/XROS.platform/Developer/SDKs/XROS27.0.sdk/Developer/Library/Frameworks -c -j10 -enable-batch-mode -incremental -Xcc -ivfsstatcache -Xcc /Users/admin/builder/spi-builder-workspace/.derivedData/SDKStatCaches.noindex/xros27.0-24M361-e829b21a6f8c9b70876ba0858053c044735bd543db762f57723cac368afd1ce4.sdkstatcache -output-file-map /Users/admin/builder/spi-builder-workspace/.derivedData/Build/Intermediates.noindex/Kipple.build/Debug-xros/KippleDevice-t.build/Objects-normal/arm64/KippleDevice-OutputFileMap.json -save-temps -no-color-diagnostics -explicit-module-build -module-cache-path /Users/admin/builder/spi-builder-workspace/.derivedData/Build/Intermediates.noindex/SwiftExplicitPrecompiledModules -clang-scanner-module-cache-path /Users/admin/builder/spi-builder-workspace/.derivedData/ModuleCache.noindex -sdk-module-cache-path /Users/admin/builder/spi-builder-workspace/.derivedData/SDKExplicitPrecompiledModules -emit-dependencies -emit-module -emit-module-path /Users/admin/builder/spi-builder-workspace/.derivedData/Build/Intermediates.noindex/Kipple.build/Debug-xros/KippleDevice-t.build/Objects-normal/arm64/KippleDevice.swiftmodule -serialize-diagnostics -dependency-scan-serialize-diagnostics-path /Users/admin/builder/spi-builder-workspace/.derivedData/Build/Intermediates.noindex/Kipple.build/Debug-xros/KippleDevice-t.build/Objects-normal/arm64/KippleDevice-dependency-scan.dia -validate-clang-modules-once -clang-build-session-file /Users/admin/builder/spi-builder-workspace/.derivedData/ModuleCache.noindex/Session.modulevalidation -Xcc -fmodules-prune-interval\=86400 -Xcc -fmodules-prune-after\=345600 -emit-const-values -const-gather-protocols-list /Users/admin/builder/spi-builder-workspace/.derivedData/Build/Intermediates.noindex/Kipple.build/Debug-xros/KippleDevice-t.build/Objects-normal/arm64/KippleDevice_const_extract_protocols.json -Xcc -I/Users/admin/builder/spi-builder-workspace/.derivedData/Build/Products/Debug-xros/include -Xcc -I/Users/admin/builder/spi-builder-workspace/.derivedData/Build/Intermediates.noindex/Kipple.build/Debug-xros/KippleDevice-t.build/DerivedSources-normal/arm64 -Xcc -I/Users/admin/builder/spi-builder-workspace/.derivedData/Build/Intermediates.noindex/Kipple.build/Debug-xros/KippleDevice-t.build/DerivedSources/arm64 -Xcc -I/Users/admin/builder/spi-builder-workspace/.derivedData/Build/Intermediates.noindex/Kipple.build/Debug-xros/KippleDevice-t.build/DerivedSources -Xcc -DSWIFT_PACKAGE -Xcc -DDEBUG\=1 -emit-objc-header -emit-objc-header-path /Users/admin/builder/spi-builder-workspace/.derivedData/Build/Intermediates.noindex/Kipple.build/Debug-xros/KippleDevice-t.build/Objects-normal/arm64/KippleDevice-Swift.h -working-directory /Users/admin/builder/spi-builder-workspace/.swiftpm/xcode -experimental-emit-module-separately -disable-cmo
SwiftEmitModule normal arm64 Emitting\ module\ for\ KippleDevice (in target 'KippleDevice' from project 'Kipple')
SwiftCompile normal arm64 (in target 'KippleDevice' from project 'Kipple')
cd /Users/admin/builder/spi-builder-workspace/.swiftpm/xcode
SwiftCompile normal arm64 Compiling\ DeviceInfo.swift /Users/admin/builder/spi-builder-workspace/Sources/KippleDevice/DeviceInfo.swift (in target 'KippleDevice' from project 'Kipple')
/Users/admin/builder/spi-builder-workspace/Sources/KippleDevice/DeviceInfo.swift:81:9: error: cannot find 'Device' in scope
79 | private static var currentDeviceModel: String {
80 | #if canImport(UIKit)
81 | Device.current.model ?? "Unknown"
| `- error: cannot find 'Device' in scope
82 | #elseif os(macOS)
83 | "Mac"
/Users/admin/builder/spi-builder-workspace/Sources/KippleDevice/DeviceInfo.swift:92:9: error: cannot find 'Device' in scope
90 | private static var currentSystemName: String {
91 | #if canImport(UIKit)
92 | Device.current.systemName ?? "Unknown"
| `- error: cannot find 'Device' in scope
93 | #elseif os(macOS)
94 | "macOS"
/Users/admin/builder/spi-builder-workspace/Sources/KippleDevice/DeviceInfo.swift:105:15: error: cannot find 'Device' in scope
103 | private static var currentSystemVersion: SemanticVersion {
104 | #if canImport(UIKit)
105 | .from(Device.current.systemVersion ?? "Unknown")
| `- error: cannot find 'Device' in scope
106 | #elseif os(macOS) || os(Linux)
107 | ProcessInfo.processInfo.operatingSystemVersion.semanticVersion
Failed frontend command:
/Applications/Xcode-27.0.0-Release.Candidate.app/Contents/Developer/Toolchains/XcodeDefault.xctoolchain/usr/bin/swift-frontend -frontend -c /Users/admin/builder/spi-builder-workspace/Sources/KippleDevice/DeviceFamily.swift -primary-file /Users/admin/builder/spi-builder-workspace/Sources/KippleDevice/DeviceInfo.swift -emit-dependencies-path /Users/admin/builder/spi-builder-workspace/.derivedData/Build/Intermediates.noindex/Kipple.build/Debug-xros/KippleDevice-t.build/Objects-normal/arm64/DeviceInfo.d -emit-const-values-path /Users/admin/builder/spi-builder-workspace/.derivedData/Build/Intermediates.noindex/Kipple.build/Debug-xros/KippleDevice-t.build/Objects-normal/arm64/DeviceInfo.swiftconstvalues -emit-reference-dependencies-path /Users/admin/builder/spi-builder-workspace/.derivedData/Build/Intermediates.noindex/Kipple.build/Debug-xros/KippleDevice-t.build/Objects-normal/arm64/DeviceInfo.swiftdeps -serialize-diagnostics-path /Users/admin/builder/spi-builder-workspace/.derivedData/Build/Intermediates.noindex/Kipple.build/Debug-xros/KippleDevice-t.build/Objects-normal/arm64/DeviceInfo.dia -target arm64-apple-xros1.0 -module-can-import-version UIKit 9127.0.84.1 9127.0.84 -disable-cross-import-overlay-search -load-resolved-plugin /Applications/Xcode-27.0.0-Release.Candidate.app/Contents/Developer/Platforms/XROS.platform/Developer/usr/lib/swift/host/plugins/libFoundationMacros.dylib\#/Applications/Xcode-27.0.0-Release.Candidate.app/Contents/Developer/Platforms/XROS.platform/Developer/usr/bin/swift-plugin-server\#FoundationMacros -load-resolved-plugin /Applications/Xcode-27.0.0-Release.Candidate.app/Contents/Developer/Platforms/XROS.platform/Developer/usr/lib/swift/host/plugins/libObservationMacros.dylib\#/Applications/Xcode-27.0.0-Release.Candidate.app/Contents/Developer/Platforms/XROS.platform/Developer/usr/bin/swift-plugin-server\#ObservationMacros -load-resolved-plugin /Applications/Xcode-27.0.0-Release.Candidate.app/Contents/Developer/Platforms/XROS.platform/Developer/usr/lib/swift/host/plugins/libSwiftMacros.dylib\#/Applications/Xcode-27.0.0-Release.Candidate.app/Contents/Developer/Platforms/XROS.platform/Developer/usr/bin/swift-plugin-server\#SwiftMacros -disable-implicit-swift-modules -Xcc -fno-implicit-modules -Xcc -fno-implicit-module-maps -explicit-swift-module-map-file /Users/admin/builder/spi-builder-workspace/.derivedData/Build/Intermediates.noindex/Kipple.build/Debug-xros/KippleDevice-t.build/Objects-normal/arm64/KippleDevice-dependencies-1.json -Xllvm -aarch64-use-tbi -enable-objc-interop -stack-check -sdk /Applications/Xcode-27.0.0-Release.Candidate.app/Contents/Developer/Platforms/XROS.platform/Developer/SDKs/XROS27.0.sdk -I /Users/admin/builder/spi-builder-workspace/.derivedData/Build/Products/Debug-xros -Isystem /Applications/Xcode-27.0.0-Release.Candidate.app/Contents/Developer/Platforms/XROS.platform/Developer/usr/lib -F /Users/admin/builder/spi-builder-workspace/.derivedData/Build/Products/Debug-xros/PackageFrameworks -F /Users/admin/builder/spi-builder-workspace/.derivedData/Build/Products/Debug-xros -F /Applications/Xcode-27.0.0-Release.Candidate.app/Contents/Developer/Platforms/XROS.platform/Developer/Library/Frameworks -F /Applications/Xcode-27.0.0-Release.Candidate.app/Contents/Developer/Platforms/XROS.platform/Developer/SDKs/XROS27.0.sdk/Developer/Library/Frameworks -module-cache-path /Users/admin/builder/spi-builder-workspace/.derivedData/Build/Intermediates.noindex/SwiftExplicitPrecompiledModules -no-color-diagnostics -Xcc -fno-color-diagnostics -enable-testing -g -debug-info-format\=dwarf -dwarf-version\=4 -profile-generate -profile-coverage-mapping -swift-version 5 -Onone -D SWIFT_PACKAGE -D DEBUG -D SWIFT_MODULE_RESOURCE_BUNDLE_UNAVAILABLE -D Xcode -serialize-debugging-options -enable-experimental-feature StrictConcurrency -enable-experimental-feature DebugDescriptionMacro -empty-abi-descriptor -validate-clang-modules-once -clang-build-session-file /Users/admin/builder/spi-builder-workspace/.derivedData/ModuleCache.noindex/Session.modulevalidation -Xcc -working-directory -Xcc /Users/admin/builder/spi-builder-workspace/.swiftpm/xcode -enable-anonymous-context-mangled-names -file-compilation-dir /Users/admin/builder/spi-builder-workspace/.swiftpm/xcode -Xcc -D_LIBCPP_HARDENING_MODE\=_LIBCPP_HARDENING_MODE_DEBUG -Xcc -ivfsstatcache -Xcc /Users/admin/builder/spi-builder-workspace/.derivedData/SDKStatCaches.noindex/xros27.0-24M361-e829b21a6f8c9b70876ba0858053c044735bd543db762f57723cac368afd1ce4.sdkstatcache -Xcc -fmodules-prune-interval\=86400 -Xcc -fmodules-prune-after\=345600 -Xcc -I/Users/admin/builder/spi-builder-workspace/.derivedData/Build/Products/Debug-xros/include -Xcc -I/Users/admin/builder/spi-builder-workspace/.derivedData/Build/Intermediates.noindex/Kipple.build/Debug-xros/KippleDevice-t.build/DerivedSources-normal/arm64 -Xcc -I/Users/admin/builder/spi-builder-workspace/.derivedData/Build/Intermediates.noindex/Kipple.build/Debug-xros/KippleDevice-t.build/DerivedSources/arm64 -Xcc -I/Users/admin/builder/spi-builder-workspace/.derivedData/Build/Intermediates.noindex/Kipple.build/Debug-xros/KippleDevice-t.build/DerivedSources -Xcc -DSWIFT_PACKAGE -Xcc -DDEBUG\=1 -no-auto-bridging-header-chaining -module-name KippleDevice -const-gather-protocols-file /Users/admin/builder/spi-builder-workspace/.derivedData/Build/Intermediates.noindex/Kipple.build/Debug-xros/KippleDevice-t.build/Objects-normal/arm64/KippleDevice_const_extract_protocols.json -disable-clang-spi -clang-target arm64-apple-xros27.0 -target-sdk-version 27.0 -target-sdk-name xros27.0 -in-process-plugin-server-path /Applications/Xcode-27.0.0-Release.Candidate.app/Contents/Developer/Toolchains/XcodeDefault.xctoolchain/usr/lib/swift/host/libSwiftInProcPluginServer.dylib -parse-as-library -o /Users/admin/builder/spi-builder-workspace/.derivedData/Build/Intermediates.noindex/Kipple.build/Debug-xros/KippleDevice-t.build/Objects-normal/arm64/DeviceInfo.o -debug-module-path /Users/admin/builder/spi-builder-workspace/.derivedData/Build/Intermediates.noindex/Kipple.build/Debug-xros/KippleDevice-t.build/Objects-normal/arm64/KippleDevice.swiftmodule -index-unit-output-path /Kipple.build/Debug-xros/KippleDevice-t.build/Objects-normal/arm64/DeviceInfo.o -index-store-path /Users/admin/builder/spi-builder-workspace/.derivedData/Index.noindex/DataStore -index-system-modules
SwiftCompile normal arm64 /Users/admin/builder/spi-builder-workspace/Sources/KippleDevice/DeviceInfo.swift (in target 'KippleDevice' from project 'Kipple')
cd /Users/admin/builder/spi-builder-workspace/.swiftpm/xcode
builtin-SwiftPerFileCompile DeviceInfo.swift
SwiftCompile normal arm64 Compiling\ DeviceFamily.swift /Users/admin/builder/spi-builder-workspace/Sources/KippleDevice/DeviceFamily.swift (in target 'KippleDevice' from project 'Kipple')
SwiftCompile normal arm64 /Users/admin/builder/spi-builder-workspace/Sources/KippleDevice/DeviceFamily.swift (in target 'KippleDevice' from project 'Kipple')
cd /Users/admin/builder/spi-builder-workspace/.swiftpm/xcode
builtin-SwiftPerFileCompile DeviceFamily.swift
PruneExplicitPrecompiledModules /Users/admin/builder/spi-builder-workspace/.derivedData/SDKExplicitPrecompiledModules
PruneExplicitPrecompiledModules /Users/admin/builder/spi-builder-workspace/.derivedData/Build/Intermediates.noindex/ExplicitPrecompiledModules
PruneExplicitPrecompiledModules /Users/admin/builder/spi-builder-workspace/.derivedData/Build/Intermediates.noindex/SwiftExplicitPrecompiledModules
2026-09-20 14:08:12.830 xcodebuild[1448:8083] [MT] IDERunDestination: Supported platforms for the buildables in the current scheme is empty.
** BUILD FAILED **
The following build commands failed:
SwiftCompile normal arm64 Compiling\ DeviceInfo.swift /Users/admin/builder/spi-builder-workspace/Sources/KippleDevice/DeviceInfo.swift (in target 'KippleDevice' from project 'Kipple')
SwiftCompile normal arm64 /Users/admin/builder/spi-builder-workspace/Sources/KippleDevice/DeviceInfo.swift (in target 'KippleDevice' from project 'Kipple')
Building workspace Kipple with scheme Kipple-Package
(3 failures)
BUILD FAILURE 6.4 visionOS