Build Information
Failed to build TUICore_SwiftPM, reference 9.0.7655 (df63d3), with Swift 6.2 for Wasm on 10 Oct 2026 20:15:12 UTC.
Build Command
bash -c docker run --pull=always --rm -v "checkouts-54344845-0":/host -w "$PWD" -e JAVA_HOME="/root/.sdkman/candidates/java/current" -e SPI_BUILD="1" -e SPI_PROCESSING="1" registry.gitlab.com/saguaro1/spi-images:wasm-6.2-latest swift build --swift-sdk swift-6.2-RELEASE_wasm 2>&1Build Log
========================================
RunAll
========================================
Builder version: 5.1.1
Interrupt handler set up.
========================================
Checkout
========================================
Clone URL: https://github.com/Tencent-RTC/TUICore_SwiftPM.git
Reference: 9.0.7655
Initialized empty Git repository in /host/spi-builder-workspace/.git/
hint: Using 'master' as the name for the initial branch. This default branch name
hint: is subject to change. To configure the initial branch name to use in all
hint: of your new repositories, which will suppress this warning, call:
hint:
hint: git config --global init.defaultBranch <name>
hint:
hint: Names commonly chosen instead of 'master' are 'main', 'trunk' and
hint: 'development'. The just-created branch can be renamed via this command:
hint:
hint: git branch -m <name>
From https://github.com/Tencent-RTC/TUICore_SwiftPM
* tag 9.0.7655 -> FETCH_HEAD
HEAD is now at df63d33 release 9.0.7655
Cloned https://github.com/Tencent-RTC/TUICore_SwiftPM.git
Revision (git rev-parse @):
df63d33c306af65407538f205d250caecbb427b7
SUCCESS checkout https://github.com/Tencent-RTC/TUICore_SwiftPM.git at 9.0.7655
========================================
Build
========================================
Selected platform: wasm
Swift version: 6.2
Building package at path: $PWD
https://github.com/Tencent-RTC/TUICore_SwiftPM.git
Running build ...
bash -c docker run --pull=always --rm -v "checkouts-54344845-0":/host -w "$PWD" -e JAVA_HOME="/root/.sdkman/candidates/java/current" -e SPI_BUILD="1" -e SPI_PROCESSING="1" registry.gitlab.com/saguaro1/spi-images:wasm-6.2-latest swift build --swift-sdk swift-6.2-RELEASE_wasm 2>&1
wasm-6.2-latest: Pulling from saguaro1/spi-images
Digest: sha256:c092ff8dc506a2a30e6239b6992792fd4f7dfaaa46cac3b3c48d8fe35e954282
Status: Image is up to date for registry.gitlab.com/saguaro1/spi-images:wasm-6.2-latest
Fetching https://github.com/Tencent-RTC/Chat_SDK_SwiftPM.git
Fetching https://github.com/SDWebImage/SDWebImage.git
[1/34] Fetching chat_sdk_swiftpm
[29/26081] Fetching chat_sdk_swiftpm, sdwebimage
Fetched https://github.com/Tencent-RTC/Chat_SDK_SwiftPM.git from cache (1.47s)
Fetched https://github.com/SDWebImage/SDWebImage.git from cache (1.48s)
Computing version for https://github.com/Tencent-RTC/Chat_SDK_SwiftPM.git
Computed https://github.com/Tencent-RTC/Chat_SDK_SwiftPM.git at 9.0.7652 (1.63s)
Computing version for https://github.com/SDWebImage/SDWebImage.git
Computed https://github.com/SDWebImage/SDWebImage.git at 5.21.7 (0.87s)
Creating working copy for https://github.com/Tencent-RTC/Chat_SDK_SwiftPM.git
Working copy of https://github.com/Tencent-RTC/Chat_SDK_SwiftPM.git resolved at 9.0.7652
Creating working copy for https://github.com/SDWebImage/SDWebImage.git
Working copy of https://github.com/SDWebImage/SDWebImage.git resolved at 5.21.7
Downloading binary artifact https://im.sdk.cloud.tencent.cn/download/plus/9.0.7652/ImSDK_Plus_9.0.7652.xcframework.zip
[49152/12026619] Downloading https://im.sdk.cloud.tencent.cn/download/plus/9.0.7652/ImSDK_Plus_9.0.7652.xcframework.zip
Downloaded https://im.sdk.cloud.tencent.cn/download/plus/9.0.7652/ImSDK_Plus_9.0.7652.xcframework.zip (1.54s)
Building for debugging...
In file included from /host/spi-builder-workspace/Sources/TUICore/UIView+TUIUtil.m:9:
/host/spi-builder-workspace/Sources/TUICore/include/UIView+TUIUtil.h:9:9: fatal error: 'UIKit/UIKit.h' file not found
9 | #import <UIKit/UIKit.h>
| ^~~~~~~~~~~~~~~
1 error generated.
[0/18] Compiling TUICore UIView+TUIUtil.m
In file included from /host/spi-builder-workspace/Sources/TUICore/OfflinePushExtInfo.m:8:
/host/spi-builder-workspace/Sources/TUICore/include/OfflinePushExtInfo.h:8:9: fatal error: 'Foundation/Foundation.h' file not found
8 | #import <Foundation/Foundation.h>
| ^~~~~~~~~~~~~~~~~~~~~~~~~
1 error generated.
[0/18] Compiling TUICore OfflinePushExtInfo.m
In file included from /host/spi-builder-workspace/Sources/TUICore/OfflinePushExtConfigInfo.m:8:
/host/spi-builder-workspace/Sources/TUICore/include/OfflinePushExtConfigInfo.h:8:9: fatal error: 'Foundation/Foundation.h' file not found
8 | #import <Foundation/Foundation.h>
| ^~~~~~~~~~~~~~~~~~~~~~~~~
1 error generated.
[0/18] Compiling TUICore OfflinePushExtConfigInfo.m
In file included from /host/spi-builder-workspace/Sources/TUICore/TUIConfig.m:9:
/host/spi-builder-workspace/Sources/TUICore/include/TUIConfig.h:17:9: fatal error: 'Foundation/Foundation.h' file not found
17 | #import <Foundation/Foundation.h>
| ^~~~~~~~~~~~~~~~~~~~~~~~~
[0/18] Compiling TUICore TUIConfig.m
/host/spi-builder-workspace/Sources/TUICore/UIView+TUILayout.m:4:9: fatal error: 'objc/runtime.h' file not found
4 | #import <objc/runtime.h>
| ^~~~~~~~~~~~~~~~
[0/18] Compiling TUICore UIView+TUILayout.m
/host/spi-builder-workspace/Sources/TUICore/UIView+TUIToast.m:29:9: fatal error: 'QuartzCore/QuartzCore.h' file not found
29 | #import <QuartzCore/QuartzCore.h>
| ^~~~~~~~~~~~~~~~~~~~~~~~~
[0/18] Compiling TUICore UIView+TUIToast.m
In file included from /host/spi-builder-workspace/Sources/TUICore/OfflinePushExtBusinessInfo.m:8:
/host/spi-builder-workspace/Sources/TUICore/include/OfflinePushExtBusinessInfo.h:8:9: fatal error: 'Foundation/Foundation.h' file not found
8 | #import <Foundation/Foundation.h>
| ^~~~~~~~~~~~~~~~~~~~~~~~~
1 error generated.
[0/18] Compiling TUICore OfflinePushExtBusinessInfo.m
In file included from /host/spi-builder-workspace/Sources/TUICore/TUICommonModel.m:9:
/host/spi-builder-workspace/Sources/TUICore/include/TUICommonModel.h:9:9: fatal error: 'UIKit/UIKit.h' file not found
9 | #import <UIKit/UIKit.h>
| ^~~~~~~~~~~~~~~
[0/18] Compiling TUICore TUICommonModel.m
BUILD FAILURE 6.2 wasm