The Swift Package Index logo.Swift Package Index

Build Information

Failed to build Menkyo, reference master (1be8d1), with Swift 6.4 for Linux on 16 Sep 2026 15:29:23 UTC.

Build Command

bash -c docker run --pull=always --rm -v "checkouts-54344847-1":/host -w "$PWD" -e JAVA_HOME="/root/.sdkman/candidates/java/current" -e SPI_BUILD="1" -e SPI_PROCESSING="1" registry.gitlab.com/saguaro1/spi-images:basic-6.4-latest swift build --triple x86_64-unknown-linux-gnu 2>&1

Build Log

========================================
RunAll
========================================
Builder version: 5.1.0
Interrupt handler set up.
========================================
Checkout
========================================
Clone URL: https://github.com/yasumoto/menkyo.git
Reference: master
Initialized empty Git repository in /host/spi-builder-workspace/.git/
hint: Using 'master' as the name for the initial branch. This default branch name
hint: is subject to change. To configure the initial branch name to use in all
hint: of your new repositories, which will suppress this warning, call:
hint:
hint: 	git config --global init.defaultBranch <name>
hint:
hint: Names commonly chosen instead of 'master' are 'main', 'trunk' and
hint: 'development'. The just-created branch can be renamed via this command:
hint:
hint: 	git branch -m <name>
From https://github.com/yasumoto/menkyo
 * branch            master     -> FETCH_HEAD
 * [new branch]      master     -> origin/master
HEAD is now at 1be8d16 Documentation cleanup
Cloned https://github.com/yasumoto/menkyo.git
Revision (git rev-parse @):
1be8d166392885e36e82bc5a6a338a79f3fc71b3
SUCCESS checkout https://github.com/yasumoto/menkyo.git at master
========================================
Build
========================================
Selected platform:         linux
Swift version:             6.4
Building package at path:  $PWD
https://github.com/yasumoto/menkyo.git
Running build ...
bash -c docker run --pull=always --rm -v "checkouts-54344847-1":/host -w "$PWD" -e JAVA_HOME="/root/.sdkman/candidates/java/current" -e SPI_BUILD="1" -e SPI_PROCESSING="1" registry.gitlab.com/saguaro1/spi-images:basic-6.4-latest swift build --triple x86_64-unknown-linux-gnu 2>&1
basic-6.4-latest: Pulling from saguaro1/spi-images
Digest: sha256:c77fcce225e223ac0fafed844619173fc6de8d62dd560eeb28db3182af6a282b
Status: Image is up to date for registry.gitlab.com/saguaro1/spi-images:basic-6.4-latest
Fetching https://github.com/vapor/ctls.git
[1/71] Fetching ctls
Fetched https://github.com/vapor/ctls.git (0.50s)
Computing version for https://github.com/vapor/ctls.git
Computed https://github.com/vapor/ctls.git at 1.1.3 (0.69s)
Creating working copy for https://github.com/vapor/ctls.git
Working copy of https://github.com/vapor/ctls.git resolved at 1.1.3
warning: 'ctls': ignoring declared target(s) 'CTLS' in the system package
warning: 'ctls': ignoring declared target(s) 'CTLS' in the system package
warning: 'ctls': you may be able to install ctls using your system-packager:
    apt-get install libssl-dev
Building for debugging...
[Pre-planning 1 / 68]
[19 / 27] Menkyo
error: SwiftCompile normal x86_64 failed with a nonzero exit code. Command line:     cd /host

[22 / 30] Menkyo
/host/spi-builder-workspace/Sources/Menkyo/Menkyo.swift:76:47: error: cannot find type 'X509_NAME' in scope
 74 |  - debug: Print out details
 75 |  */
 76 | func parseX509Name(name: UnsafeMutablePointer<X509_NAME>, debug: Bool = false) -> [SubjectAttributes:String] {
    |                                               `- error: cannot find type 'X509_NAME' in scope
 77 |     var attributes = [SubjectAttributes: String]()
 78 |     if let buf = X509_NAME_oneline(name, nil, 0) {
/host/spi-builder-workspace/Sources/Menkyo/Menkyo.swift:111:50: error: cannot find type 'X509' in scope
109 |  *
110 |  */
111 | func parseExpiryDates(cert: UnsafeMutablePointer<X509>) -> (Date?, Date?) {
    |                                                  `- error: cannot find type 'X509' in scope
112 |     func readDate(asnTime: UnsafePointer<ASN1_TIME>) -> Date? {
113 |         var stringPointer: UnsafeMutableRawPointer? = nil
/host/spi-builder-workspace/Sources/Menkyo/Menkyo.swift:158:53: error: cannot find type 'X509' in scope
156 |  * - nameType: Something like `GEN_DNS`
157 |  */
158 | func parseExtensionNames(cert: UnsafeMutablePointer<X509>, nid: Int32, nameType: Int32) -> [String] {
    |                                                     `- error: cannot find type 'X509' in scope
159 |     var extensionNames = [String]()
160 |     if let rawNames = X509_get_ext_d2i(cert, nid, nil, nil) {
/host/spi-builder-workspace/Sources/Menkyo/Menkyo.swift:184:53: error: cannot find type 'X509' in scope
182 | }
183 |
184 | func retrieveSubjectName(cert: UnsafeMutablePointer<X509>) -> [SubjectAttributes:String]? {
    |                                                     `- error: cannot find type 'X509' in scope
185 |     if let subjectName = X509_get_subject_name(cert) {
186 |         return parseX509Name(name: subjectName)
/host/spi-builder-workspace/Sources/Menkyo/Menkyo.swift:194:52: error: cannot find type 'X509' in scope
192 |  *  Find the issuing CA of an X509 certificate
193 |  */
194 | func retrieveIssuerName(cert: UnsafeMutablePointer<X509>) -> [SubjectAttributes:String]? {
    |                                                    `- error: cannot find type 'X509' in scope
195 |     if let issuerName = X509_get_issuer_name(cert) {
196 |         return parseX509Name(name: issuerName)
/host/spi-builder-workspace/Sources/Menkyo/Menkyo.swift:206:63: error: cannot find type 'X509' in scope
204 |  *  https://tools.ietf.org/html/rfc3280.html#section-4.2.1.8
205 |  */
206 | func retrieveIssuerAlternativeName(cert: UnsafeMutablePointer<X509>) -> [String] {
    |                                                               `- error: cannot find type 'X509' in scope
207 |     return parseExtensionNames(cert: cert, nid: NID_issuer_alt_name, nameType: GEN_URI)
208 | }
/host/spi-builder-workspace/Sources/Menkyo/Menkyo.swift:213:57: error: cannot find type 'X509' in scope
211 |  *  Retrieve other names this certificate is valid for
212 |  */
213 | func retrieveSubjectAltNames(cert: UnsafeMutablePointer<X509>) -> [String] {
    |                                                         `- error: cannot find type 'X509' in scope
214 |     return parseExtensionNames(cert: cert, nid: NID_subject_alt_name, nameType: GEN_DNS)
215 | }
/host/spi-builder-workspace/Sources/Menkyo/Menkyo.swift:220:57: error: cannot find type 'X509' in scope
218 |  * Note that callers are responsible for freeing the x509 pointer
219 |  */
220 | func readCert(pathName: String) -> UnsafeMutablePointer<X509>? {
    |                                                         `- error: cannot find type 'X509' in scope
221 |     do {
222 |         let fileHandle = try FileHandle(forReadingFrom: URL(fileURLWithPath: pathName))
Failed frontend command:
/usr/bin/swift-frontend -frontend -emit-module -experimental-skip-non-inlinable-function-bodies-without-types /host/spi-builder-workspace/Sources/Menkyo/Certificate.swift /host/spi-builder-workspace/Sources/Menkyo/Menkyo.swift -target x86_64-unknown-linux-gnu -disable-objc-interop -I /host/spi-builder-workspace/.build/out/Products/Debug-linux-x86_64 -module-cache-path /host/spi-builder-workspace/.build/out/ModuleCache.noindex -color-diagnostics -Xcc -fcolor-diagnostics -enable-testing -g -debug-info-format\=dwarf -dwarf-version\=4 -swift-version 4 -Onone -D SWIFT_PACKAGE -D DEBUG -D SWIFT_MODULE_RESOURCE_BUNDLE_UNAVAILABLE -D Xcode -serialize-debugging-options -enable-experimental-feature DebugDescriptionMacro -empty-abi-descriptor -external-plugin-path /usr/lib/swift/host/plugins/testing\#/usr/bin/swift-plugin-server -validate-clang-modules-once -clang-build-session-file /host/spi-builder-workspace/.build/out/ModuleCache.noindex/Session.modulevalidation -Xcc -working-directory -Xcc /host -enable-anonymous-context-mangled-names -file-compilation-dir /host -Xcc -fmodule-map-file\=/host/spi-builder-workspace/.build/checkouts/ctls/module.modulemap -Xcc -fno-omit-frame-pointer -Xcc -D_LIBCPP_HARDENING_MODE\=_LIBCPP_HARDENING_MODE_DEBUG -Xcc -fmodules-prune-interval\=86400 -Xcc -fmodules-prune-after\=345600 -Xcc -I/host/spi-builder-workspace/.build/out/Products/Debug-linux-x86_64/include -Xcc -I/host/spi-builder-workspace/.build/out/Intermediates.noindex/Menkyo.build/Debug-linux-x86_64/Menkyo-t.build/DerivedSources-normal/x86_64 -Xcc -I/host/spi-builder-workspace/.build/out/Intermediates.noindex/Menkyo.build/Debug-linux-x86_64/Menkyo-t.build/DerivedSources/x86_64 -Xcc -I/host/spi-builder-workspace/.build/out/Intermediates.noindex/Menkyo.build/Debug-linux-x86_64/Menkyo-t.build/DerivedSources -Xcc -DSWIFT_PACKAGE -Xcc -DDEBUG\=1 -no-auto-bridging-header-chaining -module-name Menkyo -const-gather-protocols-file /host/spi-builder-workspace/.build/out/Intermediates.noindex/Menkyo.build/Debug-linux-x86_64/Menkyo-t.build/Objects-normal/x86_64/Menkyo_const_extract_protocols.json -in-process-plugin-server-path /usr/lib/swift/host/libSwiftInProcPluginServer.so -plugin-path /usr/lib/swift/host/plugins -plugin-path /usr/local/lib/swift/host/plugins -emit-module-doc-path /host/spi-builder-workspace/.build/out/Intermediates.noindex/Menkyo.build/Debug-linux-x86_64/Menkyo-t.build/Objects-normal/x86_64/Modules/Menkyo.swiftdoc -emit-module-source-info-path /host/spi-builder-workspace/.build/out/Intermediates.noindex/Menkyo.build/Debug-linux-x86_64/Menkyo-t.build/Objects-normal/x86_64/Modules/Menkyo.swiftsourceinfo -emit-objc-header-path /host/spi-builder-workspace/.build/out/Intermediates.noindex/Menkyo.build/Debug-linux-x86_64/Menkyo-t.build/Objects-normal/x86_64/Menkyo-Swift.h -serialize-diagnostics-path /host/spi-builder-workspace/.build/out/Intermediates.noindex/Menkyo.build/Debug-linux-x86_64/Menkyo-t.build/Objects-normal/x86_64/Menkyo-primary-emit-module.dia -emit-dependencies-path /host/spi-builder-workspace/.build/out/Intermediates.noindex/Menkyo.build/Debug-linux-x86_64/Menkyo-t.build/Objects-normal/x86_64/Menkyo-primary-emit-module.d -parse-as-library -o /host/spi-builder-workspace/.build/out/Intermediates.noindex/Menkyo.build/Debug-linux-x86_64/Menkyo-t.build/Objects-normal/x86_64/Modules/Menkyo.swiftmodule
error: Build failed
BUILD FAILURE 6.4 linux