Build Information
Failed to build SwiftfulRouting, reference 6.2.2 (6c2ec4), with Swift 6.1 for Wasm on 11 Aug 2026 07:52:30 UTC.
Build Command
bash -c docker run --pull=always --rm -v "checkouts-54344847-2":/host -w "$PWD" -e JAVA_HOME="/root/.sdkman/candidates/java/current" -e SPI_BUILD="1" -e SPI_PROCESSING="1" registry.gitlab.com/saguaro1/spi-images:wasm-6.1-latest swift build --swift-sdk wasm32-unknown-wasi 2>&1Build Log
========================================
RunAll
========================================
Builder version: 729ceb5fcd9493dc13ee340bc4f0908bd201f85d
Interrupt handler set up.
========================================
Checkout
========================================
Clone URL: https://github.com/SwiftfulThinking/SwiftfulRouting.git
Reference: 6.2.2
Initialized empty Git repository in /host/spi-builder-workspace/.git/
hint: Using 'master' as the name for the initial branch. This default branch name
hint: is subject to change. To configure the initial branch name to use in all
hint: of your new repositories, which will suppress this warning, call:
hint:
hint: git config --global init.defaultBranch <name>
hint:
hint: Names commonly chosen instead of 'master' are 'main', 'trunk' and
hint: 'development'. The just-created branch can be renamed via this command:
hint:
hint: git branch -m <name>
From https://github.com/SwiftfulThinking/SwiftfulRouting
* tag 6.2.2 -> FETCH_HEAD
HEAD is now at 6c2ec4b Merge pull request #119 from aryanarayantiwari/fix/push-animation-ignores-animates-false
Cloned https://github.com/SwiftfulThinking/SwiftfulRouting.git
Revision (git rev-parse @):
6c2ec4ba512c6ee6f567ce4cb135f207dc7e283c
SUCCESS checkout https://github.com/SwiftfulThinking/SwiftfulRouting.git at 6.2.2
========================================
Build
========================================
Selected platform: wasm
Swift version: 6.1
Building package at path: $PWD
https://github.com/SwiftfulThinking/SwiftfulRouting.git
https://github.com/SwiftfulThinking/SwiftfulRouting.git
WARNING: environment variable SUPPRESS_SWIFT_6_FLAGS is not set
Running build ...
bash -c docker run --pull=always --rm -v "checkouts-54344847-2":/host -w "$PWD" -e JAVA_HOME="/root/.sdkman/candidates/java/current" -e SPI_BUILD="1" -e SPI_PROCESSING="1" registry.gitlab.com/saguaro1/spi-images:wasm-6.1-latest swift build --swift-sdk wasm32-unknown-wasi -Xswiftc -Xfrontend -Xswiftc -stats-output-dir -Xswiftc -Xfrontend -Xswiftc .stats -Xswiftc -strict-concurrency=complete -Xswiftc -enable-upcoming-feature -Xswiftc StrictConcurrency -Xswiftc -enable-upcoming-feature -Xswiftc DisableOutwardActorInference -Xswiftc -enable-upcoming-feature -Xswiftc GlobalActorIsolatedTypesUsability -Xswiftc -enable-upcoming-feature -Xswiftc InferSendableFromCaptures 2>&1
wasm-6.1-latest: Pulling from saguaro1/spi-images
Digest: sha256:290f441d1f5b7bf0dbbe61e8b7514208804cdcb507d57b3c762463ad036298f7
Status: Image is up to date for registry.gitlab.com/saguaro1/spi-images:wasm-6.1-latest
Fetching https://github.com/SwiftfulThinking/SwiftfulRecursiveUI.git
[2/40] Fetching swiftfulrecursiveui
Fetched https://github.com/SwiftfulThinking/SwiftfulRecursiveUI.git from cache (0.43s)
Computing version for https://github.com/SwiftfulThinking/SwiftfulRecursiveUI.git
Computed https://github.com/SwiftfulThinking/SwiftfulRecursiveUI.git at 1.0.2 (0.84s)
Creating working copy for https://github.com/SwiftfulThinking/SwiftfulRecursiveUI.git
Working copy of https://github.com/SwiftfulThinking/SwiftfulRecursiveUI.git resolved at 1.0.2
Building for debugging...
[0/3] Write sources
[2/3] Write swift-version-24593BA9C3E375BF.txt
error: emit-module command failed with exit code 1 (use -v to see invocation)
[4/5] Emitting module SwiftfulRecursiveUI
/host/spi-builder-workspace/.build/checkouts/SwiftfulRecursiveUI/Sources/SwiftfulRecursiveUI/SwiftfulRecursiveUI.swift:2:8: error: no such module 'SwiftUI'
1 | import Foundation
2 | import SwiftUI
| `- error: no such module 'SwiftUI'
3 |
4 | public typealias LazyZStack = AnyRecursiveView
[5/5] Compiling SwiftfulRecursiveUI SwiftfulRecursiveUI.swift
/host/spi-builder-workspace/.build/checkouts/SwiftfulRecursiveUI/Sources/SwiftfulRecursiveUI/SwiftfulRecursiveUI.swift:2:8: error: no such module 'SwiftUI'
1 | import Foundation
2 | import SwiftUI
| `- error: no such module 'SwiftUI'
3 |
4 | public typealias LazyZStack = AnyRecursiveView
Running build ...
bash -c docker run --pull=always --rm -v "checkouts-54344847-2":/host -w "$PWD" -e JAVA_HOME="/root/.sdkman/candidates/java/current" -e SPI_BUILD="1" -e SPI_PROCESSING="1" registry.gitlab.com/saguaro1/spi-images:wasm-6.1-latest swift build --swift-sdk wasm32-unknown-wasi 2>&1
wasm-6.1-latest: Pulling from saguaro1/spi-images
Digest: sha256:290f441d1f5b7bf0dbbe61e8b7514208804cdcb507d57b3c762463ad036298f7
Status: Image is up to date for registry.gitlab.com/saguaro1/spi-images:wasm-6.1-latest
[0/1] Planning build
Building for debugging...
[0/1] Write swift-version-24593BA9C3E375BF.txt
error: emit-module command failed with exit code 1 (use -v to see invocation)
[2/3] Emitting module SwiftfulRecursiveUI
/host/spi-builder-workspace/.build/checkouts/SwiftfulRecursiveUI/Sources/SwiftfulRecursiveUI/SwiftfulRecursiveUI.swift:2:8: error: no such module 'SwiftUI'
1 | import Foundation
2 | import SwiftUI
| `- error: no such module 'SwiftUI'
3 |
4 | public typealias LazyZStack = AnyRecursiveView
[3/3] Compiling SwiftfulRecursiveUI SwiftfulRecursiveUI.swift
/host/spi-builder-workspace/.build/checkouts/SwiftfulRecursiveUI/Sources/SwiftfulRecursiveUI/SwiftfulRecursiveUI.swift:2:8: error: no such module 'SwiftUI'
1 | import Foundation
2 | import SwiftUI
| `- error: no such module 'SwiftUI'
3 |
4 | public typealias LazyZStack = AnyRecursiveView
BUILD FAILURE 6.1 wasm