The Swift Package Index logo.Swift Package Index

Build Information

Failed to build SwiftGit2, reference develop (9d3f41), with Swift 6.4 for Wasm on 4 Oct 2026 07:12:16 UTC.

Build Command

bash -c docker run --pull=always --rm -v "checkouts-54344844-3":/host -w "$PWD" -e JAVA_HOME="/root/.sdkman/candidates/java/current" -e SPI_BUILD="1" -e SPI_PROCESSING="1" registry.gitlab.com/saguaro1/spi-images:wasm-6.4-latest swift build --swift-sdk swift-6.4.x-DEVELOPMENT-SNAPSHOT-2026-09-04-a_wasm 2>&1

Build Log

========================================
RunAll
========================================
Builder version: 5.1.1
Interrupt handler set up.
========================================
Checkout
========================================
Clone URL: https://github.com/mbernson/SwiftGit2.git
Reference: develop
Initialized empty Git repository in /host/spi-builder-workspace/.git/
hint: Using 'master' as the name for the initial branch. This default branch name
hint: is subject to change. To configure the initial branch name to use in all
hint: of your new repositories, which will suppress this warning, call:
hint:
hint: 	git config --global init.defaultBranch <name>
hint:
hint: Names commonly chosen instead of 'master' are 'main', 'trunk' and
hint: 'development'. The just-created branch can be renamed via this command:
hint:
hint: 	git branch -m <name>
From https://github.com/mbernson/SwiftGit2
 * branch            develop    -> FETCH_HEAD
 * [new branch]      develop    -> origin/develop
HEAD is now at 9d3f41d Fix deprecation
Submodule path 'libgit2': checked out 'f7164261c9bc0a7e0ebf767c584e5192810a8b24'
Submodule 'libgit2' (https://github.com/libgit2/libgit2.git) registered for path 'libgit2'
Cloning into '/host/spi-builder-workspace/libgit2'...
Cloned https://github.com/mbernson/SwiftGit2.git
Revision (git rev-parse @):
9d3f41dda5f5d2cfcf52cad7323f042bd4b3a611
SUCCESS checkout https://github.com/mbernson/SwiftGit2.git at develop
========================================
Build
========================================
Selected platform:         wasm
Swift version:             6.4
Building package at path:  $PWD
https://github.com/mbernson/SwiftGit2.git
Running build ...
bash -c docker run --pull=always --rm -v "checkouts-54344844-3":/host -w "$PWD" -e JAVA_HOME="/root/.sdkman/candidates/java/current" -e SPI_BUILD="1" -e SPI_PROCESSING="1" registry.gitlab.com/saguaro1/spi-images:wasm-6.4-latest swift build --swift-sdk swift-6.4.x-DEVELOPMENT-SNAPSHOT-2026-09-04-a_wasm 2>&1
wasm-6.4-latest: Pulling from saguaro1/spi-images
Digest: sha256:4328fdb43c680d205c1d6761b1e3267aa38277eefdda9ddfb17b6a0f1a77857a
Status: Image is up to date for registry.gitlab.com/saguaro1/spi-images:wasm-6.4-latest
Fetching https://github.com/ZipArchive/ZipArchive.git
[1/5550] Fetching ziparchive
Fetched https://github.com/ZipArchive/ZipArchive.git (0.77s)
Computing version for https://github.com/ZipArchive/ZipArchive.git
Computed https://github.com/ZipArchive/ZipArchive.git at 2.6.0 (1.00s)
Creating working copy for https://github.com/ZipArchive/ZipArchive.git
Working copy of https://github.com/ZipArchive/ZipArchive.git resolved at 2.6.0
Building for debugging...
[Pre-planning 1 / 125]
[Planning deferred tasks]
[30 / 244] Clibgit2
[37 / 244] Clibgit2
/host/spi-builder-workspace/libgit2/src/util/vector.c:69:34: warning: incompatible pointer types passing 'size_t *' (aka 'unsigned long *') to parameter of type 'unsigned int *' [-Wincompatible-pointer-types]
   69 |                 GIT_ERROR_CHECK_ALLOC_MULTIPLY(&bytes, src->length, sizeof(void *));
      |                                                ^~~~~~
In file included from /host/spi-builder-workspace/libgit2/src/util/vector.c:8:
In file included from /host/spi-builder-workspace/libgit2/src/util/vector.h:10:
/host/spi-builder-workspace/libgit2/src/util/git2_util.h:169:34: note: expanded from macro 'GIT_ERROR_CHECK_ALLOC_MULTIPLY'
  169 |         if (GIT_MULTIPLY_SIZET_OVERFLOW(out, nelem, elsize)) { return -1; }
      |                                         ^~~
/host/spi-builder-workspace/libgit2/src/util/git2_util.h:146:32: note: expanded from macro 'GIT_MULTIPLY_SIZET_OVERFLOW'
  146 |         (git__multiply_sizet_overflow(out, nelem, elsize) ? (git_error_set_oom(), 1) : 0)
      |                                       ^~~
In file included from /host/spi-builder-workspace/libgit2/src/util/vector.c:8:
In file included from /host/spi-builder-workspace/libgit2/src/util/vector.h:10:
In file included from /host/spi-builder-workspace/libgit2/src/util/git2_util.h:108:
/host/spi-builder-workspace/libgit2/src/util/integer.h:60:40: note: expanded from macro 'git__multiply_sizet_overflow'
   60 |      __builtin_umul_overflow(one, two, out)
      |                                        ^~~
/host/spi-builder-workspace/libgit2/src/util/vector.c:349:28: warning: incompatible pointer types passing 'size_t *' (aka 'unsigned long *') to parameter of type 'unsigned int *' [-Wincompatible-pointer-types]
  349 |         GIT_ERROR_CHECK_ALLOC_ADD(&new_length, v->length, insert_len);
      |                                   ^~~~~~~~~~~
In file included from /host/spi-builder-workspace/libgit2/src/util/vector.c:8:
In file included from /host/spi-builder-workspace/libgit2/src/util/vector.h:10:
/host/spi-builder-workspace/libgit2/src/util/git2_util.h:150:29: note: expanded from macro 'GIT_ERROR_CHECK_ALLOC_ADD'
  150 |         if (GIT_ADD_SIZET_OVERFLOW(out, one, two)) { return -1; }
      |                                    ^~~
/host/spi-builder-workspace/libgit2/src/util/git2_util.h:142:27: note: expanded from macro 'GIT_ADD_SIZET_OVERFLOW'
  142 |         (git__add_sizet_overflow(out, one, two) ? (git_error_set_oom(), 1) : 0)
      |                                  ^~~
In file included from /host/spi-builder-workspace/libgit2/src/util/vector.c:8:
In file included from /host/spi-builder-workspace/libgit2/src/util/vector.h:10:
In file included from /host/spi-builder-workspace/libgit2/src/util/git2_util.h:108:
/host/spi-builder-workspace/libgit2/src/util/integer.h:58:40: note: expanded from macro 'git__add_sizet_overflow'
   58 |      __builtin_uadd_overflow(one, two, out)
      |                                        ^~~
/host/spi-builder-workspace/libgit2/src/util/vector.c:369:30: warning: incompatible pointer types passing 'size_t *' (aka 'unsigned long *') to parameter of type 'unsigned int *' [-Wincompatible-pointer-types]
  369 |         if (git__add_sizet_overflow(&end_idx, idx, remove_len))
      |                                     ^~~~~~~~
In file included from /host/spi-builder-workspace/libgit2/src/util/vector.c:8:
In file included from /host/spi-builder-workspace/libgit2/src/util/vector.h:10:
In file included from /host/spi-builder-workspace/libgit2/src/util/git2_util.h:108:
/host/spi-builder-workspace/libgit2/src/util/integer.h:58:40: note: expanded from macro 'git__add_sizet_overflow'
   58 |      __builtin_uadd_overflow(one, two, out)
      |                                        ^~~
3 warnings generated.
[47 / 244] Clibgit2
In file included from /host/spi-builder-workspace/libgit2/src/libgit2/worktree.c:11:
In file included from /host/spi-builder-workspace/libgit2/src/libgit2/repository.h:19:
/host/spi-builder-workspace/libgit2/src/util/array.h:55:35: warning: incompatible pointer types passing 'size_t *' (aka 'unsigned long *') to parameter of type 'unsigned int *' [-Wincompatible-pointer-types]
   55 |                 if (GIT_MULTIPLY_SIZET_OVERFLOW(&new_size, *asize, 3))
      |                                                 ^~~~~~~~~
In file included from /host/spi-builder-workspace/libgit2/src/libgit2/worktree.c:8:
In file included from /host/spi-builder-workspace/libgit2/src/libgit2/worktree.h:10:
In file included from /host/spi-builder-workspace/libgit2/src/libgit2/common.h:10:
/host/spi-builder-workspace/libgit2/src/util/git2_util.h:146:32: note: expanded from macro 'GIT_MULTIPLY_SIZET_OVERFLOW'
  146 |         (git__multiply_sizet_overflow(out, nelem, elsize) ? (git_error_set_oom(), 1) : 0)
      |                                       ^~~
In file included from /host/spi-builder-workspace/libgit2/src/libgit2/worktree.c:8:
In file included from /host/spi-builder-workspace/libgit2/src/libgit2/worktree.h:10:
In file included from /host/spi-builder-workspace/libgit2/src/libgit2/common.h:10:
In file included from /host/spi-builder-workspace/libgit2/src/util/git2_util.h:108:
/host/spi-builder-workspace/libgit2/src/util/integer.h:60:40: note: expanded from macro 'git__multiply_sizet_overflow'
   60 |      __builtin_umul_overflow(one, two, out)
      |                                        ^~~
In file included from /host/spi-builder-workspace/libgit2/src/libgit2/worktree.c:11:
In file included from /host/spi-builder-workspace/libgit2/src/libgit2/repository.h:21:
In file included from /host/spi-builder-workspace/libgit2/src/libgit2/refs.h:16:
In file included from /host/spi-builder-workspace/libgit2/src/libgit2/oid.h:14:
In file included from /host/spi-builder-workspace/libgit2/src/util/hash.h:13:
In file included from /host/spi-builder-workspace/libgit2/src/util/hash/sha.h:17:
/host/spi-builder-workspace/libgit2/src/util/hash/common_crypto.h:13:10: fatal error: 'CommonCrypto/CommonDigest.h' file not found
   13 | #include <CommonCrypto/CommonDigest.h>
      |          ^~~~~~~~~~~~~~~~~~~~~~~~~~~~~
1 warning and 1 error generated.
error: CompileC /host/spi-builder-workspace/.build/out/Intermediates.noindex/SwiftGit2.build/Debug-webassembly-wasm32/Clibgit2-t.build/Objects-normal/wasm32/worktree.o /host/spi-builder-workspace/libgit2/src/libgit2/worktree.c normal wasm32 c com.apple.compilers.llvm.clang.1_0.compiler failed with a nonzero exit code. Command line:     cd /host

    Using response file: /host/spi-builder-workspace/.build/out/Intermediates.noindex/SwiftGit2.build/Debug-webassembly-wasm32/Clibgit2-t.build/Objects-normal/wasm32/9f65232cb83f8421e3a495a5062eba382369c975104ee97bafc405ab795bfc5e-common-args.resp

    /usr/bin/clang -x c -target wasm32-unknown-wasip1 -fmessage-length\=0 -fdiagnostics-show-note-include-stack -fmacro-backtrace-limit\=0 -fcolor-diagnostics -Wno-trigraphs -Wno-missing-field-initializers -Wno-missing-prototypes -Wno-return-type -Wno-missing-braces -Wparentheses -Wswitch -Wno-unused-function -Wno-unused-label -Wno-unused-parameter -Wno-unused-variable -Wunused-value -Wno-empty-body -Wno-uninitialized -Wno-unknown-pragmas -Wno-shadow -Wno-four-char-constants -Wno-conversion -Wno-constant-conversion -Wno-int-conversion -Wno-bool-conversion -Wno-enum-conversion -Wno-float-conversion -Wno-non-literal-null-conversion -Wno-objc-literal-conversion -Wno-shorten-64-to-32 -Wpointer-sign -Wno-newline-eof -Wno-implicit-fallthrough -fstrict-aliasing -Wdeprecated-declarations -Wno-sign-conversion -Wno-infinite-recursion -Wno-comma -Wno-block-capture-autoreleasing -Wno-strict-prototypes -Wno-semicolon-before-method-body --sysroot /root/.swiftpm/swift-sdks/swift-6.4.x-DEVELOPMENT-SNAPSHOT-2026-09-04-a_wasm.artifactbundle/swift-6.4.x-DEVELOPMENT-SNAPSHOT-2026-09-04-a_wasm/wasm32-unknown-wasip1/WASI.sdk -Wno-single-bit-bitfield-constant-conversion -Wno-conversion -Wno-deprecated-non-prototype @/host/spi-builder-workspace/.build/out/Intermediates.noindex/SwiftGit2.build/Debug-webassembly-wasm32/Clibgit2-t.build/Objects-normal/wasm32/9f65232cb83f8421e3a495a5062eba382369c975104ee97bafc405ab795bfc5e-common-args.resp -MMD -MT dependencies -MF /host/spi-builder-workspace/.build/out/Intermediates.noindex/SwiftGit2.build/Debug-webassembly-wasm32/Clibgit2-t.build/Objects-normal/wasm32/worktree.d --serialize-diagnostics /host/spi-builder-workspace/.build/out/Intermediates.noindex/SwiftGit2.build/Debug-webassembly-wasm32/Clibgit2-t.build/Objects-normal/wasm32/worktree.dia -c /host/spi-builder-workspace/libgit2/src/libgit2/worktree.c -o /host/spi-builder-workspace/.build/out/Intermediates.noindex/SwiftGit2.build/Debug-webassembly-wasm32/Clibgit2-t.build/Objects-normal/wasm32/worktree.o
/host/spi-builder-workspace/libgit2/src/util/util.c:746:2: error: call to undeclared function 'qsort_r'; ISO C99 and later do not support implicit function declarations [-Wimplicit-function-declaration]
  746 |         qsort_r(els, nel, elsize, &glue, git__qsort_r_glue_cmp);
      |         ^
/host/spi-builder-workspace/libgit2/src/util/util.c:746:2: note: did you mean 'qsort'?
In file included from /host/spi-builder-workspace/libgit2/src/util/util.c:8:
In file included from /host/spi-builder-workspace/libgit2/src/util/util.h:10:
In file included from /host/spi-builder-workspace/libgit2/src/util/str.h:10:
In file included from /host/spi-builder-workspace/libgit2/src/util/git2_util.h:14:
In file included from /host/spi-builder-workspace/libgit2/include/git2/common.h:11:
/root/.swiftpm/swift-sdks/swift-6.4.x-DEVELOPMENT-SNAPSHOT-2026-09-04-a_wasm.artifactbundle/swift-6.4.x-DEVELOPMENT-SNAPSHOT-2026-09-04-a_wasm/wasm32-unknown-wasip1/WASI.sdk/include/wasm32-wasip1/stdlib.h:70:6: note: 'qsort' declared here
   70 | void qsort (void *, size_t, size_t, int (*)(const void *, const void *));
      |      ^
1 error generated.
error: CompileC /host/spi-builder-workspace/.build/out/Intermediates.noindex/SwiftGit2.build/Debug-webassembly-wasm32/Clibgit2-t.build/Objects-normal/wasm32/util.o /host/spi-builder-workspace/libgit2/src/util/util.c normal wasm32 c com.apple.compilers.llvm.clang.1_0.compiler failed with a nonzero exit code. Command line:     cd /host

    Using response file: /host/spi-builder-workspace/.build/out/Intermediates.noindex/SwiftGit2.build/Debug-webassembly-wasm32/Clibgit2-t.build/Objects-normal/wasm32/9f65232cb83f8421e3a495a5062eba382369c975104ee97bafc405ab795bfc5e-common-args.resp

    /usr/bin/clang -x c -target wasm32-unknown-wasip1 -fmessage-length\=0 -fdiagnostics-show-note-include-stack -fmacro-backtrace-limit\=0 -fcolor-diagnostics -Wno-trigraphs -Wno-missing-field-initializers -Wno-missing-prototypes -Wno-return-type -Wno-missing-braces -Wparentheses -Wswitch -Wno-unused-function -Wno-unused-label -Wno-unused-parameter -Wno-unused-variable -Wunused-value -Wno-empty-body -Wno-uninitialized -Wno-unknown-pragmas -Wno-shadow -Wno-four-char-constants -Wno-conversion -Wno-constant-conversion -Wno-int-conversion -Wno-bool-conversion -Wno-enum-conversion -Wno-float-conversion -Wno-non-literal-null-conversion -Wno-objc-literal-conversion -Wno-shorten-64-to-32 -Wpointer-sign -Wno-newline-eof -Wno-implicit-fallthrough -fstrict-aliasing -Wdeprecated-declarations -Wno-sign-conversion -Wno-infinite-recursion -Wno-comma -Wno-block-capture-autoreleasing -Wno-strict-prototypes -Wno-semicolon-before-method-body --sysroot /root/.swiftpm/swift-sdks/swift-6.4.x-DEVELOPMENT-SNAPSHOT-2026-09-04-a_wasm.artifactbundle/swift-6.4.x-DEVELOPMENT-SNAPSHOT-2026-09-04-a_wasm/wasm32-unknown-wasip1/WASI.sdk -Wno-single-bit-bitfield-constant-conversion -Wno-conversion -Wno-deprecated-non-prototype @/host/spi-builder-workspace/.build/out/Intermediates.noindex/SwiftGit2.build/Debug-webassembly-wasm32/Clibgit2-t.build/Objects-normal/wasm32/9f65232cb83f8421e3a495a5062eba382369c975104ee97bafc405ab795bfc5e-common-args.resp -MMD -MT dependencies -MF /host/spi-builder-workspace/.build/out/Intermediates.noindex/SwiftGit2.build/Debug-webassembly-wasm32/Clibgit2-t.build/Objects-normal/wasm32/util.d --serialize-diagnostics /host/spi-builder-workspace/.build/out/Intermediates.noindex/SwiftGit2.build/Debug-webassembly-wasm32/Clibgit2-t.build/Objects-normal/wasm32/util.dia -c /host/spi-builder-workspace/libgit2/src/util/util.c -o /host/spi-builder-workspace/.build/out/Intermediates.noindex/SwiftGit2.build/Debug-webassembly-wasm32/Clibgit2-t.build/Objects-normal/wasm32/util.o
error: Build failed
BUILD FAILURE 6.4 wasm