The Swift Package Index logo.Swift Package Index

Build Information

Failed to build Coinpaprika, reference master (824311), with Swift 6.4 for Wasm on 16 Sep 2026 14:32:09 UTC.

Build Command

bash -c docker run --pull=always --rm -v "checkouts-54344845-1":/host -w "$PWD" -e JAVA_HOME="/root/.sdkman/candidates/java/current" -e SPI_BUILD="1" -e SPI_PROCESSING="1" registry.gitlab.com/saguaro1/spi-images:wasm-6.4-latest swift build --swift-sdk swift-6.4.x-DEVELOPMENT-SNAPSHOT-2026-09-04-a_wasm 2>&1

Build Log

========================================
RunAll
========================================
Builder version: 5.1.0
Interrupt handler set up.
========================================
Checkout
========================================
Clone URL: https://github.com/coinpaprika/coinpaprika-api-swift-client.git
Reference: master
Initialized empty Git repository in /host/spi-builder-workspace/.git/
hint: Using 'master' as the name for the initial branch. This default branch name
hint: is subject to change. To configure the initial branch name to use in all
hint: of your new repositories, which will suppress this warning, call:
hint:
hint: 	git config --global init.defaultBranch <name>
hint:
hint: Names commonly chosen instead of 'master' are 'main', 'trunk' and
hint: 'development'. The just-created branch can be renamed via this command:
hint:
hint: 	git branch -m <name>
From https://github.com/coinpaprika/coinpaprika-api-swift-client
 * branch            master     -> FETCH_HEAD
 * [new branch]      master     -> origin/master
HEAD is now at 8243118 Update the stale coin count in the podspec description (#23)
Cloned https://github.com/coinpaprika/coinpaprika-api-swift-client.git
Revision (git rev-parse @):
82431181a136a2df1ffa3f26dfaaa52b1c4ef139
SUCCESS checkout https://github.com/coinpaprika/coinpaprika-api-swift-client.git at master
========================================
Build
========================================
Selected platform:         wasm
Swift version:             6.4
Building package at path:  $PWD
https://github.com/coinpaprika/coinpaprika-api-swift-client.git
Running build ...
bash -c docker run --pull=always --rm -v "checkouts-54344845-1":/host -w "$PWD" -e JAVA_HOME="/root/.sdkman/candidates/java/current" -e SPI_BUILD="1" -e SPI_PROCESSING="1" registry.gitlab.com/saguaro1/spi-images:wasm-6.4-latest swift build --swift-sdk swift-6.4.x-DEVELOPMENT-SNAPSHOT-2026-09-04-a_wasm 2>&1
wasm-6.4-latest: Pulling from saguaro1/spi-images
Digest: sha256:4328fdb43c680d205c1d6761b1e3267aa38277eefdda9ddfb17b6a0f1a77857a
Status: Image is up to date for registry.gitlab.com/saguaro1/spi-images:wasm-6.4-latest
Building for debugging...
[Pre-planning 1 / 182]
error: SwiftCompile normal wasm32 failed with a nonzero exit code. Command line:     cd /host

/host/spi-builder-workspace/Sources/Networking/CoinpaprikaSession.swift:43:59: error: value of type '_' expected to be instance of class or class-constrained type
 41 |     /// Creates a new session. In most cases use `CoinpaprikaSession.shared` instead.
 42 |     /// - Parameter configuration: URLSession configuration; defaults to `.default`.
 43 |     public init(configuration: URLSessionConfiguration = .default) {
    |                                                           `- error: value of type '_' expected to be instance of class or class-constrained type
 44 |         let delegate = RedirectRewriter()
 45 |         self.session = URLSession(configuration: configuration, delegate: delegate, delegateQueue: nil)
/host/spi-builder-workspace/Sources/Networking/CoinpaprikaSession.swift:43:59: error: type 'URLSessionConfiguration' (aka 'AnyObject') has no member 'default'
 41 |     /// Creates a new session. In most cases use `CoinpaprikaSession.shared` instead.
 42 |     /// - Parameter configuration: URLSession configuration; defaults to `.default`.
 43 |     public init(configuration: URLSessionConfiguration = .default) {
    |                                                           `- error: type 'URLSessionConfiguration' (aka 'AnyObject') has no member 'default'
 44 |         let delegate = RedirectRewriter()
 45 |         self.session = URLSession(configuration: configuration, delegate: delegate, delegateQueue: nil)
/host/spi-builder-workspace/Sources/Networking/CoinpaprikaSession.swift:39:26: error: 'URLSession' is unavailable: This type has moved to the FoundationNetworking module. Import that module to use it.
 37 |     public static let shared = CoinpaprikaSession()
 38 |
 39 |     private let session: URLSession
    |                          `- error: 'URLSession' is unavailable: This type has moved to the FoundationNetworking module. Import that module to use it.
 40 |
 41 |     /// Creates a new session. In most cases use `CoinpaprikaSession.shared` instead.
Foundation.URLSession:2:18: note: 'URLSession' has been explicitly marked unavailable here
1 | @available(*, unavailable, message: "This type has moved to the FoundationNetworking module. Import that module to use it.")
2 | public typealias URLSession = AnyObject
  |                  `- note: 'URLSession' has been explicitly marked unavailable here
/host/spi-builder-workspace/Sources/Networking/CoinpaprikaSession.swift:43:32: error: 'URLSessionConfiguration' is unavailable: This type has moved to the FoundationNetworking module. Import that module to use it.
 41 |     /// Creates a new session. In most cases use `CoinpaprikaSession.shared` instead.
 42 |     /// - Parameter configuration: URLSession configuration; defaults to `.default`.
 43 |     public init(configuration: URLSessionConfiguration = .default) {
    |                                `- error: 'URLSessionConfiguration' is unavailable: This type has moved to the FoundationNetworking module. Import that module to use it.
 44 |         let delegate = RedirectRewriter()
 45 |         self.session = URLSession(configuration: configuration, delegate: delegate, delegateQueue: nil)
Foundation.URLSessionConfiguration:2:18: note: 'URLSessionConfiguration' has been explicitly marked unavailable here
1 | @available(*, unavailable, message: "This type has moved to the FoundationNetworking module. Import that module to use it.")
2 | public typealias URLSessionConfiguration = AnyObject
  |                  `- note: 'URLSessionConfiguration' has been explicitly marked unavailable here
/host/spi-builder-workspace/Sources/Networking/CoinpaprikaSession.swift:48:40: error: cannot find type 'URLRequest' in scope
 46 |     }
 47 |
 48 |     public func loadData(with request: URLRequest, completionHandler: @escaping (Data?, URLResponse?, Error?) -> Void) {
    |                                        `- error: cannot find type 'URLRequest' in scope
 49 |         let task = session.dataTask(with: request) { data, response, error in
 50 |             completionHandler(data, response, error)
/host/spi-builder-workspace/Sources/Networking/CoinpaprikaSession.swift:48:89: error: 'URLResponse' is unavailable: This type has moved to the FoundationNetworking module. Import that module to use it.
 46 |     }
 47 |
 48 |     public func loadData(with request: URLRequest, completionHandler: @escaping (Data?, URLResponse?, Error?) -> Void) {
    |                                                                                         `- error: 'URLResponse' is unavailable: This type has moved to the FoundationNetworking module. Import that module to use it.
 49 |         let task = session.dataTask(with: request) { data, response, error in
 50 |             completionHandler(data, response, error)
Foundation.URLResponse:2:18: note: 'URLResponse' has been explicitly marked unavailable here
1 | @available(*, unavailable, message: "This type has moved to the FoundationNetworking module. Import that module to use it.")
2 | public typealias URLResponse = AnyObject
  |                  `- note: 'URLResponse' has been explicitly marked unavailable here
/host/spi-builder-workspace/Sources/Networking/NetworkSession.swift:11:33: error: cannot find type 'URLRequest' in scope
 9 |
10 | public protocol NetworkSession {
11 |     func loadData(with request: URLRequest,
   |                                 `- error: cannot find type 'URLRequest' in scope
12 |                   completionHandler: @escaping (Data?, URLResponse?, Error?) -> Void)
13 | }
/host/spi-builder-workspace/Sources/Networking/CoinpaprikaSession.swift:69:41: error: cannot find type 'URLSessionTaskDelegate' in scope
 67 | /// crosses to a non-coinpaprika host mid-chain short-circuits the
 68 | /// `isCoinpaprikaHost` guard and headers stay stripped.
 69 | final class RedirectRewriter: NSObject, URLSessionTaskDelegate {
    |                                         `- error: cannot find type 'URLSessionTaskDelegate' in scope
 70 |
 71 |     /// Headers re-attached from the original request when the redirect target
/host/spi-builder-workspace/Sources/Networking/CoinpaprikaSession.swift:82:33: error: cannot find type 'URLRequest' in scope
 80 |                     task: URLSessionTask,
 81 |                     willPerformHTTPRedirection response: HTTPURLResponse,
 82 |                     newRequest: URLRequest,
    |                                 `- error: cannot find type 'URLRequest' in scope
 83 |                     completionHandler: @escaping (URLRequest?) -> Void) {
 84 |         completionHandler(rewrite(newRequest, originalRequest: task.originalRequest))
/host/spi-builder-workspace/Sources/Networking/CoinpaprikaSession.swift:83:51: error: cannot find type 'URLRequest' in scope
 81 |                     willPerformHTTPRedirection response: HTTPURLResponse,
 82 |                     newRequest: URLRequest,
 83 |                     completionHandler: @escaping (URLRequest?) -> Void) {
    |                                                   `- error: cannot find type 'URLRequest' in scope
 84 |         completionHandler(rewrite(newRequest, originalRequest: task.originalRequest))
 85 |     }
/host/spi-builder-workspace/Sources/Networking/CoinpaprikaSession.swift:79:32: error: 'URLSession' is unavailable: This type has moved to the FoundationNetworking module. Import that module to use it.
 77 |     static let preservedHeaders = ["Authorization", "Accept", "User-Agent"]
 78 |
 79 |     func urlSession(_ session: URLSession,
    |                                `- error: 'URLSession' is unavailable: This type has moved to the FoundationNetworking module. Import that module to use it.
 80 |                     task: URLSessionTask,
 81 |                     willPerformHTTPRedirection response: HTTPURLResponse,
Foundation.URLSession:2:18: note: 'URLSession' has been explicitly marked unavailable here
1 | @available(*, unavailable, message: "This type has moved to the FoundationNetworking module. Import that module to use it.")
2 | public typealias URLSession = AnyObject
  |                  `- note: 'URLSession' has been explicitly marked unavailable here
/host/spi-builder-workspace/Sources/Networking/CoinpaprikaSession.swift:80:27: error: 'URLSessionTask' is unavailable: This type has moved to the FoundationNetworking module. Import that module to use it.
 78 |
 79 |     func urlSession(_ session: URLSession,
 80 |                     task: URLSessionTask,
    |                           `- error: 'URLSessionTask' is unavailable: This type has moved to the FoundationNetworking module. Import that module to use it.
 81 |                     willPerformHTTPRedirection response: HTTPURLResponse,
 82 |                     newRequest: URLRequest,
Foundation.URLSessionTask:2:18: note: 'URLSessionTask' has been explicitly marked unavailable here
1 | @available(*, unavailable, message: "This type has moved to the FoundationNetworking module. Import that module to use it.")
2 | public typealias URLSessionTask = AnyObject
  |                  `- note: 'URLSessionTask' has been explicitly marked unavailable here
/host/spi-builder-workspace/Sources/Networking/CoinpaprikaSession.swift:81:58: error: 'HTTPURLResponse' is unavailable: This type has moved to the FoundationNetworking module. Import that module to use it.
 79 |     func urlSession(_ session: URLSession,
 80 |                     task: URLSessionTask,
 81 |                     willPerformHTTPRedirection response: HTTPURLResponse,
    |                                                          `- error: 'HTTPURLResponse' is unavailable: This type has moved to the FoundationNetworking module. Import that module to use it.
 82 |                     newRequest: URLRequest,
 83 |                     completionHandler: @escaping (URLRequest?) -> Void) {
Foundation.HTTPURLResponse:2:18: note: 'HTTPURLResponse' has been explicitly marked unavailable here
1 | @available(*, unavailable, message: "This type has moved to the FoundationNetworking module. Import that module to use it.")
2 | public typealias HTTPURLResponse = AnyObject
  |                  `- note: 'HTTPURLResponse' has been explicitly marked unavailable here
/host/spi-builder-workspace/Sources/Networking/CoinpaprikaSession.swift:97:80: error: cannot find type 'URLRequest' in scope
 95 |     ///
 96 |     /// Non-coinpaprika hosts pass through unchanged.
 97 |     func rewrite(_ request: URLRequest, originalRequest: URLRequest? = nil) -> URLRequest {
    |                                                                                `- error: cannot find type 'URLRequest' in scope
 98 |         var rewritten = request
 99 |
/host/spi-builder-workspace/Sources/Networking/CoinpaprikaSession.swift:97:29: error: cannot find type 'URLRequest' in scope
 95 |     ///
 96 |     /// Non-coinpaprika hosts pass through unchanged.
 97 |     func rewrite(_ request: URLRequest, originalRequest: URLRequest? = nil) -> URLRequest {
    |                             `- error: cannot find type 'URLRequest' in scope
 98 |         var rewritten = request
 99 |
/host/spi-builder-workspace/Sources/Networking/CoinpaprikaSession.swift:97:58: error: cannot find type 'URLRequest' in scope
 95 |     ///
 96 |     /// Non-coinpaprika hosts pass through unchanged.
 97 |     func rewrite(_ request: URLRequest, originalRequest: URLRequest? = nil) -> URLRequest {
    |                                                          `- error: cannot find type 'URLRequest' in scope
 98 |         var rewritten = request
 99 |
/host/spi-builder-workspace/Sources/Networking/NetworkSession.swift:12:56: error: 'URLResponse' is unavailable: This type has moved to the FoundationNetworking module. Import that module to use it.
10 | public protocol NetworkSession {
11 |     func loadData(with request: URLRequest,
12 |                   completionHandler: @escaping (Data?, URLResponse?, Error?) -> Void)
   |                                                        `- error: 'URLResponse' is unavailable: This type has moved to the FoundationNetworking module. Import that module to use it.
13 | }
14 |
Foundation.URLResponse:2:18: note: 'URLResponse' has been explicitly marked unavailable here
1 | @available(*, unavailable, message: "This type has moved to the FoundationNetworking module. Import that module to use it.")
2 | public typealias URLResponse = AnyObject
  |                  `- note: 'URLResponse' has been explicitly marked unavailable here
/host/spi-builder-workspace/Sources/Networking/NetworkSession.swift:15:1: error: non-nominal type 'URLSession' (aka 'AnyObject') cannot be extended [#]8;;https://docs.swift.org/compiler/documentation/diagnostics/nominal-types\NominalTypes]8;;\]
13 | }
14 |
15 | extension URLSession: NetworkSession {
   | `- error: non-nominal type 'URLSession' (aka 'AnyObject') cannot be extended [#]8;;https://docs.swift.org/compiler/documentation/diagnostics/nominal-types\NominalTypes]8;;\]
16 |     public func loadData(with request: URLRequest, completionHandler: @escaping (Data?, URLResponse?, Error?) -> Void) {
17 |         let task = dataTask(with: request) { (data, response, error) in
/host/spi-builder-workspace/Sources/Networking/Request.swift:13:33: error: cannot find type 'DispatchQueue' in scope
 11 | public protocol Requestable {
 12 |     associatedtype Model: Decodable
 13 |     func perform(responseQueue: DispatchQueue?, cachePolicy: URLRequest.CachePolicy?, session: NetworkSession, _ callback: @escaping (Result<Model, Error>) -> Void)
    |                                 `- error: cannot find type 'DispatchQueue' in scope
 14 | }
 15 |
/host/spi-builder-workspace/Sources/Networking/Request.swift:13:62: error: cannot find type 'URLRequest' in scope
 11 | public protocol Requestable {
 12 |     associatedtype Model: Decodable
 13 |     func perform(responseQueue: DispatchQueue?, cachePolicy: URLRequest.CachePolicy?, session: NetworkSession, _ callback: @escaping (Result<Model, Error>) -> Void)
    |                                                              `- error: cannot find type 'URLRequest' in scope
 14 | }
 15 |
/host/spi-builder-workspace/Sources/Networking/Request.swift:51:37: error: cannot find type 'URLRequest' in scope
 49 |         case bearer(token: String)
 50 |         case custom(headers: [String: String])
 51 |         case dynamic(signer: (inout URLRequest) -> Void)
    |                                     `- error: cannot find type 'URLRequest' in scope
 52 |     }
 53 |
/host/spi-builder-workspace/Sources/Networking/Request.swift:56:49: error: 'HTTPURLResponse' is unavailable: This type has moved to the FoundationNetworking module. Import that module to use it.
 54 |     private let authorisation: AuthorisationMethod
 55 |
 56 |     public typealias ErrorParser = (_ response: HTTPURLResponse, _ data: Data) -> Error?
    |                                                 `- error: 'HTTPURLResponse' is unavailable: This type has moved to the FoundationNetworking module. Import that module to use it.
 57 |     private let errorParser: ErrorParser
 58 |
Foundation.HTTPURLResponse:2:18: note: 'HTTPURLResponse' has been explicitly marked unavailable here
1 | @available(*, unavailable, message: "This type has moved to the FoundationNetworking module. Import that module to use it.")
2 | public typealias HTTPURLResponse = AnyObject
  |                  `- note: 'HTTPURLResponse' has been explicitly marked unavailable here
/host/spi-builder-workspace/Sources/Networking/Request.swift:83:40: error: cannot find type 'DispatchQueue' in scope
 81 |     ///   - cachePolicy: cache policy that should be used in this request
 82 |     ///   - callback: Completion handler triggered on request success & failure
 83 |     public func perform(responseQueue: DispatchQueue? = nil, cachePolicy: URLRequest.CachePolicy? = nil, session: NetworkSession = CoinpaprikaSession.shared, _ callback: @escaping (Result<Model, Error>) -> Void) {
    |                                        `- error: cannot find type 'DispatchQueue' in scope
 84 |         let onQueue = { (_ block: @escaping () -> Void) -> Void in
 85 |             (responseQueue ?? DispatchQueue.main).async(execute: block)
/host/spi-builder-workspace/Sources/Networking/Request.swift:83:75: error: cannot find type 'URLRequest' in scope
 81 |     ///   - cachePolicy: cache policy that should be used in this request
 82 |     ///   - callback: Completion handler triggered on request success & failure
 83 |     public func perform(responseQueue: DispatchQueue? = nil, cachePolicy: URLRequest.CachePolicy? = nil, session: NetworkSession = CoinpaprikaSession.shared, _ callback: @escaping (Result<Model, Error>) -> Void) {
    |                                                                           `- error: cannot find type 'URLRequest' in scope
 84 |         let onQueue = { (_ block: @escaping () -> Void) -> Void in
 85 |             (responseQueue ?? DispatchQueue.main).async(execute: block)
/host/spi-builder-workspace/Sources/Networking/Request.swift:138:85: error: cannot find type 'URLRequest' in scope
136 |     }
137 |
138 |     private func buildRequest(cachePolicy: URLRequest.CachePolicy? = nil) throws -> URLRequest {
    |                                                                                     `- error: cannot find type 'URLRequest' in scope
139 |         var request = URLRequest(url: url)
140 |         request.httpMethod = method.rawValue.uppercased()
/host/spi-builder-workspace/Sources/Networking/Request.swift:138:44: error: cannot find type 'URLRequest' in scope
136 |     }
137 |
138 |     private func buildRequest(cachePolicy: URLRequest.CachePolicy? = nil) throws -> URLRequest {
    |                                            `- error: cannot find type 'URLRequest' in scope
139 |         var request = URLRequest(url: url)
140 |         request.httpMethod = method.rawValue.uppercased()
/host/spi-builder-workspace/Sources/Networking/Request.swift:204:59: error: 'URLResponse' is unavailable: This type has moved to the FoundationNetworking module. Import that module to use it.
202 |     }
203 |
204 |     private func findFailureReason(data: Data?, response: URLResponse?) -> Error {
    |                                                           `- error: 'URLResponse' is unavailable: This type has moved to the FoundationNetworking module. Import that module to use it.
205 |         guard let response = response as? HTTPURLResponse else {
206 |             return ResponseError.emptyResponse(url: nil)
Foundation.URLResponse:2:18: note: 'URLResponse' has been explicitly marked unavailable here
1 | @available(*, unavailable, message: "This type has moved to the FoundationNetworking module. Import that module to use it.")
2 | public typealias URLResponse = AnyObject
  |                  `- note: 'URLResponse' has been explicitly marked unavailable here
[#NominalTypes]: <https://docs.swift.org/compiler/documentation/diagnostics/nominal-types>
Failed frontend command:
/usr/bin/swift-frontend -frontend -emit-module -experimental-skip-non-inlinable-function-bodies-without-types /host/spi-builder-workspace/Sources/Networking/CodableModel.swift /host/spi-builder-workspace/Sources/Networking/CoinpaprikaSession.swift /host/spi-builder-workspace/Sources/Networking/Errors.swift /host/spi-builder-workspace/Sources/Networking/NetworkSession.swift /host/spi-builder-workspace/Sources/Networking/Request.swift /host/spi-builder-workspace/Sources/Networking/Result.swift -target wasm32-unknown-wasip1 -disable-objc-interop -sdk /root/.swiftpm/swift-sdks/swift-6.4.x-DEVELOPMENT-SNAPSHOT-2026-09-04-a_wasm.artifactbundle/swift-6.4.x-DEVELOPMENT-SNAPSHOT-2026-09-04-a_wasm/wasm32-unknown-wasip1/WASI.sdk -sysroot /root/.swiftpm/swift-sdks/swift-6.4.x-DEVELOPMENT-SNAPSHOT-2026-09-04-a_wasm.artifactbundle/swift-6.4.x-DEVELOPMENT-SNAPSHOT-2026-09-04-a_wasm/wasm32-unknown-wasip1/WASI.sdk -I /host/spi-builder-workspace/.build/out/Products/Debug-webassembly-wasm32 -module-cache-path /host/spi-builder-workspace/.build/out/ModuleCache.noindex -color-diagnostics -Xcc -fcolor-diagnostics -enable-testing -g -debug-info-format\=dwarf -dwarf-version\=4 -swift-version 5 -Onone -D SWIFT_PACKAGE -D DEBUG -D SWIFT_MODULE_RESOURCE_BUNDLE_UNAVAILABLE -D Xcode -serialize-debugging-options -enable-experimental-feature DebugDescriptionMacro -empty-abi-descriptor -external-plugin-path /usr/lib/swift/host/plugins/testing\#/usr/bin/swift-plugin-server -validate-clang-modules-once -clang-build-session-file /host/spi-builder-workspace/.build/out/ModuleCache.noindex/Session.modulevalidation -Xcc -working-directory -Xcc /host -resource-dir /root/.swiftpm/swift-sdks/swift-6.4.x-DEVELOPMENT-SNAPSHOT-2026-09-04-a_wasm.artifactbundle/swift-6.4.x-DEVELOPMENT-SNAPSHOT-2026-09-04-a_wasm/wasm32-unknown-wasip1/swift.xctoolchain/usr/lib/swift_static -use-static-resource-dir -enable-anonymous-context-mangled-names -file-compilation-dir /host -Xcc -resource-dir -Xcc /root/.swiftpm/swift-sdks/swift-6.4.x-DEVELOPMENT-SNAPSHOT-2026-09-04-a_wasm.artifactbundle/swift-6.4.x-DEVELOPMENT-SNAPSHOT-2026-09-04-a_wasm/wasm32-unknown-wasip1/swift.xctoolchain/usr/lib/swift_static/clang -Xcc -D_LIBCPP_HARDENING_MODE\=_LIBCPP_HARDENING_MODE_DEBUG -Xcc -fmodules-prune-interval\=86400 -Xcc -fmodules-prune-after\=345600 -Xcc -I/host/spi-builder-workspace/.build/out/Products/Debug-webassembly-wasm32/include -Xcc -I/host/spi-builder-workspace/.build/out/Intermediates.noindex/Coinpaprika.build/Debug-webassembly-wasm32/CoinpaprikaNetworking-t.build/DerivedSources-normal/wasm32 -Xcc -I/host/spi-builder-workspace/.build/out/Intermediates.noindex/Coinpaprika.build/Debug-webassembly-wasm32/CoinpaprikaNetworking-t.build/DerivedSources/wasm32 -Xcc -I/host/spi-builder-workspace/.build/out/Intermediates.noindex/Coinpaprika.build/Debug-webassembly-wasm32/CoinpaprikaNetworking-t.build/DerivedSources -Xcc -DSWIFT_PACKAGE -Xcc -DDEBUG\=1 -no-auto-bridging-header-chaining -module-name CoinpaprikaNetworking -const-gather-protocols-file /host/spi-builder-workspace/.build/out/Intermediates.noindex/Coinpaprika.build/Debug-webassembly-wasm32/CoinpaprikaNetworking-t.build/Objects-normal/wasm32/CoinpaprikaNetworking_const_extract_protocols.json -in-process-plugin-server-path /usr/lib/swift/host/libSwiftInProcPluginServer.so -plugin-path /usr/lib/swift/host/plugins -plugin-path /usr/local/lib/swift/host/plugins -emit-module-doc-path /host/spi-builder-workspace/.build/out/Intermediates.noindex/Coinpaprika.build/Debug-webassembly-wasm32/CoinpaprikaNetworking-t.build/Objects-normal/wasm32/Modules/CoinpaprikaNetworking.swiftdoc -emit-module-source-info-path /host/spi-builder-workspace/.build/out/Intermediates.noindex/Coinpaprika.build/Debug-webassembly-wasm32/CoinpaprikaNetworking-t.build/Objects-normal/wasm32/Modules/CoinpaprikaNetworking.swiftsourceinfo -emit-objc-header-path /host/spi-builder-workspace/.build/out/Intermediates.noindex/Coinpaprika.build/Debug-webassembly-wasm32/CoinpaprikaNetworking-t.build/Objects-normal/wasm32/CoinpaprikaNetworking-Swift.h -serialize-diagnostics-path /host/spi-builder-workspace/.build/out/Intermediates.noindex/Coinpaprika.build/Debug-webassembly-wasm32/CoinpaprikaNetworking-t.build/Objects-normal/wasm32/CoinpaprikaNetworking-primary-emit-module.dia -emit-dependencies-path /host/spi-builder-workspace/.build/out/Intermediates.noindex/Coinpaprika.build/Debug-webassembly-wasm32/CoinpaprikaNetworking-t.build/Objects-normal/wasm32/CoinpaprikaNetworking-primary-emit-module.d -parse-as-library -o /host/spi-builder-workspace/.build/out/Intermediates.noindex/Coinpaprika.build/Debug-webassembly-wasm32/CoinpaprikaNetworking-t.build/Objects-normal/wasm32/Modules/CoinpaprikaNetworking.swiftmodule
[37 / 61] CoinpaprikaNetworking
error: Build failed
BUILD FAILURE 6.4 wasm