Build Information
Failed to build SListView, reference 0.0.1 (636afa), with Swift 6.4 for tvOS using Xcode 27.0 on 16 Sep 2026 13:50:59 UTC.
Build Command
env DEVELOPER_DIR=/Applications/Xcode-27.0.0-Release.Candidate.app xcrun xcodebuild -IDEClonedSourcePackagesDirPathOverride=$PWD/.dependencies -skipMacroValidation -skipPackagePluginValidation -derivedDataPath $PWD/.derivedData build -scheme SListView -destination generic/platform=tvOSBuild Log
========================================
RunAll
========================================
Builder version: 5.1.0
Interrupt handler set up.
========================================
Checkout
========================================
Clone URL: https://github.com/shial4/SListView.git
Reference: 0.0.1
Initialized empty Git repository in /Users/admin/builder/spi-builder-workspace/.git/
From https://github.com/shial4/SListView
* tag 0.0.1 -> FETCH_HEAD
HEAD is now at 636afa6 Merge branch 'master' of https://github.com/shial4/SListView
Cloned https://github.com/shial4/SListView.git
Revision (git rev-parse @):
636afa685043a42e88ebc2093c31afe82d35a434
SUCCESS checkout https://github.com/shial4/SListView.git at 0.0.1
========================================
Build
========================================
Selected platform: tvOS
Swift version: 6.4
Building package at path: $PWD
https://github.com/shial4/SListView.git
Command line invocation:
/Applications/Xcode-27.0.0-Release.Candidate.app/Contents/Developer/usr/bin/xcodebuild -IDEClonedSourcePackagesDirPathOverride=/Users/admin/builder/spi-builder-workspace/.dependencies -resolvePackageDependencies
Resolve Package Graph
Resolve Package Graph
Resolved source packages:
SListView: /Users/admin/builder/spi-builder-workspace
resolved source packages: SListView
2026-09-16 09:50:07.990 xcodebuild[529:3019] [MT] IDERunDestination: Supported platforms for the buildables in the current scheme is empty.
{
"dependencies" : [
],
"manifest_display_name" : "SListView",
"name" : "SListView",
"path" : "/Users/admin/builder/spi-builder-workspace",
"platforms" : [
],
"products" : [
{
"name" : "SListView",
"targets" : [
"SListView"
],
"type" : {
"library" : [
"automatic"
]
}
}
],
"targets" : [
{
"c99name" : "SListViewTests",
"module_type" : "SwiftTarget",
"name" : "SListViewTests",
"path" : "Tests/SListViewTests",
"sources" : [
"SListViewTests.swift"
],
"target_dependencies" : [
"SListView"
],
"type" : "test"
},
{
"c99name" : "SListView",
"module_type" : "SwiftTarget",
"name" : "SListView",
"path" : "Sources/SListView",
"product_memberships" : [
"SListView"
],
"sources" : [
"ListView.swift",
"ListViewCell.swift",
"ListViewController.swift",
"ListViewDatasource.swift",
"ListViewDelegate.swift"
],
"type" : "library"
}
],
"tools_version" : "4.0"
}
{
"workspace" : {
"name" : "SListView",
"schemes" : [
"SListView"
]
}
}
2026-09-16 09:50:49.437 xcodebuild[649:4128] [MT] IDERunDestination: Supported platforms for the buildables in the current scheme is empty.
Running build ...
env DEVELOPER_DIR=/Applications/Xcode-27.0.0-Release.Candidate.app xcrun xcodebuild -IDEClonedSourcePackagesDirPathOverride=$PWD/.dependencies -skipMacroValidation -skipPackagePluginValidation -derivedDataPath $PWD/.derivedData build -scheme SListView -destination generic/platform=tvOS
Command line invocation:
/Applications/Xcode-27.0.0-Release.Candidate.app/Contents/Developer/usr/bin/xcodebuild -IDEClonedSourcePackagesDirPathOverride=/Users/admin/builder/spi-builder-workspace/.dependencies -skipMacroValidation -skipPackagePluginValidation -derivedDataPath /Users/admin/builder/spi-builder-workspace/.derivedData build -scheme SListView -destination generic/platform=tvOS
Resolve Package Graph
Resolved source packages:
SListView: /Users/admin/builder/spi-builder-workspace
ComputePackagePrebuildTargetDependencyGraph
Prepare packages
CreateBuildRequest
SendProjectDescription
CreateBuildOperation
ComputeTargetDependencyGraph
note: Building targets in dependency order
note: Target dependency graph (2 targets)
Target 'SListView-product' in project 'SListView'
➜ Explicit dependency on target 'SListView' in project 'SListView'
Target 'SListView' in project 'SListView' (no dependencies)
GatherProvisioningInputs
CreateBuildDescription
ExecuteExternalTool /Applications/Xcode-27.0.0-Release.Candidate.app/Contents/Developer/Toolchains/XcodeDefault.xctoolchain/usr/bin/clang -v -E -dM -isysroot /Applications/Xcode-27.0.0-Release.Candidate.app/Contents/Developer/Platforms/AppleTVOS.platform/Developer/SDKs/AppleTVOS27.0.sdk -x c -c /dev/null
ExecuteExternalTool /Applications/Xcode-27.0.0-Release.Candidate.app/Contents/Developer/Toolchains/XcodeDefault.xctoolchain/usr/bin/swiftc --version
ExecuteExternalTool /Applications/Xcode-27.0.0-Release.Candidate.app/Contents/Developer/Toolchains/XcodeDefault.xctoolchain/usr/bin/ld -version_details
Build description signature: f984d3ffecbc0862cfb31f4e86fe8311
Build description path: /Users/admin/builder/spi-builder-workspace/.derivedData/Build/Intermediates.noindex/XCBuildData/f984d3ffecbc0862cfb31f4e86fe8311.xcbuilddata
CreateBuildDirectory /Users/admin/builder/spi-builder-workspace/.derivedData/SDKExplicitPrecompiledModules
cd /Users/admin/builder/spi-builder-workspace/.swiftpm/xcode
builtin-create-build-directory /Users/admin/builder/spi-builder-workspace/.derivedData/SDKExplicitPrecompiledModules
CreateBuildDirectory /Users/admin/builder/spi-builder-workspace/.derivedData/ModuleCache.noindex
cd /Users/admin/builder/spi-builder-workspace/.swiftpm/xcode
builtin-create-build-directory /Users/admin/builder/spi-builder-workspace/.derivedData/ModuleCache.noindex
CreateBuildDirectory /Users/admin/builder/spi-builder-workspace/.derivedData/CompilationCache.noindex
cd /Users/admin/builder/spi-builder-workspace/.swiftpm/xcode
builtin-create-build-directory /Users/admin/builder/spi-builder-workspace/.derivedData/CompilationCache.noindex
CreateBuildDirectory /Users/admin/builder/spi-builder-workspace/.derivedData/Build/Products
cd /Users/admin/builder/spi-builder-workspace/.swiftpm/xcode
builtin-create-build-directory /Users/admin/builder/spi-builder-workspace/.derivedData/Build/Products
CreateBuildDirectory /Users/admin/builder/spi-builder-workspace/.derivedData/Build/Intermediates.noindex
cd /Users/admin/builder/spi-builder-workspace/.swiftpm/xcode
builtin-create-build-directory /Users/admin/builder/spi-builder-workspace/.derivedData/Build/Intermediates.noindex
ClangStatCache /Applications/Xcode-27.0.0-Release.Candidate.app/Contents/Developer/Toolchains/XcodeDefault.xctoolchain/usr/bin/clang-stat-cache /Applications/Xcode-27.0.0-Release.Candidate.app/Contents/Developer/Platforms/AppleTVOS.platform/Developer/SDKs/AppleTVOS27.0.sdk /Users/admin/builder/spi-builder-workspace/.derivedData/SDKStatCaches.noindex/appletvos27.0-24J360-e829b21a6f8c9b70876ba0858053c044b32bfd8d43560033f8d89884cdb90028.sdkstatcache
cd /Users/admin/builder/spi-builder-workspace/.swiftpm/xcode
/Applications/Xcode-27.0.0-Release.Candidate.app/Contents/Developer/Toolchains/XcodeDefault.xctoolchain/usr/bin/clang-stat-cache /Applications/Xcode-27.0.0-Release.Candidate.app/Contents/Developer/Platforms/AppleTVOS.platform/Developer/SDKs/AppleTVOS27.0.sdk -o /Users/admin/builder/spi-builder-workspace/.derivedData/SDKStatCaches.noindex/appletvos27.0-24J360-e829b21a6f8c9b70876ba0858053c044b32bfd8d43560033f8d89884cdb90028.sdkstatcache
CreateBuildDirectory /Users/admin/builder/spi-builder-workspace/.derivedData/Build/Intermediates.noindex/SwiftExplicitPrecompiledModules
cd /Users/admin/builder/spi-builder-workspace/.swiftpm/xcode
builtin-create-build-directory /Users/admin/builder/spi-builder-workspace/.derivedData/Build/Intermediates.noindex/SwiftExplicitPrecompiledModules
CreateBuildDirectory /Users/admin/builder/spi-builder-workspace/.derivedData/Build/Intermediates.noindex/PrecompiledHeaders
cd /Users/admin/builder/spi-builder-workspace/.swiftpm/xcode
builtin-create-build-directory /Users/admin/builder/spi-builder-workspace/.derivedData/Build/Intermediates.noindex/PrecompiledHeaders
CreateBuildDirectory /Users/admin/builder/spi-builder-workspace/.derivedData/Build/Intermediates.noindex/ExplicitPrecompiledModules
cd /Users/admin/builder/spi-builder-workspace/.swiftpm/xcode
builtin-create-build-directory /Users/admin/builder/spi-builder-workspace/.derivedData/Build/Intermediates.noindex/ExplicitPrecompiledModules
CreateBuildDirectory /Users/admin/builder/spi-builder-workspace/.derivedData/Build/Intermediates.noindex/EagerLinkingTBDs/Debug-appletvos
cd /Users/admin/builder/spi-builder-workspace/.swiftpm/xcode
builtin-create-build-directory /Users/admin/builder/spi-builder-workspace/.derivedData/Build/Intermediates.noindex/EagerLinkingTBDs/Debug-appletvos
CreateBuildDirectory /Users/admin/builder/spi-builder-workspace/.derivedData/Build/Products/Debug-appletvos
cd /Users/admin/builder/spi-builder-workspace/.swiftpm/xcode
builtin-create-build-directory /Users/admin/builder/spi-builder-workspace/.derivedData/Build/Products/Debug-appletvos
CreateBuildDirectory /Users/admin/builder/spi-builder-workspace/.derivedData/Build/Products/Debug-appletvos/PackageFrameworks
cd /Users/admin/builder/spi-builder-workspace/.swiftpm/xcode
builtin-create-build-directory /Users/admin/builder/spi-builder-workspace/.derivedData/Build/Products/Debug-appletvos/PackageFrameworks
WriteAuxiliaryFile /Users/admin/builder/spi-builder-workspace/.derivedData/Build/Intermediates.noindex/SListView.build/Debug-appletvos/SListView-t.build/SListView.modulemap (in target 'SListView' from project 'SListView')
cd /Users/admin/builder/spi-builder-workspace
write-file /Users/admin/builder/spi-builder-workspace/.derivedData/Build/Intermediates.noindex/SListView.build/Debug-appletvos/SListView-t.build/SListView.modulemap
WriteAuxiliaryFile /Users/admin/builder/spi-builder-workspace/.derivedData/Build/Intermediates.noindex/SListView.build/Debug-appletvos/SListView-t.build/SListView.DependencyMetadataFileList (in target 'SListView' from project 'SListView')
cd /Users/admin/builder/spi-builder-workspace
write-file /Users/admin/builder/spi-builder-workspace/.derivedData/Build/Intermediates.noindex/SListView.build/Debug-appletvos/SListView-t.build/SListView.DependencyMetadataFileList
WriteAuxiliaryFile /Users/admin/builder/spi-builder-workspace/.derivedData/Build/Intermediates.noindex/SListView.build/Debug-appletvos/SListView-t.build/SListView.DependencyStaticMetadataFileList (in target 'SListView' from project 'SListView')
cd /Users/admin/builder/spi-builder-workspace
write-file /Users/admin/builder/spi-builder-workspace/.derivedData/Build/Intermediates.noindex/SListView.build/Debug-appletvos/SListView-t.build/SListView.DependencyStaticMetadataFileList
WriteAuxiliaryFile /Users/admin/builder/spi-builder-workspace/.derivedData/Build/Intermediates.noindex/SListView.build/Debug-appletvos/SListView-t.build/Objects-normal/arm64/SListView.SwiftFileList (in target 'SListView' from project 'SListView')
cd /Users/admin/builder/spi-builder-workspace
write-file /Users/admin/builder/spi-builder-workspace/.derivedData/Build/Intermediates.noindex/SListView.build/Debug-appletvos/SListView-t.build/Objects-normal/arm64/SListView.SwiftFileList
WriteAuxiliaryFile /Users/admin/builder/spi-builder-workspace/.derivedData/Build/Intermediates.noindex/SListView.build/Debug-appletvos/SListView-t.build/Objects-normal/arm64/SListView.SwiftConstValuesFileList (in target 'SListView' from project 'SListView')
cd /Users/admin/builder/spi-builder-workspace
write-file /Users/admin/builder/spi-builder-workspace/.derivedData/Build/Intermediates.noindex/SListView.build/Debug-appletvos/SListView-t.build/Objects-normal/arm64/SListView.SwiftConstValuesFileList
WriteAuxiliaryFile /Users/admin/builder/spi-builder-workspace/.derivedData/Build/Intermediates.noindex/SListView.build/Debug-appletvos/SListView-t.build/Objects-normal/arm64/SListView_const_extract_protocols.json (in target 'SListView' from project 'SListView')
cd /Users/admin/builder/spi-builder-workspace
write-file /Users/admin/builder/spi-builder-workspace/.derivedData/Build/Intermediates.noindex/SListView.build/Debug-appletvos/SListView-t.build/Objects-normal/arm64/SListView_const_extract_protocols.json
WriteAuxiliaryFile /Users/admin/builder/spi-builder-workspace/.derivedData/Build/Intermediates.noindex/SListView.build/Debug-appletvos/SListView-t.build/Objects-normal/arm64/SListView.LinkFileList (in target 'SListView' from project 'SListView')
cd /Users/admin/builder/spi-builder-workspace
write-file /Users/admin/builder/spi-builder-workspace/.derivedData/Build/Intermediates.noindex/SListView.build/Debug-appletvos/SListView-t.build/Objects-normal/arm64/SListView.LinkFileList
WriteAuxiliaryFile /Users/admin/builder/spi-builder-workspace/.derivedData/Build/Intermediates.noindex/SListView.build/Debug-appletvos/SListView-t.build/Objects-normal/arm64/SListView-OutputFileMap.json (in target 'SListView' from project 'SListView')
cd /Users/admin/builder/spi-builder-workspace
write-file /Users/admin/builder/spi-builder-workspace/.derivedData/Build/Intermediates.noindex/SListView.build/Debug-appletvos/SListView-t.build/Objects-normal/arm64/SListView-OutputFileMap.json
Copy /Users/admin/builder/spi-builder-workspace/.derivedData/Build/Intermediates.noindex/GeneratedModuleMaps-appletvos/SListView.modulemap /Users/admin/builder/spi-builder-workspace/.derivedData/Build/Intermediates.noindex/SListView.build/Debug-appletvos/SListView-t.build/SListView.modulemap (in target 'SListView' from project 'SListView')
cd /Users/admin/builder/spi-builder-workspace
builtin-copy -exclude .DS_Store -exclude CVS -exclude .svn -exclude .git -exclude .hg -resolve-src-symlinks /Users/admin/builder/spi-builder-workspace/.derivedData/Build/Intermediates.noindex/SListView.build/Debug-appletvos/SListView-t.build/SListView.modulemap /Users/admin/builder/spi-builder-workspace/.derivedData/Build/Intermediates.noindex/GeneratedModuleMaps-appletvos
SwiftDriver SListView normal arm64 com.apple.xcode.tools.swift.compiler (in target 'SListView' from project 'SListView')
cd /Users/admin/builder/spi-builder-workspace/.swiftpm/xcode
builtin-SwiftDriver -- /Applications/Xcode-27.0.0-Release.Candidate.app/Contents/Developer/Toolchains/XcodeDefault.xctoolchain/usr/bin/swiftc -parse-as-library -module-name SListView -Onone @/Users/admin/builder/spi-builder-workspace/.derivedData/Build/Intermediates.noindex/SListView.build/Debug-appletvos/SListView-t.build/Objects-normal/arm64/SListView.SwiftFileList -DSWIFT_PACKAGE -DDEBUG -DSWIFT_MODULE_RESOURCE_BUNDLE_UNAVAILABLE -DXcode -plugin-path /Applications/Xcode-27.0.0-Release.Candidate.app/Contents/Developer/Toolchains/XcodeDefault.xctoolchain/usr/lib/swift/host/plugins/testing -enable-experimental-feature DebugDescriptionMacro -sdk /Applications/Xcode-27.0.0-Release.Candidate.app/Contents/Developer/Platforms/AppleTVOS.platform/Developer/SDKs/AppleTVOS27.0.sdk -target arm64-apple-tvos15.0 -g -module-cache-path /Users/admin/builder/spi-builder-workspace/.derivedData/ModuleCache.noindex -Xfrontend -serialize-debugging-options -profile-coverage-mapping -profile-generate -enable-testing -index-store-path /Users/admin/builder/spi-builder-workspace/.derivedData/Index.noindex/DataStore -Xcc -D_LIBCPP_HARDENING_MODE\=_LIBCPP_HARDENING_MODE_DEBUG -swift-version 4 -I /Users/admin/builder/spi-builder-workspace/.derivedData/Build/Products/Debug-appletvos -Isystem /Applications/Xcode-27.0.0-Release.Candidate.app/Contents/Developer/Platforms/AppleTVOS.platform/Developer/usr/lib -F /Users/admin/builder/spi-builder-workspace/.derivedData/Build/Products/Debug-appletvos -F /Applications/Xcode-27.0.0-Release.Candidate.app/Contents/Developer/Platforms/AppleTVOS.platform/Developer/Library/Frameworks -F /Applications/Xcode-27.0.0-Release.Candidate.app/Contents/Developer/Platforms/AppleTVOS.platform/Developer/SDKs/AppleTVOS27.0.sdk/Developer/Library/Frameworks -c -j10 -enable-batch-mode -incremental -Xcc -ivfsstatcache -Xcc /Users/admin/builder/spi-builder-workspace/.derivedData/SDKStatCaches.noindex/appletvos27.0-24J360-e829b21a6f8c9b70876ba0858053c044b32bfd8d43560033f8d89884cdb90028.sdkstatcache -output-file-map /Users/admin/builder/spi-builder-workspace/.derivedData/Build/Intermediates.noindex/SListView.build/Debug-appletvos/SListView-t.build/Objects-normal/arm64/SListView-OutputFileMap.json -save-temps -no-color-diagnostics -emit-dependencies -emit-module -emit-module-path /Users/admin/builder/spi-builder-workspace/.derivedData/Build/Intermediates.noindex/SListView.build/Debug-appletvos/SListView-t.build/Objects-normal/arm64/SListView.swiftmodule -serialize-diagnostics -validate-clang-modules-once -clang-build-session-file /Users/admin/builder/spi-builder-workspace/.derivedData/ModuleCache.noindex/Session.modulevalidation -Xcc -fmodules-prune-interval\=86400 -Xcc -fmodules-prune-after\=345600 -emit-const-values -const-gather-protocols-list /Users/admin/builder/spi-builder-workspace/.derivedData/Build/Intermediates.noindex/SListView.build/Debug-appletvos/SListView-t.build/Objects-normal/arm64/SListView_const_extract_protocols.json -Xcc -I/Users/admin/builder/spi-builder-workspace/.derivedData/Build/Products/Debug-appletvos/include -Xcc -I/Users/admin/builder/spi-builder-workspace/.derivedData/Build/Intermediates.noindex/SListView.build/Debug-appletvos/SListView-t.build/DerivedSources-normal/arm64 -Xcc -I/Users/admin/builder/spi-builder-workspace/.derivedData/Build/Intermediates.noindex/SListView.build/Debug-appletvos/SListView-t.build/DerivedSources/arm64 -Xcc -I/Users/admin/builder/spi-builder-workspace/.derivedData/Build/Intermediates.noindex/SListView.build/Debug-appletvos/SListView-t.build/DerivedSources -Xcc -DSWIFT_PACKAGE -Xcc -DDEBUG\=1 -emit-objc-header -emit-objc-header-path /Users/admin/builder/spi-builder-workspace/.derivedData/Build/Intermediates.noindex/SListView.build/Debug-appletvos/SListView-t.build/Objects-normal/arm64/SListView-Swift.h -working-directory /Users/admin/builder/spi-builder-workspace/.swiftpm/xcode -experimental-emit-module-separately -disable-cmo
SwiftEmitModule normal arm64 Emitting\ module\ for\ SListView (in target 'SListView' from project 'SListView')
SwiftCompile normal arm64 (in target 'SListView' from project 'SListView')
cd /Users/admin/builder/spi-builder-workspace/.swiftpm/xcode
/Users/admin/builder/spi-builder-workspace/Sources/SListView/ListView.swift:60:17: error: 'maximumNumberOfTouches' is unavailable in tvOS
58 | private lazy var panGestureRecognizer: UIPanGestureRecognizer = {
59 | let gesture = UIPanGestureRecognizer(target: self, action: #selector(handlePan))
60 | gesture.maximumNumberOfTouches = 1
| `- error: 'maximumNumberOfTouches' is unavailable in tvOS
61 | gesture.minimumNumberOfTouches = 1
62 | addGestureRecognizer(gesture)
/Applications/Xcode-27.0.0-Release.Candidate.app/Contents/Developer/Platforms/AppleTVOS.platform/Developer/SDKs/AppleTVOS27.0.sdk/System/Library/Frameworks/UIKit.framework/Headers/UIPanGestureRecognizer.h:34:43: note: 'maximumNumberOfTouches' has been explicitly marked unavailable here
32 |
33 | @property (nonatomic) NSUInteger minimumNumberOfTouches API_UNAVAILABLE(tvos); // default is 1. the minimum number of touches required to match
34 | @property (nonatomic) NSUInteger maximumNumberOfTouches API_UNAVAILABLE(tvos); // default is UINT_MAX. the maximum number of touches that can be down
| `- note: 'maximumNumberOfTouches' has been explicitly marked unavailable here
35 |
36 | - (CGPoint)translationInView:(nullable UIView *)view; // translation in the coordinate system of the specified view
/Users/admin/builder/spi-builder-workspace/Sources/SListView/ListView.swift:61:17: error: 'minimumNumberOfTouches' is unavailable in tvOS
59 | let gesture = UIPanGestureRecognizer(target: self, action: #selector(handlePan))
60 | gesture.maximumNumberOfTouches = 1
61 | gesture.minimumNumberOfTouches = 1
| `- error: 'minimumNumberOfTouches' is unavailable in tvOS
62 | addGestureRecognizer(gesture)
63 | return gesture
/Applications/Xcode-27.0.0-Release.Candidate.app/Contents/Developer/Platforms/AppleTVOS.platform/Developer/SDKs/AppleTVOS27.0.sdk/System/Library/Frameworks/UIKit.framework/Headers/UIPanGestureRecognizer.h:33:43: note: 'minimumNumberOfTouches' has been explicitly marked unavailable here
31 | @interface UIPanGestureRecognizer : UIGestureRecognizer
32 |
33 | @property (nonatomic) NSUInteger minimumNumberOfTouches API_UNAVAILABLE(tvos); // default is 1. the minimum number of touches required to match
| `- note: 'minimumNumberOfTouches' has been explicitly marked unavailable here
34 | @property (nonatomic) NSUInteger maximumNumberOfTouches API_UNAVAILABLE(tvos); // default is UINT_MAX. the maximum number of touches that can be down
35 |
Failed frontend command:
/Applications/Xcode-27.0.0-Release.Candidate.app/Contents/Developer/Toolchains/XcodeDefault.xctoolchain/usr/bin/swift-frontend -frontend -emit-module -experimental-skip-non-inlinable-function-bodies-without-types /Users/admin/builder/spi-builder-workspace/Sources/SListView/ListView.swift /Users/admin/builder/spi-builder-workspace/Sources/SListView/ListViewCell.swift /Users/admin/builder/spi-builder-workspace/Sources/SListView/ListViewController.swift /Users/admin/builder/spi-builder-workspace/Sources/SListView/ListViewDatasource.swift /Users/admin/builder/spi-builder-workspace/Sources/SListView/ListViewDelegate.swift -target arm64-apple-tvos15.0 -Xllvm -aarch64-use-tbi -enable-objc-interop -stack-check -sdk /Applications/Xcode-27.0.0-Release.Candidate.app/Contents/Developer/Platforms/AppleTVOS.platform/Developer/SDKs/AppleTVOS27.0.sdk -I /Users/admin/builder/spi-builder-workspace/.derivedData/Build/Products/Debug-appletvos -Isystem /Applications/Xcode-27.0.0-Release.Candidate.app/Contents/Developer/Platforms/AppleTVOS.platform/Developer/usr/lib -F /Users/admin/builder/spi-builder-workspace/.derivedData/Build/Products/Debug-appletvos -F /Applications/Xcode-27.0.0-Release.Candidate.app/Contents/Developer/Platforms/AppleTVOS.platform/Developer/Library/Frameworks -F /Applications/Xcode-27.0.0-Release.Candidate.app/Contents/Developer/Platforms/AppleTVOS.platform/Developer/SDKs/AppleTVOS27.0.sdk/Developer/Library/Frameworks -module-cache-path /Users/admin/builder/spi-builder-workspace/.derivedData/ModuleCache.noindex -no-color-diagnostics -Xcc -fno-color-diagnostics -enable-testing -g -debug-info-format\=dwarf -dwarf-version\=4 -profile-generate -profile-coverage-mapping -swift-version 4 -Onone -D SWIFT_PACKAGE -D DEBUG -D SWIFT_MODULE_RESOURCE_BUNDLE_UNAVAILABLE -D Xcode -serialize-debugging-options -enable-experimental-feature DebugDescriptionMacro -empty-abi-descriptor -plugin-path /Applications/Xcode-27.0.0-Release.Candidate.app/Contents/Developer/Toolchains/XcodeDefault.xctoolchain/usr/lib/swift/host/plugins/testing -validate-clang-modules-once -clang-build-session-file /Users/admin/builder/spi-builder-workspace/.derivedData/ModuleCache.noindex/Session.modulevalidation -Xcc -working-directory -Xcc /Users/admin/builder/spi-builder-workspace/.swiftpm/xcode -enable-anonymous-context-mangled-names -file-compilation-dir /Users/admin/builder/spi-builder-workspace/.swiftpm/xcode -Xcc -D_LIBCPP_HARDENING_MODE\=_LIBCPP_HARDENING_MODE_DEBUG -Xcc -ivfsstatcache -Xcc /Users/admin/builder/spi-builder-workspace/.derivedData/SDKStatCaches.noindex/appletvos27.0-24J360-e829b21a6f8c9b70876ba0858053c044b32bfd8d43560033f8d89884cdb90028.sdkstatcache -Xcc -fmodules-prune-interval\=86400 -Xcc -fmodules-prune-after\=345600 -Xcc -I/Users/admin/builder/spi-builder-workspace/.derivedData/Build/Products/Debug-appletvos/include -Xcc -I/Users/admin/builder/spi-builder-workspace/.derivedData/Build/Intermediates.noindex/SListView.build/Debug-appletvos/SListView-t.build/DerivedSources-normal/arm64 -Xcc -I/Users/admin/builder/spi-builder-workspace/.derivedData/Build/Intermediates.noindex/SListView.build/Debug-appletvos/SListView-t.build/DerivedSources/arm64 -Xcc -I/Users/admin/builder/spi-builder-workspace/.derivedData/Build/Intermediates.noindex/SListView.build/Debug-appletvos/SListView-t.build/DerivedSources -Xcc -DSWIFT_PACKAGE -Xcc -DDEBUG\=1 -no-auto-bridging-header-chaining -module-name SListView -const-gather-protocols-file /Users/admin/builder/spi-builder-workspace/.derivedData/Build/Intermediates.noindex/SListView.build/Debug-appletvos/SListView-t.build/Objects-normal/arm64/SListView_const_extract_protocols.json -disable-clang-spi -target-sdk-version 27.0 -target-sdk-name appletvos27.0 -external-plugin-path /Applications/Xcode-27.0.0-Release.Candidate.app/Contents/Developer/Platforms/AppleTVOS.platform/Developer/usr/lib/swift/host/plugins\#/Applications/Xcode-27.0.0-Release.Candidate.app/Contents/Developer/Platforms/AppleTVOS.platform/Developer/usr/bin/swift-plugin-server -external-plugin-path /Applications/Xcode-27.0.0-Release.Candidate.app/Contents/Developer/Platforms/AppleTVOS.platform/Developer/usr/local/lib/swift/host/plugins\#/Applications/Xcode-27.0.0-Release.Candidate.app/Contents/Developer/Platforms/AppleTVOS.platform/Developer/usr/bin/swift-plugin-server -in-process-plugin-server-path /Applications/Xcode-27.0.0-Release.Candidate.app/Contents/Developer/Toolchains/XcodeDefault.xctoolchain/usr/lib/swift/host/libSwiftInProcPluginServer.dylib -plugin-path /Applications/Xcode-27.0.0-Release.Candidate.app/Contents/Developer/Toolchains/XcodeDefault.xctoolchain/usr/lib/swift/host/plugins -plugin-path /Applications/Xcode-27.0.0-Release.Candidate.app/Contents/Developer/Toolchains/XcodeDefault.xctoolchain/usr/local/lib/swift/host/plugins -emit-module-doc-path /Users/admin/builder/spi-builder-workspace/.derivedData/Build/Intermediates.noindex/SListView.build/Debug-appletvos/SListView-t.build/Objects-normal/arm64/SListView.swiftdoc -emit-module-source-info-path /Users/admin/builder/spi-builder-workspace/.derivedData/Build/Intermediates.noindex/SListView.build/Debug-appletvos/SListView-t.build/Objects-normal/arm64/SListView.swiftsourceinfo -emit-objc-header-path /Users/admin/builder/spi-builder-workspace/.derivedData/Build/Intermediates.noindex/SListView.build/Debug-appletvos/SListView-t.build/Objects-normal/arm64/SListView-Swift.h -serialize-diagnostics-path /Users/admin/builder/spi-builder-workspace/.derivedData/Build/Intermediates.noindex/SListView.build/Debug-appletvos/SListView-t.build/Objects-normal/arm64/SListView-primary-emit-module.dia -emit-dependencies-path /Users/admin/builder/spi-builder-workspace/.derivedData/Build/Intermediates.noindex/SListView.build/Debug-appletvos/SListView-t.build/Objects-normal/arm64/SListView-primary-emit-module.d -parse-as-library -o /Users/admin/builder/spi-builder-workspace/.derivedData/Build/Intermediates.noindex/SListView.build/Debug-appletvos/SListView-t.build/Objects-normal/arm64/SListView.swiftmodule -emit-abi-descriptor-path /Users/admin/builder/spi-builder-workspace/.derivedData/Build/Intermediates.noindex/SListView.build/Debug-appletvos/SListView-t.build/Objects-normal/arm64/SListView.abi.json
SwiftCompile normal arm64 Compiling\ ListView.swift /Users/admin/builder/spi-builder-workspace/Sources/SListView/ListView.swift (in target 'SListView' from project 'SListView')
SwiftCompile normal arm64 /Users/admin/builder/spi-builder-workspace/Sources/SListView/ListView.swift (in target 'SListView' from project 'SListView')
cd /Users/admin/builder/spi-builder-workspace/.swiftpm/xcode
builtin-SwiftPerFileCompile ListView.swift
SwiftCompile normal arm64 Compiling\ ListViewController.swift /Users/admin/builder/spi-builder-workspace/Sources/SListView/ListViewController.swift (in target 'SListView' from project 'SListView')
SwiftCompile normal arm64 /Users/admin/builder/spi-builder-workspace/Sources/SListView/ListViewController.swift (in target 'SListView' from project 'SListView')
cd /Users/admin/builder/spi-builder-workspace/.swiftpm/xcode
builtin-SwiftPerFileCompile ListViewController.swift
SwiftCompile normal arm64 Compiling\ ListViewDatasource.swift /Users/admin/builder/spi-builder-workspace/Sources/SListView/ListViewDatasource.swift (in target 'SListView' from project 'SListView')
SwiftCompile normal arm64 /Users/admin/builder/spi-builder-workspace/Sources/SListView/ListViewDatasource.swift (in target 'SListView' from project 'SListView')
cd /Users/admin/builder/spi-builder-workspace/.swiftpm/xcode
builtin-SwiftPerFileCompile ListViewDatasource.swift
SwiftCompile normal arm64 Compiling\ ListViewDelegate.swift /Users/admin/builder/spi-builder-workspace/Sources/SListView/ListViewDelegate.swift (in target 'SListView' from project 'SListView')
SwiftCompile normal arm64 /Users/admin/builder/spi-builder-workspace/Sources/SListView/ListViewDelegate.swift (in target 'SListView' from project 'SListView')
cd /Users/admin/builder/spi-builder-workspace/.swiftpm/xcode
builtin-SwiftPerFileCompile ListViewDelegate.swift
SwiftCompile normal arm64 Compiling\ ListViewCell.swift /Users/admin/builder/spi-builder-workspace/Sources/SListView/ListViewCell.swift (in target 'SListView' from project 'SListView')
SwiftCompile normal arm64 /Users/admin/builder/spi-builder-workspace/Sources/SListView/ListViewCell.swift (in target 'SListView' from project 'SListView')
cd /Users/admin/builder/spi-builder-workspace/.swiftpm/xcode
builtin-SwiftPerFileCompile ListViewCell.swift
PruneExplicitPrecompiledModules /Users/admin/builder/spi-builder-workspace/.derivedData/Build/Intermediates.noindex/ExplicitPrecompiledModules
PruneExplicitPrecompiledModules /Users/admin/builder/spi-builder-workspace/.derivedData/Build/Intermediates.noindex/SwiftExplicitPrecompiledModules
PruneExplicitPrecompiledModules /Users/admin/builder/spi-builder-workspace/.derivedData/SDKExplicitPrecompiledModules
2026-09-16 09:50:51.000 xcodebuild[650:4167] [MT] IDERunDestination: Supported platforms for the buildables in the current scheme is empty.
** BUILD FAILED **
The following build commands failed:
SwiftCompile normal arm64 (in target 'SListView' from project 'SListView')
SwiftEmitModule normal arm64 Emitting\ module\ for\ SListView (in target 'SListView' from project 'SListView')
Building workspace SListView with scheme SListView
(3 failures)
Command line invocation:
/Applications/Xcode-27.0.0-Release.Candidate.app/Contents/Developer/usr/bin/xcodebuild -IDEClonedSourcePackagesDirPathOverride=/Users/admin/builder/spi-builder-workspace/.dependencies -resolvePackageDependencies
Resolve Package Graph
Resolved source packages:
SListView: /Users/admin/builder/spi-builder-workspace
resolved source packages: SListView
2026-09-16 09:50:56.749 xcodebuild[671:4369] [MT] IDERunDestination: Supported platforms for the buildables in the current scheme is empty.
{
"dependencies" : [
],
"manifest_display_name" : "SListView",
"name" : "SListView",
"path" : "/Users/admin/builder/spi-builder-workspace",
"platforms" : [
],
"products" : [
{
"name" : "SListView",
"targets" : [
"SListView"
],
"type" : {
"library" : [
"automatic"
]
}
}
],
"targets" : [
{
"c99name" : "SListViewTests",
"module_type" : "SwiftTarget",
"name" : "SListViewTests",
"path" : "Tests/SListViewTests",
"sources" : [
"SListViewTests.swift"
],
"target_dependencies" : [
"SListView"
],
"type" : "test"
},
{
"c99name" : "SListView",
"module_type" : "SwiftTarget",
"name" : "SListView",
"path" : "Sources/SListView",
"product_memberships" : [
"SListView"
],
"sources" : [
"ListView.swift",
"ListViewCell.swift",
"ListViewController.swift",
"ListViewDatasource.swift",
"ListViewDelegate.swift"
],
"type" : "library"
}
],
"tools_version" : "4.0"
}
{
"workspace" : {
"name" : "SListView",
"schemes" : [
"SListView"
]
}
}
2026-09-16 09:50:57.971 xcodebuild[679:4433] [MT] IDERunDestination: Supported platforms for the buildables in the current scheme is empty.
Running build ...
env DEVELOPER_DIR=/Applications/Xcode-27.0.0-Release.Candidate.app xcrun xcodebuild -IDEClonedSourcePackagesDirPathOverride=$PWD/.dependencies -skipMacroValidation -skipPackagePluginValidation -derivedDataPath $PWD/.derivedData build -scheme SListView -destination generic/platform=tvOS
Command line invocation:
/Applications/Xcode-27.0.0-Release.Candidate.app/Contents/Developer/usr/bin/xcodebuild -IDEClonedSourcePackagesDirPathOverride=/Users/admin/builder/spi-builder-workspace/.dependencies -skipMacroValidation -skipPackagePluginValidation -derivedDataPath /Users/admin/builder/spi-builder-workspace/.derivedData build -scheme SListView -destination generic/platform=tvOS
Resolve Package Graph
Resolved source packages:
SListView: /Users/admin/builder/spi-builder-workspace
ComputePackagePrebuildTargetDependencyGraph
Prepare packages
CreateBuildRequest
SendProjectDescription
CreateBuildOperation
ComputeTargetDependencyGraph
note: Building targets in dependency order
note: Target dependency graph (2 targets)
Target 'SListView-product' in project 'SListView'
➜ Explicit dependency on target 'SListView' in project 'SListView'
Target 'SListView' in project 'SListView' (no dependencies)
GatherProvisioningInputs
CreateBuildDescription
ClangStatCache /Applications/Xcode-27.0.0-Release.Candidate.app/Contents/Developer/Toolchains/XcodeDefault.xctoolchain/usr/bin/clang-stat-cache /Applications/Xcode-27.0.0-Release.Candidate.app/Contents/Developer/Platforms/AppleTVOS.platform/Developer/SDKs/AppleTVOS27.0.sdk /Users/admin/builder/spi-builder-workspace/.derivedData/SDKStatCaches.noindex/appletvos27.0-24J360-e829b21a6f8c9b70876ba0858053c044b32bfd8d43560033f8d89884cdb90028.sdkstatcache
cd /Users/admin/builder/spi-builder-workspace/.swiftpm/xcode
/Applications/Xcode-27.0.0-Release.Candidate.app/Contents/Developer/Toolchains/XcodeDefault.xctoolchain/usr/bin/clang-stat-cache /Applications/Xcode-27.0.0-Release.Candidate.app/Contents/Developer/Platforms/AppleTVOS.platform/Developer/SDKs/AppleTVOS27.0.sdk -o /Users/admin/builder/spi-builder-workspace/.derivedData/SDKStatCaches.noindex/appletvos27.0-24J360-e829b21a6f8c9b70876ba0858053c044b32bfd8d43560033f8d89884cdb90028.sdkstatcache
SwiftDriver SListView normal arm64 com.apple.xcode.tools.swift.compiler (in target 'SListView' from project 'SListView')
cd /Users/admin/builder/spi-builder-workspace/.swiftpm/xcode
builtin-SwiftDriver -- /Applications/Xcode-27.0.0-Release.Candidate.app/Contents/Developer/Toolchains/XcodeDefault.xctoolchain/usr/bin/swiftc -parse-as-library -module-name SListView -Onone @/Users/admin/builder/spi-builder-workspace/.derivedData/Build/Intermediates.noindex/SListView.build/Debug-appletvos/SListView-t.build/Objects-normal/arm64/SListView.SwiftFileList -DSWIFT_PACKAGE -DDEBUG -DSWIFT_MODULE_RESOURCE_BUNDLE_UNAVAILABLE -DXcode -plugin-path /Applications/Xcode-27.0.0-Release.Candidate.app/Contents/Developer/Toolchains/XcodeDefault.xctoolchain/usr/lib/swift/host/plugins/testing -enable-experimental-feature DebugDescriptionMacro -sdk /Applications/Xcode-27.0.0-Release.Candidate.app/Contents/Developer/Platforms/AppleTVOS.platform/Developer/SDKs/AppleTVOS27.0.sdk -target arm64-apple-tvos15.0 -g -module-cache-path /Users/admin/builder/spi-builder-workspace/.derivedData/ModuleCache.noindex -Xfrontend -serialize-debugging-options -profile-coverage-mapping -profile-generate -enable-testing -index-store-path /Users/admin/builder/spi-builder-workspace/.derivedData/Index.noindex/DataStore -Xcc -D_LIBCPP_HARDENING_MODE\=_LIBCPP_HARDENING_MODE_DEBUG -swift-version 4 -I /Users/admin/builder/spi-builder-workspace/.derivedData/Build/Products/Debug-appletvos -Isystem /Applications/Xcode-27.0.0-Release.Candidate.app/Contents/Developer/Platforms/AppleTVOS.platform/Developer/usr/lib -F /Users/admin/builder/spi-builder-workspace/.derivedData/Build/Products/Debug-appletvos -F /Applications/Xcode-27.0.0-Release.Candidate.app/Contents/Developer/Platforms/AppleTVOS.platform/Developer/Library/Frameworks -F /Applications/Xcode-27.0.0-Release.Candidate.app/Contents/Developer/Platforms/AppleTVOS.platform/Developer/SDKs/AppleTVOS27.0.sdk/Developer/Library/Frameworks -c -j10 -enable-batch-mode -incremental -Xcc -ivfsstatcache -Xcc /Users/admin/builder/spi-builder-workspace/.derivedData/SDKStatCaches.noindex/appletvos27.0-24J360-e829b21a6f8c9b70876ba0858053c044b32bfd8d43560033f8d89884cdb90028.sdkstatcache -output-file-map /Users/admin/builder/spi-builder-workspace/.derivedData/Build/Intermediates.noindex/SListView.build/Debug-appletvos/SListView-t.build/Objects-normal/arm64/SListView-OutputFileMap.json -save-temps -no-color-diagnostics -emit-dependencies -emit-module -emit-module-path /Users/admin/builder/spi-builder-workspace/.derivedData/Build/Intermediates.noindex/SListView.build/Debug-appletvos/SListView-t.build/Objects-normal/arm64/SListView.swiftmodule -serialize-diagnostics -validate-clang-modules-once -clang-build-session-file /Users/admin/builder/spi-builder-workspace/.derivedData/ModuleCache.noindex/Session.modulevalidation -Xcc -fmodules-prune-interval\=86400 -Xcc -fmodules-prune-after\=345600 -emit-const-values -const-gather-protocols-list /Users/admin/builder/spi-builder-workspace/.derivedData/Build/Intermediates.noindex/SListView.build/Debug-appletvos/SListView-t.build/Objects-normal/arm64/SListView_const_extract_protocols.json -Xcc -I/Users/admin/builder/spi-builder-workspace/.derivedData/Build/Products/Debug-appletvos/include -Xcc -I/Users/admin/builder/spi-builder-workspace/.derivedData/Build/Intermediates.noindex/SListView.build/Debug-appletvos/SListView-t.build/DerivedSources-normal/arm64 -Xcc -I/Users/admin/builder/spi-builder-workspace/.derivedData/Build/Intermediates.noindex/SListView.build/Debug-appletvos/SListView-t.build/DerivedSources/arm64 -Xcc -I/Users/admin/builder/spi-builder-workspace/.derivedData/Build/Intermediates.noindex/SListView.build/Debug-appletvos/SListView-t.build/DerivedSources -Xcc -DSWIFT_PACKAGE -Xcc -DDEBUG\=1 -emit-objc-header -emit-objc-header-path /Users/admin/builder/spi-builder-workspace/.derivedData/Build/Intermediates.noindex/SListView.build/Debug-appletvos/SListView-t.build/Objects-normal/arm64/SListView-Swift.h -working-directory /Users/admin/builder/spi-builder-workspace/.swiftpm/xcode -experimental-emit-module-separately -disable-cmo
SwiftCompile normal arm64 Compiling\ ListViewController.swift /Users/admin/builder/spi-builder-workspace/Sources/SListView/ListViewController.swift (in target 'SListView' from project 'SListView')
SwiftCompile normal arm64 /Users/admin/builder/spi-builder-workspace/Sources/SListView/ListViewController.swift (in target 'SListView' from project 'SListView')
cd /Users/admin/builder/spi-builder-workspace/.swiftpm/xcode
builtin-SwiftPerFileCompile ListViewController.swift
SwiftEmitModule normal arm64 Emitting\ module\ for\ SListView (in target 'SListView' from project 'SListView')
/Users/admin/builder/spi-builder-workspace/Sources/SListView/ListView.swift:60:17: error: 'maximumNumberOfTouches' is unavailable in tvOS
58 | private lazy var panGestureRecognizer: UIPanGestureRecognizer = {
59 | let gesture = UIPanGestureRecognizer(target: self, action: #selector(handlePan))
60 | gesture.maximumNumberOfTouches = 1
| `- error: 'maximumNumberOfTouches' is unavailable in tvOS
61 | gesture.minimumNumberOfTouches = 1
62 | addGestureRecognizer(gesture)
/Applications/Xcode-27.0.0-Release.Candidate.app/Contents/Developer/Platforms/AppleTVOS.platform/Developer/SDKs/AppleTVOS27.0.sdk/System/Library/Frameworks/UIKit.framework/Headers/UIPanGestureRecognizer.h:34:43: note: 'maximumNumberOfTouches' has been explicitly marked unavailable here
32 |
33 | @property (nonatomic) NSUInteger minimumNumberOfTouches API_UNAVAILABLE(tvos); // default is 1. the minimum number of touches required to match
34 | @property (nonatomic) NSUInteger maximumNumberOfTouches API_UNAVAILABLE(tvos); // default is UINT_MAX. the maximum number of touches that can be down
| `- note: 'maximumNumberOfTouches' has been explicitly marked unavailable here
35 |
36 | - (CGPoint)translationInView:(nullable UIView *)view; // translation in the coordinate system of the specified view
/Users/admin/builder/spi-builder-workspace/Sources/SListView/ListView.swift:61:17: error: 'minimumNumberOfTouches' is unavailable in tvOS
59 | let gesture = UIPanGestureRecognizer(target: self, action: #selector(handlePan))
60 | gesture.maximumNumberOfTouches = 1
61 | gesture.minimumNumberOfTouches = 1
| `- error: 'minimumNumberOfTouches' is unavailable in tvOS
62 | addGestureRecognizer(gesture)
63 | return gesture
/Applications/Xcode-27.0.0-Release.Candidate.app/Contents/Developer/Platforms/AppleTVOS.platform/Developer/SDKs/AppleTVOS27.0.sdk/System/Library/Frameworks/UIKit.framework/Headers/UIPanGestureRecognizer.h:33:43: note: 'minimumNumberOfTouches' has been explicitly marked unavailable here
31 | @interface UIPanGestureRecognizer : UIGestureRecognizer
32 |
33 | @property (nonatomic) NSUInteger minimumNumberOfTouches API_UNAVAILABLE(tvos); // default is 1. the minimum number of touches required to match
| `- note: 'minimumNumberOfTouches' has been explicitly marked unavailable here
34 | @property (nonatomic) NSUInteger maximumNumberOfTouches API_UNAVAILABLE(tvos); // default is UINT_MAX. the maximum number of touches that can be down
35 |
Failed frontend command:
/Applications/Xcode-27.0.0-Release.Candidate.app/Contents/Developer/Toolchains/XcodeDefault.xctoolchain/usr/bin/swift-frontend -frontend -emit-module -experimental-skip-non-inlinable-function-bodies-without-types /Users/admin/builder/spi-builder-workspace/Sources/SListView/ListView.swift /Users/admin/builder/spi-builder-workspace/Sources/SListView/ListViewCell.swift /Users/admin/builder/spi-builder-workspace/Sources/SListView/ListViewController.swift /Users/admin/builder/spi-builder-workspace/Sources/SListView/ListViewDatasource.swift /Users/admin/builder/spi-builder-workspace/Sources/SListView/ListViewDelegate.swift -target arm64-apple-tvos15.0 -Xllvm -aarch64-use-tbi -enable-objc-interop -stack-check -sdk /Applications/Xcode-27.0.0-Release.Candidate.app/Contents/Developer/Platforms/AppleTVOS.platform/Developer/SDKs/AppleTVOS27.0.sdk -I /Users/admin/builder/spi-builder-workspace/.derivedData/Build/Products/Debug-appletvos -Isystem /Applications/Xcode-27.0.0-Release.Candidate.app/Contents/Developer/Platforms/AppleTVOS.platform/Developer/usr/lib -F /Users/admin/builder/spi-builder-workspace/.derivedData/Build/Products/Debug-appletvos -F /Applications/Xcode-27.0.0-Release.Candidate.app/Contents/Developer/Platforms/AppleTVOS.platform/Developer/Library/Frameworks -F /Applications/Xcode-27.0.0-Release.Candidate.app/Contents/Developer/Platforms/AppleTVOS.platform/Developer/SDKs/AppleTVOS27.0.sdk/Developer/Library/Frameworks -module-cache-path /Users/admin/builder/spi-builder-workspace/.derivedData/ModuleCache.noindex -no-color-diagnostics -Xcc -fno-color-diagnostics -enable-testing -g -debug-info-format\=dwarf -dwarf-version\=4 -profile-generate -profile-coverage-mapping -swift-version 4 -Onone -D SWIFT_PACKAGE -D DEBUG -D SWIFT_MODULE_RESOURCE_BUNDLE_UNAVAILABLE -D Xcode -serialize-debugging-options -enable-experimental-feature DebugDescriptionMacro -empty-abi-descriptor -plugin-path /Applications/Xcode-27.0.0-Release.Candidate.app/Contents/Developer/Toolchains/XcodeDefault.xctoolchain/usr/lib/swift/host/plugins/testing -validate-clang-modules-once -clang-build-session-file /Users/admin/builder/spi-builder-workspace/.derivedData/ModuleCache.noindex/Session.modulevalidation -Xcc -working-directory -Xcc /Users/admin/builder/spi-builder-workspace/.swiftpm/xcode -enable-anonymous-context-mangled-names -file-compilation-dir /Users/admin/builder/spi-builder-workspace/.swiftpm/xcode -Xcc -D_LIBCPP_HARDENING_MODE\=_LIBCPP_HARDENING_MODE_DEBUG -Xcc -ivfsstatcache -Xcc /Users/admin/builder/spi-builder-workspace/.derivedData/SDKStatCaches.noindex/appletvos27.0-24J360-e829b21a6f8c9b70876ba0858053c044b32bfd8d43560033f8d89884cdb90028.sdkstatcache -Xcc -fmodules-prune-interval\=86400 -Xcc -fmodules-prune-after\=345600 -Xcc -I/Users/admin/builder/spi-builder-workspace/.derivedData/Build/Products/Debug-appletvos/include -Xcc -I/Users/admin/builder/spi-builder-workspace/.derivedData/Build/Intermediates.noindex/SListView.build/Debug-appletvos/SListView-t.build/DerivedSources-normal/arm64 -Xcc -I/Users/admin/builder/spi-builder-workspace/.derivedData/Build/Intermediates.noindex/SListView.build/Debug-appletvos/SListView-t.build/DerivedSources/arm64 -Xcc -I/Users/admin/builder/spi-builder-workspace/.derivedData/Build/Intermediates.noindex/SListView.build/Debug-appletvos/SListView-t.build/DerivedSources -Xcc -DSWIFT_PACKAGE -Xcc -DDEBUG\=1 -no-auto-bridging-header-chaining -module-name SListView -const-gather-protocols-file /Users/admin/builder/spi-builder-workspace/.derivedData/Build/Intermediates.noindex/SListView.build/Debug-appletvos/SListView-t.build/Objects-normal/arm64/SListView_const_extract_protocols.json -disable-clang-spi -target-sdk-version 27.0 -target-sdk-name appletvos27.0 -external-plugin-path /Applications/Xcode-27.0.0-Release.Candidate.app/Contents/Developer/Platforms/AppleTVOS.platform/Developer/usr/lib/swift/host/plugins\#/Applications/Xcode-27.0.0-Release.Candidate.app/Contents/Developer/Platforms/AppleTVOS.platform/Developer/usr/bin/swift-plugin-server -external-plugin-path /Applications/Xcode-27.0.0-Release.Candidate.app/Contents/Developer/Platforms/AppleTVOS.platform/Developer/usr/local/lib/swift/host/plugins\#/Applications/Xcode-27.0.0-Release.Candidate.app/Contents/Developer/Platforms/AppleTVOS.platform/Developer/usr/bin/swift-plugin-server -in-process-plugin-server-path /Applications/Xcode-27.0.0-Release.Candidate.app/Contents/Developer/Toolchains/XcodeDefault.xctoolchain/usr/lib/swift/host/libSwiftInProcPluginServer.dylib -plugin-path /Applications/Xcode-27.0.0-Release.Candidate.app/Contents/Developer/Toolchains/XcodeDefault.xctoolchain/usr/lib/swift/host/plugins -plugin-path /Applications/Xcode-27.0.0-Release.Candidate.app/Contents/Developer/Toolchains/XcodeDefault.xctoolchain/usr/local/lib/swift/host/plugins -emit-module-doc-path /Users/admin/builder/spi-builder-workspace/.derivedData/Build/Intermediates.noindex/SListView.build/Debug-appletvos/SListView-t.build/Objects-normal/arm64/SListView.swiftdoc -emit-module-source-info-path /Users/admin/builder/spi-builder-workspace/.derivedData/Build/Intermediates.noindex/SListView.build/Debug-appletvos/SListView-t.build/Objects-normal/arm64/SListView.swiftsourceinfo -emit-objc-header-path /Users/admin/builder/spi-builder-workspace/.derivedData/Build/Intermediates.noindex/SListView.build/Debug-appletvos/SListView-t.build/Objects-normal/arm64/SListView-Swift.h -serialize-diagnostics-path /Users/admin/builder/spi-builder-workspace/.derivedData/Build/Intermediates.noindex/SListView.build/Debug-appletvos/SListView-t.build/Objects-normal/arm64/SListView-primary-emit-module.dia -emit-dependencies-path /Users/admin/builder/spi-builder-workspace/.derivedData/Build/Intermediates.noindex/SListView.build/Debug-appletvos/SListView-t.build/Objects-normal/arm64/SListView-primary-emit-module.d -parse-as-library -o /Users/admin/builder/spi-builder-workspace/.derivedData/Build/Intermediates.noindex/SListView.build/Debug-appletvos/SListView-t.build/Objects-normal/arm64/SListView.swiftmodule -emit-abi-descriptor-path /Users/admin/builder/spi-builder-workspace/.derivedData/Build/Intermediates.noindex/SListView.build/Debug-appletvos/SListView-t.build/Objects-normal/arm64/SListView.abi.json
SwiftCompile normal arm64 (in target 'SListView' from project 'SListView')
cd /Users/admin/builder/spi-builder-workspace/.swiftpm/xcode
SwiftCompile normal arm64 Compiling\ ListViewDelegate.swift /Users/admin/builder/spi-builder-workspace/Sources/SListView/ListViewDelegate.swift (in target 'SListView' from project 'SListView')
SwiftCompile normal arm64 /Users/admin/builder/spi-builder-workspace/Sources/SListView/ListViewDelegate.swift (in target 'SListView' from project 'SListView')
cd /Users/admin/builder/spi-builder-workspace/.swiftpm/xcode
builtin-SwiftPerFileCompile ListViewDelegate.swift
SwiftCompile normal arm64 Compiling\ ListViewDatasource.swift /Users/admin/builder/spi-builder-workspace/Sources/SListView/ListViewDatasource.swift (in target 'SListView' from project 'SListView')
SwiftCompile normal arm64 /Users/admin/builder/spi-builder-workspace/Sources/SListView/ListViewDatasource.swift (in target 'SListView' from project 'SListView')
cd /Users/admin/builder/spi-builder-workspace/.swiftpm/xcode
builtin-SwiftPerFileCompile ListViewDatasource.swift
SwiftCompile normal arm64 Compiling\ ListView.swift /Users/admin/builder/spi-builder-workspace/Sources/SListView/ListView.swift (in target 'SListView' from project 'SListView')
/Users/admin/builder/spi-builder-workspace/Sources/SListView/ListView.swift:60:17: error: 'maximumNumberOfTouches' is unavailable in tvOS
58 | private lazy var panGestureRecognizer: UIPanGestureRecognizer = {
59 | let gesture = UIPanGestureRecognizer(target: self, action: #selector(handlePan))
60 | gesture.maximumNumberOfTouches = 1
| `- error: 'maximumNumberOfTouches' is unavailable in tvOS
61 | gesture.minimumNumberOfTouches = 1
62 | addGestureRecognizer(gesture)
/Applications/Xcode-27.0.0-Release.Candidate.app/Contents/Developer/Platforms/AppleTVOS.platform/Developer/SDKs/AppleTVOS27.0.sdk/System/Library/Frameworks/UIKit.framework/Headers/UIPanGestureRecognizer.h:34:43: note: 'maximumNumberOfTouches' has been explicitly marked unavailable here
32 |
33 | @property (nonatomic) NSUInteger minimumNumberOfTouches API_UNAVAILABLE(tvos); // default is 1. the minimum number of touches required to match
34 | @property (nonatomic) NSUInteger maximumNumberOfTouches API_UNAVAILABLE(tvos); // default is UINT_MAX. the maximum number of touches that can be down
| `- note: 'maximumNumberOfTouches' has been explicitly marked unavailable here
35 |
36 | - (CGPoint)translationInView:(nullable UIView *)view; // translation in the coordinate system of the specified view
SwiftCompile normal arm64 /Users/admin/builder/spi-builder-workspace/Sources/SListView/ListView.swift (in target 'SListView' from project 'SListView')
cd /Users/admin/builder/spi-builder-workspace/.swiftpm/xcode
builtin-SwiftPerFileCompile ListView.swift
SwiftCompile normal arm64 Compiling\ ListViewCell.swift /Users/admin/builder/spi-builder-workspace/Sources/SListView/ListViewCell.swift (in target 'SListView' from project 'SListView')
SwiftCompile normal arm64 /Users/admin/builder/spi-builder-workspace/Sources/SListView/ListViewCell.swift (in target 'SListView' from project 'SListView')
cd /Users/admin/builder/spi-builder-workspace/.swiftpm/xcode
builtin-SwiftPerFileCompile ListViewCell.swift
PruneExplicitPrecompiledModules /Users/admin/builder/spi-builder-workspace/.derivedData/Build/Intermediates.noindex/SwiftExplicitPrecompiledModules
PruneExplicitPrecompiledModules /Users/admin/builder/spi-builder-workspace/.derivedData/SDKExplicitPrecompiledModules
PruneExplicitPrecompiledModules /Users/admin/builder/spi-builder-workspace/.derivedData/Build/Intermediates.noindex/ExplicitPrecompiledModules
2026-09-16 09:50:58.939 xcodebuild[680:4463] [MT] IDERunDestination: Supported platforms for the buildables in the current scheme is empty.
** BUILD FAILED **
The following build commands failed:
SwiftEmitModule normal arm64 Emitting\ module\ for\ SListView (in target 'SListView' from project 'SListView')
SwiftCompile normal arm64 (in target 'SListView' from project 'SListView')
Building workspace SListView with scheme SListView
(3 failures)
BUILD FAILURE 6.4 tvOS