Build Information
Failed to build ReactBridge, reference 1.6.2 (e35166), with Swift 6.2 for Linux on 28 Sep 2026 20:59:24 UTC.
Build Command
bash -c docker run --pull=always --rm -v "checkouts-54344844-0":/host -w "$PWD" -e JAVA_HOME="/root/.sdkman/candidates/java/current" -e SPI_BUILD="1" -e SPI_PROCESSING="1" registry.gitlab.com/saguaro1/spi-images:basic-6.2-latest swift build --triple x86_64-unknown-linux-gnu 2>&1Build Log
========================================
RunAll
========================================
Builder version: 5.1.0
Interrupt handler set up.
========================================
Checkout
========================================
Clone URL: https://github.com/ikhvorost/ReactBridge.git
Reference: 1.6.2
Initialized empty Git repository in /host/spi-builder-workspace/.git/
hint: Using 'master' as the name for the initial branch. This default branch name
hint: is subject to change. To configure the initial branch name to use in all
hint: of your new repositories, which will suppress this warning, call:
hint:
hint: git config --global init.defaultBranch <name>
hint:
hint: Names commonly chosen instead of 'master' are 'main', 'trunk' and
hint: 'development'. The just-created branch can be renamed via this command:
hint:
hint: git branch -m <name>
From https://github.com/ikhvorost/ReactBridge
* tag 1.6.2 -> FETCH_HEAD
HEAD is now at e351665 swift-syntax 604.0.0
Cloned https://github.com/ikhvorost/ReactBridge.git
Revision (git rev-parse @):
e3516656ca1b95b24ecc1c71ab2d0253987e8022
SUCCESS checkout https://github.com/ikhvorost/ReactBridge.git at 1.6.2
========================================
Build
========================================
Selected platform: linux
Swift version: 6.2
Building package at path: $PWD
https://github.com/ikhvorost/ReactBridge.git
Running build ...
bash -c docker run --pull=always --rm -v "checkouts-54344844-0":/host -w "$PWD" -e JAVA_HOME="/root/.sdkman/candidates/java/current" -e SPI_BUILD="1" -e SPI_PROCESSING="1" registry.gitlab.com/saguaro1/spi-images:basic-6.2-latest swift build --triple x86_64-unknown-linux-gnu 2>&1
basic-6.2-latest: Pulling from saguaro1/spi-images
Digest: sha256:813c8e8a77634154d7d247705cb89167ff1c866446abbe321f542129dc4cf5a7
Status: Image is up to date for registry.gitlab.com/saguaro1/spi-images:basic-6.2-latest
Fetching https://github.com/swiftlang/swift-syntax.git
[1/80070] Fetching swift-syntax
Fetched https://github.com/swiftlang/swift-syntax.git from cache (4.65s)
Computing version for https://github.com/swiftlang/swift-syntax.git
Computed https://github.com/swiftlang/swift-syntax.git at 604.0.0 (6.24s)
Creating working copy for https://github.com/swiftlang/swift-syntax.git
Working copy of https://github.com/swiftlang/swift-syntax.git resolved at 604.0.0
Building for debugging...
[0/49] Write sources
[23/49] Compiling _SwiftSyntaxCShims PlatformMutex.c
[24/49] Write swift-version-24593BA9C3E375BF.txt
[26/65] Emitting module SwiftSyntax604
[27/65] Compiling SwiftSyntax602 Empty.swift
[28/65] Emitting module SwiftSyntax602
[30/66] Emitting module SwiftSyntax510
[31/66] Compiling SwiftSyntax510 Empty.swift
[33/69] Emitting module SwiftSyntax601
[34/69] Compiling SwiftSyntax601 Empty.swift
[35/70] Emitting module SwiftSyntax509
[36/70] Compiling SwiftSyntax509 Empty.swift
[37/70] Emitting module SwiftSyntax603
[38/71] Wrapping AST for SwiftSyntax602 for debugging
[40/71] Compiling SwiftSyntax603 Empty.swift
[41/72] Emitting module SwiftSyntax600
[42/72] Compiling SwiftSyntax600 Empty.swift
[45/73] Wrapping AST for SwiftSyntax601 for debugging
[46/73] Wrapping AST for SwiftSyntax510 for debugging
[47/73] Wrapping AST for SwiftSyntax509 for debugging
[49/73] Compiling SwiftSyntax604 Empty.swift
[49/73] Wrapping AST for SwiftSyntax603 for debugging
[50/74] Wrapping AST for SwiftSyntax600 for debugging
[52/74] Wrapping AST for SwiftSyntax604 for debugging
error: emit-module command failed with exit code 1 (use -v to see invocation)
[54/138] Emitting module SwiftCompiler
/host/spi-builder-workspace/Sources/SwiftCompiler/SwiftCompiler.swift:29:2: error: Objective-C interoperability is disabled
27 |
28 | /// Utility class to get the swift compiler info
29 | @objc
| `- error: Objective-C interoperability is disabled
30 | public class SwiftCompiler: NSObject {
31 |
/host/spi-builder-workspace/Sources/SwiftCompiler/SwiftCompiler.swift:33:4: error: Objective-C interoperability is disabled
31 |
32 | /// Provides if the compiler's version equal or greater than v6.3
33 | @objc
| `- error: Objective-C interoperability is disabled
34 | public static func isVersion63() -> Bool {
35 | #if compiler(>=6.3)
[55/138] Compiling SwiftCompiler SwiftCompiler.swift
/host/spi-builder-workspace/Sources/SwiftCompiler/SwiftCompiler.swift:29:2: error: Objective-C interoperability is disabled
27 |
28 | /// Utility class to get the swift compiler info
29 | @objc
| `- error: Objective-C interoperability is disabled
30 | public class SwiftCompiler: NSObject {
31 |
/host/spi-builder-workspace/Sources/SwiftCompiler/SwiftCompiler.swift:33:4: error: Objective-C interoperability is disabled
31 |
32 | /// Provides if the compiler's version equal or greater than v6.3
33 | @objc
| `- error: Objective-C interoperability is disabled
34 | public static func isVersion63() -> Bool {
35 | #if compiler(>=6.3)
error: emit-module command failed with exit code 1 (use -v to see invocation)
[56/138] Emitting module SwiftCompiler
/host/spi-builder-workspace/Sources/SwiftCompiler/SwiftCompiler.swift:29:2: error: Objective-C interoperability is disabled
27 |
28 | /// Utility class to get the swift compiler info
29 | @objc
| `- error: Objective-C interoperability is disabled
30 | public class SwiftCompiler: NSObject {
31 |
/host/spi-builder-workspace/Sources/SwiftCompiler/SwiftCompiler.swift:33:4: error: Objective-C interoperability is disabled
31 |
32 | /// Provides if the compiler's version equal or greater than v6.3
33 | @objc
| `- error: Objective-C interoperability is disabled
34 | public static func isVersion63() -> Bool {
35 | #if compiler(>=6.3)
/host/spi-builder-workspace/Sources/SwiftCompiler/SwiftCompiler.swift:29:2: error: Objective-C interoperability is disabled
27 |
28 | /// Utility class to get the swift compiler info
29 | @objc
| `- error: Objective-C interoperability is disabled
30 | public class SwiftCompiler: NSObject {
31 |
BUILD FAILURE 6.2 linux