The Swift Package Index logo.Swift Package Index

Build Information

Failed to build CNPinning-Apple, reference main (de59ca), with Swift 6.3 for Linux on 15 Jul 2026 02:35:11 UTC.

Build Command

bash -c docker run --pull=always --rm -v "checkouts-53886770-1":/host -w "$PWD" -e JAVA_HOME="/root/.sdkman/candidates/java/current" -e SPI_BUILD="1" -e SPI_PROCESSING="1" registry.gitlab.com/saguaro1/spi-images:basic-6.3-latest swift build --triple x86_64-unknown-linux-gnu 2>&1

Build Log

========================================
RunAll
========================================
Builder version: e8bafa5c5d5b3cc8a20258ddf060ad6c89f46bf9
Interrupt handler set up.
========================================
Checkout
========================================
Clone URL: https://github.com/AustinSoftCom/CNPinning-Apple.git
Reference: main
Initialized empty Git repository in /host/spi-builder-workspace/.git/
hint: Using 'master' as the name for the initial branch. This default branch name
hint: is subject to change. To configure the initial branch name to use in all
hint: of your new repositories, which will suppress this warning, call:
hint:
hint: 	git config --global init.defaultBranch <name>
hint:
hint: Names commonly chosen instead of 'master' are 'main', 'trunk' and
hint: 'development'. The just-created branch can be renamed via this command:
hint:
hint: 	git branch -m <name>
From https://github.com/AustinSoftCom/CNPinning-Apple
 * branch            main       -> FETCH_HEAD
 * [new branch]      main       -> origin/main
HEAD is now at de59ca2 Update the README to point viewers to the Android/JVM version.
Cloned https://github.com/AustinSoftCom/CNPinning-Apple.git
Revision (git rev-parse @):
de59ca2262cc59075f147c21fab16e554b33bb22
SUCCESS checkout https://github.com/AustinSoftCom/CNPinning-Apple.git at main
========================================
Build
========================================
Selected platform:         linux
Swift version:             6.3
Building package at path:  $PWD
https://github.com/AustinSoftCom/CNPinning-Apple.git
Running build ...
bash -c docker run --pull=always --rm -v "checkouts-53886770-1":/host -w "$PWD" -e JAVA_HOME="/root/.sdkman/candidates/java/current" -e SPI_BUILD="1" -e SPI_PROCESSING="1" registry.gitlab.com/saguaro1/spi-images:basic-6.3-latest swift build --triple x86_64-unknown-linux-gnu 2>&1
basic-6.3-latest: Pulling from saguaro1/spi-images
Digest: sha256:518d581a7f3cc0f988d8921e0dce92c3361f942cd4cc7d944cb46f8707e06c63
Status: Image is up to date for registry.gitlab.com/saguaro1/spi-images:basic-6.3-latest
Building for debugging...
[0/2] Write sources
[1/2] Write swift-version-24593BA9C3E375BF.txt
[3/14] Compiling CNPinning_Apple JWTHeader.swift
/host/spi-builder-workspace/Sources/CNPinning-Apple/CNPinningManager.swift:5:24: error: no such module 'Security'
  3 | import Foundation
  4 | import Synchronization
  5 | @preconcurrency import Security
    |                        `- error: no such module 'Security'
  6 |
  7 | /**
[4/15] Compiling CNPinning_Apple OSCalls.swift
/host/spi-builder-workspace/Sources/CNPinning-Apple/CNPinningManager.swift:5:24: error: no such module 'Security'
  3 | import Foundation
  4 | import Synchronization
  5 | @preconcurrency import Security
    |                        `- error: no such module 'Security'
  6 |
  7 | /**
[5/15] Compiling CNPinning_Apple CNPinningMatches.swift
/host/spi-builder-workspace/Sources/CNPinning-Apple/CNPinningManager.swift:5:24: error: no such module 'Security'
  3 | import Foundation
  4 | import Synchronization
  5 | @preconcurrency import Security
    |                        `- error: no such module 'Security'
  6 |
  7 | /**
[6/15] Compiling CNPinning_Apple JWT.swift
/host/spi-builder-workspace/Sources/CNPinning-Apple/CNPinningManager.swift:5:24: error: no such module 'Security'
  3 | import Foundation
  4 | import Synchronization
  5 | @preconcurrency import Security
    |                        `- error: no such module 'Security'
  6 |
  7 | /**
error: emit-module command failed with exit code 1 (use -v to see invocation)
[7/15] Compiling CNPinning_Apple CNChain.swift
/host/spi-builder-workspace/Sources/CNPinning-Apple/CNPinningManager.swift:5:24: error: no such module 'Security'
  3 | import Foundation
  4 | import Synchronization
  5 | @preconcurrency import Security
    |                        `- error: no such module 'Security'
  6 |
  7 | /**
[8/15] Compiling CNPinning_Apple CNChainLink.swift
/host/spi-builder-workspace/Sources/CNPinning-Apple/CNPinningManager.swift:5:24: error: no such module 'Security'
  3 | import Foundation
  4 | import Synchronization
  5 | @preconcurrency import Security
    |                        `- error: no such module 'Security'
  6 |
  7 | /**
[9/15] Emitting module CNPinning_Apple
/host/spi-builder-workspace/Sources/CNPinning-Apple/CNPinningManager.swift:5:24: error: no such module 'Security'
  3 | import Foundation
  4 | import Synchronization
  5 | @preconcurrency import Security
    |                        `- error: no such module 'Security'
  6 |
  7 | /**
[10/15] Compiling CNPinning_Apple CNEnterprisePolicy.swift
/host/spi-builder-workspace/Sources/CNPinning-Apple/CNPinningManager.swift:5:24: error: no such module 'Security'
  3 | import Foundation
  4 | import Synchronization
  5 | @preconcurrency import Security
    |                        `- error: no such module 'Security'
  6 |
  7 | /**
[11/15] Compiling CNPinning_Apple CNParseError.swift
/host/spi-builder-workspace/Sources/CNPinning-Apple/CNPinningManager.swift:5:24: error: no such module 'Security'
  3 | import Foundation
  4 | import Synchronization
  5 | @preconcurrency import Security
    |                        `- error: no such module 'Security'
  6 |
  7 | /**
[12/15] Compiling CNPinning_Apple CNConfiguration.swift
/host/spi-builder-workspace/Sources/CNPinning-Apple/CNPinningManager.swift:5:24: error: no such module 'Security'
  3 | import Foundation
  4 | import Synchronization
  5 | @preconcurrency import Security
    |                        `- error: no such module 'Security'
  6 |
  7 | /**
[13/15] Compiling CNPinning_Apple CNEnterpriseConfiguration.swift
/host/spi-builder-workspace/Sources/CNPinning-Apple/CNPinningManager.swift:5:24: error: no such module 'Security'
  3 | import Foundation
  4 | import Synchronization
  5 | @preconcurrency import Security
    |                        `- error: no such module 'Security'
  6 |
  7 | /**
[14/15] Compiling CNPinning_Apple CNPinningError.swift
/host/spi-builder-workspace/Sources/CNPinning-Apple/CNPinningManager.swift:5:24: error: no such module 'Security'
  3 | import Foundation
  4 | import Synchronization
  5 | @preconcurrency import Security
    |                        `- error: no such module 'Security'
  6 |
  7 | /**
[15/15] Compiling CNPinning_Apple CNPinningManager.swift
/host/spi-builder-workspace/Sources/CNPinning-Apple/CNPinningManager.swift:5:24: error: no such module 'Security'
  3 | import Foundation
  4 | import Synchronization
  5 | @preconcurrency import Security
    |                        `- error: no such module 'Security'
  6 |
  7 | /**
BUILD FAILURE 6.3 linux