The Swift Package Index logo.Swift Package Index

Track the adoption of Swift 6 strict concurrency checks for data race safety. How many packages are Ready for Swift 6?

Build Information

Failed to build Sparse with Swift 5.9 for visionOS using Xcode 15.2 at 0.4.1.

Build Command

env DEVELOPER_DIR="/Applications/Xcode-15.0.0-Beta.2.app" xcrun xcodebuild -IDEClonedSourcePackagesDirPathOverride="$PWD/.dependencies" -derivedDataPath "$PWD/.derivedData" build -scheme Sparse -destination "generic/platform=xros"

Build Log

ilds/TDmZkXJm/0/finestructure/swiftpackageindex-builder/spi-builder-workspace/.derivedData/ModuleCache.noindex/Session.modulevalidation -Xcc -working-directory -Xcc /Users/builder/builds/TDmZkXJm/0/finestructure/swiftpackageindex-builder/spi-builder-workspace -resource-dir /Applications/Xcode-15.0.0-Beta.2.app/Contents/Developer/Toolchains/XcodeDefault.xctoolchain/usr/lib/swift -enable-anonymous-context-mangled-names -Xcc -fmodule-map-file\=/Users/builder/builds/TDmZkXJm/0/finestructure/swiftpackageindex-builder/spi-builder-workspace/.derivedData/Build/Intermediates.noindex/GeneratedModuleMaps-xros/QuickSpecBase.modulemap -Xcc -ivfsstatcache -Xcc /Users/builder/builds/TDmZkXJm/0/finestructure/swiftpackageindex-builder/spi-builder-workspace/.derivedData/SDKStatCaches.noindex/xros1.0-21N5165f-50a81fd5751d5bee8ff6d6ea12214339.sdkstatcache -Xcc -I/Users/builder/builds/TDmZkXJm/0/finestructure/swiftpackageindex-builder/spi-builder-workspace/.derivedData/Build/Intermediates.noindex/Quick.build/Debug-xros/Quick.build/swift-overrides.hmap -Xcc -I/Users/builder/builds/TDmZkXJm/0/finestructure/swiftpackageindex-builder/spi-builder-workspace/.dependencies/checkouts/Quick/Sources/QuickSpecBase/include -Xcc -I/Users/builder/builds/TDmZkXJm/0/finestructure/swiftpackageindex-builder/spi-builder-workspace/.derivedData/Build/Products/Debug-xros/include -Xcc -I/Users/builder/builds/TDmZkXJm/0/finestructure/swiftpackageindex-builder/spi-builder-workspace/.derivedData/Build/Intermediates.noindex/Quick.build/Debug-xros/Quick.build/DerivedSources-normal/arm64 -Xcc -I/Users/builder/builds/TDmZkXJm/0/finestructure/swiftpackageindex-builder/spi-builder-workspace/.derivedData/Build/Intermediates.noindex/Quick.build/Debug-xros/Quick.build/DerivedSources/arm64 -Xcc -I/Users/builder/builds/TDmZkXJm/0/finestructure/swiftpackageindex-builder/spi-builder-workspace/.derivedData/Build/Intermediates.noindex/Quick.build/Debug-xros/Quick.build/DerivedSources -Xcc -DSWIFT_PACKAGE -Xcc -DDEBUG\=1 -module-name Quick -frontend-parseable-output -disable-clang-spi -target-sdk-version 1.0 -target-sdk-name xros1.0 -o /Users/builder/builds/TDmZkXJm/0/finestructure/swiftpackageindex-builder/spi-builder-workspace/.derivedData/Build/Intermediates.noindex/Quick.build/Debug-xros/Quick.build/Objects-normal/arm64/QuickSpec.o -o /Users/builder/builds/TDmZkXJm/0/finestructure/swiftpackageindex-builder/spi-builder-workspace/.derivedData/Build/Intermediates.noindex/Quick.build/Debug-xros/Quick.build/Objects-normal/arm64/QuickTestSuite.o -o /Users/builder/builds/TDmZkXJm/0/finestructure/swiftpackageindex-builder/spi-builder-workspace/.derivedData/Build/Intermediates.noindex/Quick.build/Debug-xros/Quick.build/Objects-normal/arm64/String+C99ExtendedIdentifier.o -index-unit-output-path /Quick.build/Debug-xros/Quick.build/Objects-normal/arm64/QuickSpec.o -index-unit-output-path /Quick.build/Debug-xros/Quick.build/Objects-normal/arm64/QuickTestSuite.o -index-unit-output-path /Quick.build/Debug-xros/Quick.build/Objects-normal/arm64/String+C99ExtendedIdentifier.o -index-store-path /Users/builder/builds/TDmZkXJm/0/finestructure/swiftpackageindex-builder/spi-builder-workspace/.derivedData/Index.noindex/DataStore -index-system-modules

SwiftCompile normal arm64 /Users/builder/builds/TDmZkXJm/0/finestructure/swiftpackageindex-builder/spi-builder-workspace/.dependencies/checkouts/Quick/Sources/Quick/QuickTestSuite.swift (in target 'Quick' from project 'Quick')
    cd /Users/builder/builds/TDmZkXJm/0/finestructure/swiftpackageindex-builder/spi-builder-workspace
    /Applications/Xcode-15.0.0-Beta.2.app/Contents/Developer/Toolchains/XcodeDefault.xctoolchain/usr/bin/swift-frontend -c /Users/builder/builds/TDmZkXJm/0/finestructure/swiftpackageindex-builder/spi-builder-workspace/.dependencies/checkouts/Quick/Sources/Quick/Behavior.swift /Users/builder/builds/TDmZkXJm/0/finestructure/swiftpackageindex-builder/spi-builder-workspace/.dependencies/checkouts/Quick/Sources/Quick/Callsite.swift /Users/builder/builds/TDmZkXJm/0/finestructure/swiftpackageindex-builder/spi-builder-workspace/.dependencies/checkouts/Quick/Sources/Quick/Configuration/Configuration.swift /Users/builder/builds/TDmZkXJm/0/finestructure/swiftpackageindex-builder/spi-builder-workspace/.dependencies/checkouts/Quick/Sources/Quick/Configuration/QuickConfiguration.swift /Users/builder/builds/TDmZkXJm/0/finestructure/swiftpackageindex-builder/spi-builder-workspace/.dependencies/checkouts/Quick/Sources/Quick/DSL/DSL.swift /Users/builder/builds/TDmZkXJm/0/finestructure/swiftpackageindex-builder/spi-builder-workspace/.dependencies/checkouts/Quick/Sources/Quick/DSL/World+DSL.swift /Users/builder/builds/TDmZkXJm/0/finestructure/swiftpackageindex-builder/spi-builder-workspace/.dependencies/checkouts/Quick/Sources/Quick/ErrorUtility.swift /Users/builder/builds/TDmZkXJm/0/finestructure/swiftpackageindex-builder/spi-builder-workspace/.dependencies/checkouts/Quick/Sources/Quick/Example.swift /Users/builder/builds/TDmZkXJm/0/finestructure/swiftpackageindex-builder/spi-builder-workspace/.dependencies/checkouts/Quick/Sources/Quick/ExampleGroup.swift /Users/builder/builds/TDmZkXJm/0/finestructure/swiftpackageindex-builder/spi-builder-workspace/.dependencies/checkouts/Quick/Sources/Quick/ExampleMetadata.swift /Users/builder/builds/TDmZkXJm/0/finestructure/swiftpackageindex-builder/spi-builder-workspace/.dependencies/checkouts/Quick/Sources/Quick/Filter.swift /Users/builder/builds/TDmZkXJm/0/finestructure/swiftpackageindex-builder/spi-builder-workspace/.dependencies/checkouts/Quick/Sources/Quick/Hooks/Closures.swift /Users/builder/builds/TDmZkXJm/0/finestructure/swiftpackageindex-builder/spi-builder-workspace/.dependencies/checkouts/Quick/Sources/Quick/Hooks/ExampleHooks.swift /Users/builder/builds/TDmZkXJm/0/finestructure/swiftpackageindex-builder/spi-builder-workspace/.dependencies/checkouts/Quick/Sources/Quick/Hooks/HooksPhase.swift /Users/builder/builds/TDmZkXJm/0/finestructure/swiftpackageindex-builder/spi-builder-workspace/.dependencies/checkouts/Quick/Sources/Quick/Hooks/SuiteHooks.swift /Users/builder/builds/TDmZkXJm/0/finestructure/swiftpackageindex-builder/spi-builder-workspace/.dependencies/checkouts/Quick/Sources/Quick/NSBundle+CurrentTestBundle.swift /Users/builder/builds/TDmZkXJm/0/finestructure/swiftpackageindex-builder/spi-builder-workspace/.dependencies/checkouts/Quick/Sources/Quick/QuickMain.swift /Users/builder/builds/TDmZkXJm/0/finestructure/swiftpackageindex-builder/spi-builder-workspace/.dependencies/checkouts/Quick/Sources/Quick/QuickSelectedTestSuiteBuilder.swift -primary-file /Users/builder/builds/TDmZkXJm/0/finestructure/swiftpackageindex-builder/spi-builder-workspace/.dependencies/checkouts/Quick/Sources/Quick/QuickSpec.swift -primary-file /Users/builder/builds/TDmZkXJm/0/finestructure/swiftpackageindex-builder/spi-builder-workspace/.dependencies/checkouts/Quick/Sources/Quick/QuickTestSuite.swift -primary-file /Users/builder/builds/TDmZkXJm/0/finestructure/swiftpackageindex-builder/spi-builder-workspace/.dependencies/checkouts/Quick/Sources/Quick/String+C99ExtendedIdentifier.swift /Users/builder/builds/TDmZkXJm/0/finestructure/swiftpackageindex-builder/spi-builder-workspace/.dependencies/checkouts/Quick/Sources/Quick/URL+FileName.swift /Users/builder/builds/TDmZkXJm/0/finestructure/swiftpackageindex-builder/spi-builder-workspace/.dependencies/checkouts/Quick/Sources/Quick/World.swift -supplementary-output-file-map /Users/builder/builds/TDmZkXJm/0/finestructure/swiftpackageindex-builder/spi-builder-workspace/.derivedData/Build/Intermediates.noindex/Quick.build/Debug-xros/Quick.build/Objects-normal/arm64/supplementaryOutputs-15 -target arm64-apple-xros1.0 -Xllvm -aarch64-use-tbi -enable-objc-interop -stack-check -sdk /Applications/Xcode-15.0.0-Beta.2.app/Contents/Developer/Platforms/XROS.platform/Developer/SDKs/XROS1.0.sdk -I /Users/builder/builds/TDmZkXJm/0/finestructure/swiftpackageindex-builder/spi-builder-workspace/.derivedData/Build/Products/Debug-xros -I /Applications/Xcode-15.0.0-Beta.2.app/Contents/Developer/Platforms/XROS.platform/Developer/usr/lib -F /Users/builder/builds/TDmZkXJm/0/finestructure/swiftpackageindex-builder/spi-builder-workspace/.derivedData/Build/Products/Debug-xros/PackageFrameworks -F /Users/builder/builds/TDmZkXJm/0/finestructure/swiftpackageindex-builder/spi-builder-workspace/.derivedData/Build/Products/Debug-xros -F /Applications/Xcode-15.0.0-Beta.2.app/Contents/Developer/Platforms/XROS.platform/Developer/Library/Frameworks -F /Applications/Xcode-15.0.0-Beta.2.app/Contents/Developer/Platforms/XROS.platform/Developer/SDKs/XROS1.0.sdk/Developer/Library/Frameworks -no-color-diagnostics -enable-testing -g -module-cache-path /Users/builder/builds/TDmZkXJm/0/finestructure/swiftpackageindex-builder/spi-builder-workspace/.derivedData/ModuleCache.noindex -swift-version 5 -enforce-exclusivity\=checked -Onone -D SWIFT_PACKAGE -D DEBUG -D Xcode -serialize-debugging-options -const-gather-protocols-file /Users/builder/builds/TDmZkXJm/0/finestructure/swiftpackageindex-builder/spi-builder-workspace/.derivedData/Build/Intermediates.noindex/Quick.build/Debug-xros/Quick.build/Objects-normal/arm64/Quick_const_extract_protocols.json -empty-abi-descriptor -plugin-path /Applications/Xcode-15.0.0-Beta.2.app/Contents/Developer/Toolchains/XcodeDefault.xctoolchain/usr/lib/swift/host/plugins -plugin-path /Applications/Xcode-15.0.0-Beta.2.app/Contents/Developer/Toolchains/XcodeDefault.xctoolchain/usr/local/lib/swift/host/plugins -validate-clang-modules-once -clang-build-session-file /Users/builder/builds/TDmZkXJm/0/finestructure/swiftpackageindex-builder/spi-builder-workspace/.derivedData/ModuleCache.noindex/Session.modulevalidation -Xcc -working-directory -Xcc /Users/builder/builds/TDmZkXJm/0/finestructure/swiftpackageindex-builder/spi-builder-workspace -resource-dir /Applications/Xcode-15.0.0-Beta.2.app/Contents/Developer/Toolchains/XcodeDefault.xctoolchain/usr/lib/swift -enable-anonymous-context-mangled-names -Xcc -fmodule-map-file\=/Users/builder/builds/TDmZkXJm/0/finestructure/swiftpackageindex-builder/spi-builder-workspace/.derivedData/Build/Intermediates.noindex/GeneratedModuleMaps-xros/QuickSpecBase.modulemap -Xcc -ivfsstatcache -Xcc /Users/builder/builds/TDmZkXJm/0/finestructure/swiftpackageindex-builder/spi-builder-workspace/.derivedData/SDKStatCaches.noindex/xros1.0-21N5165f-50a81fd5751d5bee8ff6d6ea12214339.sdkstatcache -Xcc -I/Users/builder/builds/TDmZkXJm/0/finestructure/swiftpackageindex-builder/spi-builder-workspace/.derivedData/Build/Intermediates.noindex/Quick.build/Debug-xros/Quick.build/swift-overrides.hmap -Xcc -I/Users/builder/builds/TDmZkXJm/0/finestructure/swiftpackageindex-builder/spi-builder-workspace/.dependencies/checkouts/Quick/Sources/QuickSpecBase/include -Xcc -I/Users/builder/builds/TDmZkXJm/0/finestructure/swiftpackageindex-builder/spi-builder-workspace/.derivedData/Build/Products/Debug-xros/include -Xcc -I/Users/builder/builds/TDmZkXJm/0/finestructure/swiftpackageindex-builder/spi-builder-workspace/.derivedData/Build/Intermediates.noindex/Quick.build/Debug-xros/Quick.build/DerivedSources-normal/arm64 -Xcc -I/Users/builder/builds/TDmZkXJm/0/finestructure/swiftpackageindex-builder/spi-builder-workspace/.derivedData/Build/Intermediates.noindex/Quick.build/Debug-xros/Quick.build/DerivedSources/arm64 -Xcc -I/Users/builder/builds/TDmZkXJm/0/finestructure/swiftpackageindex-builder/spi-builder-workspace/.derivedData/Build/Intermediates.noindex/Quick.build/Debug-xros/Quick.build/DerivedSources -Xcc -DSWIFT_PACKAGE -Xcc -DDEBUG\=1 -module-name Quick -frontend-parseable-output -disable-clang-spi -target-sdk-version 1.0 -target-sdk-name xros1.0 -o /Users/builder/builds/TDmZkXJm/0/finestructure/swiftpackageindex-builder/spi-builder-workspace/.derivedData/Build/Intermediates.noindex/Quick.build/Debug-xros/Quick.build/Objects-normal/arm64/QuickSpec.o -o /Users/builder/builds/TDmZkXJm/0/finestructure/swiftpackageindex-builder/spi-builder-workspace/.derivedData/Build/Intermediates.noindex/Quick.build/Debug-xros/Quick.build/Objects-normal/arm64/QuickTestSuite.o -o /Users/builder/builds/TDmZkXJm/0/finestructure/swiftpackageindex-builder/spi-builder-workspace/.derivedData/Build/Intermediates.noindex/Quick.build/Debug-xros/Quick.build/Objects-normal/arm64/String+C99ExtendedIdentifier.o -index-unit-output-path /Quick.build/Debug-xros/Quick.build/Objects-normal/arm64/QuickSpec.o -index-unit-output-path /Quick.build/Debug-xros/Quick.build/Objects-normal/arm64/QuickTestSuite.o -index-unit-output-path /Quick.build/Debug-xros/Quick.build/Objects-normal/arm64/String+C99ExtendedIdentifier.o -index-store-path /Users/builder/builds/TDmZkXJm/0/finestructure/swiftpackageindex-builder/spi-builder-workspace/.derivedData/Index.noindex/DataStore -index-system-modules

SwiftCompile normal arm64 /Users/builder/builds/TDmZkXJm/0/finestructure/swiftpackageindex-builder/spi-builder-workspace/.dependencies/checkouts/Quick/Sources/Quick/String+C99ExtendedIdentifier.swift (in target 'Quick' from project 'Quick')
    cd /Users/builder/builds/TDmZkXJm/0/finestructure/swiftpackageindex-builder/spi-builder-workspace
    /Applications/Xcode-15.0.0-Beta.2.app/Contents/Developer/Toolchains/XcodeDefault.xctoolchain/usr/bin/swift-frontend -c /Users/builder/builds/TDmZkXJm/0/finestructure/swiftpackageindex-builder/spi-builder-workspace/.dependencies/checkouts/Quick/Sources/Quick/Behavior.swift /Users/builder/builds/TDmZkXJm/0/finestructure/swiftpackageindex-builder/spi-builder-workspace/.dependencies/checkouts/Quick/Sources/Quick/Callsite.swift /Users/builder/builds/TDmZkXJm/0/finestructure/swiftpackageindex-builder/spi-builder-workspace/.dependencies/checkouts/Quick/Sources/Quick/Configuration/Configuration.swift /Users/builder/builds/TDmZkXJm/0/finestructure/swiftpackageindex-builder/spi-builder-workspace/.dependencies/checkouts/Quick/Sources/Quick/Configuration/QuickConfiguration.swift /Users/builder/builds/TDmZkXJm/0/finestructure/swiftpackageindex-builder/spi-builder-workspace/.dependencies/checkouts/Quick/Sources/Quick/DSL/DSL.swift /Users/builder/builds/TDmZkXJm/0/finestructure/swiftpackageindex-builder/spi-builder-workspace/.dependencies/checkouts/Quick/Sources/Quick/DSL/World+DSL.swift /Users/builder/builds/TDmZkXJm/0/finestructure/swiftpackageindex-builder/spi-builder-workspace/.dependencies/checkouts/Quick/Sources/Quick/ErrorUtility.swift /Users/builder/builds/TDmZkXJm/0/finestructure/swiftpackageindex-builder/spi-builder-workspace/.dependencies/checkouts/Quick/Sources/Quick/Example.swift /Users/builder/builds/TDmZkXJm/0/finestructure/swiftpackageindex-builder/spi-builder-workspace/.dependencies/checkouts/Quick/Sources/Quick/ExampleGroup.swift /Users/builder/builds/TDmZkXJm/0/finestructure/swiftpackageindex-builder/spi-builder-workspace/.dependencies/checkouts/Quick/Sources/Quick/ExampleMetadata.swift /Users/builder/builds/TDmZkXJm/0/finestructure/swiftpackageindex-builder/spi-builder-workspace/.dependencies/checkouts/Quick/Sources/Quick/Filter.swift /Users/builder/builds/TDmZkXJm/0/finestructure/swiftpackageindex-builder/spi-builder-workspace/.dependencies/checkouts/Quick/Sources/Quick/Hooks/Closures.swift /Users/builder/builds/TDmZkXJm/0/finestructure/swiftpackageindex-builder/spi-builder-workspace/.dependencies/checkouts/Quick/Sources/Quick/Hooks/ExampleHooks.swift /Users/builder/builds/TDmZkXJm/0/finestructure/swiftpackageindex-builder/spi-builder-workspace/.dependencies/checkouts/Quick/Sources/Quick/Hooks/HooksPhase.swift /Users/builder/builds/TDmZkXJm/0/finestructure/swiftpackageindex-builder/spi-builder-workspace/.dependencies/checkouts/Quick/Sources/Quick/Hooks/SuiteHooks.swift /Users/builder/builds/TDmZkXJm/0/finestructure/swiftpackageindex-builder/spi-builder-workspace/.dependencies/checkouts/Quick/Sources/Quick/NSBundle+CurrentTestBundle.swift /Users/builder/builds/TDmZkXJm/0/finestructure/swiftpackageindex-builder/spi-builder-workspace/.dependencies/checkouts/Quick/Sources/Quick/QuickMain.swift /Users/builder/builds/TDmZkXJm/0/finestructure/swiftpackageindex-builder/spi-builder-workspace/.dependencies/checkouts/Quick/Sources/Quick/QuickSelectedTestSuiteBuilder.swift -primary-file /Users/builder/builds/TDmZkXJm/0/finestructure/swiftpackageindex-builder/spi-builder-workspace/.dependencies/checkouts/Quick/Sources/Quick/QuickSpec.swift -primary-file /Users/builder/builds/TDmZkXJm/0/finestructure/swiftpackageindex-builder/spi-builder-workspace/.dependencies/checkouts/Quick/Sources/Quick/QuickTestSuite.swift -primary-file /Users/builder/builds/TDmZkXJm/0/finestructure/swiftpackageindex-builder/spi-builder-workspace/.dependencies/checkouts/Quick/Sources/Quick/String+C99ExtendedIdentifier.swift /Users/builder/builds/TDmZkXJm/0/finestructure/swiftpackageindex-builder/spi-builder-workspace/.dependencies/checkouts/Quick/Sources/Quick/URL+FileName.swift /Users/builder/builds/TDmZkXJm/0/finestructure/swiftpackageindex-builder/spi-builder-workspace/.dependencies/checkouts/Quick/Sources/Quick/World.swift -supplementary-output-file-map /Users/builder/builds/TDmZkXJm/0/finestructure/swiftpackageindex-builder/spi-builder-workspace/.derivedData/Build/Intermediates.noindex/Quick.build/Debug-xros/Quick.build/Objects-normal/arm64/supplementaryOutputs-15 -target arm64-apple-xros1.0 -Xllvm -aarch64-use-tbi -enable-objc-interop -stack-check -sdk /Applications/Xcode-15.0.0-Beta.2.app/Contents/Developer/Platforms/XROS.platform/Developer/SDKs/XROS1.0.sdk -I /Users/builder/builds/TDmZkXJm/0/finestructure/swiftpackageindex-builder/spi-builder-workspace/.derivedData/Build/Products/Debug-xros -I /Applications/Xcode-15.0.0-Beta.2.app/Contents/Developer/Platforms/XROS.platform/Developer/usr/lib -F /Users/builder/builds/TDmZkXJm/0/finestructure/swiftpackageindex-builder/spi-builder-workspace/.derivedData/Build/Products/Debug-xros/PackageFrameworks -F /Users/builder/builds/TDmZkXJm/0/finestructure/swiftpackageindex-builder/spi-builder-workspace/.derivedData/Build/Products/Debug-xros -F /Applications/Xcode-15.0.0-Beta.2.app/Contents/Developer/Platforms/XROS.platform/Developer/Library/Frameworks -F /Applications/Xcode-15.0.0-Beta.2.app/Contents/Developer/Platforms/XROS.platform/Developer/SDKs/XROS1.0.sdk/Developer/Library/Frameworks -no-color-diagnostics -enable-testing -g -module-cache-path /Users/builder/builds/TDmZkXJm/0/finestructure/swiftpackageindex-builder/spi-builder-workspace/.derivedData/ModuleCache.noindex -swift-version 5 -enforce-exclusivity\=checked -Onone -D SWIFT_PACKAGE -D DEBUG -D Xcode -serialize-debugging-options -const-gather-protocols-file /Users/builder/builds/TDmZkXJm/0/finestructure/swiftpackageindex-builder/spi-builder-workspace/.derivedData/Build/Intermediates.noindex/Quick.build/Debug-xros/Quick.build/Objects-normal/arm64/Quick_const_extract_protocols.json -empty-abi-descriptor -plugin-path /Applications/Xcode-15.0.0-Beta.2.app/Contents/Developer/Toolchains/XcodeDefault.xctoolchain/usr/lib/swift/host/plugins -plugin-path /Applications/Xcode-15.0.0-Beta.2.app/Contents/Developer/Toolchains/XcodeDefault.xctoolchain/usr/local/lib/swift/host/plugins -validate-clang-modules-once -clang-build-session-file /Users/builder/builds/TDmZkXJm/0/finestructure/swiftpackageindex-builder/spi-builder-workspace/.derivedData/ModuleCache.noindex/Session.modulevalidation -Xcc -working-directory -Xcc /Users/builder/builds/TDmZkXJm/0/finestructure/swiftpackageindex-builder/spi-builder-workspace -resource-dir /Applications/Xcode-15.0.0-Beta.2.app/Contents/Developer/Toolchains/XcodeDefault.xctoolchain/usr/lib/swift -enable-anonymous-context-mangled-names -Xcc -fmodule-map-file\=/Users/builder/builds/TDmZkXJm/0/finestructure/swiftpackageindex-builder/spi-builder-workspace/.derivedData/Build/Intermediates.noindex/GeneratedModuleMaps-xros/QuickSpecBase.modulemap -Xcc -ivfsstatcache -Xcc /Users/builder/builds/TDmZkXJm/0/finestructure/swiftpackageindex-builder/spi-builder-workspace/.derivedData/SDKStatCaches.noindex/xros1.0-21N5165f-50a81fd5751d5bee8ff6d6ea12214339.sdkstatcache -Xcc -I/Users/builder/builds/TDmZkXJm/0/finestructure/swiftpackageindex-builder/spi-builder-workspace/.derivedData/Build/Intermediates.noindex/Quick.build/Debug-xros/Quick.build/swift-overrides.hmap -Xcc -I/Users/builder/builds/TDmZkXJm/0/finestructure/swiftpackageindex-builder/spi-builder-workspace/.dependencies/checkouts/Quick/Sources/QuickSpecBase/include -Xcc -I/Users/builder/builds/TDmZkXJm/0/finestructure/swiftpackageindex-builder/spi-builder-workspace/.derivedData/Build/Products/Debug-xros/include -Xcc -I/Users/builder/builds/TDmZkXJm/0/finestructure/swiftpackageindex-builder/spi-builder-workspace/.derivedData/Build/Intermediates.noindex/Quick.build/Debug-xros/Quick.build/DerivedSources-normal/arm64 -Xcc -I/Users/builder/builds/TDmZkXJm/0/finestructure/swiftpackageindex-builder/spi-builder-workspace/.derivedData/Build/Intermediates.noindex/Quick.build/Debug-xros/Quick.build/DerivedSources/arm64 -Xcc -I/Users/builder/builds/TDmZkXJm/0/finestructure/swiftpackageindex-builder/spi-builder-workspace/.derivedData/Build/Intermediates.noindex/Quick.build/Debug-xros/Quick.build/DerivedSources -Xcc -DSWIFT_PACKAGE -Xcc -DDEBUG\=1 -module-name Quick -frontend-parseable-output -disable-clang-spi -target-sdk-version 1.0 -target-sdk-name xros1.0 -o /Users/builder/builds/TDmZkXJm/0/finestructure/swiftpackageindex-builder/spi-builder-workspace/.derivedData/Build/Intermediates.noindex/Quick.build/Debug-xros/Quick.build/Objects-normal/arm64/QuickSpec.o -o /Users/builder/builds/TDmZkXJm/0/finestructure/swiftpackageindex-builder/spi-builder-workspace/.derivedData/Build/Intermediates.noindex/Quick.build/Debug-xros/Quick.build/Objects-normal/arm64/QuickTestSuite.o -o /Users/builder/builds/TDmZkXJm/0/finestructure/swiftpackageindex-builder/spi-builder-workspace/.derivedData/Build/Intermediates.noindex/Quick.build/Debug-xros/Quick.build/Objects-normal/arm64/String+C99ExtendedIdentifier.o -index-unit-output-path /Quick.build/Debug-xros/Quick.build/Objects-normal/arm64/QuickSpec.o -index-unit-output-path /Quick.build/Debug-xros/Quick.build/Objects-normal/arm64/QuickTestSuite.o -index-unit-output-path /Quick.build/Debug-xros/Quick.build/Objects-normal/arm64/String+C99ExtendedIdentifier.o -index-store-path /Users/builder/builds/TDmZkXJm/0/finestructure/swiftpackageindex-builder/spi-builder-workspace/.derivedData/Index.noindex/DataStore -index-system-modules

SwiftMergeGeneratedHeaders /Users/builder/builds/TDmZkXJm/0/finestructure/swiftpackageindex-builder/spi-builder-workspace/.derivedData/Build/Intermediates.noindex/GeneratedModuleMaps-xros/Quick-Swift.h /Users/builder/builds/TDmZkXJm/0/finestructure/swiftpackageindex-builder/spi-builder-workspace/.derivedData/Build/Intermediates.noindex/Quick.build/Debug-xros/Quick.build/Objects-normal/arm64/Quick-Swift.h (in target 'Quick' from project 'Quick')
    cd /Users/builder/builds/TDmZkXJm/0/finestructure/swiftpackageindex-builder/spi-builder-workspace/.dependencies/checkouts/Quick
    builtin-swiftHeaderTool -arch arm64 /Users/builder/builds/TDmZkXJm/0/finestructure/swiftpackageindex-builder/spi-builder-workspace/.derivedData/Build/Intermediates.noindex/Quick.build/Debug-xros/Quick.build/Objects-normal/arm64/Quick-Swift.h -o /Users/builder/builds/TDmZkXJm/0/finestructure/swiftpackageindex-builder/spi-builder-workspace/.derivedData/Build/Intermediates.noindex/GeneratedModuleMaps-xros/Quick-Swift.h

Copy /Users/builder/builds/TDmZkXJm/0/finestructure/swiftpackageindex-builder/spi-builder-workspace/.derivedData/Build/Products/Debug-xros/Quick.swiftmodule/arm64-apple-xros.swiftmodule /Users/builder/builds/TDmZkXJm/0/finestructure/swiftpackageindex-builder/spi-builder-workspace/.derivedData/Build/Intermediates.noindex/Quick.build/Debug-xros/Quick.build/Objects-normal/arm64/Quick.swiftmodule (in target 'Quick' from project 'Quick')
    cd /Users/builder/builds/TDmZkXJm/0/finestructure/swiftpackageindex-builder/spi-builder-workspace/.dependencies/checkouts/Quick
    builtin-copy -exclude .DS_Store -exclude CVS -exclude .svn -exclude .git -exclude .hg -resolve-src-symlinks -rename /Users/builder/builds/TDmZkXJm/0/finestructure/swiftpackageindex-builder/spi-builder-workspace/.derivedData/Build/Intermediates.noindex/Quick.build/Debug-xros/Quick.build/Objects-normal/arm64/Quick.swiftmodule /Users/builder/builds/TDmZkXJm/0/finestructure/swiftpackageindex-builder/spi-builder-workspace/.derivedData/Build/Products/Debug-xros/Quick.swiftmodule/arm64-apple-xros.swiftmodule
SwiftDriverJobDiscovery normal arm64 Compiling ExampleHooks.swift, HooksPhase.swift, SuiteHooks.swift (in target 'Quick' from project 'Quick')

Copy /Users/builder/builds/TDmZkXJm/0/finestructure/swiftpackageindex-builder/spi-builder-workspace/.derivedData/Build/Products/Debug-xros/Quick.swiftmodule/arm64-apple-xros.swiftdoc /Users/builder/builds/TDmZkXJm/0/finestructure/swiftpackageindex-builder/spi-builder-workspace/.derivedData/Build/Intermediates.noindex/Quick.build/Debug-xros/Quick.build/Objects-normal/arm64/Quick.swiftdoc (in target 'Quick' from project 'Quick')
    cd /Users/builder/builds/TDmZkXJm/0/finestructure/swiftpackageindex-builder/spi-builder-workspace/.dependencies/checkouts/Quick
    builtin-copy -exclude .DS_Store -exclude CVS -exclude .svn -exclude .git -exclude .hg -resolve-src-symlinks -rename /Users/builder/builds/TDmZkXJm/0/finestructure/swiftpackageindex-builder/spi-builder-workspace/.derivedData/Build/Intermediates.noindex/Quick.build/Debug-xros/Quick.build/Objects-normal/arm64/Quick.swiftdoc /Users/builder/builds/TDmZkXJm/0/finestructure/swiftpackageindex-builder/spi-builder-workspace/.derivedData/Build/Products/Debug-xros/Quick.swiftmodule/arm64-apple-xros.swiftdoc

Copy /Users/builder/builds/TDmZkXJm/0/finestructure/swiftpackageindex-builder/spi-builder-workspace/.derivedData/Build/Products/Debug-xros/Quick.swiftmodule/arm64-apple-xros.abi.json /Users/builder/builds/TDmZkXJm/0/finestructure/swiftpackageindex-builder/spi-builder-workspace/.derivedData/Build/Intermediates.noindex/Quick.build/Debug-xros/Quick.build/Objects-normal/arm64/Quick.abi.json (in target 'Quick' from project 'Quick')
    cd /Users/builder/builds/TDmZkXJm/0/finestructure/swiftpackageindex-builder/spi-builder-workspace/.dependencies/checkouts/Quick
    builtin-copy -exclude .DS_Store -exclude CVS -exclude .svn -exclude .git -exclude .hg -resolve-src-symlinks -rename /Users/builder/builds/TDmZkXJm/0/finestructure/swiftpackageindex-builder/spi-builder-workspace/.derivedData/Build/Intermediates.noindex/Quick.build/Debug-xros/Quick.build/Objects-normal/arm64/Quick.abi.json /Users/builder/builds/TDmZkXJm/0/finestructure/swiftpackageindex-builder/spi-builder-workspace/.derivedData/Build/Products/Debug-xros/Quick.swiftmodule/arm64-apple-xros.abi.json

Copy /Users/builder/builds/TDmZkXJm/0/finestructure/swiftpackageindex-builder/spi-builder-workspace/.derivedData/Build/Products/Debug-xros/Quick.swiftmodule/Project/arm64-apple-xros.swiftsourceinfo /Users/builder/builds/TDmZkXJm/0/finestructure/swiftpackageindex-builder/spi-builder-workspace/.derivedData/Build/Intermediates.noindex/Quick.build/Debug-xros/Quick.build/Objects-normal/arm64/Quick.swiftsourceinfo (in target 'Quick' from project 'Quick')
    cd /Users/builder/builds/TDmZkXJm/0/finestructure/swiftpackageindex-builder/spi-builder-workspace/.dependencies/checkouts/Quick
    builtin-copy -exclude .DS_Store -exclude CVS -exclude .svn -exclude .git -exclude .hg -resolve-src-symlinks -rename /Users/builder/builds/TDmZkXJm/0/finestructure/swiftpackageindex-builder/spi-builder-workspace/.derivedData/Build/Intermediates.noindex/Quick.build/Debug-xros/Quick.build/Objects-normal/arm64/Quick.swiftsourceinfo /Users/builder/builds/TDmZkXJm/0/finestructure/swiftpackageindex-builder/spi-builder-workspace/.derivedData/Build/Products/Debug-xros/Quick.swiftmodule/Project/arm64-apple-xros.swiftsourceinfo
SwiftDriver\ Compilation CwlCatchException normal arm64 com.apple.xcode.tools.swift.compiler (in target 'CwlCatchException' from project 'CwlCatchException')
    cd /Users/builder/builds/TDmZkXJm/0/finestructure/swiftpackageindex-builder/spi-builder-workspace
    builtin-Swift-Compilation -- /Applications/Xcode-15.0.0-Beta.2.app/Contents/Developer/Toolchains/XcodeDefault.xctoolchain/usr/bin/swiftc -module-name CwlCatchException -Onone -enforce-exclusivity\=checked @/Users/builder/builds/TDmZkXJm/0/finestructure/swiftpackageindex-builder/spi-builder-workspace/.derivedData/Build/Intermediates.noindex/CwlCatchException.build/Debug-xros/CwlCatchException.build/Objects-normal/arm64/CwlCatchException.SwiftFileList -DSWIFT_PACKAGE -DDEBUG -Xcc -fmodule-map-file\=/Users/builder/builds/TDmZkXJm/0/finestructure/swiftpackageindex-builder/spi-builder-workspace/.derivedData/Build/Intermediates.noindex/GeneratedModuleMaps-xros/CwlCatchExceptionSupport.modulemap -DXcode -sdk /Applications/Xcode-15.0.0-Beta.2.app/Contents/Developer/Platforms/XROS.platform/Developer/SDKs/XROS1.0.sdk -target arm64-apple-xros1.0 -g -module-cache-path /Users/builder/builds/TDmZkXJm/0/finestructure/swiftpackageindex-builder/spi-builder-workspace/.derivedData/ModuleCache.noindex -Xfrontend -serialize-debugging-options -enable-testing -index-store-path /Users/builder/builds/TDmZkXJm/0/finestructure/swiftpackageindex-builder/spi-builder-workspace/.derivedData/Index.noindex/DataStore -swift-version 4.2 -I /Users/builder/builds/TDmZkXJm/0/finestructure/swiftpackageindex-builder/spi-builder-workspace/.derivedData/Build/Products/Debug-xros -I /Applications/Xcode-15.0.0-Beta.2.app/Contents/Developer/Platforms/XROS.platform/Developer/usr/lib -F /Users/builder/builds/TDmZkXJm/0/finestructure/swiftpackageindex-builder/spi-builder-workspace/.derivedData/Build/Products/Debug-xros/PackageFrameworks -F /Users/builder/builds/TDmZkXJm/0/finestructure/swiftpackageindex-builder/spi-builder-workspace/.derivedData/Build/Products/Debug-xros -F /Applications/Xcode-15.0.0-Beta.2.app/Contents/Developer/Platforms/XROS.platform/Developer/Library/Frameworks -F /Applications/Xcode-15.0.0-Beta.2.app/Contents/Developer/Platforms/XROS.platform/Developer/SDKs/XROS1.0.sdk/Developer/Library/Frameworks -parse-as-library -c -j8 -enable-batch-mode -incremental -Xcc -ivfsstatcache -Xcc /Users/builder/builds/TDmZkXJm/0/finestructure/swiftpackageindex-builder/spi-builder-workspace/.derivedData/SDKStatCaches.noindex/xros1.0-21N5165f-50a81fd5751d5bee8ff6d6ea12214339.sdkstatcache -output-file-map /Users/builder/builds/TDmZkXJm/0/finestructure/swiftpackageindex-builder/spi-builder-workspace/.derivedData/Build/Intermediates.noindex/CwlCatchException.build/Debug-xros/CwlCatchException.build/Objects-normal/arm64/CwlCatchException-OutputFileMap.json -use-frontend-parseable-output -save-temps -no-color-diagnostics -serialize-diagnostics -emit-dependencies -emit-module -emit-module-path /Users/builder/builds/TDmZkXJm/0/finestructure/swiftpackageindex-builder/spi-builder-workspace/.derivedData/Build/Intermediates.noindex/CwlCatchException.build/Debug-xros/CwlCatchException.build/Objects-normal/arm64/CwlCatchException.swiftmodule -validate-clang-modules-once -clang-build-session-file /Users/builder/builds/TDmZkXJm/0/finestructure/swiftpackageindex-builder/spi-builder-workspace/.derivedData/ModuleCache.noindex/Session.modulevalidation -Xcc -I/Users/builder/builds/TDmZkXJm/0/finestructure/swiftpackageindex-builder/spi-builder-workspace/.derivedData/Build/Intermediates.noindex/CwlCatchException.build/Debug-xros/CwlCatchException.build/swift-overrides.hmap -emit-const-values -Xfrontend -const-gather-protocols-file -Xfrontend /Users/builder/builds/TDmZkXJm/0/finestructure/swiftpackageindex-builder/spi-builder-workspace/.derivedData/Build/Intermediates.noindex/CwlCatchException.build/Debug-xros/CwlCatchException.build/Objects-normal/arm64/CwlCatchException_const_extract_protocols.json -Xcc -I/Users/builder/builds/TDmZkXJm/0/finestructure/swiftpackageindex-builder/spi-builder-workspace/.dependencies/checkouts/CwlCatchException/Sources/CwlCatchExceptionSupport/include -Xcc -I/Users/builder/builds/TDmZkXJm/0/finestructure/swiftpackageindex-builder/spi-builder-workspace/.derivedData/Build/Products/Debug-xros/include -Xcc -I/Users/builder/builds/TDmZkXJm/0/finestructure/swiftpackageindex-builder/spi-builder-workspace/.derivedData/Build/Intermediates.noindex/CwlCatchException.build/Debug-xros/CwlCatchException.build/DerivedSources-normal/arm64 -Xcc -I/Users/builder/builds/TDmZkXJm/0/finestructure/swiftpackageindex-builder/spi-builder-workspace/.derivedData/Build/Intermediates.noindex/CwlCatchException.build/Debug-xros/CwlCatchException.build/DerivedSources/arm64 -Xcc -I/Users/builder/builds/TDmZkXJm/0/finestructure/swiftpackageindex-builder/spi-builder-workspace/.derivedData/Build/Intermediates.noindex/CwlCatchException.build/Debug-xros/CwlCatchException.build/DerivedSources -Xcc -DSWIFT_PACKAGE -Xcc -DDEBUG\=1 -emit-objc-header -emit-objc-header-path /Users/builder/builds/TDmZkXJm/0/finestructure/swiftpackageindex-builder/spi-builder-workspace/.derivedData/Build/Intermediates.noindex/CwlCatchException.build/Debug-xros/CwlCatchException.build/Objects-normal/arm64/CwlCatchException-Swift.h -working-directory /Users/builder/builds/TDmZkXJm/0/finestructure/swiftpackageindex-builder/spi-builder-workspace -experimental-emit-module-separately -disable-cmo

SwiftDriverJobDiscovery normal arm64 Compiling Behavior.swift, Callsite.swift, Configuration.swift (in target 'Quick' from project 'Quick')
Ld /Users/builder/builds/TDmZkXJm/0/finestructure/swiftpackageindex-builder/spi-builder-workspace/.derivedData/Build/Products/Debug-xros/Sparse.o normal (in target 'Sparse' from project 'Sparse')
    cd /Users/builder/builds/TDmZkXJm/0/finestructure/swiftpackageindex-builder/spi-builder-workspace
    /Applications/Xcode-15.0.0-Beta.2.app/Contents/Developer/Toolchains/XcodeDefault.xctoolchain/usr/bin/clang -Xlinker -reproducible -target arm64-apple-xros1.0 -r -isysroot /Applications/Xcode-15.0.0-Beta.2.app/Contents/Developer/Platforms/XROS.platform/Developer/SDKs/XROS1.0.sdk -O0 -L/Users/builder/builds/TDmZkXJm/0/finestructure/swiftpackageindex-builder/spi-builder-workspace/.derivedData/Build/Intermediates.noindex/EagerLinkingTBDs/Debug-xros -L/Users/builder/builds/TDmZkXJm/0/finestructure/swiftpackageindex-builder/spi-builder-workspace/.derivedData/Build/Products/Debug-xros -L/Applications/Xcode-15.0.0-Beta.2.app/Contents/Developer/Platforms/XROS.platform/Developer/usr/lib -F/Users/builder/builds/TDmZkXJm/0/finestructure/swiftpackageindex-builder/spi-builder-workspace/.derivedData/Build/Intermediates.noindex/EagerLinkingTBDs/Debug-xros -F/Users/builder/builds/TDmZkXJm/0/finestructure/swiftpackageindex-builder/spi-builder-workspace/.derivedData/Build/Products/Debug-xros -iframework /Applications/Xcode-15.0.0-Beta.2.app/Contents/Developer/Platforms/XROS.platform/Developer/Library/Frameworks -iframework /Applications/Xcode-15.0.0-Beta.2.app/Contents/Developer/Platforms/XROS.platform/Developer/SDKs/XROS1.0.sdk/Developer/Library/Frameworks -filelist /Users/builder/builds/TDmZkXJm/0/finestructure/swiftpackageindex-builder/spi-builder-workspace/.derivedData/Build/Intermediates.noindex/Sparse.build/Debug-xros/Sparse.build/Objects-normal/arm64/Sparse.LinkFileList -nostdlib -Xlinker -object_path_lto -Xlinker /Users/builder/builds/TDmZkXJm/0/finestructure/swiftpackageindex-builder/spi-builder-workspace/.derivedData/Build/Intermediates.noindex/Sparse.build/Debug-xros/Sparse.build/Objects-normal/arm64/Sparse_lto.o -Xlinker -export_dynamic -Xlinker -no_deduplicate -fobjc-link-runtime -L/Applications/Xcode-15.0.0-Beta.2.app/Contents/Developer/Toolchains/XcodeDefault.xctoolchain/usr/lib/swift/xros -L/usr/lib/swift -Xlinker -add_ast_path -Xlinker /Users/builder/builds/TDmZkXJm/0/finestructure/swiftpackageindex-builder/spi-builder-workspace/.derivedData/Build/Intermediates.noindex/Sparse.build/Debug-xros/Sparse.build/Objects-normal/arm64/Sparse.swiftmodule -Xlinker -dependency_info -Xlinker /Users/builder/builds/TDmZkXJm/0/finestructure/swiftpackageindex-builder/spi-builder-workspace/.derivedData/Build/Intermediates.noindex/Sparse.build/Debug-xros/Sparse.build/Objects-normal/arm64/Sparse_dependency_info.dat -o /Users/builder/builds/TDmZkXJm/0/finestructure/swiftpackageindex-builder/spi-builder-workspace/.derivedData/Build/Products/Debug-xros/Sparse.o

WriteAuxiliaryFile /Users/builder/builds/TDmZkXJm/0/finestructure/swiftpackageindex-builder/spi-builder-workspace/.derivedData/Build/Intermediates.noindex/CwlPreconditionTesting.build/Debug-xros/CwlPreconditionTesting.build/CwlPreconditionTesting.modulemap (in target 'CwlPreconditionTesting' from project 'CwlPreconditionTesting')
    cd /Users/builder/builds/TDmZkXJm/0/finestructure/swiftpackageindex-builder/spi-builder-workspace/.dependencies/checkouts/CwlPreconditionTesting
    write-file /Users/builder/builds/TDmZkXJm/0/finestructure/swiftpackageindex-builder/spi-builder-workspace/.derivedData/Build/Intermediates.noindex/CwlPreconditionTesting.build/Debug-xros/CwlPreconditionTesting.build/CwlPreconditionTesting.modulemap

Copy /Users/builder/builds/TDmZkXJm/0/finestructure/swiftpackageindex-builder/spi-builder-workspace/.derivedData/Build/Intermediates.noindex/GeneratedModuleMaps-xros/CwlPreconditionTesting.modulemap /Users/builder/builds/TDmZkXJm/0/finestructure/swiftpackageindex-builder/spi-builder-workspace/.derivedData/Build/Intermediates.noindex/CwlPreconditionTesting.build/Debug-xros/CwlPreconditionTesting.build/CwlPreconditionTesting.modulemap (in target 'CwlPreconditionTesting' from project 'CwlPreconditionTesting')
    cd /Users/builder/builds/TDmZkXJm/0/finestructure/swiftpackageindex-builder/spi-builder-workspace/.dependencies/checkouts/CwlPreconditionTesting
    builtin-copy -exclude .DS_Store -exclude CVS -exclude .svn -exclude .git -exclude .hg -resolve-src-symlinks /Users/builder/builds/TDmZkXJm/0/finestructure/swiftpackageindex-builder/spi-builder-workspace/.derivedData/Build/Intermediates.noindex/CwlPreconditionTesting.build/Debug-xros/CwlPreconditionTesting.build/CwlPreconditionTesting.modulemap /Users/builder/builds/TDmZkXJm/0/finestructure/swiftpackageindex-builder/spi-builder-workspace/.derivedData/Build/Intermediates.noindex/GeneratedModuleMaps-xros

RegisterExecutionPolicyException /Users/builder/builds/TDmZkXJm/0/finestructure/swiftpackageindex-builder/spi-builder-workspace/.derivedData/Build/Products/Debug-xros/QuickSpecBase.o (in target 'QuickSpecBase' from project 'Quick')
    cd /Users/builder/builds/TDmZkXJm/0/finestructure/swiftpackageindex-builder/spi-builder-workspace/.dependencies/checkouts/Quick
    builtin-RegisterExecutionPolicyException /Users/builder/builds/TDmZkXJm/0/finestructure/swiftpackageindex-builder/spi-builder-workspace/.derivedData/Build/Products/Debug-xros/QuickSpecBase.o

RegisterExecutionPolicyException /Users/builder/builds/TDmZkXJm/0/finestructure/swiftpackageindex-builder/spi-builder-workspace/.derivedData/Build/Products/Debug-xros/CwlMachBadInstructionHandler.o (in target 'CwlMachBadInstructionHandler' from project 'CwlPreconditionTesting')
    cd /Users/builder/builds/TDmZkXJm/0/finestructure/swiftpackageindex-builder/spi-builder-workspace/.dependencies/checkouts/CwlPreconditionTesting
    builtin-RegisterExecutionPolicyException /Users/builder/builds/TDmZkXJm/0/finestructure/swiftpackageindex-builder/spi-builder-workspace/.derivedData/Build/Products/Debug-xros/CwlMachBadInstructionHandler.o

WriteAuxiliaryFile /Users/builder/builds/TDmZkXJm/0/finestructure/swiftpackageindex-builder/spi-builder-workspace/.derivedData/Build/Intermediates.noindex/CwlPreconditionTesting.build/Debug-xros/CwlPreconditionTesting.build/Objects-normal/arm64/CwlPreconditionTesting_const_extract_protocols.json (in target 'CwlPreconditionTesting' from project 'CwlPreconditionTesting')
    cd /Users/builder/builds/TDmZkXJm/0/finestructure/swiftpackageindex-builder/spi-builder-workspace/.dependencies/checkouts/CwlPreconditionTesting
    write-file /Users/builder/builds/TDmZkXJm/0/finestructure/swiftpackageindex-builder/spi-builder-workspace/.derivedData/Build/Intermediates.noindex/CwlPreconditionTesting.build/Debug-xros/CwlPreconditionTesting.build/Objects-normal/arm64/CwlPreconditionTesting_const_extract_protocols.json

WriteAuxiliaryFile /Users/builder/builds/TDmZkXJm/0/finestructure/swiftpackageindex-builder/spi-builder-workspace/.derivedData/Build/Intermediates.noindex/CwlPreconditionTesting.build/Debug-xros/CwlPreconditionTesting.build/Objects-normal/arm64/CwlPreconditionTesting.SwiftFileList (in target 'CwlPreconditionTesting' from project 'CwlPreconditionTesting')
    cd /Users/builder/builds/TDmZkXJm/0/finestructure/swiftpackageindex-builder/spi-builder-workspace/.dependencies/checkouts/CwlPreconditionTesting
    write-file /Users/builder/builds/TDmZkXJm/0/finestructure/swiftpackageindex-builder/spi-builder-workspace/.derivedData/Build/Intermediates.noindex/CwlPreconditionTesting.build/Debug-xros/CwlPreconditionTesting.build/Objects-normal/arm64/CwlPreconditionTesting.SwiftFileList

WriteAuxiliaryFile /Users/builder/builds/TDmZkXJm/0/finestructure/swiftpackageindex-builder/spi-builder-workspace/.derivedData/Build/Intermediates.noindex/CwlPreconditionTesting.build/Debug-xros/CwlPreconditionTesting.build/Objects-normal/arm64/CwlPreconditionTesting-OutputFileMap.json (in target 'CwlPreconditionTesting' from project 'CwlPreconditionTesting')
    cd /Users/builder/builds/TDmZkXJm/0/finestructure/swiftpackageindex-builder/spi-builder-workspace/.dependencies/checkouts/CwlPreconditionTesting
    write-file /Users/builder/builds/TDmZkXJm/0/finestructure/swiftpackageindex-builder/spi-builder-workspace/.derivedData/Build/Intermediates.noindex/CwlPreconditionTesting.build/Debug-xros/CwlPreconditionTesting.build/Objects-normal/arm64/CwlPreconditionTesting-OutputFileMap.json
SwiftDriver CwlPreconditionTesting normal arm64 com.apple.xcode.tools.swift.compiler (in target 'CwlPreconditionTesting' from project 'CwlPreconditionTesting')
    cd /Users/builder/builds/TDmZkXJm/0/finestructure/swiftpackageindex-builder/spi-builder-workspace
    builtin-SwiftDriver -- /Applications/Xcode-15.0.0-Beta.2.app/Contents/Developer/Toolchains/XcodeDefault.xctoolchain/usr/bin/swiftc -module-name CwlPreconditionTesting -Onone -enforce-exclusivity\=checked @/Users/builder/builds/TDmZkXJm/0/finestructure/swiftpackageindex-builder/spi-builder-workspace/.derivedData/Build/Intermediates.noindex/CwlPreconditionTesting.build/Debug-xros/CwlPreconditionTesting.build/Objects-normal/arm64/CwlPreconditionTesting.SwiftFileList -DSWIFT_PACKAGE -DDEBUG -Xcc -fmodule-map-file\=/Users/builder/builds/TDmZkXJm/0/finestructure/swiftpackageindex-builder/spi-builder-workspace/.derivedData/Build/Intermediates.noindex/GeneratedModuleMaps-xros/CwlCatchExceptionSupport.modulemap -Xcc -fmodule-map-file\=/Users/builder/builds/TDmZkXJm/0/finestructure/swiftpackageindex-builder/spi-builder-workspace/.derivedData/Build/Intermediates.noindex/GeneratedModuleMaps-xros/CwlMachBadInstructionHandler.modulemap -DXcode -sdk /Applications/Xcode-15.0.0-Beta.2.app/Contents/Developer/Platforms/XROS.platform/Developer/SDKs/XROS1.0.sdk -target arm64-apple-xros1.0 -g -module-cache-path /Users/builder/builds/TDmZkXJm/0/finestructure/swiftpackageindex-builder/spi-builder-workspace/.derivedData/ModuleCache.noindex -Xfrontend -serialize-debugging-options -enable-testing -index-store-path /Users/builder/builds/TDmZkXJm/0/finestructure/swiftpackageindex-builder/spi-builder-workspace/.derivedData/Index.noindex/DataStore -swift-version 4 -I /Users/builder/builds/TDmZkXJm/0/finestructure/swiftpackageindex-builder/spi-builder-workspace/.derivedData/Build/Products/Debug-xros -I /Applications/Xcode-15.0.0-Beta.2.app/Contents/Developer/Platforms/XROS.platform/Developer/usr/lib -F /Users/builder/builds/TDmZkXJm/0/finestructure/swiftpackageindex-builder/spi-builder-workspace/.derivedData/Build/Products/Debug-xros/PackageFrameworks -F /Users/builder/builds/TDmZkXJm/0/finestructure/swiftpackageindex-builder/spi-builder-workspace/.derivedData/Build/Products/Debug-xros/PackageFrameworks -F /Users/builder/builds/TDmZkXJm/0/finestructure/swiftpackageindex-builder/spi-builder-workspace/.derivedData/Build/Products/Debug-xros/PackageFrameworks -F /Users/builder/builds/TDmZkXJm/0/finestructure/swiftpackageindex-builder/spi-builder-workspace/.derivedData/Build/Products/Debug-xros -F /Applications/Xcode-15.0.0-Beta.2.app/Contents/Developer/Platforms/XROS.platform/Developer/Library/Frameworks -F /Applications/Xcode-15.0.0-Beta.2.app/Contents/Developer/Platforms/XROS.platform/Developer/SDKs/XROS1.0.sdk/Developer/Library/Frameworks -c -j8 -enable-batch-mode -incremental -Xcc -ivfsstatcache -Xcc /Users/builder/builds/TDmZkXJm/0/finestructure/swiftpackageindex-builder/spi-builder-workspace/.derivedData/SDKStatCaches.noindex/xros1.0-21N5165f-50a81fd5751d5bee8ff6d6ea12214339.sdkstatcache -output-file-map /Users/builder/builds/TDmZkXJm/0/finestructure/swiftpackageindex-builder/spi-builder-workspace/.derivedData/Build/Intermediates.noindex/CwlPreconditionTesting.build/Debug-xros/CwlPreconditionTesting.build/Objects-normal/arm64/CwlPreconditionTesting-OutputFileMap.json -use-frontend-parseable-output -save-temps -no-color-diagnostics -serialize-diagnostics -emit-dependencies -emit-module -emit-module-path /Users/builder/builds/TDmZkXJm/0/finestructure/swiftpackageindex-builder/spi-builder-workspace/.derivedData/Build/Intermediates.noindex/CwlPreconditionTesting.build/Debug-xros/CwlPreconditionTesting.build/Objects-normal/arm64/CwlPreconditionTesting.swiftmodule -validate-clang-modules-once -clang-build-session-file /Users/builder/builds/TDmZkXJm/0/finestructure/swiftpackageindex-builder/spi-builder-workspace/.derivedData/ModuleCache.noindex/Session.modulevalidation -Xcc -I/Users/builder/builds/TDmZkXJm/0/finestructure/swiftpackageindex-builder/spi-builder-workspace/.derivedData/Build/Intermediates.noindex/CwlPreconditionTesting.build/Debug-xros/CwlPreconditionTesting.build/swift-overrides.hmap -emit-const-values -Xfrontend -const-gather-protocols-file -Xfrontend /Users/builder/builds/TDmZkXJm/0/finestructure/swiftpackageindex-builder/spi-builder-workspace/.derivedData/Build/Intermediates.noindex/CwlPreconditionTesting.build/Debug-xros/CwlPreconditionTesting.build/Objects-normal/arm64/CwlPreconditionTesting_const_extract_protocols.json -Xcc -I/Users/builder/builds/TDmZkXJm/0/finestructure/swiftpackageindex-builder/spi-builder-workspace/.dependencies/checkouts/CwlCatchException/Sources/CwlCatchExceptionSupport/include -Xcc -I/Users/builder/builds/TDmZkXJm/0/finestructure/swiftpackageindex-builder/spi-builder-workspace/.dependencies/checkouts/CwlPreconditionTesting/Sources/CwlMachBadInstructionHandler/include -Xcc -I/Users/builder/builds/TDmZkXJm/0/finestructure/swiftpackageindex-builder/spi-builder-workspace/.derivedData/Build/Products/Debug-xros/include -Xcc -I/Users/builder/builds/TDmZkXJm/0/finestructure/swiftpackageindex-builder/spi-builder-workspace/.derivedData/Build/Intermediates.noindex/CwlPreconditionTesting.build/Debug-xros/CwlPreconditionTesting.build/DerivedSources-normal/arm64 -Xcc -I/Users/builder/builds/TDmZkXJm/0/finestructure/swiftpackageindex-builder/spi-builder-workspace/.derivedData/Build/Intermediates.noindex/CwlPreconditionTesting.build/Debug-xros/CwlPreconditionTesting.build/DerivedSources/arm64 -Xcc -I/Users/builder/builds/TDmZkXJm/0/finestructure/swiftpackageindex-builder/spi-builder-workspace/.derivedData/Build/Intermediates.noindex/CwlPreconditionTesting.build/Debug-xros/CwlPreconditionTesting.build/DerivedSources -Xcc -DSWIFT_PACKAGE -Xcc -DDEBUG\=1 -emit-objc-header -emit-objc-header-path /Users/builder/builds/TDmZkXJm/0/finestructure/swiftpackageindex-builder/spi-builder-workspace/.derivedData/Build/Intermediates.noindex/CwlPreconditionTesting.build/Debug-xros/CwlPreconditionTesting.build/Objects-normal/arm64/CwlPreconditionTesting-Swift.h -working-directory /Users/builder/builds/TDmZkXJm/0/finestructure/swiftpackageindex-builder/spi-builder-workspace -experimental-emit-module-separately -disable-cmo

WriteAuxiliaryFile /Users/builder/builds/TDmZkXJm/0/finestructure/swiftpackageindex-builder/spi-builder-workspace/.derivedData/Build/Intermediates.noindex/Quick.build/Debug-xros/Quick.build/Objects-normal/arm64/Quick.LinkFileList (in target 'Quick' from project 'Quick')
    cd /Users/builder/builds/TDmZkXJm/0/finestructure/swiftpackageindex-builder/spi-builder-workspace/.dependencies/checkouts/Quick
    write-file /Users/builder/builds/TDmZkXJm/0/finestructure/swiftpackageindex-builder/spi-builder-workspace/.derivedData/Build/Intermediates.noindex/Quick.build/Debug-xros/Quick.build/Objects-normal/arm64/Quick.LinkFileList

RegisterExecutionPolicyException /Users/builder/builds/TDmZkXJm/0/finestructure/swiftpackageindex-builder/spi-builder-workspace/.derivedData/Build/Products/Debug-xros/CwlCatchExceptionSupport.o (in target 'CwlCatchExceptionSupport' from project 'CwlCatchException')
    cd /Users/builder/builds/TDmZkXJm/0/finestructure/swiftpackageindex-builder/spi-builder-workspace/.dependencies/checkouts/CwlCatchException
    builtin-RegisterExecutionPolicyException /Users/builder/builds/TDmZkXJm/0/finestructure/swiftpackageindex-builder/spi-builder-workspace/.derivedData/Build/Products/Debug-xros/CwlCatchExceptionSupport.o

WriteAuxiliaryFile /Users/builder/builds/TDmZkXJm/0/finestructure/swiftpackageindex-builder/spi-builder-workspace/.derivedData/Build/Intermediates.noindex/CwlCatchException.build/Debug-xros/CwlCatchException.build/Objects-normal/arm64/CwlCatchException.LinkFileList (in target 'CwlCatchException' from project 'CwlCatchException')
    cd /Users/builder/builds/TDmZkXJm/0/finestructure/swiftpackageindex-builder/spi-builder-workspace/.dependencies/checkouts/CwlCatchException
    write-file /Users/builder/builds/TDmZkXJm/0/finestructure/swiftpackageindex-builder/spi-builder-workspace/.derivedData/Build/Intermediates.noindex/CwlCatchException.build/Debug-xros/CwlCatchException.build/Objects-normal/arm64/CwlCatchException.LinkFileList

Ld /Users/builder/builds/TDmZkXJm/0/finestructure/swiftpackageindex-builder/spi-builder-workspace/.derivedData/Build/Products/Debug-xros/CwlCatchException.o normal (in target 'CwlCatchException' from project 'CwlCatchException')
    cd /Users/builder/builds/TDmZkXJm/0/finestructure/swiftpackageindex-builder/spi-builder-workspace/.dependencies/checkouts/CwlCatchException
    /Applications/Xcode-15.0.0-Beta.2.app/Contents/Developer/Toolchains/XcodeDefault.xctoolchain/usr/bin/clang -Xlinker -reproducible -target arm64-apple-xros1.0 -r -isysroot /Applications/Xcode-15.0.0-Beta.2.app/Contents/Developer/Platforms/XROS.platform/Developer/SDKs/XROS1.0.sdk -O0 -L/Users/builder/builds/TDmZkXJm/0/finestructure/swiftpackageindex-builder/spi-builder-workspace/.derivedData/Build/Intermediates.noindex/EagerLinkingTBDs/Debug-xros -L/Users/builder/builds/TDmZkXJm/0/finestructure/swiftpackageindex-builder/spi-builder-workspace/.derivedData/Build/Products/Debug-xros -L/Applications/Xcode-15.0.0-Beta.2.app/Contents/Developer/Platforms/XROS.platform/Developer/usr/lib -F/Users/builder/builds/TDmZkXJm/0/finestructure/swiftpackageindex-builder/spi-builder-workspace/.derivedData/Build/Intermediates.noindex/EagerLinkingTBDs/Debug-xros -F/Users/builder/builds/TDmZkXJm/0/finestructure/swiftpackageindex-builder/spi-builder-workspace/.derivedData/Build/Products/Debug-xros/PackageFrameworks -F/Users/builder/builds/TDmZkXJm/0/finestructure/swiftpackageindex-builder/spi-builder-workspace/.derivedData/Build/Products/Debug-xros -iframework /Applications/Xcode-15.0.0-Beta.2.app/Contents/Developer/Platforms/XROS.platform/Developer/Library/Frameworks -iframework /Applications/Xcode-15.0.0-Beta.2.app/Contents/Developer/Platforms/XROS.platform/Developer/SDKs/XROS1.0.sdk/Developer/Library/Frameworks -filelist /Users/builder/builds/TDmZkXJm/0/finestructure/swiftpackageindex-builder/spi-builder-workspace/.derivedData/Build/Intermediates.noindex/CwlCatchException.build/Debug-xros/CwlCatchException.build/Objects-normal/arm64/CwlCatchException.LinkFileList -nostdlib -Xlinker -object_path_lto -Xlinker /Users/builder/builds/TDmZkXJm/0/finestructure/swiftpackageindex-builder/spi-builder-workspace/.derivedData/Build/Intermediates.noindex/CwlCatchException.build/Debug-xros/CwlCatchException.build/Objects-normal/arm64/CwlCatchException_lto.o -Xlinker -export_dynamic -Xlinker -no_deduplicate -fobjc-link-runtime -L/Applications/Xcode-15.0.0-Beta.2.app/Contents/Developer/Toolchains/XcodeDefault.xctoolchain/usr/lib/swift/xros -L/usr/lib/swift -Xlinker -add_ast_path -Xlinker /Users/builder/builds/TDmZkXJm/0/finestructure/swiftpackageindex-builder/spi-builder-workspace/.derivedData/Build/Intermediates.noindex/CwlCatchException.build/Debug-xros/CwlCatchException.build/Objects-normal/arm64/CwlCatchException.swiftmodule -Xlinker -dependency_info -Xlinker /Users/builder/builds/TDmZkXJm/0/finestructure/swiftpackageindex-builder/spi-builder-workspace/.derivedData/Build/Intermediates.noindex/CwlCatchException.build/Debug-xros/CwlCatchException.build/Objects-normal/arm64/CwlCatchException_dependency_info.dat -o /Users/builder/builds/TDmZkXJm/0/finestructure/swiftpackageindex-builder/spi-builder-workspace/.derivedData/Build/Products/Debug-xros/CwlCatchException.o

RegisterExecutionPolicyException /Users/builder/builds/TDmZkXJm/0/finestructure/swiftpackageindex-builder/spi-builder-workspace/.derivedData/Build/Products/Debug-xros/Sparse.o (in target 'Sparse' from project 'Sparse')
    cd /Users/builder/builds/TDmZkXJm/0/finestructure/swiftpackageindex-builder/spi-builder-workspace
    builtin-RegisterExecutionPolicyException /Users/builder/builds/TDmZkXJm/0/finestructure/swiftpackageindex-builder/spi-builder-workspace/.derivedData/Build/Products/Debug-xros/Sparse.o
SwiftEmitModule normal arm64 Emitting\ module\ for\ CwlPreconditionTesting (in target 'CwlPreconditionTesting' from project 'CwlPreconditionTesting')
    cd /Users/builder/builds/TDmZkXJm/0/finestructure/swiftpackageindex-builder/spi-builder-workspace
    builtin-swiftTaskExecution -- /Applications/Xcode-15.0.0-Beta.2.app/Contents/Developer/Toolchains/XcodeDefault.xctoolchain/usr/bin/swift-frontend -frontend -emit-module -experimental-skip-non-inlinable-function-bodies-without-types /Users/builder/builds/TDmZkXJm/0/finestructure/swiftpackageindex-builder/spi-builder-workspace/.dependencies/checkouts/CwlPreconditionTesting/Sources/CwlPreconditionTesting/CwlBadInstructionException.swift /Users/builder/builds/TDmZkXJm/0/finestructure/swiftpackageindex-builder/spi-builder-workspace/.dependencies/checkouts/CwlPreconditionTesting/Sources/CwlPreconditionTesting/CwlCatchBadInstruction.swift /Users/builder/builds/TDmZkXJm/0/finestructure/swiftpackageindex-builder/spi-builder-workspace/.dependencies/checkouts/CwlPreconditionTesting/Sources/CwlPreconditionTesting/CwlDarwinDefinitions.swift -target arm64-apple-xros1.0 -Xllvm -aarch64-use-tbi -enable-objc-interop -stack-check -sdk /Applications/Xcode-15.0.0-Beta.2.app/Contents/Developer/Platforms/XROS.platform/Developer/SDKs/XROS1.0.sdk -I /Users/builder/builds/TDmZkXJm/0/finestructure/swiftpackageindex-builder/spi-builder-workspace/.derivedData/Build/Products/Debug-xros -I /Applications/Xcode-15.0.0-Beta.2.app/Contents/Developer/Platforms/XROS.platform/Developer/usr/lib -F /Users/builder/builds/TDmZkXJm/0/finestructure/swiftpackageindex-builder/spi-builder-workspace/.derivedData/Build/Products/Debug-xros/PackageFrameworks -F /Users/builder/builds/TDmZkXJm/0/finestructure/swiftpackageindex-builder/spi-builder-workspace/.derivedData/Build/Products/Debug-xros/PackageFrameworks -F /Users/builder/builds/TDmZkXJm/0/finestructure/swiftpackageindex-builder/spi-builder-workspace/.derivedData/Build/Products/Debug-xros/PackageFrameworks -F /Users/builder/builds/TDmZkXJm/0/finestructure/swiftpackageindex-builder/spi-builder-workspace/.derivedData/Build/Products/Debug-xros -F /Applications/Xcode-15.0.0-Beta.2.app/Contents/Developer/Platforms/XROS.platform/Developer/Library/Frameworks -F /Applications/Xcode-15.0.0-Beta.2.app/Contents/Developer/Platforms/XROS.platform/Developer/SDKs/XROS1.0.sdk/Developer/Library/Frameworks -no-color-diagnostics -enable-testing -g -module-cache-path /Users/builder/builds/TDmZkXJm/0/finestructure/swiftpackageindex-builder/spi-builder-workspace/.derivedData/ModuleCache.noindex -swift-version 4 -enforce-exclusivity\=checked -Onone -D SWIFT_PACKAGE -D DEBUG -D Xcode -serialize-debugging-options -const-gather-protocols-file /Users/builder/builds/TDmZkXJm/0/finestructure/swiftpackageindex-builder/spi-builder-workspace/.derivedData/Build/Intermediates.noindex/CwlPreconditionTesting.build/Debug-xros/CwlPreconditionTesting.build/Objects-normal/arm64/CwlPreconditionTesting_const_extract_protocols.json -empty-abi-descriptor -plugin-path /Applications/Xcode-15.0.0-Beta.2.app/Contents/Developer/Toolchains/XcodeDefault.xctoolchain/usr/lib/swift/host/plugins -plugin-path /Applications/Xcode-15.0.0-Beta.2.app/Contents/Developer/Toolchains/XcodeDefault.xctoolchain/usr/local/lib/swift/host/plugins -validate-clang-modules-once -clang-build-session-file /Users/builder/builds/TDmZkXJm/0/finestructure/swiftpackageindex-builder/spi-builder-workspace/.derivedData/ModuleCache.noindex/Session.modulevalidation -Xcc -working-directory -Xcc /Users/builder/builds/TDmZkXJm/0/finestructure/swiftpackageindex-builder/spi-builder-workspace -resource-dir /Applications/Xcode-15.0.0-Beta.2.app/Contents/Developer/Toolchains/XcodeDefault.xctoolchain/usr/lib/swift -enable-anonymous-context-mangled-names -Xcc -fmodule-map-file\=/Users/builder/builds/TDmZkXJm/0/finestructure/swiftpackageindex-builder/spi-builder-workspace/.derivedData/Build/Intermediates.noindex/GeneratedModuleMaps-xros/CwlCatchExceptionSupport.modulemap -Xcc -fmodule-map-file\=/Users/builder/builds/TDmZkXJm/0/finestructure/swiftpackageindex-builder/spi-builder-workspace/.derivedData/Build/Intermediates.noindex/GeneratedModuleMaps-xros/CwlMachBadInstructionHandler.modulemap -Xcc -ivfsstatcache -Xcc /Users/builder/builds/TDmZkXJm/0/finestructure/swiftpackageindex-builder/spi-builder-workspace/.derivedData/SDKStatCaches.noindex/xros1.0-21N5165f-50a81fd5751d5bee8ff6d6ea12214339.sdkstatcache -Xcc -I/Users/builder/builds/TDmZkXJm/0/finestructure/swiftpackageindex-builder/spi-builder-workspace/.derivedData/Build/Intermediates.noindex/CwlPreconditionTesting.build/Debug-xros/CwlPreconditionTesting.build/swift-overrides.hmap -Xcc -I/Users/builder/builds/TDmZkXJm/0/finestructure/swiftpackageindex-builder/spi-builder-workspace/.dependencies/checkouts/CwlCatchException/Sources/CwlCatchExceptionSupport/include -Xcc -I/Users/builder/builds/TDmZkXJm/0/finestructure/swiftpackageindex-builder/spi-builder-workspace/.dependencies/checkouts/CwlPreconditionTesting/Sources/CwlMachBadInstructionHandler/include -Xcc -I/Users/builder/builds/TDmZkXJm/0/finestructure/swiftpackageindex-builder/spi-builder-workspace/.derivedData/Build/Products/Debug-xros/include -Xcc -I/Users/builder/builds/TDmZkXJm/0/finestructure/swiftpackageindex-builder/spi-builder-workspace/.derivedData/Build/Intermediates.noindex/CwlPreconditionTesting.build/Debug-xros/CwlPreconditionTesting.build/DerivedSources-normal/arm64 -Xcc -I/Users/builder/builds/TDmZkXJm/0/finestructure/swiftpackageindex-builder/spi-builder-workspace/.derivedData/Build/Intermediates.noindex/CwlPreconditionTesting.build/Debug-xros/CwlPreconditionTesting.build/DerivedSources/arm64 -Xcc -I/Users/builder/builds/TDmZkXJm/0/finestructure/swiftpackageindex-builder/spi-builder-workspace/.derivedData/Build/Intermediates.noindex/CwlPreconditionTesting.build/Debug-xros/CwlPreconditionTesting.build/DerivedSources -Xcc -DSWIFT_PACKAGE -Xcc -DDEBUG\=1 -module-name CwlPreconditionTesting -disable-clang-spi -target-sdk-version 1.0 -target-sdk-name xros1.0 -emit-module-doc-path /Users/builder/builds/TDmZkXJm/0/finestructure/swiftpackageindex-builder/spi-builder-workspace/.derivedData/Build/Intermediates.noindex/CwlPreconditionTesting.build/Debug-xros/CwlPreconditionTesting.build/Objects-normal/arm64/CwlPreconditionTesting.swiftdoc -emit-module-source-info-path /Users/builder/builds/TDmZkXJm/0/finestructure/swiftpackageindex-builder/spi-builder-workspace/.derivedData/Build/Intermediates.noindex/CwlPreconditionTesting.build/Debug-xros/CwlPreconditionTesting.build/Objects-normal/arm64/CwlPreconditionTesting.swiftsourceinfo -emit-objc-header-path /Users/builder/builds/TDmZkXJm/0/finestructure/swiftpackageindex-builder/spi-builder-workspace/.derivedData/Build/Intermediates.noindex/CwlPreconditionTesting.build/Debug-xros/CwlPreconditionTesting.build/Objects-normal/arm64/CwlPreconditionTesting-Swift.h -serialize-diagnostics-path /Users/builder/builds/TDmZkXJm/0/finestructure/swiftpackageindex-builder/spi-builder-workspace/.derivedData/Build/Intermediates.noindex/CwlPreconditionTesting.build/Debug-xros/CwlPreconditionTesting.build/Objects-normal/arm64/CwlPreconditionTesting-master-emit-module.dia -emit-dependencies-path /Users/builder/builds/TDmZkXJm/0/finestructure/swiftpackageindex-builder/spi-builder-workspace/.derivedData/Build/Intermediates.noindex/CwlPreconditionTesting.build/Debug-xros/CwlPreconditionTesting.build/Objects-normal/arm64/CwlPreconditionTesting-master-emit-module.d -o /Users/builder/builds/TDmZkXJm/0/finestructure/swiftpackageindex-builder/spi-builder-workspace/.derivedData/Build/Intermediates.noindex/CwlPreconditionTesting.build/Debug-xros/CwlPreconditionTesting.build/Objects-normal/arm64/CwlPreconditionTesting.swiftmodule -emit-abi-descriptor-path /Users/builder/builds/TDmZkXJm/0/finestructure/swiftpackageindex-builder/spi-builder-workspace/.derivedData/Build/Intermediates.noindex/CwlPreconditionTesting.build/Debug-xros/CwlPreconditionTesting.build/Objects-normal/arm64/CwlPreconditionTesting.abi.json
/Users/builder/builds/TDmZkXJm/0/finestructure/swiftpackageindex-builder/spi-builder-workspace/.dependencies/checkouts/CwlPreconditionTesting/Sources/CwlPreconditionTesting/CwlDarwinDefinitions.swift:44:59: error: cannot find type 'x86_thread_state64_t' in scope
public let x86_THREAD_STATE64_COUNT = UInt32(MemoryLayout<x86_thread_state64_t>.size / MemoryLayout<Int32>.size)
                                                          ^~~~~~~~~~~~~~~~~~~~
SwiftCompile normal arm64 Compiling\ CwlDarwinDefinitions.swift /Users/builder/builds/TDmZkXJm/0/finestructure/swiftpackageindex-builder/spi-builder-workspace/.dependencies/checkouts/CwlPreconditionTesting/Sources/CwlPreconditionTesting/CwlDarwinDefinitions.swift (in target 'CwlPreconditionTesting' from project 'CwlPreconditionTesting')
    cd /Users/builder/builds/TDmZkXJm/0/finestructure/swiftpackageindex-builder/spi-builder-workspace
    builtin-swiftTaskExecution -- /Applications/Xcode-15.0.0-Beta.2.app/Contents/Developer/Toolchains/XcodeDefault.xctoolchain/usr/bin/swift-frontend -frontend -c /Users/builder/builds/TDmZkXJm/0/finestructure/swiftpackageindex-builder/spi-builder-workspace/.dependencies/checkouts/CwlPreconditionTesting/Sources/CwlPreconditionTesting/CwlBadInstructionException.swift /Users/builder/builds/TDmZkXJm/0/finestructure/swiftpackageindex-builder/spi-builder-workspace/.dependencies/checkouts/CwlPreconditionTesting/Sources/CwlPreconditionTesting/CwlCatchBadInstruction.swift -primary-file /Users/builder/builds/TDmZkXJm/0/finestructure/swiftpackageindex-builder/spi-builder-workspace/.dependencies/checkouts/CwlPreconditionTesting/Sources/CwlPreconditionTesting/CwlDarwinDefinitions.swift -emit-dependencies-path /Users/builder/builds/TDmZkXJm/0/finestructure/swiftpackageindex-builder/spi-builder-workspace/.derivedData/Build/Intermediates.noindex/CwlPreconditionTesting.build/Debug-xros/CwlPreconditionTesting.build/Objects-normal/arm64/CwlDarwinDefinitions.d -emit-const-values-path /Users/builder/builds/TDmZkXJm/0/finestructure/swiftpackageindex-builder/spi-builder-workspace/.derivedData/Build/Intermediates.noindex/CwlPreconditionTesting.build/Debug-xros/CwlPreconditionTesting.build/Objects-normal/arm64/CwlDarwinDefinitions.swiftconstvalues -emit-reference-dependencies-path /Users/builder/builds/TDmZkXJm/0/finestructure/swiftpackageindex-builder/spi-builder-workspace/.derivedData/Build/Intermediates.noindex/CwlPreconditionTesting.build/Debug-xros/CwlPreconditionTesting.build/Objects-normal/arm64/CwlDarwinDefinitions.swiftdeps -serialize-diagnostics-path /Users/builder/builds/TDmZkXJm/0/finestructure/swiftpackageindex-builder/spi-builder-workspace/.derivedData/Build/Intermediates.noindex/CwlPreconditionTesting.build/Debug-xros/CwlPreconditionTesting.build/Objects-normal/arm64/CwlDarwinDefinitions.dia -target arm64-apple-xros1.0 -Xllvm -aarch64-use-tbi -enable-objc-interop -stack-check -sdk /Applications/Xcode-15.0.0-Beta.2.app/Contents/Developer/Platforms/XROS.platform/Developer/SDKs/XROS1.0.sdk -I /Users/builder/builds/TDmZkXJm/0/finestructure/swiftpackageindex-builder/spi-builder-workspace/.derivedData/Build/Products/Debug-xros -I /Applications/Xcode-15.0.0-Beta.2.app/Contents/Developer/Platforms/XROS.platform/Developer/usr/lib -F /Users/builder/builds/TDmZkXJm/0/finestructure/swiftpackageindex-builder/spi-builder-workspace/.derivedData/Build/Products/Debug-xros/PackageFrameworks -F /Users/builder/builds/TDmZkXJm/0/finestructure/swiftpackageindex-builder/spi-builder-workspace/.derivedData/Build/Products/Debug-xros/PackageFrameworks -F /Users/builder/builds/TDmZkXJm/0/finestructure/swiftpackageindex-builder/spi-builder-workspace/.derivedData/Build/Products/Debug-xros/PackageFrameworks -F /Users/builder/builds/TDmZkXJm/0/finestructure/swiftpackageindex-builder/spi-builder-workspace/.derivedData/Build/Products/Debug-xros -F /Applications/Xcode-15.0.0-Beta.2.app/Contents/Developer/Platforms/XROS.platform/Developer/Library/Frameworks -F /Applications/Xcode-15.0.0-Beta.2.app/Contents/Developer/Platforms/XROS.platform/Developer/SDKs/XROS1.0.sdk/Developer/Library/Frameworks -no-color-diagnostics -enable-testing -g -module-cache-path /Users/builder/builds/TDmZkXJm/0/finestructure/swiftpackageindex-builder/spi-builder-workspace/.derivedData/ModuleCache.noindex -swift-version 4 -enforce-exclusivity\=checked -Onone -D SWIFT_PACKAGE -D DEBUG -D Xcode -serialize-debugging-options -const-gather-protocols-file /Users/builder/builds/TDmZkXJm/0/finestructure/swiftpackageindex-builder/spi-builder-workspace/.derivedData/Build/Intermediates.noindex/CwlPreconditionTesting.build/Debug-xros/CwlPreconditionTesting.build/Objects-normal/arm64/CwlPreconditionTesting_const_extract_protocols.json -empty-abi-descriptor -plugin-path /Applications/Xcode-15.0.0-Beta.2.app/Contents/Developer/Toolchains/XcodeDefault.xctoolchain/usr/lib/swift/host/plugins -plugin-path /Applications/Xcode-15.0.0-Beta.2.app/Contents/Developer/Toolchains/XcodeDefault.xctoolchain/usr/local/lib/swift/host/plugins -validate-clang-modules-once -clang-build-session-file /Users/builder/builds/TDmZkXJm/0/finestructure/swiftpackageindex-builder/spi-builder-workspace/.derivedData/ModuleCache.noindex/Session.modulevalidation -Xcc -working-directory -Xcc /Users/builder/builds/TDmZkXJm/0/finestructure/swiftpackageindex-builder/spi-builder-workspace -resource-dir /Applications/Xcode-15.0.0-Beta.2.app/Contents/Developer/Toolchains/XcodeDefault.xctoolchain/usr/lib/swift -enable-anonymous-context-mangled-names -Xcc -fmodule-map-file\=/Users/builder/builds/TDmZkXJm/0/finestructure/swiftpackageindex-builder/spi-builder-workspace/.derivedData/Build/Intermediates.noindex/GeneratedModuleMaps-xros/CwlCatchExceptionSupport.modulemap -Xcc -fmodule-map-file\=/Users/builder/builds/TDmZkXJm/0/finestructure/swiftpackageindex-builder/spi-builder-workspace/.derivedData/Build/Intermediates.noindex/GeneratedModuleMaps-xros/CwlMachBadInstructionHandler.modulemap -Xcc -ivfsstatcache -Xcc /Users/builder/builds/TDmZkXJm/0/finestructure/swiftpackageindex-builder/spi-builder-workspace/.derivedData/SDKStatCaches.noindex/xros1.0-21N5165f-50a81fd5751d5bee8ff6d6ea12214339.sdkstatcache -Xcc -I/Users/builder/builds/TDmZkXJm/0/finestructure/swiftpackageindex-builder/spi-builder-workspace/.derivedData/Build/Intermediates.noindex/CwlPreconditionTesting.build/Debug-xros/CwlPreconditionTesting.build/swift-overrides.hmap -Xcc -I/Users/builder/builds/TDmZkXJm/0/finestructure/swiftpackageindex-builder/spi-builder-workspace/.dependencies/checkouts/CwlCatchException/Sources/CwlCatchExceptionSupport/include -Xcc -I/Users/builder/builds/TDmZkXJm/0/finestructure/swiftpackageindex-builder/spi-builder-workspace/.dependencies/checkouts/CwlPreconditionTesting/Sources/CwlMachBadInstructionHandler/include -Xcc -I/Users/builder/builds/TDmZkXJm/0/finestructure/swiftpackageindex-builder/spi-builder-workspace/.derivedData/Build/Products/Debug-xros/include -Xcc -I/Users/builder/builds/TDmZkXJm/0/finestructure/swiftpackageindex-builder/spi-builder-workspace/.derivedData/Build/Intermediates.noindex/CwlPreconditionTesting.build/Debug-xros/CwlPreconditionTesting.build/DerivedSources-normal/arm64 -Xcc -I/Users/builder/builds/TDmZkXJm/0/finestructure/swiftpackageindex-builder/spi-builder-workspace/.derivedData/Build/Intermediates.noindex/CwlPreconditionTesting.build/Debug-xros/CwlPreconditionTesting.build/DerivedSources/arm64 -Xcc -I/Users/builder/builds/TDmZkXJm/0/finestructure/swiftpackageindex-builder/spi-builder-workspace/.derivedData/Build/Intermediates.noindex/CwlPreconditionTesting.build/Debug-xros/CwlPreconditionTesting.build/DerivedSources -Xcc -DSWIFT_PACKAGE -Xcc -DDEBUG\=1 -module-name CwlPreconditionTesting -frontend-parseable-output -disable-clang-spi -target-sdk-version 1.0 -target-sdk-name xros1.0 -o /Users/builder/builds/TDmZkXJm/0/finestructure/swiftpackageindex-builder/spi-builder-workspace/.derivedData/Build/Intermediates.noindex/CwlPreconditionTesting.build/Debug-xros/CwlPreconditionTesting.build/Objects-normal/arm64/CwlDarwinDefinitions.o -index-unit-output-path /CwlPreconditionTesting.build/Debug-xros/CwlPreconditionTesting.build/Objects-normal/arm64/CwlDarwinDefinitions.o -index-store-path /Users/builder/builds/TDmZkXJm/0/finestructure/swiftpackageindex-builder/spi-builder-workspace/.derivedData/Index.noindex/DataStore -index-system-modules
SwiftCompile normal arm64 /Users/builder/builds/TDmZkXJm/0/finestructure/swiftpackageindex-builder/spi-builder-workspace/.dependencies/checkouts/CwlPreconditionTesting/Sources/CwlPreconditionTesting/CwlDarwinDefinitions.swift (in target 'CwlPreconditionTesting' from project 'CwlPreconditionTesting')
    cd /Users/builder/builds/TDmZkXJm/0/finestructure/swiftpackageindex-builder/spi-builder-workspace
    /Applications/Xcode-15.0.0-Beta.2.app/Contents/Developer/Toolchains/XcodeDefault.xctoolchain/usr/bin/swift-frontend -c /Users/builder/builds/TDmZkXJm/0/finestructure/swiftpackageindex-builder/spi-builder-workspace/.dependencies/checkouts/CwlPreconditionTesting/Sources/CwlPreconditionTesting/CwlBadInstructionException.swift /Users/builder/builds/TDmZkXJm/0/finestructure/swiftpackageindex-builder/spi-builder-workspace/.dependencies/checkouts/CwlPreconditionTesting/Sources/CwlPreconditionTesting/CwlCatchBadInstruction.swift -primary-file /Users/builder/builds/TDmZkXJm/0/finestructure/swiftpackageindex-builder/spi-builder-workspace/.dependencies/checkouts/CwlPreconditionTesting/Sources/CwlPreconditionTesting/CwlDarwinDefinitions.swift -emit-dependencies-path /Users/builder/builds/TDmZkXJm/0/finestructure/swiftpackageindex-builder/spi-builder-workspace/.derivedData/Build/Intermediates.noindex/CwlPreconditionTesting.build/Debug-xros/CwlPreconditionTesting.build/Objects-normal/arm64/CwlDarwinDefinitions.d -emit-const-values-path /Users/builder/builds/TDmZkXJm/0/finestructure/swiftpackageindex-builder/spi-builder-workspace/.derivedData/Build/Intermediates.noindex/CwlPreconditionTesting.build/Debug-xros/CwlPreconditionTesting.build/Objects-normal/arm64/CwlDarwinDefinitions.swiftconstvalues -emit-reference-dependencies-path /Users/builder/builds/TDmZkXJm/0/finestructure/swiftpackageindex-builder/spi-builder-workspace/.derivedData/Build/Intermediates.noindex/CwlPreconditionTesting.build/Debug-xros/CwlPreconditionTesting.build/Objects-normal/arm64/CwlDarwinDefinitions.swiftdeps -serialize-diagnostics-path /Users/builder/builds/TDmZkXJm/0/finestructure/swiftpackageindex-builder/spi-builder-workspace/.derivedData/Build/Intermediates.noindex/CwlPreconditionTesting.build/Debug-xros/CwlPreconditionTesting.build/Objects-normal/arm64/CwlDarwinDefinitions.dia -target arm64-apple-xros1.0 -Xllvm -aarch64-use-tbi -enable-objc-interop -stack-check -sdk /Applications/Xcode-15.0.0-Beta.2.app/Contents/Developer/Platforms/XROS.platform/Developer/SDKs/XROS1.0.sdk -I /Users/builder/builds/TDmZkXJm/0/finestructure/swiftpackageindex-builder/spi-builder-workspace/.derivedData/Build/Products/Debug-xros -I /Applications/Xcode-15.0.0-Beta.2.app/Contents/Developer/Platforms/XROS.platform/Developer/usr/lib -F /Users/builder/builds/TDmZkXJm/0/finestructure/swiftpackageindex-builder/spi-builder-workspace/.derivedData/Build/Products/Debug-xros/PackageFrameworks -F /Users/builder/builds/TDmZkXJm/0/finestructure/swiftpackageindex-builder/spi-builder-workspace/.derivedData/Build/Products/Debug-xros/PackageFrameworks -F /Users/builder/builds/TDmZkXJm/0/finestructure/swiftpackageindex-builder/spi-builder-workspace/.derivedData/Build/Products/Debug-xros/PackageFrameworks -F /Users/builder/builds/TDmZkXJm/0/finestructure/swiftpackageindex-builder/spi-builder-workspace/.derivedData/Build/Products/Debug-xros -F /Applications/Xcode-15.0.0-Beta.2.app/Contents/Developer/Platforms/XROS.platform/Developer/Library/Frameworks -F /Applications/Xcode-15.0.0-Beta.2.app/Contents/Developer/Platforms/XROS.platform/Developer/SDKs/XROS1.0.sdk/Developer/Library/Frameworks -no-color-diagnostics -enable-testing -g -module-cache-path /Users/builder/builds/TDmZkXJm/0/finestructure/swiftpackageindex-builder/spi-builder-workspace/.derivedData/ModuleCache.noindex -swift-version 4 -enforce-exclusivity\=checked -Onone -D SWIFT_PACKAGE -D DEBUG -D Xcode -serialize-debugging-options -const-gather-protocols-file /Users/builder/builds/TDmZkXJm/0/finestructure/swiftpackageindex-builder/spi-builder-workspace/.derivedData/Build/Intermediates.noindex/CwlPreconditionTesting.build/Debug-xros/CwlPreconditionTesting.build/Objects-normal/arm64/CwlPreconditionTesting_const_extract_protocols.json -empty-abi-descriptor -plugin-path /Applications/Xcode-15.0.0-Beta.2.app/Contents/Developer/Toolchains/XcodeDefault.xctoolchain/usr/lib/swift/host/plugins -plugin-path /Applications/Xcode-15.0.0-Beta.2.app/Contents/Developer/Toolchains/XcodeDefault.xctoolchain/usr/local/lib/swift/host/plugins -validate-clang-modules-once -clang-build-session-file /Users/builder/builds/TDmZkXJm/0/finestructure/swiftpackageindex-builder/spi-builder-workspace/.derivedData/ModuleCache.noindex/Session.modulevalidation -Xcc -working-directory -Xcc /Users/builder/builds/TDmZkXJm/0/finestructure/swiftpackageindex-builder/spi-builder-workspace -resource-dir /Applications/Xcode-15.0.0-Beta.2.app/Contents/Developer/Toolchains/XcodeDefault.xctoolchain/usr/lib/swift -enable-anonymous-context-mangled-names -Xcc -fmodule-map-file\=/Users/builder/builds/TDmZkXJm/0/finestructure/swiftpackageindex-builder/spi-builder-workspace/.derivedData/Build/Intermediates.noindex/GeneratedModuleMaps-xros/CwlCatchExceptionSupport.modulemap -Xcc -fmodule-map-file\=/Users/builder/builds/TDmZkXJm/0/finestructure/swiftpackageindex-builder/spi-builder-workspace/.derivedData/Build/Intermediates.noindex/GeneratedModuleMaps-xros/CwlMachBadInstructionHandler.modulemap -Xcc -ivfsstatcache -Xcc /Users/builder/builds/TDmZkXJm/0/finestructure/swiftpackageindex-builder/spi-builder-workspace/.derivedData/SDKStatCaches.noindex/xros1.0-21N5165f-50a81fd5751d5bee8ff6d6ea12214339.sdkstatcache -Xcc -I/Users/builder/builds/TDmZkXJm/0/finestructure/swiftpackageindex-builder/spi-builder-workspace/.derivedData/Build/Intermediates.noindex/CwlPreconditionTesting.build/Debug-xros/CwlPreconditionTesting.build/swift-overrides.hmap -Xcc -I/Users/builder/builds/TDmZkXJm/0/finestructure/swiftpackageindex-builder/spi-builder-workspace/.dependencies/checkouts/CwlCatchException/Sources/CwlCatchExceptionSupport/include -Xcc -I/Users/builder/builds/TDmZkXJm/0/finestructure/swiftpackageindex-builder/spi-builder-workspace/.dependencies/checkouts/CwlPreconditionTesting/Sources/CwlMachBadInstructionHandler/include -Xcc -I/Users/builder/builds/TDmZkXJm/0/finestructure/swiftpackageindex-builder/spi-builder-workspace/.derivedData/Build/Products/Debug-xros/include -Xcc -I/Users/builder/builds/TDmZkXJm/0/finestructure/swiftpackageindex-builder/spi-builder-workspace/.derivedData/Build/Intermediates.noindex/CwlPreconditionTesting.build/Debug-xros/CwlPreconditionTesting.build/DerivedSources-normal/arm64 -Xcc -I/Users/builder/builds/TDmZkXJm/0/finestructure/swiftpackageindex-builder/spi-builder-workspace/.derivedData/Build/Intermediates.noindex/CwlPreconditionTesting.build/Debug-xros/CwlPreconditionTesting.build/DerivedSources/arm64 -Xcc -I/Users/builder/builds/TDmZkXJm/0/finestructure/swiftpackageindex-builder/spi-builder-workspace/.derivedData/Build/Intermediates.noindex/CwlPreconditionTesting.build/Debug-xros/CwlPreconditionTesting.build/DerivedSources -Xcc -DSWIFT_PACKAGE -Xcc -DDEBUG\=1 -module-name CwlPreconditionTesting -frontend-parseable-output -disable-clang-spi -target-sdk-version 1.0 -target-sdk-name xros1.0 -o /Users/builder/builds/TDmZkXJm/0/finestructure/swiftpackageindex-builder/spi-builder-workspace/.derivedData/Build/Intermediates.noindex/CwlPreconditionTesting.build/Debug-xros/CwlPreconditionTesting.build/Objects-normal/arm64/CwlDarwinDefinitions.o -index-unit-output-path /CwlPreconditionTesting.build/Debug-xros/CwlPreconditionTesting.build/Objects-normal/arm64/CwlDarwinDefinitions.o -index-store-path /Users/builder/builds/TDmZkXJm/0/finestructure/swiftpackageindex-builder/spi-builder-workspace/.derivedData/Index.noindex/DataStore -index-system-modules

SwiftCompile normal arm64 Compiling\ CwlBadInstructionException.swift /Users/builder/builds/TDmZkXJm/0/finestructure/swiftpackageindex-builder/spi-builder-workspace/.dependencies/checkouts/CwlPreconditionTesting/Sources/CwlPreconditionTesting/CwlBadInstructionException.swift (in target 'CwlPreconditionTesting' from project 'CwlPreconditionTesting')
    cd /Users/builder/builds/TDmZkXJm/0/finestructure/swiftpackageindex-builder/spi-builder-workspace
    builtin-swiftTaskExecution -- /Applications/Xcode-15.0.0-Beta.2.app/Contents/Developer/Toolchains/XcodeDefault.xctoolchain/usr/bin/swift-frontend -frontend -c -primary-file /Users/builder/builds/TDmZkXJm/0/finestructure/swiftpackageindex-builder/spi-builder-workspace/.dependencies/checkouts/CwlPreconditionTesting/Sources/CwlPreconditionTesting/CwlBadInstructionException.swift /Users/builder/builds/TDmZkXJm/0/finestructure/swiftpackageindex-builder/spi-builder-workspace/.dependencies/checkouts/CwlPreconditionTesting/Sources/CwlPreconditionTesting/CwlCatchBadInstruction.swift /Users/builder/builds/TDmZkXJm/0/finestructure/swiftpackageindex-builder/spi-builder-workspace/.dependencies/checkouts/CwlPreconditionTesting/Sources/CwlPreconditionTesting/CwlDarwinDefinitions.swift -emit-dependencies-path /Users/builder/builds/TDmZkXJm/0/finestructure/swiftpackageindex-builder/spi-builder-workspace/.derivedData/Build/Intermediates.noindex/CwlPreconditionTesting.build/Debug-xros/CwlPreconditionTesting.build/Objects-normal/arm64/CwlBadInstructionException.d -emit-const-values-path /Users/builder/builds/TDmZkXJm/0/finestructure/swiftpackageindex-builder/spi-builder-workspace/.derivedData/Build/Intermediates.noindex/CwlPreconditionTesting.build/Debug-xros/CwlPreconditionTesting.build/Objects-normal/arm64/CwlBadInstructionException.swiftconstvalues -emit-reference-dependencies-path /Users/builder/builds/TDmZkXJm/0/finestructure/swiftpackageindex-builder/spi-builder-workspace/.derivedData/Build/Intermediates.noindex/CwlPreconditionTesting.build/Debug-xros/CwlPreconditionTesting.build/Objects-normal/arm64/CwlBadInstructionException.swiftdeps -serialize-diagnostics-path /Users/builder/builds/TDmZkXJm/0/finestructure/swiftpackageindex-builder/spi-builder-workspace/.derivedData/Build/Intermediates.noindex/CwlPreconditionTesting.build/Debug-xros/CwlPreconditionTesting.build/Objects-normal/arm64/CwlBadInstructionException.dia -target arm64-apple-xros1.0 -Xllvm -aarch64-use-tbi -enable-objc-interop -stack-check -sdk /Applications/Xcode-15.0.0-Beta.2.app/Contents/Developer/Platforms/XROS.platform/Developer/SDKs/XROS1.0.sdk -I /Users/builder/builds/TDmZkXJm/0/finestructure/swiftpackageindex-builder/spi-builder-workspace/.derivedData/Build/Products/Debug-xros -I /Applications/Xcode-15.0.0-Beta.2.app/Contents/Developer/Platforms/XROS.platform/Developer/usr/lib -F /Users/builder/builds/TDmZkXJm/0/finestructure/swiftpackageindex-builder/spi-builder-workspace/.derivedData/Build/Products/Debug-xros/PackageFrameworks -F /Users/builder/builds/TDmZkXJm/0/finestructure/swiftpackageindex-builder/spi-builder-workspace/.derivedData/Build/Products/Debug-xros/PackageFrameworks -F /Users/builder/builds/TDmZkXJm/0/finestructure/swiftpackageindex-builder/spi-builder-workspace/.derivedData/Build/Products/Debug-xros/PackageFrameworks -F /Users/builder/builds/TDmZkXJm/0/finestructure/swiftpackageindex-builder/spi-builder-workspace/.derivedData/Build/Products/Debug-xros -F /Applications/Xcode-15.0.0-Beta.2.app/Contents/Developer/Platforms/XROS.platform/Developer/Library/Frameworks -F /Applications/Xcode-15.0.0-Beta.2.app/Contents/Developer/Platforms/XROS.platform/Developer/SDKs/XROS1.0.sdk/Developer/Library/Frameworks -no-color-diagnostics -enable-testing -g -module-cache-path /Users/builder/builds/TDmZkXJm/0/finestructure/swiftpackageindex-builder/spi-builder-workspace/.derivedData/ModuleCache.noindex -swift-version 4 -enforce-exclusivity\=checked -Onone -D SWIFT_PACKAGE -D DEBUG -D Xcode -serialize-debugging-options -const-gather-protocols-file /Users/builder/builds/TDmZkXJm/0/finestructure/swiftpackageindex-builder/spi-builder-workspace/.derivedData/Build/Intermediates.noindex/CwlPreconditionTesting.build/Debug-xros/CwlPreconditionTesting.build/Objects-normal/arm64/CwlPreconditionTesting_const_extract_protocols.json -empty-abi-descriptor -plugin-path /Applications/Xcode-15.0.0-Beta.2.app/Contents/Developer/Toolchains/XcodeDefault.xctoolchain/usr/lib/swift/host/plugins -plugin-path /Applications/Xcode-15.0.0-Beta.2.app/Contents/Developer/Toolchains/XcodeDefault.xctoolchain/usr/local/lib/swift/host/plugins -validate-clang-modules-once -clang-build-session-file /Users/builder/builds/TDmZkXJm/0/finestructure/swiftpackageindex-builder/spi-builder-workspace/.derivedData/ModuleCache.noindex/Session.modulevalidation -Xcc -working-directory -Xcc /Users/builder/builds/TDmZkXJm/0/finestructure/swiftpackageindex-builder/spi-builder-workspace -resource-dir /Applications/Xcode-15.0.0-Beta.2.app/Contents/Developer/Toolchains/XcodeDefault.xctoolchain/usr/lib/swift -enable-anonymous-context-mangled-names -Xcc -fmodule-map-file\=/Users/builder/builds/TDmZkXJm/0/finestructure/swiftpackageindex-builder/spi-builder-workspace/.derivedData/Build/Intermediates.noindex/GeneratedModuleMaps-xros/CwlCatchExceptionSupport.modulemap -Xcc -fmodule-map-file\=/Users/builder/builds/TDmZkXJm/0/finestructure/swiftpackageindex-builder/spi-builder-workspace/.derivedData/Build/Intermediates.noindex/GeneratedModuleMaps-xros/CwlMachBadInstructionHandler.modulemap -Xcc -ivfsstatcache -Xcc /Users/builder/builds/TDmZkXJm/0/finestructure/swiftpackageindex-builder/spi-builder-workspace/.derivedData/SDKStatCaches.noindex/xros1.0-21N5165f-50a81fd5751d5bee8ff6d6ea12214339.sdkstatcache -Xcc -I/Users/builder/builds/TDmZkXJm/0/finestructure/swiftpackageindex-builder/spi-builder-workspace/.derivedData/Build/Intermediates.noindex/CwlPreconditionTesting.build/Debug-xros/CwlPreconditionTesting.build/swift-overrides.hmap -Xcc -I/Users/builder/builds/TDmZkXJm/0/finestructure/swiftpackageindex-builder/spi-builder-workspace/.dependencies/checkouts/CwlCatchException/Sources/CwlCatchExceptionSupport/include -Xcc -I/Users/builder/builds/TDmZkXJm/0/finestructure/swiftpackageindex-builder/spi-builder-workspace/.dependencies/checkouts/CwlPreconditionTesting/Sources/CwlMachBadInstructionHandler/include -Xcc -I/Users/builder/builds/TDmZkXJm/0/finestructure/swiftpackageindex-builder/spi-builder-workspace/.derivedData/Build/Products/Debug-xros/include -Xcc -I/Users/builder/builds/TDmZkXJm/0/finestructure/swiftpackageindex-builder/spi-builder-workspace/.derivedData/Build/Intermediates.noindex/CwlPreconditionTesting.build/Debug-xros/CwlPreconditionTesting.build/DerivedSources-normal/arm64 -Xcc -I/Users/builder/builds/TDmZkXJm/0/finestructure/swiftpackageindex-builder/spi-builder-workspace/.derivedData/Build/Intermediates.noindex/CwlPreconditionTesting.build/Debug-xros/CwlPreconditionTesting.build/DerivedSources/arm64 -Xcc -I/Users/builder/builds/TDmZkXJm/0/finestructure/swiftpackageindex-builder/spi-builder-workspace/.derivedData/Build/Intermediates.noindex/CwlPreconditionTesting.build/Debug-xros/CwlPreconditionTesting.build/DerivedSources -Xcc -DSWIFT_PACKAGE -Xcc -DDEBUG\=1 -module-name CwlPreconditionTesting -frontend-parseable-output -disable-clang-spi -target-sdk-version 1.0 -target-sdk-name xros1.0 -o /Users/builder/builds/TDmZkXJm/0/finestructure/swiftpackageindex-builder/spi-builder-workspace/.derivedData/Build/Intermediates.noindex/CwlPreconditionTesting.build/Debug-xros/CwlPreconditionTesting.build/Objects-normal/arm64/CwlBadInstructionException.o -index-unit-output-path /CwlPreconditionTesting.build/Debug-xros/CwlPreconditionTesting.build/Objects-normal/arm64/CwlBadInstructionException.o -index-store-path /Users/builder/builds/TDmZkXJm/0/finestructure/swiftpackageindex-builder/spi-builder-workspace/.derivedData/Index.noindex/DataStore -index-system-modules
SwiftCompile normal arm64 /Users/builder/builds/TDmZkXJm/0/finestructure/swiftpackageindex-builder/spi-builder-workspace/.dependencies/checkouts/CwlPreconditionTesting/Sources/CwlPreconditionTesting/CwlBadInstructionException.swift (in target 'CwlPreconditionTesting' from project 'CwlPreconditionTesting')
    cd /Users/builder/builds/TDmZkXJm/0/finestructure/swiftpackageindex-builder/spi-builder-workspace
    /Applications/Xcode-15.0.0-Beta.2.app/Contents/Developer/Toolchains/XcodeDefault.xctoolchain/usr/bin/swift-frontend -c -primary-file /Users/builder/builds/TDmZkXJm/0/finestructure/swiftpackageindex-builder/spi-builder-workspace/.dependencies/checkouts/CwlPreconditionTesting/Sources/CwlPreconditionTesting/CwlBadInstructionException.swift /Users/builder/builds/TDmZkXJm/0/finestructure/swiftpackageindex-builder/spi-builder-workspace/.dependencies/checkouts/CwlPreconditionTesting/Sources/CwlPreconditionTesting/CwlCatchBadInstruction.swift /Users/builder/builds/TDmZkXJm/0/finestructure/swiftpackageindex-builder/spi-builder-workspace/.dependencies/checkouts/CwlPreconditionTesting/Sources/CwlPreconditionTesting/CwlDarwinDefinitions.swift -emit-dependencies-path /Users/builder/builds/TDmZkXJm/0/finestructure/swiftpackageindex-builder/spi-builder-workspace/.derivedData/Build/Intermediates.noindex/CwlPreconditionTesting.build/Debug-xros/CwlPreconditionTesting.build/Objects-normal/arm64/CwlBadInstructionException.d -emit-const-values-path /Users/builder/builds/TDmZkXJm/0/finestructure/swiftpackageindex-builder/spi-builder-workspace/.derivedData/Build/Intermediates.noindex/CwlPreconditionTesting.build/Debug-xros/CwlPreconditionTesting.build/Objects-normal/arm64/CwlBadInstructionException.swiftconstvalues -emit-reference-dependencies-path /Users/builder/builds/TDmZkXJm/0/finestructure/swiftpackageindex-builder/spi-builder-workspace/.derivedData/Build/Intermediates.noindex/CwlPreconditionTesting.build/Debug-xros/CwlPreconditionTesting.build/Objects-normal/arm64/CwlBadInstructionException.swiftdeps -serialize-diagnostics-path /Users/builder/builds/TDmZkXJm/0/finestructure/swiftpackageindex-builder/spi-builder-workspace/.derivedData/Build/Intermediates.noindex/CwlPreconditionTesting.build/Debug-xros/CwlPreconditionTesting.build/Objects-normal/arm64/CwlBadInstructionException.dia -target arm64-apple-xros1.0 -Xllvm -aarch64-use-tbi -enable-objc-interop -stack-check -sdk /Applications/Xcode-15.0.0-Beta.2.app/Contents/Developer/Platforms/XROS.platform/Developer/SDKs/XROS1.0.sdk -I /Users/builder/builds/TDmZkXJm/0/finestructure/swiftpackageindex-builder/spi-builder-workspace/.derivedData/Build/Products/Debug-xros -I /Applications/Xcode-15.0.0-Beta.2.app/Contents/Developer/Platforms/XROS.platform/Developer/usr/lib -F /Users/builder/builds/TDmZkXJm/0/finestructure/swiftpackageindex-builder/spi-builder-workspace/.derivedData/Build/Products/Debug-xros/PackageFrameworks -F /Users/builder/builds/TDmZkXJm/0/finestructure/swiftpackageindex-builder/spi-builder-workspace/.derivedData/Build/Products/Debug-xros/PackageFrameworks -F /Users/builder/builds/TDmZkXJm/0/finestructure/swiftpackageindex-builder/spi-builder-workspace/.derivedData/Build/Products/Debug-xros/PackageFrameworks -F /Users/builder/builds/TDmZkXJm/0/finestructure/swiftpackageindex-builder/spi-builder-workspace/.derivedData/Build/Products/Debug-xros -F /Applications/Xcode-15.0.0-Beta.2.app/Contents/Developer/Platforms/XROS.platform/Developer/Library/Frameworks -F /Applications/Xcode-15.0.0-Beta.2.app/Contents/Developer/Platforms/XROS.platform/Developer/SDKs/XROS1.0.sdk/Developer/Library/Frameworks -no-color-diagnostics -enable-testing -g -module-cache-path /Users/builder/builds/TDmZkXJm/0/finestructure/swiftpackageindex-builder/spi-builder-workspace/.derivedData/ModuleCache.noindex -swift-version 4 -enforce-exclusivity\=checked -Onone -D SWIFT_PACKAGE -D DEBUG -D Xcode -serialize-debugging-options -const-gather-protocols-file /Users/builder/builds/TDmZkXJm/0/finestructure/swiftpackageindex-builder/spi-builder-workspace/.derivedData/Build/Intermediates.noindex/CwlPreconditionTesting.build/Debug-xros/CwlPreconditionTesting.build/Objects-normal/arm64/CwlPreconditionTesting_const_extract_protocols.json -empty-abi-descriptor -plugin-path /Applications/Xcode-15.0.0-Beta.2.app/Contents/Developer/Toolchains/XcodeDefault.xctoolchain/usr/lib/swift/host/plugins -plugin-path /Applications/Xcode-15.0.0-Beta.2.app/Contents/Developer/Toolchains/XcodeDefault.xctoolchain/usr/local/lib/swift/host/plugins -validate-clang-modules-once -clang-build-session-file /Users/builder/builds/TDmZkXJm/0/finestructure/swiftpackageindex-builder/spi-builder-workspace/.derivedData/ModuleCache.noindex/Session.modulevalidation -Xcc -working-directory -Xcc /Users/builder/builds/TDmZkXJm/0/finestructure/swiftpackageindex-builder/spi-builder-workspace -resource-dir /Applications/Xcode-15.0.0-Beta.2.app/Contents/Developer/Toolchains/XcodeDefault.xctoolchain/usr/lib/swift -enable-anonymous-context-mangled-names -Xcc -fmodule-map-file\=/Users/builder/builds/TDmZkXJm/0/finestructure/swiftpackageindex-builder/spi-builder-workspace/.derivedData/Build/Intermediates.noindex/GeneratedModuleMaps-xros/CwlCatchExceptionSupport.modulemap -Xcc -fmodule-map-file\=/Users/builder/builds/TDmZkXJm/0/finestructure/swiftpackageindex-builder/spi-builder-workspace/.derivedData/Build/Intermediates.noindex/GeneratedModuleMaps-xros/CwlMachBadInstructionHandler.modulemap -Xcc -ivfsstatcache -Xcc /Users/builder/builds/TDmZkXJm/0/finestructure/swiftpackageindex-builder/spi-builder-workspace/.derivedData/SDKStatCaches.noindex/xros1.0-21N5165f-50a81fd5751d5bee8ff6d6ea12214339.sdkstatcache -Xcc -I/Users/builder/builds/TDmZkXJm/0/finestructure/swiftpackageindex-builder/spi-builder-workspace/.derivedData/Build/Intermediates.noindex/CwlPreconditionTesting.build/Debug-xros/CwlPreconditionTesting.build/swift-overrides.hmap -Xcc -I/Users/builder/builds/TDmZkXJm/0/finestructure/swiftpackageindex-builder/spi-builder-workspace/.dependencies/checkouts/CwlCatchException/Sources/CwlCatchExceptionSupport/include -Xcc -I/Users/builder/builds/TDmZkXJm/0/finestructure/swiftpackageindex-builder/spi-builder-workspace/.dependencies/checkouts/CwlPreconditionTesting/Sources/CwlMachBadInstructionHandler/include -Xcc -I/Users/builder/builds/TDmZkXJm/0/finestructure/swiftpackageindex-builder/spi-builder-workspace/.derivedData/Build/Products/Debug-xros/include -Xcc -I/Users/builder/builds/TDmZkXJm/0/finestructure/swiftpackageindex-builder/spi-builder-workspace/.derivedData/Build/Intermediates.noindex/CwlPreconditionTesting.build/Debug-xros/CwlPreconditionTesting.build/DerivedSources-normal/arm64 -Xcc -I/Users/builder/builds/TDmZkXJm/0/finestructure/swiftpackageindex-builder/spi-builder-workspace/.derivedData/Build/Intermediates.noindex/CwlPreconditionTesting.build/Debug-xros/CwlPreconditionTesting.build/DerivedSources/arm64 -Xcc -I/Users/builder/builds/TDmZkXJm/0/finestructure/swiftpackageindex-builder/spi-builder-workspace/.derivedData/Build/Intermediates.noindex/CwlPreconditionTesting.build/Debug-xros/CwlPreconditionTesting.build/DerivedSources -Xcc -DSWIFT_PACKAGE -Xcc -DDEBUG\=1 -module-name CwlPreconditionTesting -frontend-parseable-output -disable-clang-spi -target-sdk-version 1.0 -target-sdk-name xros1.0 -o /Users/builder/builds/TDmZkXJm/0/finestructure/swiftpackageindex-builder/spi-builder-workspace/.derivedData/Build/Intermediates.noindex/CwlPreconditionTesting.build/Debug-xros/CwlPreconditionTesting.build/Objects-normal/arm64/CwlBadInstructionException.o -index-unit-output-path /CwlPreconditionTesting.build/Debug-xros/CwlPreconditionTesting.build/Objects-normal/arm64/CwlBadInstructionException.o -index-store-path /Users/builder/builds/TDmZkXJm/0/finestructure/swiftpackageindex-builder/spi-builder-workspace/.derivedData/Index.noindex/DataStore -index-system-modules
SwiftCompile normal arm64 Compiling\ CwlCatchBadInstruction.swift /Users/builder/builds/TDmZkXJm/0/finestructure/swiftpackageindex-builder/spi-builder-workspace/.dependencies/checkouts/CwlPreconditionTesting/Sources/CwlPreconditionTesting/CwlCatchBadInstruction.swift (in target 'CwlPreconditionTesting' from project 'CwlPreconditionTesting')
    cd /Users/builder/builds/TDmZkXJm/0/finestructure/swiftpackageindex-builder/spi-builder-workspace
    builtin-swiftTaskExecution -- /Applications/Xcode-15.0.0-Beta.2.app/Contents/Developer/Toolchains/XcodeDefault.xctoolchain/usr/bin/swift-frontend -frontend -c /Users/builder/builds/TDmZkXJm/0/finestructure/swiftpackageindex-builder/spi-builder-workspace/.dependencies/checkouts/CwlPreconditionTesting/Sources/CwlPreconditionTesting/CwlBadInstructionException.swift -primary-file /Users/builder/builds/TDmZkXJm/0/finestructure/swiftpackageindex-builder/spi-builder-workspace/.dependencies/checkouts/CwlPreconditionTesting/Sources/CwlPreconditionTesting/CwlCatchBadInstruction.swift /Users/builder/builds/TDmZkXJm/0/finestructure/swiftpackageindex-builder/spi-builder-workspace/.dependencies/checkouts/CwlPreconditionTesting/Sources/CwlPreconditionTesting/CwlDarwinDefinitions.swift -emit-dependencies-path /Users/builder/builds/TDmZkXJm/0/finestructure/swiftpackageindex-builder/spi-builder-workspace/.derivedData/Build/Intermediates.noindex/CwlPreconditionTesting.build/Debug-xros/CwlPreconditionTesting.build/Objects-normal/arm64/CwlCatchBadInstruction.d -emit-const-values-path /Users/builder/builds/TDmZkXJm/0/finestructure/swiftpackageindex-builder/spi-builder-workspace/.derivedData/Build/Intermediates.noindex/CwlPreconditionTesting.build/Debug-xros/CwlPreconditionTesting.build/Objects-normal/arm64/CwlCatchBadInstruction.swiftconstvalues -emit-reference-dependencies-path /Users/builder/builds/TDmZkXJm/0/finestructure/swiftpackageindex-builder/spi-builder-workspace/.derivedData/Build/Intermediates.noindex/CwlPreconditionTesting.build/Debug-xros/CwlPreconditionTesting.build/Objects-normal/arm64/CwlCatchBadInstruction.swiftdeps -serialize-diagnostics-path /Users/builder/builds/TDmZkXJm/0/finestructure/swiftpackageindex-builder/spi-builder-workspace/.derivedData/Build/Intermediates.noindex/CwlPreconditionTesting.build/Debug-xros/CwlPreconditionTesting.build/Objects-normal/arm64/CwlCatchBadInstruction.dia -target arm64-apple-xros1.0 -Xllvm -aarch64-use-tbi -enable-objc-interop -stack-check -sdk /Applications/Xcode-15.0.0-Beta.2.app/Contents/Developer/Platforms/XROS.platform/Developer/SDKs/XROS1.0.sdk -I /Users/builder/builds/TDmZkXJm/0/finestructure/swiftpackageindex-builder/spi-builder-workspace/.derivedData/Build/Products/Debug-xros -I /Applications/Xcode-15.0.0-Beta.2.app/Contents/Developer/Platforms/XROS.platform/Developer/usr/lib -F /Users/builder/builds/TDmZkXJm/0/finestructure/swiftpackageindex-builder/spi-builder-workspace/.derivedData/Build/Products/Debug-xros/PackageFrameworks -F /Users/builder/builds/TDmZkXJm/0/finestructure/swiftpackageindex-builder/spi-builder-workspace/.derivedData/Build/Products/Debug-xros/PackageFrameworks -F /Users/builder/builds/TDmZkXJm/0/finestructure/swiftpackageindex-builder/spi-builder-workspace/.derivedData/Build/Products/Debug-xros/PackageFrameworks -F /Users/builder/builds/TDmZkXJm/0/finestructure/swiftpackageindex-builder/spi-builder-workspace/.derivedData/Build/Products/Debug-xros -F /Applications/Xcode-15.0.0-Beta.2.app/Contents/Developer/Platforms/XROS.platform/Developer/Library/Frameworks -F /Applications/Xcode-15.0.0-Beta.2.app/Contents/Developer/Platforms/XROS.platform/Developer/SDKs/XROS1.0.sdk/Developer/Library/Frameworks -no-color-diagnostics -enable-testing -g -module-cache-path /Users/builder/builds/TDmZkXJm/0/finestructure/swiftpackageindex-builder/spi-builder-workspace/.derivedData/ModuleCache.noindex -swift-version 4 -enforce-exclusivity\=checked -Onone -D SWIFT_PACKAGE -D DEBUG -D Xcode -serialize-debugging-options -const-gather-protocols-file /Users/builder/builds/TDmZkXJm/0/finestructure/swiftpackageindex-builder/spi-builder-workspace/.derivedData/Build/Intermediates.noindex/CwlPreconditionTesting.build/Debug-xros/CwlPreconditionTesting.build/Objects-normal/arm64/CwlPreconditionTesting_const_extract_protocols.json -empty-abi-descriptor -plugin-path /Applications/Xcode-15.0.0-Beta.2.app/Contents/Developer/Toolchains/XcodeDefault.xctoolchain/usr/lib/swift/host/plugins -plugin-path /Applications/Xcode-15.0.0-Beta.2.app/Contents/Developer/Toolchains/XcodeDefault.xctoolchain/usr/local/lib/swift/host/plugins -validate-clang-modules-once -clang-build-session-file /Users/builder/builds/TDmZkXJm/0/finestructure/swiftpackageindex-builder/spi-builder-workspace/.derivedData/ModuleCache.noindex/Session.modulevalidation -Xcc -working-directory -Xcc /Users/builder/builds/TDmZkXJm/0/finestructure/swiftpackageindex-builder/spi-builder-workspace -resource-dir /Applications/Xcode-15.0.0-Beta.2.app/Contents/Developer/Toolchains/XcodeDefault.xctoolchain/usr/lib/swift -enable-anonymous-context-mangled-names -Xcc -fmodule-map-file\=/Users/builder/builds/TDmZkXJm/0/finestructure/swiftpackageindex-builder/spi-builder-workspace/.derivedData/Build/Intermediates.noindex/GeneratedModuleMaps-xros/CwlCatchExceptionSupport.modulemap -Xcc -fmodule-map-file\=/Users/builder/builds/TDmZkXJm/0/finestructure/swiftpackageindex-builder/spi-builder-workspace/.derivedData/Build/Intermediates.noindex/GeneratedModuleMaps-xros/CwlMachBadInstructionHandler.modulemap -Xcc -ivfsstatcache -Xcc /Users/builder/builds/TDmZkXJm/0/finestructure/swiftpackageindex-builder/spi-builder-workspace/.derivedData/SDKStatCaches.noindex/xros1.0-21N5165f-50a81fd5751d5bee8ff6d6ea12214339.sdkstatcache -Xcc -I/Users/builder/builds/TDmZkXJm/0/finestructure/swiftpackageindex-builder/spi-builder-workspace/.derivedData/Build/Intermediates.noindex/CwlPreconditionTesting.build/Debug-xros/CwlPreconditionTesting.build/swift-overrides.hmap -Xcc -I/Users/builder/builds/TDmZkXJm/0/finestructure/swiftpackageindex-builder/spi-builder-workspace/.dependencies/checkouts/CwlCatchException/Sources/CwlCatchExceptionSupport/include -Xcc -I/Users/builder/builds/TDmZkXJm/0/finestructure/swiftpackageindex-builder/spi-builder-workspace/.dependencies/checkouts/CwlPreconditionTesting/Sources/CwlMachBadInstructionHandler/include -Xcc -I/Users/builder/builds/TDmZkXJm/0/finestructure/swiftpackageindex-builder/spi-builder-workspace/.derivedData/Build/Products/Debug-xros/include -Xcc -I/Users/builder/builds/TDmZkXJm/0/finestructure/swiftpackageindex-builder/spi-builder-workspace/.derivedData/Build/Intermediates.noindex/CwlPreconditionTesting.build/Debug-xros/CwlPreconditionTesting.build/DerivedSources-normal/arm64 -Xcc -I/Users/builder/builds/TDmZkXJm/0/finestructure/swiftpackageindex-builder/spi-builder-workspace/.derivedData/Build/Intermediates.noindex/CwlPreconditionTesting.build/Debug-xros/CwlPreconditionTesting.build/DerivedSources/arm64 -Xcc -I/Users/builder/builds/TDmZkXJm/0/finestructure/swiftpackageindex-builder/spi-builder-workspace/.derivedData/Build/Intermediates.noindex/CwlPreconditionTesting.build/Debug-xros/CwlPreconditionTesting.build/DerivedSources -Xcc -DSWIFT_PACKAGE -Xcc -DDEBUG\=1 -module-name CwlPreconditionTesting -frontend-parseable-output -disable-clang-spi -target-sdk-version 1.0 -target-sdk-name xros1.0 -o /Users/builder/builds/TDmZkXJm/0/finestructure/swiftpackageindex-builder/spi-builder-workspace/.derivedData/Build/Intermediates.noindex/CwlPreconditionTesting.build/Debug-xros/CwlPreconditionTesting.build/Objects-normal/arm64/CwlCatchBadInstruction.o -index-unit-output-path /CwlPreconditionTesting.build/Debug-xros/CwlPreconditionTesting.build/Objects-normal/arm64/CwlCatchBadInstruction.o -index-store-path /Users/builder/builds/TDmZkXJm/0/finestructure/swiftpackageindex-builder/spi-builder-workspace/.derivedData/Index.noindex/DataStore -index-system-modules

SwiftCompile normal arm64 /Users/builder/builds/TDmZkXJm/0/finestructure/swiftpackageindex-builder/spi-builder-workspace/.dependencies/checkouts/CwlPreconditionTesting/Sources/CwlPreconditionTesting/CwlCatchBadInstruction.swift (in target 'CwlPreconditionTesting' from project 'CwlPreconditionTesting')
    cd /Users/builder/builds/TDmZkXJm/0/finestructure/swiftpackageindex-builder/spi-builder-workspace
    /Applications/Xcode-15.0.0-Beta.2.app/Contents/Developer/Toolchains/XcodeDefault.xctoolchain/usr/bin/swift-frontend -c /Users/builder/builds/TDmZkXJm/0/finestructure/swiftpackageindex-builder/spi-builder-workspace/.dependencies/checkouts/CwlPreconditionTesting/Sources/CwlPreconditionTesting/CwlBadInstructionException.swift -primary-file /Users/builder/builds/TDmZkXJm/0/finestructure/swiftpackageindex-builder/spi-builder-workspace/.dependencies/checkouts/CwlPreconditionTesting/Sources/CwlPreconditionTesting/CwlCatchBadInstruction.swift /Users/builder/builds/TDmZkXJm/0/finestructure/swiftpackageindex-builder/spi-builder-workspace/.dependencies/checkouts/CwlPreconditionTesting/Sources/CwlPreconditionTesting/CwlDarwinDefinitions.swift -emit-dependencies-path /Users/builder/builds/TDmZkXJm/0/finestructure/swiftpackageindex-builder/spi-builder-workspace/.derivedData/Build/Intermediates.noindex/CwlPreconditionTesting.build/Debug-xros/CwlPreconditionTesting.build/Objects-normal/arm64/CwlCatchBadInstruction.d -emit-const-values-path /Users/builder/builds/TDmZkXJm/0/finestructure/swiftpackageindex-builder/spi-builder-workspace/.derivedData/Build/Intermediates.noindex/CwlPreconditionTesting.build/Debug-xros/CwlPreconditionTesting.build/Objects-normal/arm64/CwlCatchBadInstruction.swiftconstvalues -emit-reference-dependencies-path /Users/builder/builds/TDmZkXJm/0/finestructure/swiftpackageindex-builder/spi-builder-workspace/.derivedData/Build/Intermediates.noindex/CwlPreconditionTesting.build/Debug-xros/CwlPreconditionTesting.build/Objects-normal/arm64/CwlCatchBadInstruction.swiftdeps -serialize-diagnostics-path /Users/builder/builds/TDmZkXJm/0/finestructure/swiftpackageindex-builder/spi-builder-workspace/.derivedData/Build/Intermediates.noindex/CwlPreconditionTesting.build/Debug-xros/CwlPreconditionTesting.build/Objects-normal/arm64/CwlCatchBadInstruction.dia -target arm64-apple-xros1.0 -Xllvm -aarch64-use-tbi -enable-objc-interop -stack-check -sdk /Applications/Xcode-15.0.0-Beta.2.app/Contents/Developer/Platforms/XROS.platform/Developer/SDKs/XROS1.0.sdk -I /Users/builder/builds/TDmZkXJm/0/finestructure/swiftpackageindex-builder/spi-builder-workspace/.derivedData/Build/Products/Debug-xros -I /Applications/Xcode-15.0.0-Beta.2.app/Contents/Developer/Platforms/XROS.platform/Developer/usr/lib -F /Users/builder/builds/TDmZkXJm/0/finestructure/swiftpackageindex-builder/spi-builder-workspace/.derivedData/Build/Products/Debug-xros/PackageFrameworks -F /Users/builder/builds/TDmZkXJm/0/finestructure/swiftpackageindex-builder/spi-builder-workspace/.derivedData/Build/Products/Debug-xros/PackageFrameworks -F /Users/builder/builds/TDmZkXJm/0/finestructure/swiftpackageindex-builder/spi-builder-workspace/.derivedData/Build/Products/Debug-xros/PackageFrameworks -F /Users/builder/builds/TDmZkXJm/0/finestructure/swiftpackageindex-builder/spi-builder-workspace/.derivedData/Build/Products/Debug-xros -F /Applications/Xcode-15.0.0-Beta.2.app/Contents/Developer/Platforms/XROS.platform/Developer/Library/Frameworks -F /Applications/Xcode-15.0.0-Beta.2.app/Contents/Developer/Platforms/XROS.platform/Developer/SDKs/XROS1.0.sdk/Developer/Library/Frameworks -no-color-diagnostics -enable-testing -g -module-cache-path /Users/builder/builds/TDmZkXJm/0/finestructure/swiftpackageindex-builder/spi-builder-workspace/.derivedData/ModuleCache.noindex -swift-version 4 -enforce-exclusivity\=checked -Onone -D SWIFT_PACKAGE -D DEBUG -D Xcode -serialize-debugging-options -const-gather-protocols-file /Users/builder/builds/TDmZkXJm/0/finestructure/swiftpackageindex-builder/spi-builder-workspace/.derivedData/Build/Intermediates.noindex/CwlPreconditionTesting.build/Debug-xros/CwlPreconditionTesting.build/Objects-normal/arm64/CwlPreconditionTesting_const_extract_protocols.json -empty-abi-descriptor -plugin-path /Applications/Xcode-15.0.0-Beta.2.app/Contents/Developer/Toolchains/XcodeDefault.xctoolchain/usr/lib/swift/host/plugins -plugin-path /Applications/Xcode-15.0.0-Beta.2.app/Contents/Developer/Toolchains/XcodeDefault.xctoolchain/usr/local/lib/swift/host/plugins -validate-clang-modules-once -clang-build-session-file /Users/builder/builds/TDmZkXJm/0/finestructure/swiftpackageindex-builder/spi-builder-workspace/.derivedData/ModuleCache.noindex/Session.modulevalidation -Xcc -working-directory -Xcc /Users/builder/builds/TDmZkXJm/0/finestructure/swiftpackageindex-builder/spi-builder-workspace -resource-dir /Applications/Xcode-15.0.0-Beta.2.app/Contents/Developer/Toolchains/XcodeDefault.xctoolchain/usr/lib/swift -enable-anonymous-context-mangled-names -Xcc -fmodule-map-file\=/Users/builder/builds/TDmZkXJm/0/finestructure/swiftpackageindex-builder/spi-builder-workspace/.derivedData/Build/Intermediates.noindex/GeneratedModuleMaps-xros/CwlCatchExceptionSupport.modulemap -Xcc -fmodule-map-file\=/Users/builder/builds/TDmZkXJm/0/finestructure/swiftpackageindex-builder/spi-builder-workspace/.derivedData/Build/Intermediates.noindex/GeneratedModuleMaps-xros/CwlMachBadInstructionHandler.modulemap -Xcc -ivfsstatcache -Xcc /Users/builder/builds/TDmZkXJm/0/finestructure/swiftpackageindex-builder/spi-builder-workspace/.derivedData/SDKStatCaches.noindex/xros1.0-21N5165f-50a81fd5751d5bee8ff6d6ea12214339.sdkstatcache -Xcc -I/Users/builder/builds/TDmZkXJm/0/finestructure/swiftpackageindex-builder/spi-builder-workspace/.derivedData/Build/Intermediates.noindex/CwlPreconditionTesting.build/Debug-xros/CwlPreconditionTesting.build/swift-overrides.hmap -Xcc -I/Users/builder/builds/TDmZkXJm/0/finestructure/swiftpackageindex-builder/spi-builder-workspace/.dependencies/checkouts/CwlCatchException/Sources/CwlCatchExceptionSupport/include -Xcc -I/Users/builder/builds/TDmZkXJm/0/finestructure/swiftpackageindex-builder/spi-builder-workspace/.dependencies/checkouts/CwlPreconditionTesting/Sources/CwlMachBadInstructionHandler/include -Xcc -I/Users/builder/builds/TDmZkXJm/0/finestructure/swiftpackageindex-builder/spi-builder-workspace/.derivedData/Build/Products/Debug-xros/include -Xcc -I/Users/builder/builds/TDmZkXJm/0/finestructure/swiftpackageindex-builder/spi-builder-workspace/.derivedData/Build/Intermediates.noindex/CwlPreconditionTesting.build/Debug-xros/CwlPreconditionTesting.build/DerivedSources-normal/arm64 -Xcc -I/Users/builder/builds/TDmZkXJm/0/finestructure/swiftpackageindex-builder/spi-builder-workspace/.derivedData/Build/Intermediates.noindex/CwlPreconditionTesting.build/Debug-xros/CwlPreconditionTesting.build/DerivedSources/arm64 -Xcc -I/Users/builder/builds/TDmZkXJm/0/finestructure/swiftpackageindex-builder/spi-builder-workspace/.derivedData/Build/Intermediates.noindex/CwlPreconditionTesting.build/Debug-xros/CwlPreconditionTesting.build/DerivedSources -Xcc -DSWIFT_PACKAGE -Xcc -DDEBUG\=1 -module-name CwlPreconditionTesting -frontend-parseable-output -disable-clang-spi -target-sdk-version 1.0 -target-sdk-name xros1.0 -o /Users/builder/builds/TDmZkXJm/0/finestructure/swiftpackageindex-builder/spi-builder-workspace/.derivedData/Build/Intermediates.noindex/CwlPreconditionTesting.build/Debug-xros/CwlPreconditionTesting.build/Objects-normal/arm64/CwlCatchBadInstruction.o -index-unit-output-path /CwlPreconditionTesting.build/Debug-xros/CwlPreconditionTesting.build/Objects-normal/arm64/CwlCatchBadInstruction.o -index-store-path /Users/builder/builds/TDmZkXJm/0/finestructure/swiftpackageindex-builder/spi-builder-workspace/.derivedData/Index.noindex/DataStore -index-system-modules

SwiftDriverJobDiscovery normal arm64 Compiling URL+FileName.swift, World.swift (in target 'Quick' from project 'Quick')

SwiftDriverJobDiscovery normal arm64 Compiling ErrorUtility.swift, Example.swift, ExampleGroup.swift (in target 'Quick' from project 'Quick')

RegisterExecutionPolicyException /Users/builder/builds/TDmZkXJm/0/finestructure/swiftpackageindex-builder/spi-builder-workspace/.derivedData/Build/Products/Debug-xros/CwlCatchException.o (in target 'CwlCatchException' from project 'CwlCatchException')
    cd /Users/builder/builds/TDmZkXJm/0/finestructure/swiftpackageindex-builder/spi-builder-workspace/.depen
dencies/checkouts/CwlCatchException
    builtin-RegisterExecutionPolicyException /Users/builder/builds/TDmZkXJm/0/finestructure/swiftpackageindex-builder/spi-builder-workspace/.derivedData/Build/Products/Debug-xros/CwlCatchException.o

SwiftDriverJobDiscovery normal arm64 Compiling NSBundle+CurrentTestBundle.swift, QuickMain.swift, QuickSelectedTestSuiteBuilder.swift (in target 'Quick' from project 'Quick')

WriteAuxiliaryFile /Users/builder/builds/TDmZkXJm/0/finestructure/swiftpackageindex-builder/spi-builder-workspace/.derivedData/Build/Intermediates.noindex/CwlCatchException.build/Debug-xros/CwlCatchException\ product.build/empty-CwlCatchException.plist (in target 'CwlCatchException' from project 'CwlCatchException')
    cd /Users/builder/builds/TDmZkXJm/0/finestructure/swiftpackageindex-builder/spi-builder-workspace/.dependencies/checkouts/CwlCatchException
    write-file /Users/builder/builds/TDmZkXJm/0/finestructure/swiftpackageindex-builder/spi-builder-workspace/.derivedData/Build/Intermediates.noindex/CwlCatchException.build/Debug-xros/CwlCatchException\ product.build/empty-CwlCatchException.plist

WriteAuxiliaryFile /Users/builder/builds/TDmZkXJm/0/finestructure/swiftpackageindex-builder/spi-builder-workspace/.derivedData/Build/Intermediates.noindex/CwlCatchException.build/Debug-xros/CwlCatchException\ product.build/Objects-normal/arm64/CwlCatchException.LinkFileList (in target 'CwlCatchException' from project 'CwlCatchException')
    cd /Users/builder/builds/TDmZkXJm/0/finestructure/swiftpackageindex-builder/spi-builder-workspace/.dependencies/checkouts/CwlCatchException
    write-file /Users/builder/builds/TDmZkXJm/0/finestructure/swiftpackageindex-builder/spi-builder-workspace/.derivedData/Build/Intermediates.noindex/CwlCatchException.build/Debug-xros/CwlCatchException\ product.build/Objects-normal/arm64/CwlCatchException.LinkFileList

Ld /Users/builder/builds/TDmZkXJm/0/finestructure/swiftpackageindex-builder/spi-builder-workspace/.derivedData/Build/Products/Debug-xros/PackageFrameworks/CwlCatchException.framework/CwlCatchException normal (in target 'CwlCatchException' from project 'CwlCatchException')
    cd /Users/builder/builds/TDmZkXJm/0/finestructure/swiftpackageindex-builder/spi-builder-workspace/.dependencies/checkouts/CwlCatchException
    /Applications/Xcode-15.0.0-Beta.2.app/Contents/Developer/Toolchains/XcodeDefault.xctoolchain/usr/bin/clang -Xlinker -reproducible -target arm64-apple-xros1.0 -dynamiclib -isysroot /Applications/Xcode-15.0.0-Beta.2.app/Contents/Developer/Platforms/XROS.platform/Developer/SDKs/XROS1.0.sdk -O0 -L/Users/builder/builds/TDmZkXJm/0/finestructure/swiftpackageindex-builder/spi-builder-workspace/.derivedData/Build/Intermediates.noindex/EagerLinkingTBDs/Debug-xros -L/Users/builder/builds/TDmZkXJm/0/finestructure/swiftpackageindex-builder/spi-builder-workspace/.derivedData/Build/Products/Debug-xros/PackageFrameworks -L/Applications/Xcode-15.0.0-Beta.2.app/Contents/Developer/Platforms/XROS.platform/Developer/usr/lib -F/Users/builder/builds/TDmZkXJm/0/finestructure/swiftpackageindex-builder/spi-builder-workspace/.derivedData/Build/Intermediates.noindex/EagerLinkingTBDs/Debug-xros -F/Users/builder/builds/TDmZkXJm/0/finestructure/swiftpackageindex-builder/spi-builder-workspace/.derivedData/Build/Products/Debug-xros/PackageFrameworks/PackageFrameworks -F/Users/builder/builds/TDmZkXJm/0/finestructure/swiftpackageindex-builder/spi-builder-workspace/.derivedData/Build/Products/Debug-xros/PackageFrameworks/PackageFrameworks -F/Users/builder/builds/TDmZkXJm/0/finestructure/swiftpackageindex-builder/spi-builder-workspace/.derivedData/Build/Products/Debug-xros/PackageFrameworks -iframework /Applications/Xcode-15.0.0-Beta.2.app/Contents/Developer/Platforms/XROS.platform/Developer/Library/Frameworks -iframework /Applications/Xcode-15.0.0-Beta.2.app/Contents/Developer/Platforms/XROS.platform/Developer/SDKs/XROS1.0.sdk/Developer/Library/Frameworks -filelist /Users/builder/builds/TDmZkXJm/0/finestructure/swiftpackageindex-builder/spi-builder-workspace/.derivedData/Build/Intermediates.noindex/CwlCatchException.build/Debug-xros/CwlCatchException\ product.build/Objects-normal/arm64/CwlCatchException.LinkFileList -install_name @rpath/CwlCatchException.framework/CwlCatchException -dead_strip -Xlinker -object_path_lto -Xlinker /Users/builder/builds/TDmZkXJm/0/finestructure/swiftpackageindex-builder/spi-builder-workspace/.derivedData/Build/Intermediates.noindex/CwlCatchException.build/Debug-xros/CwlCatchException\ product.build/Objects-normal/arm64/CwlCatchException_lto.o -Xlinker -export_dynamic -Xlinker -no_deduplicate -fobjc-link-runtime -L/Applications/Xcode-15.0.0-Beta.2.app/Contents/Developer/Toolchains/XcodeDefault.xctoolchain/usr/lib/swift/xros -L/usr/lib/swift -Xlinker -rpath -Xlinker /Users/builder/builds/TDmZkXJm/0/finestructure/swiftpackageindex-builder/spi-builder-workspace/.derivedData/Build/Products/Debug-xros/PackageFrameworks/PackageFrameworks -Xlinker -rpath -Xlinker /Users/builder/builds/TDmZkXJm/0/finestructure/swiftpackageindex-builder/spi-builder-workspace/.derivedData/Build/Products/Debug-xros/PackageFrameworks/PackageFrameworks -Xlinker -dependency_info -Xlinker /Users/builder/builds/TDmZkXJm/0/finestructure/swiftpackageindex-builder/spi-builder-workspace/.derivedData/Build/Intermediates.noindex/CwlCatchException.build/Debug-xros/CwlCatchException\ product.build/Objects-normal/arm64/CwlCatchException_dependency_info.dat -o /Users/builder/builds/TDmZkXJm/0/finestructure/swiftpackageindex-builder/spi-builder-workspace/.derivedData/Build/Products/Debug-xros/PackageFrameworks/CwlCatchException.framework/CwlCatchException -Xlinker -add_ast_path -Xlinker /Users/builder/builds/TDmZkXJm/0/finestructure/swiftpackageindex-builder/spi-builder-workspace/.derivedData/Build/Intermediates.noindex/CwlCatchException.build/Debug-xros/CwlCatchException.build/Objects-normal/arm64/CwlCatchException.swiftmodule

ProcessInfoPlistFile /Users/builder/builds/TDmZkXJm/0/finestructure/swiftpackageindex-builder/spi-builder-workspace/.derivedData/Build/Products/Debug-xros/PackageFrameworks/CwlCatchException.framework/Info.plist /Users/builder/builds/TDmZkXJm/0/finestructure/swiftpackageindex-builder/spi-builder-workspace/.derivedData/Build/Intermediates.noindex/CwlCatchException.build/Debug-xros/CwlCatchException\ product.build/empty-CwlCatchException.plist (in target 'CwlCatchException' from project 'CwlCatchException')
    cd /Users/builder/builds/TDmZkXJm/0/finestructure/swiftpackageindex-builder/spi-builder-workspace/.dependencies/checkouts/CwlCatchException
    builtin-infoPlistUtility /Users/builder/builds/TDmZkXJm/0/finestructure/swiftpackageindex-builder/spi-builder-workspace/.derivedData/Build/Intermediates.noindex/CwlCatchException.build/Debug-xros/CwlCatchException\ product.build/empty-CwlCatchException.plist -producttype com.apple.product-type.framework -expandbuildsettings -format binary -platform xros -o /Users/builder/builds/TDmZkXJm/0/finestructure/swiftpackageindex-builder/spi-builder-workspace/.derivedData/Build/Products/Debug-xros/PackageFrameworks/CwlCatchException.framework/Info.plist

SwiftDriverJobDiscovery normal arm64 Compiling QuickConfiguration.swift, DSL.swift, World+DSL.swift (in target 'Quick' from project 'Quick')

RegisterExecutionPolicyException /Users/builder/builds/TDmZkXJm/0/finestructure/swiftpackageindex-builder/spi-builder-workspace/.derivedData/Build/Products/Debug-xros/PackageFrameworks/CwlCatchException.framework (in target 'CwlCatchException' from project 'CwlCatchException')
    cd /Users/builder/builds/TDmZkXJm/0/finestructure/swiftpackageindex-builder/spi-builder-workspace/.dependencies/checkouts/CwlCatchException
    builtin-RegisterExecutionPolicyException /Users/builder/builds/TDmZkXJm/0/finestructure/swiftpackageindex-builder/spi-builder-workspace/.derivedData/Build/Products/Debug-xros/PackageFrameworks/CwlCatchException.framework
Touch /Users/builder/builds/TDmZkXJm/0/finestructure/swiftpackageindex-builder/spi-builder-workspace/.derivedData/Build/Products/Debug-xros/PackageFrameworks/CwlCatchException.framework (in target 'CwlCatchException' from project 'CwlCatchException')
    cd /Users/builder/builds/TDmZkXJm/0/finestructure/swiftpackageindex-builder/spi-builder-workspace/.dependencies/checkouts/CwlCatchException
    /usr/bin/touch -c /Users/builder/builds/TDmZkXJm/0/finestructure/swiftpackageindex-builder/spi-builder-workspace/.derivedData/Build/Products/Debug-xros/PackageFrameworks/CwlCatchException.framework

WriteAuxiliaryFile /Users/builder/builds/TDmZkXJm/0/finestructure/swiftpackageindex-builder/spi-builder-workspace/.derivedData/Build/Intermediates.noindex/CwlPreconditionTesting.build/Debug-xros/CwlPreconditionTesting.build/Objects-normal/arm64/CwlPreconditionTesting.LinkFileList (in target 'CwlPreconditionTesting' from project 'CwlPreconditionTesting')
    cd /Users/builder/builds/TDmZkXJm/0/finestructure/swiftpackageindex-builder/spi-builder-workspace/.dependencies/checkouts/CwlPreconditionTesting
    write-file /Users/builder/builds/TDmZkXJm/0/finestructure/swiftpackageindex-builder/spi-builder-workspace/.derivedData/Build/Intermediates.noindex/CwlPreconditionTesting.build/Debug-xros/CwlPreconditionTesting.build/Objects-normal/arm64/CwlPreconditionTesting.LinkFileList

SwiftDriverJobDiscovery normal arm64 Compiling QuickSpec.swift, QuickTestSuite.swift, String+C99ExtendedIdentifier.swift (in target 'Quick' from project 'Quick')

SwiftDriver\ Compilation Quick normal arm64 com.apple.xcode.tools.swift.compiler (in target 'Quick' from project 'Quick')
    cd /Users/builder/builds/TDmZkXJm/0/finestructure/swiftpackageindex-builder/spi-builder-workspace
    builtin-Swift-Compilation -- /Applications/Xcode-15.0.0-Beta.2.app/Contents/Developer/Toolchains/XcodeDefault.xctoolchain/usr/bin/swiftc -module-name Quick -Onone -enforce-exclusivity\=checked @/Users/builder/builds/TDmZkXJm/0/finestructure/swiftpackageindex-builder/spi-builder-workspace/.derivedData/Build/Intermediates.noindex/Quick.build/Debug-xros/Quick.build/Objects-normal/arm64/Quick.SwiftFileList -DSWIFT_PACKAGE -DDEBUG -Xcc -fmodule-map-file\=/Users/builder/builds/TDmZkXJm/0/finestructure/swiftpackageindex-builder/spi-builder-workspace/.derivedData/Build/Intermediates.noindex/GeneratedModuleMaps-xros/QuickSpecBase.modulemap -DXcode -sdk /Applications/Xcode-15.0.0-Beta.2.app/Contents/Developer/Platforms/XROS.platform/Developer/SDKs/XROS1.0.sdk -target arm64-apple-xros1.0 -g -module-cache-path /Users/builder/builds/TDmZkXJm/0/finestructure/swiftpackageindex-builder/spi-builder-workspace/.derivedData/ModuleCache.noindex -Xfrontend -serialize-debugging-options -enable-testing -index-store-path /Users/builder/builds/TDmZkXJm/0/finestructure/swiftpackageindex-builder/spi-builder-workspace/.derivedData/Index.noindex/DataStore -swift-version 5 -I /Users/builder/builds/TDmZkXJm/0/finestructure/swiftpackageindex-builder/spi-builder-workspace/.derivedData/Build/Products/Debug-xros -I /Applications/Xcode-15.0.0-Beta.2.app/Contents/Developer/Platforms/XROS.platform/Developer/usr/lib -F /Users/builder/builds/TDmZkXJm/0/finestructure/swiftpackageindex-builder/spi-builder-workspace/.derivedData/Build/Products/Debug-xros/PackageFrameworks -F /Users/builder/builds/TDmZkXJm/0/finestructure/swiftpackageindex-builder/spi-builder-workspace/.derivedData/Build/Products/Debug-xros -F /Applications/Xcode-15.0.0-Beta.2.app/Contents/Developer/Platforms/XROS.platform/Developer/Library/Frameworks -F /Applications/Xcode-15.0.0-Beta.2.app/Contents/Developer/Platforms/XROS.platform/Developer/SDKs/XROS1.0.sdk/Developer/Library/Frameworks -c -j8 -enable-batch-mode -incremental -Xcc -ivfsstatcache -Xcc /Users/builder/builds/TDmZkXJm/0/finestructure/swiftpackageindex-builder/spi-builder-workspace/.derivedData/SDKStatCaches.noindex/xros1.0-21N5165f-50a81fd5751d5bee8ff6d6ea12214339.sdkstatcache -output-file-map /Users/builder/builds/TDmZkXJm/0/finestructure/swiftpackageindex-builder/spi-builder-workspace/.derivedData/Build/Intermediates.noindex/Quick.build/Debug-xros/Quick.build/Objects-normal/arm64/Quick-OutputFileMap.json -use-frontend-parseable-output -save-temps -no-color-diagnostics -serialize-diagnostics -emit-dependencies -emit-module -emit-module-path /Users/builder/builds/TDmZkXJm/0/finestructure/swiftpackageindex-builder/spi-builder-workspace/.derivedData/Build/Intermediates.noindex/Quick.build/Debug-xros/Quick.build/Objects-normal/arm64/Quick.swiftmodule -validate-clang-modules-once -clang-build-session-file /Users/builder/builds/TDmZkXJm/0/finestructure/swiftpackageindex-builder/spi-builder-workspace/.derivedData/ModuleCache.noindex/Session.modulevalidation -Xcc -I/Users/builder/builds/TDmZkXJm/0/finestructure/swiftpackageindex-builder/spi-builder-workspace/.derivedData/Build/Intermediates.noindex/Quick.build/Debug-xros/Quick.build/swift-overrides.hmap -emit-const-values -Xfrontend -const-gather-protocols-file -Xfrontend /Users/builder/builds/TDmZkXJm/0/finestructure/swiftpackageindex-builder/spi-builder-workspace/.derivedData/Build/Intermediates.noindex/Quick.build/Debug-xros/Quick.build/Objects-normal/arm64/Quick_const_extract_protocols.json -Xcc -I/Users/builder/builds/TDmZkXJm/0/finestructure/swiftpackageindex-builder/spi-builder-workspace/.dependencies/checkouts/Quick/Sources/QuickSpecBase/include -Xcc -I/Users/builder/builds/TDmZkXJm/0/finestructure/swiftpackageindex-builder/spi-builder-workspace/.derivedData/Build/Products/Debug-xros/include -Xcc -I/Users/builder/builds/TDmZkXJm/0/finestructure/swiftpackageindex-builder/spi-builder-workspace/.derivedData/Build/Intermediates.noindex/Quick.build/Debug-xros/Quick.build/DerivedSources-normal/arm64 -Xcc -I/Users/builder/builds/TDmZkXJm/0/finestructure/swiftpackageindex-builder/spi-builder-workspace/.derivedData/Build/Intermediates.noindex/Quick.build/Debug-xros/Quick.build/DerivedSources/arm64 -Xcc -I/Users/builder/builds/TDmZkXJm/0/finestructure/swiftpackageindex-builder/spi-builder-workspace/.derivedData/Build/Intermediates.noindex/Quick.build/Debug-xros/Quick.build/DerivedSources -Xcc -DSWIFT_PACKAGE -Xcc -DDEBUG\=1 -emit-objc-header -emit-objc-header-path /Users/builder/builds/TDmZkXJm/0/finestructure/swiftpackageindex-builder/spi-builder-workspace/.derivedData/Build/Intermediates.noindex/Quick.build/Debug-xros/Quick.build/Objects-normal/arm64/Quick-Swift.h -working-directory /Users/builder/builds/TDmZkXJm/0/finestructure/swiftpackageindex-builder/spi-builder-workspace -experimental-emit-module-separately -disable-cmo
Ld /Users/builder/builds/TDmZkXJm/0/finestructure/swiftpackageindex-builder/spi-builder-workspace/.derivedData/Build/Products/Debug-xros/Quick.o normal (in target 'Quick' from project 'Quick')
    cd /Users/builder/builds/TDmZkXJm/0/finestructure/swiftpackageindex-builder/spi-builder-workspace/.dependencies/checkouts/Quick
    /Applications/Xcode-15.0.0-Beta.2.app/Contents/Developer/Toolchains/XcodeDefault.xctoolchain/usr/bin/clang -Xlinker -reproducible -target arm64-apple-xros1.0 -r -isysroot /Applications/Xcode-15.0.0-Beta.2.app/Contents/Developer/Platforms/XROS.platform/Developer/SDKs/XROS1.0.sdk -O0 -L/Users/builder/builds/TDmZkXJm/0/finestructure/swiftpackageindex-builder/spi-builder-workspace/.derivedData/Build/Intermediates.noindex/EagerLinkingTBDs/Debug-xros -L/Users/builder/builds/TDmZkXJm/0/finestructure/swiftpackageindex-builder/spi-builder-workspace/.derivedData/Build/Products/Debug-xros -L/Applications/Xcode-15.0.0-Beta.2.app/Contents/Developer/Platforms/XROS.platform/Developer/usr/lib -F/Users/builder/builds/TDmZkXJm/0/finestructure/swiftpackageindex-builder/spi-builder-workspace/.derivedData/Build/Intermediates.noindex/EagerLinkingTBDs/Debug-xros -F/Users/builder/builds/TDmZkXJm/0/finestructure/swiftpackageindex-builder/spi-builder-workspace/.derivedData/Build/Products/Debug-xros/PackageFrameworks -F/Users/builder/builds/TDmZkXJm/0/finestructure/swiftpackageindex-builder/spi-builder-workspace/.derivedData/Build/Products/Debug-xros -iframework /Applications/Xcode-15.0.0-Beta.2.app/Contents/Developer/Platforms/XROS.platform/Developer/Library/Frameworks -iframework /Applications/Xcode-15.0.0-Beta.2.app/Contents/Developer/Platforms/XROS.platform/Developer/SDKs/XROS1.0.sdk/Developer/Library/Frameworks -filelist /Users/builder/builds/TDmZkXJm/0/finestructure/swiftpackageindex-builder/spi-builder-workspace/.derivedData/Build/Intermediates.noindex/Quick.build/Debug-xros/Quick.build/Objects-normal/arm64/Quick.LinkFileList -nostdlib -Xlinker -object_path_lto -Xlinker /Users/builder/builds/TDmZkXJm/0/finestructure/swiftpackageindex-builder/spi-builder-workspace/.derivedData/Build/Intermediates.noindex/Quick.build/Debug-xros/Quick.build/Objects-normal/arm64/Quick_lto.o -Xlinker -export_dynamic -Xlinker -no_deduplicate -fobjc-link-runtime -L/Applications/Xcode-15.0.0-Beta.2.app/Contents/Developer/Toolchains/XcodeDefault.xctoolchain/usr/lib/swift/xros -L/usr/lib/swift -Xlinker -add_ast_path -Xlinker /Users/builder/builds/TDmZkXJm/0/finestructure/swiftpackageindex-builder/spi-builder-workspace/.derivedData/Build/Intermediates.noindex/Quick.build/Debug-xros/Quick.build/Objects-normal/arm64/Quick.swiftmodule -Xlinker -dependency_info -Xlinker /Users/builder/builds/TDmZkXJm/0/finestructure/swiftpackageindex-builder/spi-builder-workspace/.derivedData/Build/Intermediates.noindex/Quick.build/Debug-xros/Quick.build/Objects-normal/arm64/Quick_dependency_info.dat -o /Users/builder/builds/TDmZkXJm/0/finestructure/swiftpackageindex-builder/spi-builder-workspace/.derivedData/Build/Products/Debug-xros/Quick.o

RegisterExecutionPolicyException /Users/builder/builds/TDmZkXJm/0/finestructure/swiftpackageindex-builder/spi-builder-workspace/.derivedData/Build/Products/Debug-xros/Quick.o (in target 'Quick' from project 'Quick')
    cd /Users/builder/builds/TDmZkXJm/0/finestructure/swiftpackageindex-builder/spi-builder-workspace/.dependencies/checkouts/Quick
    builtin-RegisterExecutionPolicyException /Users/builder/builds/TDmZkXJm/0/finestructure/swiftpackageindex-builder/spi-builder-workspace/.derivedData/Build/Products/Debug-xros/Quick.o

Resolve Package Graph
** BUILD FAILED **


The following build commands failed:
	SwiftEmitModule normal arm64 Emitting\ module\ for\ CwlPreconditionTesting (in target 'CwlPreconditionTesting' from project 'CwlPreconditionTesting')
(1 failure)
Retrying in 0 seconds ...
Building ... (attempt 2)
Command line invocation:
    /Applications/Xcode-15.0.0-Beta.2.app/Contents/Developer/usr/bin/xcodebuild -IDEClonedSourcePackagesDirPathOverride=/Users/builder/builds/TDmZkXJm/0/finestructure/swiftpackageindex-builder/spi-builder-workspace/.dependencies -derivedDataPath /Users/builder/builds/TDmZkXJm/0/finestructure/swiftpackageindex-builder/spi-builder-workspace/.derivedData build -scheme Sparse -destination generic/platform=xros

User defaults from command line:
    IDEClonedSourcePackagesDirPathOverride = /Users/builder/builds/TDmZkXJm/0/finestructure/swiftpackageindex-builder/spi-builder-workspace/.dependencies
    IDEDerivedDataPathOverride = /Users/builder/builds/TDmZkXJm/0/finestructure/swiftpackageindex-builder/spi-builder-workspace/.derivedData
    IDEPackageSupportUseBuiltinSCM = YES
Resolve Package Graph


Resolved source packages:
  CwlCatchException: https://github.com/mattgallagher/CwlCatchException.git @ 1.2.0
  Quick: https://github.com/Quick/Quick.git @ 2.2.0
  Sparse: /Users/builder/builds/TDmZkXJm/0/finestructure/swiftpackageindex-builder/spi-builder-workspace
  CwlPreconditionTesting: https://github.com/mattgallagher/CwlPreconditionTesting.git @ 1.2.0
  Nimble: https://github.com/Quick/Nimble.git @ 8.0.4
Prepare packages

Computing target dependency graph and provisioning inputs

Create build description

note: Building targets in dependency order
note: Target dependency graph (14 targets)
    Target 'SparseTests' in project 'Sparse'
        ➜ Explicit dependency on target 'Sparse' in project 'Sparse'
        ➜ Explicit dependency on target 'Quick' in project 'Quick'
        ➜ Explicit dependency on target 'Nimble' in project 'Nimble'
    Target 'Nimble' in project 'Nimble'
        ➜ Explicit dependency on target 'Nimble' in project 'Nimble'
        ➜ Explicit dependency on target 'CwlPreconditionTesting' in project 'CwlPreconditionTesting'
    Target 'Nimble' in project 'Nimble'
        ➜ Explicit dependency on target 'CwlPreconditionTesting' in project 'CwlPreconditionTesting'
    Target 'CwlPreconditionTesting' in project 'CwlPreconditionTesting'
        ➜ Explicit dependency on target 'CwlPreconditionTesting' in project 'CwlPreconditionTesting'
        ➜ Explicit dependency on target 'CwlMachBadInstructionHandler' in project 'CwlPreconditionTesting'
        ➜ Explicit dependency on target 'CwlCatchException' in project 'CwlCatchException'
    Target 'CwlPreconditionTesting' in project 'CwlPreconditionTesting'
        ➜ Explicit dependency on target 'CwlMachBadInstructionHandler' in project 'CwlPreconditionTesting'
        ➜ Explicit dependency on target 'CwlCatchException' in project 'CwlCatchException'
    Target 'CwlCatchException' in project 'CwlCatchException'
        ➜ Explicit dependency on target 'CwlCatchException' in project 'CwlCatchException'
        ➜ Explicit dependency on target 'CwlCatchExceptionSupport' in project 'CwlCatchException'
    Target 'CwlCatchException' in project 'CwlCatchException'
        ➜ Explicit dependency on target 'CwlCatchExceptionSupport' in project 'CwlCatchException'
    Target 'CwlCatchExceptionSupport' in project 'CwlCatchException' (no dependencies)
    Target 'CwlMachBadInstructionHandler' in project 'CwlPreconditionTesting' (no dependencies)
    Target 'Quick' in project 'Quick'
        ➜ Explicit dependency on target 'Quick' in project 'Quick'
        ➜ Explicit dependency on target 'QuickSpecBase' in project 'Quick'
    Target 'Quick' in project 'Quick'
        ➜ Explicit dependency on target 'QuickSpecBase' in project 'Quick'
    Target 'QuickSpecBase' in project 'Quick' (no dependencies)
    Target 'Sparse' in project 'Sparse'
        ➜ Explicit dependency on target 'Sparse' in project 'Sparse'
    Target 'Sparse' in project 'Sparse' (no dependencies)
ClangStatCache /Applications/Xcode-15.0.0-Beta.2.app/Contents/Developer/Toolchains/XcodeDefault.xctoolchain/usr/bin/clang-stat-cache /Applications/Xcode-15.0.0-Beta.2.app/Contents/Developer/Platforms/XROS.platform/Developer/SDKs/XROS1.0.sdk /Users/builder/builds/TDmZkXJm/0/finestructure/swiftpackageindex-builder/spi-builder-workspace/.derivedData/SDKStatCaches.noindex/xros1.0-21N5165f-50a81fd5751d5bee8ff6d6ea12214339.sdkstatcache
    cd /Users/builder/builds/TDmZkXJm/0/finestructure/swiftpackageindex-builder/spi-builder-workspace/.swiftpm/xcode
    /Applications/Xcode-15.0.0-Beta.2.app/Contents/Developer/Toolchains/XcodeDefault.xctoolchain/usr/bin/clang-stat-cache /Applications/Xcode-15.0.0-Beta.2.app/Contents/Developer/Platforms/XROS.platform/Developer/SDKs/XROS1.0.sdk -o /Users/builder/builds/TDmZkXJm/0/finestructure/swiftpackageindex-builder/spi-builder-workspace/.derivedData/SDKStatCaches.noindex/xros1.0-21N5165f-50a81fd5751d5bee8ff6d6ea12214339.sdkstatcache

SwiftDriver CwlPreconditionTesting normal arm64 com.apple.xcode.tools.swift.compiler (in target 'CwlPreconditionTesting' from project 'CwlPreconditionTesting')
    cd /Users/builder/builds/TDmZkXJm/0/finestructure/swiftpackageindex-builder/spi-builder-workspace
    builtin-SwiftDriver -- /Applications/Xcode-15.0.0-Beta.2.app/Contents/Developer/Toolchains/XcodeDefault.xctoolchain/usr/bin/swiftc -module-name CwlPreconditionTesting -Onone -enforce-exclusivity\=checked @/Users/builder/builds/TDmZkXJm/0/finestructure/swiftpackageindex-builder/spi-builder-workspace/.derivedData/Build/Intermediates.noindex/CwlPreconditionTesting.build/Debug-xros/CwlPreconditionTesting.build/Objects-normal/arm64/CwlPreconditionTesting.SwiftFileList -DSWIFT_PACKAGE -DDEBUG -Xcc -fmodule-map-file\=/Users/builder/builds/TDmZkXJm/0/finestructure/swiftpackageindex-builder/spi-builder-workspace/.derivedData/Build/Intermediates.noindex/GeneratedModuleMaps-xros/CwlCatchExceptionSupport.modulemap -Xcc -fmodule-map-file\=/Users/builder/builds/TDmZkXJm/0/finestructure/swiftpackageindex-builder/spi-builder-workspace/.derivedData/Build/Intermediates.noindex/GeneratedModuleMaps-xros/CwlMachBadInstructionHandler.modulemap -DXcode -sdk /Applications/Xcode-15.0.0-Beta.2.app/Contents/Developer/Platforms/XROS.platform/Developer/SDKs/XROS1.0.sdk -target arm64-apple-xros1.0 -g -module-cache-path /Users/builder/builds/TDmZkXJm/0/finestructure/swiftpackageindex-builder/spi-builder-workspace/.derivedData/ModuleCache.noindex -Xfrontend -serialize-debugging-options -enable-testing -index-store-path /Users/builder/builds/TDmZkXJm/0/finestructure/swiftpackageindex-builder/spi-builder-workspace/.derivedData/Index.noindex/DataStore -swift-version 4 -I /Users/builder/builds/TDmZkXJm/0/finestructure/swiftpackageindex-builder/spi-builder-workspace/.derivedData/Build/Products/Debug-xros -I /Applications/Xcode-15.0.0-Beta.2.app/Contents/Developer/Platforms/XROS.platform/Developer/usr/lib -F /Users/builder/builds/TDmZkXJm/0/finestructure/swiftpackageindex-builder/spi-builder-workspace/.derivedData/Build/Products/Debug-xros/PackageFrameworks -F /Users/builder/builds/TDmZkXJm/0/finestructure/swiftpackageindex-builder/spi-builder-workspace/.derivedData/Build/Products/Debug-xros/PackageFrameworks -F /Users/builder/builds/TDmZkXJm/0/finestructure/swiftpackageindex-builder/spi-builder-workspace/.derivedData/Build/Products/Debug-xros/PackageFrameworks -F /Users/builder/builds/TDmZkXJm/0/finestructure/swiftpackageindex-builder/spi-builder-workspace/.derivedData/Build/Products/Debug-xros -F /Applications/Xcode-15.0.0-Beta.2.app/Contents/Developer/Platforms/XROS.platform/Developer/Library/Frameworks -F /Applications/Xcode-15.0.0-Beta.2.app/Contents/Developer/Platforms/XROS.platform/Developer/SDKs/XROS1.0.sdk/Developer/Library/Frameworks -c -j8 -enable-batch-mode -incremental -Xcc -ivfsstatcache -Xcc /Users/builder/builds/TDmZkXJm/0/finestructure/swiftpackageindex-builder/spi-builder-workspace/.derivedData/SDKStatCaches.noindex/xros1.0-21N5165f-50a81fd5751d5bee8ff6d6ea12214339.sdkstatcache -output-file-map /Users/builder/builds/TDmZkXJm/0/finestructure/swiftpackageindex-builder/spi-builder-workspace/.derivedData/Build/Intermediates.noindex/CwlPreconditionTesting.build/Debug-xros/CwlPreconditionTesting.build/Objects-normal/arm64/CwlPreconditionTesting-OutputFileMap.json -use-frontend-parseable-output -save-temps -no-color-diagnostics -serialize-diagnostics -emit-dependencies -emit-module -emit-module-path /Users/builder/builds/TDmZkXJm/0/finestructure/swiftpackageindex-builder/spi-builder-workspace/.derivedData/Build/Intermediates.noindex/CwlPreconditionTesting.build/Debug-xros/CwlPreconditionTesting.build/Objects-normal/arm64/CwlPreconditionTesting.swiftmodule -validate-clang-modules-once -clang-build-session-file /Users/builder/builds/TDmZkXJm/0/finestructure/swiftpackageindex-builder/spi-builder-workspace/.derivedData/ModuleCache.noindex/Session.modulevalidation -Xcc -I/Users/builder/builds/TDmZkXJm/0/finestructure/swiftpackageindex-builder/spi-builder-workspace/.derivedData/Build/Intermediates.noindex/CwlPreconditionTesting.build/Debug-xros/CwlPreconditionTesting.build/swift-overrides.hmap -emit-const-values -Xfrontend -const-gather-protocols-file -Xfrontend /Users/builder/builds/TDmZkXJm/0/finestructure/swiftpackageindex-builder/spi-builder-workspace/.derivedData/Build/Intermediates.noindex/CwlPreconditionTesting.build/Debug-xros/CwlPreconditionTesting.build/Objects-normal/arm64/CwlPreconditionTesting_const_extract_protocols.json -Xcc -I/Users/builder/builds/TDmZkXJm/0/finestructure/swiftpackageindex-builder/spi-builder-workspace/.dependencies/checkouts/CwlCatchException/Sources/CwlCatchExceptionSupport/include -Xcc -I/Users/builder/builds/TDmZkXJm/0/finestructure/swiftpackageindex-builder/spi-builder-workspace/.dependencies/checkouts/CwlPreconditionTesting/Sources/CwlMachBadInstructionHandler/include -Xcc -I/Users/builder/builds/TDmZkXJm/0/finestructure/swiftpackageindex-builder/spi-builder-workspace/.derivedData/Build/Products/Debug-xros/include -Xcc -I/Users/builder/builds/TDmZkXJm/0/finestructure/swiftpackageindex-builder/spi-builder-workspace/.derivedData/Build/Intermediates.noindex/CwlPreconditionTesting.build/Debug-xros/CwlPreconditionTesting.build/DerivedSources-normal/arm64 -Xcc -I/Users/builder/builds/TDmZkXJm/0/finestructure/swiftpackageindex-builder/spi-builder-workspace/.derivedData/Build/Intermediates.noindex/CwlPreconditionTesting.build/Debug-xros/CwlPreconditionTesting.build/DerivedSources/arm64 -Xcc -I/Users/builder/builds/TDmZkXJm/0/finestructure/swiftpackageindex-builder/spi-builder-workspace/.derivedData/Build/Intermediates.noindex/CwlPreconditionTesting.build/Debug-xros/CwlPreconditionTesting.build/DerivedSources -Xcc -DSWIFT_PACKAGE -Xcc -DDEBUG\=1 -emit-objc-header -emit-objc-header-path /Users/builder/builds/TDmZkXJm/0/finestructure/swiftpackageindex-builder/spi-builder-workspace/.derivedData/Build/Intermediates.noindex/CwlPreconditionTesting.build/Debug-xros/CwlPreconditionTesting.build/Objects-normal/arm64/CwlPreconditionTesting-Swift.h -working-directory /Users/builder/builds/TDmZkXJm/0/finestructure/swiftpackageindex-builder/spi-builder-workspace -experimental-emit-module-separately -disable-cmo

SwiftEmitModule normal arm64 Emitting\ module\ for\ CwlPreconditionTesting (in target 'CwlPreconditionTesting' from project 'CwlPreconditionTesting')
    cd /Users/builder/builds/TDmZkXJm/0/finestructure/swiftpackageindex-builder/spi-builder-workspace
    builtin-swiftTaskExecution -- /Applications/Xcode-15.0.0-Beta.2.app/Contents/Developer/Toolchains/XcodeDefault.xctoolchain/usr/bin/swift-frontend -frontend -emit-module -experimental-skip-non-inlinable-function-bodies-without-types /Users/builder/builds/TDmZkXJm/0/finestructure/swiftpackageindex-builder/spi-builder-workspace/.dependencies/checkouts/CwlPreconditionTesting/Sources/CwlPreconditionTesting/CwlBadInstructionException.swift /Users/builder/builds/TDmZkXJm/0/finestructure/swiftpackageindex-builder/spi-builder-workspace/.dependencies/checkouts/CwlPreconditionTesting/Sources/CwlPreconditionTesting/CwlCatchBadInstruction.swift /Users/builder/builds/TDmZkXJm/0/finestructure/swiftpackageindex-builder/spi-builder-workspace/.dependencies/checkouts/CwlPreconditionTesting/Sources/CwlPreconditionTesting/CwlDarwinDefinitions.swift -target arm64-apple-xros1.0 -Xllvm -aarch64-use-tbi -enable-objc-interop -stack-check -sdk /Applications/Xcode-15.0.0-Beta.2.app/Contents/Developer/Platforms/XROS.platform/Developer/SDKs/XROS1.0.sdk -I /Users/builder/builds/TDmZkXJm/0/finestructure/swiftpackageindex-builder/spi-builder-workspace/.derivedData/Build/Products/Debug-xros -I /Applications/Xcode-15.0.0-Beta.2.app/Contents/Developer/Platforms/XROS.platform/Developer/usr/lib -F /Users/builder/builds/TDmZkXJm/0/finestructure/swiftpackageindex-builder/spi-builder-workspace/.derivedData/Build/Products/Debug-xros/PackageFrameworks -F /Users/builder/builds/TDmZkXJm/0/finestructure/swiftpackageindex-builder/spi-builder-workspace/.derivedData/Build/Products/Debug-xros/PackageFrameworks -F /Users/builder/builds/TDmZkXJm/0/finestructure/swiftpackageindex-builder/spi-builder-workspace/.derivedData/Build/Products/Debug-xros/PackageFrameworks -F /Users/builder/builds/TDmZkXJm/0/finestructure/swiftpackageindex-builder/spi-builder-workspace/.derivedData/Build/Products/Debug-xros -F /Applications/Xcode-15.0.0-Beta.2.app/Contents/Developer/Platforms/XROS.platform/Developer/Library/Frameworks -F /Applications/Xcode-15.0.0-Beta.2.app/Contents/Developer/Platforms/XROS.platform/Developer/SDKs/XROS1.0.sdk/Developer/Library/Frameworks -no-color-diagnostics -enable-testing -g -module-cache-path /Users/builder/builds/TDmZkXJm/0/finestructure/swiftpackageindex-builder/spi-builder-workspace/.derivedData/ModuleCache.noindex -swift-version 4 -enforce-exclusivity\=checked -Onone -D SWIFT_PACKAGE -D DEBUG -D Xcode -serialize-debugging-options -const-gather-protocols-file /Users/builder/builds/TDmZkXJm/0/finestructure/swiftpackageindex-builder/spi-builder-workspace/.derivedData/Build/Intermediates.noindex/CwlPreconditionTesting.build/Debug-xros/CwlPreconditionTesting.build/Objects-normal/arm64/CwlPreconditionTesting_const_extract_protocols.json -empty-abi-descriptor -plugin-path /Applications/Xcode-15.0.0-Beta.2.app/Contents/Developer/Toolchains/XcodeDefault.xctoolchain/usr/lib/swift/host/plugins -plugin-path /Applications/Xcode-15.0.0-Beta.2.app/Contents/Developer/Toolchains/XcodeDefault.xctoolchain/usr/local/lib/swift/host/plugins -validate-clang-modules-once -clang-build-session-file /Users/builder/builds/TDmZkXJm/0/finestructure/swiftpackageindex-builder/spi-builder-workspace/.derivedData/ModuleCache.noindex/Session.modulevalidation -Xcc -working-directory -Xcc /Users/builder/builds/TDmZkXJm/0/finestructure/swiftpackageindex-builder/spi-builder-workspace -resource-dir /Applications/Xcode-15.0.0-Beta.2.app/Contents/Developer/Toolchains/XcodeDefault.xctoolchain/usr/lib/swift -enable-anonymous-context-mangled-names -Xcc -fmodule-map-file\=/Users/builder/builds/TDmZkXJm/0/finestructure/swiftpackageindex-builder/spi-builder-workspace/.derivedData/Build/Intermediates.noindex/GeneratedModuleMaps-xros/CwlCatchExceptionSupport.modulemap -Xcc -fmodule-map-file\=/Users/builder/builds/TDmZkXJm/0/finestructure/swiftpackageindex-builder/spi-builder-workspace/.derivedData/Build/Intermediates.noindex/GeneratedModuleMaps-xros/CwlMachBadInstructionHandler.modulemap -Xcc -ivfsstatcache -Xcc /Users/builder/builds/TDmZkXJm/0/finestructure/swiftpackageindex-builder/spi-builder-workspace/.derivedData/SDKStatCaches.noindex/xros1.0-21N5165f-50a81fd5751d5bee8ff6d6ea12214339.sdkstatcache -Xcc -I/Users/builder/builds/TDmZkXJm/0/finestructure/swiftpackageindex-builder/spi-builder-workspace/.derivedData/Build/Intermediates.noindex/CwlPreconditionTesting.build/Debug-xros/CwlPreconditionTesting.build/swift-overrides.hmap -Xcc -I/Users/builder/builds/TDmZkXJm/0/finestructure/swiftpackageindex-builder/spi-builder-workspace/.dependencies/checkouts/CwlCatchException/Sources/CwlCatchExceptionSupport/include -Xcc -I/Users/builder/builds/TDmZkXJm/0/finestructure/swiftpackageindex-builder/spi-builder-workspace/.dependencies/checkouts/CwlPreconditionTesting/Sources/CwlMachBadInstructionHandler/include -Xcc -I/Users/builder/builds/TDmZkXJm/0/finestructure/swiftpackageindex-builder/spi-builder-workspace/.derivedData/Build/Products/Debug-xros/include -Xcc -I/Users/builder/builds/TDmZkXJm/0/finestructure/swiftpackageindex-builder/spi-builder-workspace/.derivedData/Build/Intermediates.noindex/CwlPreconditionTesting.build/Debug-xros/CwlPreconditionTesting.build/DerivedSources-normal/arm64 -Xcc -I/Users/builder/builds/TDmZkXJm/0/finestructure/swiftpackageindex-builder/spi-builder-workspace/.derivedData/Build/Intermediates.noindex/CwlPreconditionTesting.build/Debug-xros/CwlPreconditionTesting.build/DerivedSources/arm64 -Xcc -I/Users/builder/builds/TDmZkXJm/0/finestructure/swiftpackageindex-builder/spi-builder-workspace/.derivedData/Build/Intermediates.noindex/CwlPreconditionTesting.build/Debug-xros/CwlPreconditionTesting.build/DerivedSources -Xcc -DSWIFT_PACKAGE -Xcc -DDEBUG\=1 -module-name CwlPreconditionTesting -disable-clang-spi -target-sdk-version 1.0 -target-sdk-name xros1.0 -emit-module-doc-path /Users/builder/builds/TDmZkXJm/0/finestructure/swiftpackageindex-builder/spi-builder-workspace/.derivedData/Build/Intermediates.noindex/CwlPreconditionTesting.build/Debug-xros/CwlPreconditionTesting.build/Objects-normal/arm64/CwlPreconditionTesting.swiftdoc -emit-module-source-info-path /Users/builder/builds/TDmZkXJm/0/finestructure/swiftpackageindex-builder/spi-builder-workspace/.derivedData/Build/Intermediates.noindex/CwlPreconditionTesting.build/Debug-xros/CwlPreconditionTesting.build/Objects-normal/arm64/CwlPreconditionTesting.swiftsourceinfo -emit-objc-header-path /Users/builder/builds/TDmZkXJm/0/finestructure/swiftpackageindex-builder/spi-builder-workspace/.derivedData/Build/Intermediates.noindex/CwlPreconditionTesting.build/Debug-xros/CwlPreconditionTesting.build/Objects-normal/arm64/CwlPreconditionTesting-Swift.h -serialize-diagnostics-path /Users/builder/builds/TDmZkXJm/0/finestructure/swiftpackageindex-builder/spi-builder-workspace/.derivedData/Build/Intermediates.noindex/CwlPreconditionTesting.build/Debug-xros/CwlPreconditionTesting.build/Objects-normal/arm64/CwlPreconditionTesting-master-emit-module.dia -emit-dependencies-path /Users/builder/builds/TDmZkXJm/0/finestructure/swiftpackageindex-builder/spi-builder-workspace/.derivedData/Build/Intermediates.noindex/CwlPreconditionTesting.build/Debug-xros/CwlPreconditionTesting.build/Objects-normal/arm64/CwlPreconditionTesting-master-emit-module.d -o /Users/builder/builds/TDmZkXJm/0/finestructure/swiftpackageindex-builder/spi-builder-workspace/.derivedData/Build/Intermediates.noindex/CwlPreconditionTesting.build/Debug-xros/CwlPreconditionTesting.build/Objects-normal/arm64/CwlPreconditionTesting.swiftmodule -emit-abi-descriptor-path /Users/builder/builds/TDmZkXJm/0/finestructure/swiftpackageindex-builder/spi-builder-workspace/.derivedData/Build/Intermediates.noindex/CwlPreconditionTesting.build/Debug-xros/CwlPreconditionTesting.build/Objects-normal/arm64/CwlPreconditionTesting.abi.json
/Users/builder/builds/TDmZkXJm/0/finestructure/swiftpackageindex-builder/spi-builder-workspace/.dependencies/checkouts/CwlPreconditionTesting/Sources/CwlPreconditionTesting/CwlDarwinDefinitions.swift:44:59: error: cannot find type 'x86_thread_state64_t' in scope
public let x86_THREAD_STATE64_COUNT = UInt32(MemoryLayout<x86_thread_state64_t>.size / MemoryLayout<Int32>.size)
                                                          ^~~~~~~~~~~~~~~~~~~~

SwiftCompile normal arm64 Compiling\ CwlDarwinDefinitions.swift /Users/builder/builds/TDmZkXJm/0/finestructure/swiftpackageindex-builder/spi-builder-workspace/.dependencies/checkouts/CwlPreconditionTesting/Sources/CwlPreconditionTesting/CwlDarwinDefinitions.swift (in target 'CwlPreconditionTesting' from project 'CwlPreconditionTesting')
    cd /Users/builder/builds/TDmZkXJm/0/finestructure/swiftpackageindex-builder/spi-builder-workspace
    builtin-swiftTaskExecution -- /Applications/Xcode-15.0.0-Beta.2.app/Contents/Developer/Toolchains/XcodeDefault.xctoolchain/usr/bin/swift-frontend -frontend -c /Users/builder/builds/TDmZkXJm/0/finestructure/swiftpackageindex-builder/spi-builder-workspace/.dependencies/checkouts/CwlPreconditionTesting/Sources/CwlPreconditionTesting/CwlBadInstructionException.swift /Users/builder/builds/TDmZkXJm/0/finestructure/swiftpackageindex-builder/spi-builder-workspace/.dependencies/checkouts/CwlPreconditionTesting/Sources/CwlPreconditionTesting/CwlCatchBadInstruction.swift -primary-file /Users/builder/builds/TDmZkXJm/0/finestructure/swiftpackageindex-builder/spi-builder-workspace/.dependencies/checkouts/CwlPreconditionTesting/Sources/CwlPreconditionTesting/CwlDarwinDefinitions.swift -emit-dependencies-path /Users/builder/builds/TDmZkXJm/0/finestructure/swiftpackageindex-builder/spi-builder-workspace/.derivedData/Build/Intermediates.noindex/CwlPreconditionTesting.build/Debug-xros/CwlPreconditionTesting.build/Objects-normal/arm64/CwlDarwinDefinitions.d -emit-const-values-path /Users/builder/builds/TDmZkXJm/0/finestructure/swiftpackageindex-builder/spi-builder-workspace/.derivedData/Build/Intermediates.noindex/CwlPreconditionTesting.build/Debug-xros/CwlPreconditionTesting.build/Objects-normal/arm64/CwlDarwinDefinitions.swiftconstvalues -emit-reference-dependencies-path /Users/builder/builds/TDmZkXJm/0/finestructure/swiftpackageindex-builder/spi-builder-workspace/.derivedData/Build/Intermediates.noindex/CwlPreconditionTesting.build/Debug-xros/CwlPreconditionTesting.build/Objects-normal/arm64/CwlDarwinDefinitions.swiftdeps -serialize-diagnostics-path /Users/builder/builds/TDmZkXJm/0/finestructure/swiftpackageindex-builder/spi-builder-workspace/.derivedData/Build/Intermediates.noindex/CwlPreconditionTesting.build/Debug-xros/CwlPreconditionTesting.build/Objects-normal/arm64/CwlDarwinDefinitions.dia -target arm64-apple-xros1.0 -Xllvm -aarch64-use-tbi -enable-objc-interop -stack-check -sdk /Applications/Xcode-15.0.0-Beta.2.app/Contents/Developer/Platforms/XROS.platform/Developer/SDKs/XROS1.0.sdk -I /Users/builder/builds/TDmZkXJm/0/finestructure/swiftpackageindex-builder/spi-builder-workspace/.derivedData/Build/Products/Debug-xros -I /Applications/Xcode-15.0.0-Beta.2.app/Contents/Developer/Platforms/XROS.platform/Developer/usr/lib -F /Users/builder/builds/TDmZkXJm/0/finestructure/swiftpackageindex-builder/spi-builder-workspace/.derivedData/Build/Products/Debug-xros/PackageFrameworks -F /Users/builder/builds/TDmZkXJm/0/finestructure/swiftpackageindex-builder/spi-builder-workspace/.derivedData/Build/Products/Debug-xros/PackageFrameworks -F /Users/builder/builds/TDmZkXJm/0/finestructure/swiftpackageindex-builder/spi-builder-workspace/.derivedData/Build/Products/Debug-xros/PackageFrameworks -F /Users/builder/builds/TDmZkXJm/0/finestructure/swiftpackageindex-builder/spi-builder-workspace/.derivedData/Build/Products/Debug-xros -F /Applications/Xcode-15.0.0-Beta.2.app/Contents/Developer/Platforms/XROS.platform/Developer/Library/Frameworks -F /Applications/Xcode-15.0.0-Beta.2.app/Contents/Developer/Platforms/XROS.platform/Developer/SDKs/XROS1.0.sdk/Developer/Library/Frameworks -no-color-diagnostics -enable-testing -g -module-cache-path /Users/builder/builds/TDmZkXJm/0/finestructure/swiftpackageindex-builder/spi-builder-workspace/.derivedData/ModuleCache.noindex -swift-version 4 -enforce-exclusivity\=checked -Onone -D SWIFT_PACKAGE -D DEBUG -D Xcode -serialize-debugging-options -const-gather-protocols-file /Users/builder/builds/TDmZkXJm/0/finestructure/swiftpackageindex-builder/spi-builder-workspace/.derivedData/Build/Intermediates.noindex/CwlPreconditionTesting.build/Debug-xros/CwlPreconditionTesting.build/Objects-normal/arm64/CwlPreconditionTesting_const_extract_protocols.json -empty-abi-descriptor -plugin-path /Applications/Xcode-15.0.0-Beta.2.app/Contents/Developer/Toolchains/XcodeDefault.xctoolchain/usr/lib/swift/host/plugins -plugin-path /Applications/Xcode-15.0.0-Beta.2.app/Contents/Developer/Toolchains/XcodeDefault.xctoolchain/usr/local/lib/swift/host/plugins -validate-clang-modules-once -clang-build-session-file /Users/builder/builds/TDmZkXJm/0/finestructure/swiftpackageindex-builder/spi-builder-workspace/.derivedData/ModuleCache.noindex/Session.modulevalidation -Xcc -working-directory -Xcc /Users/builder/builds/TDmZkXJm/0/finestructure/swiftpackageindex-builder/spi-builder-workspace -resource-dir /Applications/Xcode-15.0.0-Beta.2.app/Contents/Developer/Toolchains/XcodeDefault.xctoolchain/usr/lib/swift -enable-anonymous-context-mangled-names -Xcc -fmodule-map-file\=/Users/builder/builds/TDmZkXJm/0/finestructure/swiftpackageindex-builder/spi-builder-workspace/.derivedData/Build/Intermediates.noindex/GeneratedModuleMaps-xros/CwlCatchExceptionSupport.modulemap -Xcc -fmodule-map-file\=/Users/builder/builds/TDmZkXJm/0/finestructure/swiftpackageindex-builder/spi-builder-workspace/.derivedData/Build/Intermediates.noindex/GeneratedModuleMaps-xros/CwlMachBadInstructionHandler.modulemap -Xcc -ivfsstatcache -Xcc /Users/builder/builds/TDmZkXJm/0/finestructure/swiftpackageindex-builder/spi-builder-workspace/.derivedData/SDKStatCaches.noindex/xros1.0-21N5165f-50a81fd5751d5bee8ff6d6ea12214339.sdkstatcache -Xcc -I/Users/builder/builds/TDmZkXJm/0/finestructure/swiftpackageindex-builder/spi-builder-workspace/.derivedData/Build/Intermediates.noindex/CwlPreconditionTesting.build/Debug-xros/CwlPreconditionTesting.build/swift-overrides.hmap -Xcc -I/Users/builder/builds/TDmZkXJm/0/finestructure/swiftpackageindex-builder/spi-builder-workspace/.dependencies/checkouts/CwlCatchException/Sources/CwlCatchExceptionSupport/include -Xcc -I/Users/builder/builds/TDmZkXJm/0/finestructure/swiftpackageindex-builder/spi-builder-workspace/.dependencies/checkouts/CwlPreconditionTesting/Sources/CwlMachBadInstructionHandler/include -Xcc -I/Users/builder/builds/TDmZkXJm/0/finestructure/swiftpackageindex-builder/spi-builder-workspace/.derivedData/Build/Products/Debug-xros/include -Xcc -I/Users/builder/builds/TDmZkXJm/0/finestructure/swiftpackageindex-builder/spi-builder-workspace/.derivedData/Build/Intermediates.noindex/CwlPreconditionTesting.build/Debug-xros/CwlPreconditionTesting.build/DerivedSources-normal/arm64 -Xcc -I/Users/builder/builds/TDmZkXJm/0/finestructure/swiftpackageindex-builder/spi-builder-workspace/.derivedData/Build/Intermediates.noindex/CwlPreconditionTesting.build/Debug-xros/CwlPreconditionTesting.build/DerivedSources/arm64 -Xcc -I/Users/builder/builds/TDmZkXJm/0/finestructure/swiftpackageindex-builder/spi-builder-workspace/.derivedData/Build/Intermediates.noindex/CwlPreconditionTesting.build/Debug-xros/CwlPreconditionTesting.build/DerivedSources -Xcc -DSWIFT_PACKAGE -Xcc -DDEBUG\=1 -module-name CwlPreconditionTesting -frontend-parseable-output -disable-clang-spi -target-sdk-version 1.0 -target-sdk-name xros1.0 -o /Users/builder/builds/TDmZkXJm/0/finestructure/swiftpackageindex-builder/spi-builder-workspace/.derivedData/Build/Intermediates.noindex/CwlPreconditionTesting.build/Debug-xros/CwlPreconditionTesting.build/Objects-normal/arm64/CwlDarwinDefinitions.o -index-unit-output-path /CwlPreconditionTesting.build/Debug-xros/CwlPreconditionTesting.build/Objects-normal/arm64/CwlDarwinDefinitions.o -index-store-path /Users/builder/builds/TDmZkXJm/0/finestructure/swiftpackageindex-builder/spi-builder-workspace/.derivedData/Index.noindex/DataStore -index-system-modules
SwiftCompile normal arm64 /Users/builder/builds/TDmZkXJm/0/finestructure/swiftpackageindex-builder/spi-builder-workspace/.dependencies/checkouts/CwlPreconditionTesting/Sources/CwlPreconditionTesting/CwlDarwinDefinitions.swift (in target 'CwlPreconditionTesting' from project 'CwlPreconditionTesting')
    cd /Users/builder/builds/TDmZkXJm/0/finestructure/swiftpackageindex-builder/spi-builder-workspace
    /Applications/Xcode-15.0.0-Beta.2.app/Contents/Developer/Toolchains/XcodeDefault.xctoolchain/usr/bin/swift-frontend -c /Users/builder/builds/TDmZkXJm/0/finestructure/swiftpackageindex-builder/spi-builder-workspace/.dependencies/checkouts/CwlPreconditionTesting/Sources/CwlPreconditionTesting/CwlBadInstructionException.swift /Users/builder/builds/TDmZkXJm/0/finestructure/swiftpackageindex-builder/spi-builder-workspace/.dependencies/checkouts/CwlPreconditionTesting/Sources/CwlPreconditionTesting/CwlCatchBadInstruction.swift -primary-file /Users/builder/builds/TDmZkXJm/0/finestructure/swiftpackageindex-builder/spi-builder-workspace/.dependencies/checkouts/CwlPreconditionTesting/Sources/CwlPreconditionTesting/CwlDarwinDefinitions.swift -emit-dependencies-path /Users/builder/builds/TDmZkXJm/0/finestructure/swiftpackageindex-builder/spi-builder-workspace/.derivedData/Build/Intermediates.noindex/CwlPreconditionTesting.build/Debug-xros/CwlPreconditionTesting.build/Objects-normal/arm64/CwlDarwinDefinitions.d -emit-const-values-path /Users/builder/builds/TDmZkXJm/0/finestructure/swiftpackageindex-builder/spi-builder-workspace/.derivedData/Build/Intermediates.noindex/CwlPreconditionTesting.build/Debug-xros/CwlPreconditionTesting.build/Objects-normal/arm64/CwlDarwinDefinitions.swiftconstvalues -emit-reference-dependencies-path /Users/builder/builds/TDmZkXJm/0/finestructure/swiftpackageindex-builder/spi-builder-workspace/.derivedData/Build/Intermediates.noindex/CwlPreconditionTesting.build/Debug-xros/CwlPreconditionTesting.build/Objects-normal/arm64/CwlDarwinDefinitions.swiftdeps -serialize-diagnostics-path /Users/builder/builds/TDmZkXJm/0/finestructure/swiftpackageindex-builder/spi-builder-workspace/.derivedData/Build/Intermediates.noindex/CwlPreconditionTesting.build/Debug-xros/CwlPreconditionTesting.build/Objects-normal/arm64/CwlDarwinDefinitions.dia -target arm64-apple-xros1.0 -Xllvm -aarch64-use-tbi -enable-objc-interop -stack-check -sdk /Applications/Xcode-15.0.0-Beta.2.app/Contents/Developer/Platforms/XROS.platform/Developer/SDKs/XROS1.0.sdk -I /Users/builder/builds/TDmZkXJm/0/finestructure/swiftpackageindex-builder/spi-builder-workspace/.derivedData/Build/Products/Debug-xros -I /Applications/Xcode-15.0.0-Beta.2.app/Contents/Developer/Platforms/XROS.platform/Developer/usr/lib -F /Users/builder/builds/TDmZkXJm/0/finestructure/swiftpackageindex-builder/spi-builder-workspace/.derivedData/Build/Products/Debug-xros/PackageFrameworks -F /Users/builder/builds/TDmZkXJm/0/finestructure/swiftpackageindex-builder/spi-builder-workspace/.derivedData/Build/Products/Debug-xros/PackageFrameworks -F /Users/builder/builds/TDmZkXJm/0/finestructure/swiftpackageindex-builder/spi-builder-workspace/.derivedData/Build/Products/Debug-xros/PackageFrameworks -F /Users/builder/builds/TDmZkXJm/0/finestructure/swiftpackageindex-builder/spi-builder-workspace/.derivedData/Build/Products/Debug-xros -F /Applications/Xcode-15.0.0-Beta.2.app/Contents/Developer/Platforms/XROS.platform/Developer/Library/Frameworks -F /Applications/Xcode-15.0.0-Beta.2.app/Contents/Developer/Platforms/XROS.platform/Developer/SDKs/XROS1.0.sdk/Developer/Library/Frameworks -no-color-diagnostics -enable-testing -g -module-cache-path /Users/builder/builds/TDmZkXJm/0/finestructure/swiftpackageindex-builder/spi-builder-workspace/.derivedData/ModuleCache.noindex -swift-version 4 -enforce-exclusivity\=checked -Onone -D SWIFT_PACKAGE -D DEBUG -D Xcode -serialize-debugging-options -const-gather-protocols-file /Users/builder/builds/TDmZkXJm/0/finestructure/swiftpackageindex-builder/spi-builder-workspace/.derivedData/Build/Intermediates.noindex/CwlPreconditionTesting.build/Debug-xros/CwlPreconditionTesting.build/Objects-normal/arm64/CwlPreconditionTesting_const_extract_protocols.json -empty-abi-descriptor -plugin-path /Applications/Xcode-15.0.0-Beta.2.app/Contents/Developer/Toolchains/XcodeDefault.xctoolchain/usr/lib/swift/host/plugins -plugin-path /Applications/Xcode-15.0.0-Beta.2.app/Contents/Developer/Toolchains/XcodeDefault.xctoolchain/usr/local/lib/swift/host/plugins -validate-clang-modules-once -clang-build-session-file /Users/builder/builds/TDmZkXJm/0/finestructure/swiftpackageindex-builder/spi-builder-workspace/.derivedData/ModuleCache.noindex/Session.modulevalidation -Xcc -working-directory -Xcc /Users/builder/builds/TDmZkXJm/0/finestructure/swiftpackageindex-builder/spi-builder-workspace -resource-dir /Applications/Xcode-15.0.0-Beta.2.app/Contents/Developer/Toolchains/XcodeDefault.xctoolchain/usr/lib/swift -enable-anonymous-context-mangled-names -Xcc -fmodule-map-file\=/Users/builder/builds/TDmZkXJm/0/finestructure/swiftpackageindex-builder/spi-builder-workspace/.derivedData/Build/Intermediates.noindex/GeneratedModuleMaps-xros/CwlCatchExceptionSupport.modulemap -Xcc -fmodule-map-file\=/Users/builder/builds/TDmZkXJm/0/finestructure/swiftpackageindex-builder/spi-builder-workspace/.derivedData/Build/Intermediates.noindex/GeneratedModuleMaps-xros/CwlMachBadInstructionHandler.modulemap -Xcc -ivfsstatcache -Xcc /Users/builder/builds/TDmZkXJm/0/finestructure/swiftpackageindex-builder/spi-builder-workspace/.derivedData/SDKStatCaches.noindex/xros1.0-21N5165f-50a81fd5751d5bee8ff6d6ea12214339.sdkstatcache -Xcc -I/Users/builder/builds/TDmZkXJm/0/finestructure/swiftpackageindex-builder/spi-builder-workspace/.derivedData/Build/Intermediates.noindex/CwlPreconditionTesting.build/Debug-xros/CwlPreconditionTesting.build/swift-overrides.hmap -Xcc -I/Users/builder/builds/TDmZkXJm/0/finestructure/swiftpackageindex-builder/spi-builder-workspace/.dependencies/checkouts/CwlCatchException/Sources/CwlCatchExceptionSupport/include -Xcc -I/Users/builder/builds/TDmZkXJm/0/finestructure/swiftpackageindex-builder/spi-builder-workspace/.dependencies/checkouts/CwlPreconditionTesting/Sources/CwlMachBadInstructionHandler/include -Xcc -I/Users/builder/builds/TDmZkXJm/0/finestructure/swiftpackageindex-builder/spi-builder-workspace/.derivedData/Build/Products/Debug-xros/include -Xcc -I/Users/builder/builds/TDmZkXJm/0/finestructure/swiftpackageindex-builder/spi-builder-workspace/.derivedData/Build/Intermediates.noindex/CwlPreconditionTesting.build/Debug-xros/CwlPreconditionTesting.build/DerivedSources-normal/arm64 -Xcc -I/Users/builder/builds/TDmZkXJm/0/finestructure/swiftpackageindex-builder/spi-builder-workspace/.derivedData/Build/Intermediates.noindex/CwlPreconditionTesting.build/Debug-xros/CwlPreconditionTesting.build/DerivedSources/arm64 -Xcc -I/Users/builder/builds/TDmZkXJm/0/finestructure/swiftpackageindex-builder/spi-builder-workspace/.derivedData/Build/Intermediates.noindex/CwlPreconditionTesting.build/Debug-xros/CwlPreconditionTesting.build/DerivedSources -Xcc -DSWIFT_PACKAGE -Xcc -DDEBUG\=1 -module-name CwlPreconditionTesting -frontend-parseable-output -disable-clang-spi -target-sdk-version 1.0 -target-sdk-name xros1.0 -o /Users/builder/builds/TDmZkXJm/0/finestructure/swiftpackageindex-builder/spi-builder-workspace/.derivedData/Build/Intermediates.noindex/CwlPreconditionTesting.build/Debug-xros/CwlPreconditionTesting.build/Objects-normal/arm64/CwlDarwinDefinitions.o -index-unit-output-path /CwlPreconditionTesting.build/Debug-xros/CwlPreconditionTesting.build/Objects-normal/arm64/CwlDarwinDefinitions.o -index-store-path /Users/builder/builds/TDmZkXJm/0/finestructure/swiftpackageindex-builder/spi-builder-workspace/.derivedData/Index.noindex/DataStore -index-system-modules

SwiftCompile normal arm64 Compiling\ CwlBadInstructionException.swift /Users/builder/builds/TDmZkXJm/0/finestructure/swiftpackageindex-builder/spi-builder-workspace/.dependencies/checkouts/CwlPreconditionTesting/Sources/CwlPreconditionTesting/CwlBadInstructionException.swift (in target 'CwlPreconditionTesting' from project 'CwlPreconditionTesting')
    cd /Users/builder/builds/TDmZkXJm/0/finestructure/swiftpackageindex-builder/spi-builder-workspace
    builtin-swiftTaskExecution -- /Applications/Xcode-15.0.0-Beta.2.app/Contents/Developer/Toolchains/XcodeDefault.xctoolchain/usr/bin/swift-frontend -frontend -c -primary-file /Users/builder/builds/TDmZkXJm/0/finestructure/swiftpackageindex-builder/spi-builder-workspace/.dependencies/checkouts/CwlPreconditionTesting/Sources/CwlPreconditionTesting/CwlBadInstructionException.swift /Users/builder/builds/TDmZkXJm/0/finestructure/swiftpackageindex-builder/spi-builder-workspace/.dependencies/checkouts/CwlPreconditionTesting/Sources/CwlPreconditionTesting/CwlCatchBadInstruction.swift /Users/builder/builds/TDmZkXJm/0/finestructure/swiftpackageindex-builder/spi-builder-workspace/.dependencies/checkouts/CwlPreconditionTesting/Sources/CwlPreconditionTesting/CwlDarwinDefinitions.swift -emit-dependencies-path /Users/builder/builds/TDmZkXJm/0/finestructure/swiftpackageindex-builder/spi-builder-workspace/.derivedData/Build/Intermediates.noindex/CwlPreconditionTesting.build/Debug-xros/CwlPreconditionTesting.build/Objects-normal/arm64/CwlBadInstructionException.d -emit-const-values-path /Users/builder/builds/TDmZkXJm/0/finestructure/swiftpackageindex-builder/spi-builder-workspace/.derivedData/Build/Intermediates.noindex/CwlPreconditionTesting.build/Debug-xros/CwlPreconditionTesting.build/Objects-normal/arm64/CwlBadInstructionException.swiftconstvalues -emit-reference-dependencies-path /Users/builder/builds/TDmZkXJm/0/finestructure/swiftpackageindex-builder/spi-builder-workspace/.derivedData/Build/Intermediates.noindex/CwlPreconditionTesting.build/Debug-xros/CwlPreconditionTesting.build/Objects-normal/arm64/CwlBadInstructionException.swiftdeps -serialize-diagnostics-path /Users/builder/builds/TDmZkXJm/0/finestructure/swiftpackageindex-builder/spi-builder-workspace/.derivedData/Build/Intermediates.noindex/CwlPreconditionTesting.build/Debug-xros/CwlPreconditionTesting.build/Objects-normal/arm64/CwlBadInstructionException.dia -target arm64-apple-xros1.0 -Xllvm -aarch64-use-tbi -enable-objc-interop -stack-check -sdk /Applications/Xcode-15.0.0-Beta.2.app/Contents/Developer/Platforms/XROS.platform/Developer/SDKs/XROS1.0.sdk -I /Users/builder/builds/TDmZkXJm/0/finestructure/swiftpackageindex-builder/spi-builder-workspace/.derivedData/Build/Products/Debug-xros -I /Applications/Xcode-15.0.0-Beta.2.app/Contents/Developer/Platforms/XROS.platform/Developer/usr/lib -F /Users/builder/builds/TDmZkXJm/0/finestructure/swiftpackageindex-builder/spi-builder-workspace/.derivedData/Build/Products/Debug-xros/PackageFrameworks -F /Users/builder/builds/TDmZkXJm/0/finestructure/swiftpackageindex-builder/spi-builder-workspace/.derivedData/Build/Products/Debug-xros/PackageFrameworks -F /Users/builder/builds/TDmZkXJm/0/finestructure/swiftpackageindex-builder/spi-builder-workspace/.derivedData/Build/Products/Debug-xros/PackageFrameworks -F /Users/builder/builds/TDmZkXJm/0/finestructure/swiftpackageindex-builder/spi-builder-workspace/.derivedData/Build/Products/Debug-xros -F /Applications/Xcode-15.0.0-Beta.2.app/Contents/Developer/Platforms/XROS.platform/Developer/Library/Frameworks -F /Applications/Xcode-15.0.0-Beta.2.app/Contents/Developer/Platforms/XROS.platform/Developer/SDKs/XROS1.0.sdk/Developer/Library/Frameworks -no-color-diagnostics -enable-testing -g -module-cache-path /Users/builder/builds/TDmZkXJm/0/finestructure/swiftpackageindex-builder/spi-builder-workspace/.derivedData/ModuleCache.noindex -swift-version 4 -enforce-exclusivity\=checked -Onone -D SWIFT_PACKAGE -D DEBUG -D Xcode -serialize-debugging-options -const-gather-protocols-file /Users/builder/builds/TDmZkXJm/0/finestructure/swiftpackageindex-builder/spi-builder-workspace/.derivedData/Build/Intermediates.noindex/CwlPreconditionTesting.build/Debug-xros/CwlPreconditionTesting.build/Objects-normal/arm64/CwlPreconditionTesting_const_extract_protocols.json -empty-abi-descriptor -plugin-path /Applications/Xcode-15.0.0-Beta.2.app/Contents/Developer/Toolchains/XcodeDefault.xctoolchain/usr/lib/swift/host/plugins -plugin-path /Applications/Xcode-15.0.0-Beta.2.app/Contents/Developer/Toolchains/XcodeDefault.xctoolchain/usr/local/lib/swift/host/plugins -validate-clang-modules-once -clang-build-session-file /Users/builder/builds/TDmZkXJm/0/finestructure/swiftpackageindex-builder/spi-builder-workspace/.derivedData/ModuleCache.noindex/Session.modulevalidation -Xcc -working-directory -Xcc /Users/builder/builds/TDmZkXJm/0/finestructure/swiftpackageindex-builder/spi-builder-workspace -resource-dir /Applications/Xcode-15.0.0-Beta.2.app/Contents/Developer/Toolchains/XcodeDefault.xctoolchain/usr/lib/swift -enable-anonymous-context-mangled-names -Xcc -fmodule-map-file\=/Users/builder/builds/TDmZkXJm/0/finestructure/swiftpackageindex-builder/spi-builder-workspace/.derivedData/Build/Intermediates.noindex/GeneratedModuleMaps-xros/CwlCatchExceptionSupport.modulemap -Xcc -fmodule-map-file\=/Users/builder/builds/TDmZkXJm/0/finestructure/swiftpackageindex-builder/spi-builder-workspace/.derivedData/Build/Intermediates.noindex/GeneratedModuleMaps-xros/CwlMachBadInstructionHandler.modulemap -Xcc -ivfsstatcache -Xcc /Users/builder/builds/TDmZkXJm/0/finestructure/swiftpackageindex-builder/spi-builder-workspace/.derivedData/SDKStatCaches.noindex/xros1.0-21N5165f-50a81fd5751d5bee8ff6d6ea12214339.sdkstatcache -Xcc -I/Users/builder/builds/TDmZkXJm/0/finestructure/swiftpackageindex-builder/spi-builder-workspace/.derivedData/Build/Intermediates.noindex/CwlPreconditionTesting.build/Debug-xros/CwlPreconditionTesting.build/swift-overrides.hmap -Xcc -I/Users/builder/builds/TDmZkXJm/0/finestructure/swiftpackageindex-builder/spi-builder-workspace/.dependencies/checkouts/CwlCatchException/Sources/CwlCatchExceptionSupport/include -Xcc -I/Users/builder/builds/TDmZkXJm/0/finestructure/swiftpackageindex-builder/spi-builder-workspace/.dependencies/checkouts/CwlPreconditionTesting/Sources/CwlMachBadInstructionHandler/include -Xcc -I/Users/builder/builds/TDmZkXJm/0/finestructure/swiftpackageindex-builder/spi-builder-workspace/.derivedData/Build/Products/Debug-xros/include -Xcc -I/Users/builder/builds/TDmZkXJm/0/finestructure/swiftpackageindex-builder/spi-builder-workspace/.derivedData/Build/Intermediates.noindex/CwlPreconditionTesting.build/Debug-xros/CwlPreconditionTesting.build/DerivedSources-normal/arm64 -Xcc -I/Users/builder/builds/TDmZkXJm/0/finestructure/swiftpackageindex-builder/spi-builder-workspace/.derivedData/Build/Intermediates.noindex/CwlPreconditionTesting.build/Debug-xros/CwlPreconditionTesting.build/DerivedSources/arm64 -Xcc -I/Users/builder/builds/TDmZkXJm/0/finestructure/swiftpackageindex-builder/spi-builder-workspace/.derivedData/Build/Intermediates.noindex/CwlPreconditionTesting.build/Debug-xros/CwlPreconditionTesting.build/DerivedSources -Xcc -DSWIFT_PACKAGE -Xcc -DDEBUG\=1 -module-name CwlPreconditionTesting -frontend-parseable-output -disable-clang-spi -target-sdk-version 1.0 -target-sdk-name xros1.0 -o /Users/builder/builds/TDmZkXJm/0/finestructure/swiftpackageindex-builder/spi-builder-workspace/.derivedData/Build/Intermediates.noindex/CwlPreconditionTesting.build/Debug-xros/CwlPreconditionTesting.build/Objects-normal/arm64/CwlBadInstructionException.o -index-unit-output-path /CwlPreconditionTesting.build/Debug-xros/CwlPreconditionTesting.build/Objects-normal/arm64/CwlBadInstructionException.o -index-store-path /Users/builder/builds/TDmZkXJm/0/finestructure/swiftpackageindex-builder/spi-builder-workspace/.derivedData/Index.noindex/DataStore -index-system-modules
SwiftCompile normal arm64 /Users/builder/builds/TDmZkXJm/0/finestructure/swiftpackageindex-builder/spi-builder-workspace/.dependencies/checkouts/CwlPreconditionTesting/Sources/CwlPreconditionTesting/CwlBadInstructionException.swift (in target 'CwlPreconditionTesting' from project 'CwlPreconditionTesting')
    cd /Users/builder/builds/TDmZkXJm/0/finestructure/swiftpackageindex-builder/spi-builder-workspace
    /Applications/Xcode-15.0.0-Beta.2.app/Contents/Developer/Toolchains/XcodeDefault.xctoolchain/usr/bin/swift-frontend -c -primary-file /Users/builder/builds/TDmZkXJm/0/finestructure/swiftpackageindex-builder/spi-builder-workspace/.dependencies/checkouts/CwlPreconditionTesting/Sources/CwlPreconditionTesting/CwlBadInstructionException.swift /Users/builder/builds/TDmZkXJm/0/finestructure/swiftpackageindex-builder/spi-builder-workspace/.dependencies/checkouts/CwlPreconditionTesting/Sources/CwlPreconditionTesting/CwlCatchBadInstruction.swift /Users/builder/builds/TDmZkXJm/0/finestructure/swiftpackageindex-builder/spi-builder-workspace/.dependencies/checkouts/CwlPreconditionTesting/Sources/CwlPreconditionTesting/CwlDarwinDefinitions.swift -emit-dependencies-path /Users/builder/builds/TDmZkXJm/0/finestructure/swiftpackageindex-builder/spi-builder-workspace/.derivedData/Build/Intermediates.noindex/CwlPreconditionTesting.build/Debug-xros/CwlPreconditionTesting.build/Objects-normal/arm64/CwlBadInstructionException.d -emit-const-values-path /Users/builder/builds/TDmZkXJm/0/finestructure/swiftpackageindex-builder/spi-builder-workspace/.derivedData/Build/Intermediates.noindex/CwlPreconditionTesting.build/Debug-xros/CwlPreconditionTesting.build/Objects-normal/arm64/CwlBadInstructionException.swiftconstvalues -emit-reference-dependencies-path /Users/builder/builds/TDmZkXJm/0/finestructure/swiftpackageindex-builder/spi-builder-workspace/.derivedData/Build/Intermediates.noindex/CwlPreconditionTesting.build/Debug-xros/CwlPreconditionTesting.build/Objects-normal/arm64/CwlBadInstructionException.swiftdeps -serialize-diagnostics-path /Users/builder/builds/TDmZkXJm/0/finestructure/swiftpackageindex-builder/spi-builder-workspace/.derivedData/Build/Intermediates.noindex/CwlPreconditionTesting.build/Debug-xros/CwlPreconditionTesting.build/Objects-normal/arm64/CwlBadInstructionException.dia -target arm64-apple-xros1.0 -Xllvm -aarch64-use-tbi -enable-objc-interop -stack-check -sdk /Applications/Xcode-15.0.0-Beta.2.app/Contents/Developer/Platforms/XROS.platform/Developer/SDKs/XROS1.0.sdk -I /Users/builder/builds/TDmZkXJm/0/finestructure/swiftpackageindex-builder/spi-builder-workspace/.derivedData/Build/Products/Debug-xros -I /Applications/Xcode-15.0.0-Beta.2.app/Contents/Developer/Platforms/XROS.platform/Developer/usr/lib -F /Users/builder/builds/TDmZkXJm/0/finestructure/swiftpackageindex-builder/spi-builder-workspace/.derivedData/Build/Products/Debug-xros/PackageFrameworks -F /Users/builder/builds/TDmZkXJm/0/finestructure/swiftpackageindex-builder/spi-builder-workspace/.derivedData/Build/Products/Debug-xros/PackageFrameworks -F /Users/builder/builds/TDmZkXJm/0/finestructure/swiftpackageindex-builder/spi-builder-workspace/.derivedData/Build/Products/Debug-xros/PackageFrameworks -F /Users/builder/builds/TDmZkXJm/0/finestructure/swiftpackageindex-builder/spi-builder-workspace/.derivedData/Build/Products/Debug-xros -F /Applications/Xcode-15.0.0-Beta.2.app/Contents/Developer/Platforms/XROS.platform/Developer/Library/Frameworks -F /Applications/Xcode-15.0.0-Beta.2.app/Contents/Developer/Platforms/XROS.platform/Developer/SDKs/XROS1.0.sdk/Developer/Library/Frameworks -no-color-diagnostics -enable-testing -g -module-cache-path /Users/builder/builds/TDmZkXJm/0/finestructure/swiftpackageindex-builder/spi-builder-workspace/.derivedData/ModuleCache.noindex -swift-version 4 -enforce-exclusivity\=checked -Onone -D SWIFT_PACKAGE -D DEBUG -D Xcode -serialize-debugging-options -const-gather-protocols-file /Users/builder/builds/TDmZkXJm/0/finestructure/swiftpackageindex-builder/spi-builder-workspace/.derivedData/Build/Intermediates.noindex/CwlPreconditionTesting.build/Debug-xros/CwlPreconditionTesting.build/Objects-normal/arm64/CwlPreconditionTesting_const_extract_protocols.json -empty-abi-descriptor -plugin-path /Applications/Xcode-15.0.0-Beta.2.app/Contents/Developer/Toolchains/XcodeDefault.xctoolchain/usr/lib/swift/host/plugins -plugin-path /Applications/Xcode-15.0.0-Beta.2.app/Contents/Developer/Toolchains/XcodeDefault.xctoolchain/usr/local/lib/swift/host/plugins -validate-clang-modules-once -clang-build-session-file /Users/builder/builds/TDmZkXJm/0/finestructure/swiftpackageindex-builder/spi-builder-workspace/.derivedData/ModuleCache.noindex/Session.modulevalidation -Xcc -working-directory -Xcc /Users/builder/builds/TDmZkXJm/0/finestructure/swiftpackageindex-builder/spi-builder-workspace -resource-dir /Applications/Xcode-15.0.0-Beta.2.app/Contents/Developer/Toolchains/XcodeDefault.xctoolchain/usr/lib/swift -enable-anonymous-context-mangled-names -Xcc -fmodule-map-file\=/Users/builder/builds/TDmZkXJm/0/finestructure/swiftpackageindex-builder/spi-builder-workspace/.derivedData/Build/Intermediates.noindex/GeneratedModuleMaps-xros/CwlCatchExceptionSupport.modulemap -Xcc -fmodule-map-file\=/Users/builder/builds/TDmZkXJm/0/finestructure/swiftpackageindex-builder/spi-builder-workspace/.derivedData/Build/Intermediates.noindex/GeneratedModuleMaps-xros/CwlMachBadInstructionHandler.modulemap -Xcc -ivfsstatcache -Xcc /Users/builder/builds/TDmZkXJm/0/finestructure/swiftpackageindex-builder/spi-builder-workspace/.derivedData/SDKStatCaches.noindex/xros1.0-21N5165f-50a81fd5751d5bee8ff6d6ea12214339.sdkstatcache -Xcc -I/Users/builder/builds/TDmZkXJm/0/finestructure/swiftpackageindex-builder/spi-builder-workspace/.derivedData/Build/Intermediates.noindex/CwlPreconditionTesting.build/Debug-xros/CwlPreconditionTesting.build/swift-overrides.hmap -Xcc -I/Users/builder/builds/TDmZkXJm/0/finestructure/swiftpackageindex-builder/spi-builder-workspace/.dependencies/checkouts/CwlCatchException/Sources/CwlCatchExceptionSupport/include -Xcc -I/Users/builder/builds/TDmZkXJm/0/finestructure/swiftpackageindex-builder/spi-builder-workspace/.dependencies/checkouts/CwlPreconditionTesting/Sources/CwlMachBadInstructionHandler/include -Xcc -I/Users/builder/builds/TDmZkXJm/0/finestructure/swiftpackageindex-builder/spi-builder-workspace/.derivedData/Build/Products/Debug-xros/include -Xcc -I/Users/builder/builds/TDmZkXJm/0/finestructure/swiftpackageindex-builder/spi-builder-workspace/.derivedData/Build/Intermediates.noindex/CwlPreconditionTesting.build/Debug-xros/CwlPreconditionTesting.build/DerivedSources-normal/arm64 -Xcc -I/Users/builder/builds/TDmZkXJm/0/finestructure/swiftpackageindex-builder/spi-builder-workspace/.derivedData/Build/Intermediates.noindex/CwlPreconditionTesting.build/Debug-xros/CwlPreconditionTesting.build/DerivedSources/arm64 -Xcc -I/Users/builder/builds/TDmZkXJm/0/finestructure/swiftpackageindex-builder/spi-builder-workspace/.derivedData/Build/Intermediates.noindex/CwlPreconditionTesting.build/Debug-xros/CwlPreconditionTesting.build/DerivedSources -Xcc -DSWIFT_PACKAGE -Xcc -DDEBUG\=1 -module-name CwlPreconditionTesting -frontend-parseable-output -disable-clang-spi -target-sdk-version 1.0 -target-sdk-name xros1.0 -o /Users/builder/builds/TDmZkXJm/0/finestructure/swiftpackageindex-builder/spi-builder-workspace/.derivedData/Build/Intermediates.noindex/CwlPreconditionTesting.build/Debug-xros/CwlPreconditionTesting.build/Objects-normal/arm64/CwlBadInstructionException.o -index-unit-output-path /CwlPreconditionTesting.build/Debug-xros/CwlPreconditionTesting.build/Objects-normal/arm64/CwlBadInstructionException.o -index-store-path /Users/builder/builds/TDmZkXJm/0/finestructure/swiftpackageindex-builder/spi-builder-workspace/.derivedData/Index.noindex/DataStore -index-system-modules
SwiftCompile normal arm64 Compiling\ CwlCatchBadInstruction.swift /Users/builder/builds/TDmZkXJm/0/finestructure/swiftpackageindex-builder/spi-builder-workspace/.dependencies/checkouts/CwlPreconditionTesting/Sources/CwlPreconditionTesting/CwlCatchBadInstruction.swift (in target 'CwlPreconditionTesting' from project 'CwlPreconditionTesting')
    cd /Users/builder/builds/TDmZkXJm/0/finestructure/swiftpackageindex-builder/spi-builder-workspace
    builtin-swiftTaskExecution -- /Applications/Xcode-15.0.0-Beta.2.app/Contents/Developer/Toolchains/XcodeDefault.xctoolchain/usr/bin/swift-frontend -frontend -c /Users/builder/builds/TDmZkXJm/0/finestructure/swiftpackageindex-builder/spi-builder-workspace/.dependencies/checkouts/CwlPreconditionTesting/Sources/CwlPreconditionTesting/CwlBadInstructionException.swift -primary-file /Users/builder/builds/TDmZkXJm/0/finestructure/swiftpackageindex-builder/spi-builder-workspace/.dependencies/checkouts/CwlPreconditionTesting/Sources/CwlPreconditionTesting/CwlCatchBadInstruction.swift /Users/builder/builds/TDmZkXJm/0/finestructure/swiftpackageindex-builder/spi-builder-workspace/.dependencies/checkouts/CwlPreconditionTesting/Sources/CwlPreconditionTesting/CwlDarwinDefinitions.swift -emit-dependencies-path /Users/builder/builds/TDmZkXJm/0/finestructure/swiftpackageindex-builder/spi-builder-workspace/.derivedData/Build/Intermediates.noindex/CwlPreconditionTesting.build/Debug-xros/CwlPreconditionTesting.build/Objects-normal/arm64/CwlCatchBadInstruction.d -emit-const-values-path /Users/builder/builds/TDmZkXJm/0/finestructure/swiftpackageindex-builder/spi-builder-workspace/.derivedData/Build/Intermediates.noindex/CwlPreconditionTesting.build/Debug-xros/CwlPreconditionTesting.build/Objects-normal/arm64/CwlCatchBadInstruction.swiftconstvalues -emit-reference-dependencies-path /Users/builder/builds/TDmZkXJm/0/finestructure/swiftpackageindex-builder/spi-builder-workspace/.derivedData/Build/Intermediates.noindex/CwlPreconditionTesting.build/Debug-xros/CwlPreconditionTesting.build/Objects-normal/arm64/CwlCatchBadInstruction.swiftdeps -serialize-diagnostics-path /Users/builder/builds/TDmZkXJm/0/finestructure/swiftpackageindex-builder/spi-builder-workspace/.derivedData/Build/Intermediates.noindex/CwlPreconditionTesting.build/Debug-xros/CwlPreconditionTesting.build/Objects-normal/arm64/CwlCatchBadInstruction.dia -target arm64-apple-xros1.0 -Xllvm -aarch64-use-tbi -enable-objc-interop -stack-check -sdk /Applications/Xcode-15.0.0-Beta.2.app/Contents/Developer/Platforms/XROS.platform/Developer/SDKs/XROS1.0.sdk -I /Users/builder/builds/TDmZkXJm/0/finestructure/swiftpackageindex-builder/spi-builder-workspace/.derivedData/Build/Products/Debug-xros -I /Applications/Xcode-15.0.0-Beta.2.app/Contents/Developer/Platforms/XROS.platform/Developer/usr/lib -F /Users/builder/builds/TDmZkXJm/0/finestructure/swiftpackageindex-builder/spi-builder-workspace/.derivedData/Build/Products/Debug-xros/PackageFrameworks -F /Users/builder/builds/TDmZkXJm/0/finestructure/swiftpackageindex-builder/spi-builder-workspace/.derivedData/Build/Products/Debug-xros/PackageFrameworks -F /Users/builder/builds/TDmZkXJm/0/finestructure/swiftpackageindex-builder/spi-builder-workspace/.derivedData/Build/Products/Debug-xros/PackageFrameworks -F /Users/builder/builds/TDmZkXJm/0/finestructure/swiftpackageindex-builder/spi-builder-workspace/.derivedData/Build/Products/Debug-xros -F /Applications/Xcode-15.0.0-Beta.2.app/Contents/Developer/Platforms/XROS.platform/Developer/Library/Frameworks -F /Applications/Xcode-15.0.0-Beta.2.app/Contents/Developer/Platforms/XROS.platform/Developer/SDKs/XROS1.0.sdk/Developer/Library/Frameworks -no-color-diagnostics -enable-testing -g -module-cache-path /Users/builder/builds/TDmZkXJm/0/finestructure/swiftpackageindex-builder/spi-builder-workspace/.derivedData/ModuleCache.noindex -swift-version 4 -enforce-exclusivity\=checked -Onone -D SWIFT_PACKAGE -D DEBUG -D Xcode -serialize-debugging-options -const-gather-protocols-file /Users/builder/builds/TDmZkXJm/0/finestructure/swiftpackageindex-builder/spi-builder-workspace/.derivedData/Build/Intermediates.noindex/CwlPreconditionTesting.build/Debug-xros/CwlPreconditionTesting.build/Objects-normal/arm64/CwlPreconditionTesting_const_extract_protocols.json -empty-abi-descriptor -plugin-path /Applications/Xcode-15.0.0-Beta.2.app/Contents/Developer/Toolchains/XcodeDefault.xctoolchain/usr/lib/swift/host/plugins -plugin-path /Applications/Xcode-15.0.0-Beta.2.app/Contents/Developer/Toolchains/XcodeDefault.xctoolchain/usr/local/lib/swift/host/plugins -validate-clang-modules-once -clang-build-session-file /Users/builder/builds/TDmZkXJm/0/finestructure/swiftpackageindex-builder/spi-builder-workspace/.derivedData/ModuleCache.noindex/Session.modulevalidation -Xcc -working-directory -Xcc /Users/builder/builds/TDmZkXJm/0/finestructure/swiftpackageindex-builder/spi-builder-workspace -resource-dir /Applications/Xcode-15.0.0-Beta.2.app/Contents/Developer/Toolchains/XcodeDefault.xctoolchain/usr/lib/swift -enable-anonymous-context-mangled-names -Xcc -fmodule-map-file\=/Users/builder/builds/TDmZkXJm/0/finestructure/swiftpackageindex-builder/spi-builder-workspace/.derivedData/Build/Intermediates.noindex/GeneratedModuleMaps-xros/CwlCatchExceptionSupport.modulemap -Xcc -fmodule-map-file\=/Users/builder/builds/TDmZkXJm/0/finestructure/swiftpackageindex-builder/spi-builder-workspace/.derivedData/Build/Intermediates.noindex/GeneratedModuleMaps-xros/CwlMachBadInstructionHandler.modulemap -Xcc -ivfsstatcache -Xcc /Users/builder/builds/TDmZkXJm/0/finestructure/swiftpackageindex-builder/spi-builder-workspace/.derivedData/SDKStatCaches.noindex/xros1.0-21N5165f-50a81fd5751d5bee8ff6d6ea12214339.sdkstatcache -Xcc -I/Users/builder/builds/TDmZkXJm/0/finestructure/swiftpackageindex-builder/spi-builder-workspace/.derivedData/Build/Intermediates.noindex/CwlPreconditionTesting.build/Debug-xros/CwlPreconditionTesting.build/swift-overrides.hmap -Xcc -I/Users/builder/builds/TDmZkXJm/0/finestructure/swiftpackageindex-builder/spi-builder-workspace/.dependencies/checkouts/CwlCatchException/Sources/CwlCatchExceptionSupport/include -Xcc -I/Users/builder/builds/TDmZkXJm/0/finestructure/swiftpackageindex-builder/spi-builder-workspace/.dependencies/checkouts/CwlPreconditionTesting/Sources/CwlMachBadInstructionHandler/include -Xcc -I/Users/builder/builds/TDmZkXJm/0/finestructure/swiftpackageindex-builder/spi-builder-workspace/.derivedData/Build/Products/Debug-xros/include -Xcc -I/Users/builder/builds/TDmZkXJm/0/finestructure/swiftpackageindex-builder/spi-builder-workspace/.derivedData/Build/Intermediates.noindex/CwlPreconditionTesting.build/Debug-xros/CwlPreconditionTesting.build/DerivedSources-normal/arm64 -Xcc -I/Users/builder/builds/TDmZkXJm/0/finestructure/swiftpackageindex-builder/spi-builder-workspace/.derivedData/Build/Intermediates.noindex/CwlPreconditionTesting.build/Debug-xros/CwlPreconditionTesting.build/DerivedSources/arm64 -Xcc -I/Users/builder/builds/TDmZkXJm/0/finestructure/swiftpackageindex-builder/spi-builder-workspace/.derivedData/Build/Intermediates.noindex/CwlPreconditionTesting.build/Debug-xros/CwlPreconditionTesting.build/DerivedSources -Xcc -DSWIFT_PACKAGE -Xcc -DDEBUG\=1 -module-name CwlPreconditionTesting -frontend-parseable-output -disable-clang-spi -target-sdk-version 1.0 -target-sdk-name xros1.0 -o /Users/builder/builds/TDmZkXJm/0/finestructure/swiftpackageindex-builder/spi-builder-workspace/.derivedData/Build/Intermediates.noindex/CwlPreconditionTesting.build/Debug-xros/CwlPreconditionTesting.build/Objects-normal/arm64/CwlCatchBadInstruction.o -index-unit-output-path /CwlPreconditionTesting.build/Debug-xros/CwlPreconditionTesting.build/Objects-normal/arm64/CwlCatchBadInstruction.o -index-store-path /Users/builder/builds/TDmZkXJm/0/finestructure/swiftpackageindex-builder/spi-builder-workspace/.derivedData/Index.noindex/DataStore -index-system-modules
SwiftCompile normal arm64 /Users/builder/builds/TDmZkXJm/0/finestructure/swiftpackageindex-builder/spi-builder-workspace/.dependencies/checkouts/CwlPreconditionTesting/Sources/CwlPreconditionTesting/CwlCatchBadInstruction.swift (in target 'CwlPreconditionTesting' from project 'CwlPreconditionTesting')
    cd /Users/builder/builds/TDmZkXJm/0/finestructure/swiftpackageindex-builder/spi-builder-workspace
    /Applications/Xcode-15.0.0-Beta.2.app/Contents/Developer/Toolchains/XcodeDefault.xctoolchain/usr/bin/swift-frontend -c /Users/builder/builds/TDmZkXJm/0/finestructure/swiftpackageindex-builder/spi-builder-workspace/.dependencies/checkouts/CwlPreconditionTesting/Sources/CwlPreconditionTesting/CwlBadInstructionException.swift -primary-file /Users/builder/builds/TDmZkXJm/0/finestructure/swiftpackageindex-builder/spi-builder-workspace/.dependencies/checkouts/CwlPreconditionTesting/Sources/CwlPreconditionTesting/CwlCatchBadInstruction.swift /Users/builder/builds/TDmZkXJm/0/finestructure/swiftpackageindex-builder/spi-builder-workspace/.dependencies/checkouts/CwlPreconditionTesting/Sources/CwlPreconditionTesting/CwlDarwinDefinitions.swift -emit-dependencies-path /Users/builder/builds/TDmZkXJm/0/finestructure/swiftpackageindex-builder/spi-builder-workspace/.derivedData/Build/Intermediates.noindex/CwlPreconditionTesting.build/Debug-xros/CwlPreconditionTesting.build/Objects-normal/arm64/CwlCatchBadInstruction.d -emit-const-values-path /Users/builder/builds/TDmZkXJm/0/finestructure/swiftpackageindex-builder/spi-builder-workspace/.derivedData/Build/Intermediates.noindex/CwlPreconditionTesting.build/Debug-xros/CwlPreconditionTesting.build/Objects-normal/arm64/CwlCatchBadInstruction.swiftconstvalues -emit-reference-dependencies-path /Users/builder/builds/TDmZkXJm/0/finestructure/swiftpackageindex-builder/spi-builder-workspace/.derivedData/Build/Intermediates.noindex/CwlPreconditionTesting.build/Debug-xros/CwlPreconditionTesting.build/Objects-normal/arm64/CwlCatchBadInstruction.swiftdeps -serialize-diagnostics-path /Users/builder/builds/TDmZkXJm/0/finestructure/swiftpackageindex-builder/spi-builder-workspace/.derivedData/Build/Intermediates.noindex/CwlPreconditionTesting.build/Debug-xros/CwlPreconditionTesting.build/Objects-normal/arm64/CwlCatchBadInstruction.dia -target arm64-apple-xros1.0 -Xllvm -aarch64-use-tbi -enable-objc-interop -stack-check -sdk /Applications/Xcode-15.0.0-Beta.2.app/Contents/Developer/Platforms/XROS.platform/Developer/SDKs/XROS1.0.sdk -I /Users/builder/builds/TDmZkXJm/0/finestructure/swiftpackageindex-builder/spi-builder-workspace/.derivedData/Build/Products/Debug-xros -I /Applications/Xcode-15.0.0-Beta.2.app/Contents/Developer/Platforms/XROS.platform/Developer/usr/lib -F /Users/builder/builds/TDmZkXJm/0/finestructure/swiftpackageindex-builder/spi-builder-workspace/.derivedData/Build/Products/Debug-xros/PackageFrameworks -F /Users/builder/builds/TDmZkXJm/0/finestructure/swiftpackageindex-builder/spi-builder-workspace/.derivedData/Build/Products/Debug-xros/PackageFrameworks -F /Users/builder/builds/TDmZkXJm/0/finestructure/swiftpackageindex-builder/spi-builder-workspace/.derivedData/Build/Products/Debug-xros/PackageFrameworks -F /Users/builder/builds/TDmZkXJm/0/finestructure/swiftpackageindex-builder/spi-builder-workspace/.derivedData/Build/Products/Debug-xros -F /Applications/Xcode-15.0.0-Beta.2.app/Contents/Developer/Platforms/XROS.platform/Developer/Library/Frameworks -F /Applications/Xcode-15.0.0-Beta.2.app/Contents/Developer/Platforms/XROS.platform/Developer/SDKs/XROS1.0.sdk/Developer/Library/Frameworks -no-color-diagnostics -enable-testing -g -module-cache-path /Users/builder/builds/TDmZkXJm/0/finestructure/swiftpackageindex-builder/spi-builder-workspace/.derivedData/ModuleCache.noindex -swift-version 4 -enforce-exclusivity\=checked -Onone -D SWIFT_PACKAGE -D DEBUG -D Xcode -serialize-debugging-options -const-gather-protocols-file /Users/builder/builds/TDmZkXJm/0/finestructure/swiftpackageindex-builder/spi-builder-workspace/.derivedData/Build/Intermediates.noindex/CwlPreconditionTesting.build/Debug-xros/CwlPreconditionTesting.build/Objects-normal/arm64/CwlPreconditionTesting_const_extract_protocols.json -empty-abi-descriptor -plugin-path /Applications/Xcode-15.0.0-Beta.2.app/Contents/Developer/Toolchains/XcodeDefault.xctoolchain/usr/lib/swift/host/plugins -plugin-path /Applications/Xcode-15.0.0-Beta.2.app/Contents/Developer/Toolchains/XcodeDefault.xctoolchain/usr/local/lib/swift/host/plugins -validate-clang-modules-once -clang-build-session-file /Users/builder/builds/TDmZkXJm/0/finestructure/swiftpackageindex-builder/spi-builder-workspace/.derivedData/ModuleCache.noindex/Session.modulevalidation -Xcc -working-directory -Xcc /Users/builder/builds/TDmZkXJm/0/finestructure/swiftpackageindex-builder/spi-builder-workspace -resource-dir /Applications/Xcode-15.0.0-Beta.2.app/Contents/Developer/Toolchains/XcodeDefault.xctoolchain/usr/lib/swift -enable-anonymous-context-mangled-names -Xcc -fmodule-map-file\=/Users/builder/builds/TDmZkXJm/0/finestructure/swiftpackageindex-builder/spi-builder-workspace/.derivedData/Build/Intermediates.noindex/GeneratedModuleMaps-xros/CwlCatchExceptionSupport.modulemap -Xcc -fmodule-map-file\=/Users/builder/builds/TDmZkXJm/0/finestructure/swiftpackageindex-builder/spi-builder-workspace/.derivedData/Build/Intermediates.noindex/GeneratedModuleMaps-xros/CwlMachBadInstructionHandler.modulemap -Xcc -ivfsstatcache -Xcc /Users/builder/builds/TDmZkXJm/0/finestructure/swiftpackageindex-builder/spi-builder-workspace/.derivedData/SDKStatCaches.noindex/xros1.0-21N5165f-50a81fd5751d5bee8ff6d6ea12214339.sdkstatcache -Xcc -I/Users/builder/builds/TDmZkXJm/0/finestructure/swiftpackageindex-builder/spi-builder-workspace/.derivedData/Build/Intermediates.noindex/CwlPreconditionTesting.build/Debug-xros/CwlPreconditionTesting.build/swift-overrides.hmap -Xcc -I/Users/builder/builds/TDmZkXJm/0/finestructure/swiftpackageindex-builder/spi-builder-workspace/.dependencies/checkouts/CwlCatchException/Sources/CwlCatchExceptionSupport/include -Xcc -I/Users/builder/builds/TDmZkXJm/0/finestructure/swiftpackageindex-builder/spi-builder-workspace/.dependencies/checkouts/CwlPreconditionTesting/Sources/CwlMachBadInstructionHandler/include -Xcc -I/Users/builder/builds/TDmZkXJm/0/finestructure/swiftpackageindex-builder/spi-builder-workspace/.derivedData/Build/Products/Debug-xros/include -Xcc -I/Users/builder/builds/TDmZkXJm/0/finestructure/swiftpackageindex-builder/spi-builder-workspace/.derivedData/Build/Intermediates.noindex/CwlPreconditionTesting.build/Debug-xros/CwlPreconditionTesting.build/DerivedSources-normal/arm64 -Xcc -I/Users/builder/builds/TDmZkXJm/0/finestructure/swiftpackageindex-builder/spi-builder-workspace/.derivedData/Build/Intermediates.noindex/CwlPreconditionTesting.build/Debug-xros/CwlPreconditionTesting.build/DerivedSources/arm64 -Xcc -I/Users/builder/builds/TDmZkXJm/0/finestructure/swiftpackageindex-builder/spi-builder-workspace/.derivedData/Build/Intermediates.noindex/CwlPreconditionTesting.build/Debug-xros/CwlPreconditionTesting.build/DerivedSources -Xcc -DSWIFT_PACKAGE -Xcc -DDEBUG\=1 -module-name CwlPreconditionTesting -frontend-parseable-output -disable-clang-spi -target-sdk-version 1.0 -target-sdk-name xros1.0 -o /Users/builder/builds/TDmZkXJm/0/finestructure/swiftpackageindex-builder/spi-builder-workspace/.derivedData/Build/Intermediates.noindex/CwlPreconditionTesting.build/Debug-xros/CwlPreconditionTesting.build/Objects-normal/arm64/CwlCatchBadInstruction.o -index-unit-output-path /CwlPreconditionTesting.build/Debug-xros/CwlPreconditionTesting.build/Objects-normal/arm64/CwlCatchBadInstruction.o -index-store-path /Users/builder/builds/TDmZkXJm/0/finestructure/swiftpackageindex-builder/spi-builder-workspace/.derivedData/Index.noindex/DataStore -index-system-modules
** BUILD FAILED **


The following build commands failed:
	SwiftEmitModule normal arm64 Emitting\ module\ for\ CwlPreconditionTesting (in target 'CwlPreconditionTesting' from project 'CwlPreconditionTesting')
(1 failure)
Retrying in 0 seconds ...
BUILD FAILURE 5.9 visionOS