Build Information
Failed to build NutView, reference 1.0.6 (66e8b7), with Swift 6.4 for tvOS using Xcode 27.0 on 16 Sep 2026 19:41:04 UTC.
Build Command
No build command. This typically means the build failed at an early stage where we determine the build command.Build Log
========================================
RunAll
========================================
Builder version: 5.1.0
Interrupt handler set up.
========================================
Checkout
========================================
Clone URL: https://github.com/swift-squirrel/nutview.git
Reference: 1.0.6
Initialized empty Git repository in /Users/admin/builder/spi-builder-workspace/.git/
From https://github.com/swift-squirrel/nutview
* tag 1.0.6 -> FETCH_HEAD
HEAD is now at 66e8b71 Body command
Cloned https://github.com/swift-squirrel/nutview.git
Revision (git rev-parse @):
66e8b7103fa28ee02a657e3f29f3776fecbac5d1
SUCCESS checkout https://github.com/swift-squirrel/nutview.git at 1.0.6
========================================
Build
========================================
Selected platform: tvOS
Swift version: 6.4
Building package at path: $PWD
https://github.com/swift-squirrel/nutview.git
Command line invocation:
/Applications/Xcode-27.0.0-Release.Candidate.app/Contents/Developer/usr/bin/xcodebuild -IDEClonedSourcePackagesDirPathOverride=/Users/admin/builder/spi-builder-workspace/.dependencies -resolvePackageDependencies
Resolve Package Graph
Fetching from https://github.com/Swift-Squirrel/Evaluation.git
Fetching from https://github.com/LeoNavel/Cache.git
Fetching from https://github.com/Swift-Squirrel/SquirrelJSON.git
Fetching from https://github.com/kylef/PathKit.git
Fetching from https://github.com/Swift-Squirrel/Squirrel-Core.git
Fetching from https://github.com/sharplet/Regex.git
Resolve Package Graph
Updating from https://github.com/kylef/PathKit.git
Updating from https://github.com/sharplet/Regex.git
Updating from https://github.com/LeoNavel/Cache.git
Updating from https://github.com/Swift-Squirrel/Evaluation.git
Updating from https://github.com/Swift-Squirrel/SquirrelJSON.git
Updating from https://github.com/Swift-Squirrel/Squirrel-Core.git
Resolve Package Graph
Updating from https://github.com/Swift-Squirrel/Squirrel-Core.git
Updating from https://github.com/Swift-Squirrel/SquirrelJSON.git
Updating from https://github.com/kylef/PathKit.git
Updating from https://github.com/sharplet/Regex.git
Updating from https://github.com/Swift-Squirrel/Evaluation.git
Updating from https://github.com/LeoNavel/Cache.git
Resolved source packages:
spi-builder-workspace: (null)
2026-09-16 15:41:02.147 xcodebuild[529:3029] Writing error result bundle to /var/folders/xq/y_g06wb113726d38xsyx71_h0000gn/T/ResultBundle_2026-16-09_15-41-0002.xcresult
xcodebuild: error: Could not resolve package dependencies:
Failed to resolve dependencies Dependencies could not be resolved because root depends on 'regex' 1.1.0..<2.0.0.
'regex' < 2.0.0 cannot be used because no versions of 'regex' match the requirement 1.1.2..<2.0.0 and 'regex' < 1.1.2 contains incompatible tools version (3.1.0).
Command line invocation:
/Applications/Xcode-27.0.0-Release.Candidate.app/Contents/Developer/usr/bin/xcodebuild -IDEClonedSourcePackagesDirPathOverride=/Users/admin/builder/spi-builder-workspace/.dependencies -resolvePackageDependencies
Resolve Package Graph
Updating from https://github.com/Swift-Squirrel/Squirrel-Core.git
Updating from https://github.com/Swift-Squirrel/Evaluation.git
Updating from https://github.com/kylef/PathKit.git
Updating from https://github.com/sharplet/Regex.git
Updating from https://github.com/Swift-Squirrel/SquirrelJSON.git
Updating from https://github.com/LeoNavel/Cache.git
Resolved source packages:
spi-builder-workspace: (null)
2026-09-16 15:41:04.185 xcodebuild[811:4308] Writing error result bundle to /var/folders/xq/y_g06wb113726d38xsyx71_h0000gn/T/ResultBundle_2026-16-09_15-41-0004.xcresult
xcodebuild: error: Could not resolve package dependencies:
Failed to resolve dependencies Dependencies could not be resolved because root depends on 'regex' 1.1.0..<2.0.0.
'regex' < 2.0.0 cannot be used because no versions of 'regex' match the requirement 1.1.2..<2.0.0 and 'regex' < 1.1.2 contains incompatible tools version (3.1.0).
BUILD FAILURE 6.4 tvOS