Build Information
Failed to build SwiftNP, reference 0.0.7 (24f85e), with Swift 6.4 for tvOS using Xcode 27.0 on 22 Sep 2026 12:19:36 UTC.
Build Command
env DEVELOPER_DIR=/Applications/Xcode-27.0.0-Release.Candidate.app xcrun xcodebuild -IDEClonedSourcePackagesDirPathOverride=$PWD/.dependencies -skipMacroValidation -skipPackagePluginValidation -derivedDataPath $PWD/.derivedData build -scheme SwiftNP -destination generic/platform=tvOSBuild Log
========================================
RunAll
========================================
Builder version: 5.1.0
Interrupt handler set up.
========================================
Checkout
========================================
Clone URL: https://github.com/k-arindam/SwiftNP.git
Reference: 0.0.7
Initialized empty Git repository in /Users/admin/builder/spi-builder-workspace/.git/
From https://github.com/k-arindam/SwiftNP
* tag 0.0.7 -> FETCH_HEAD
HEAD is now at 24f85e3 Updated README.md
Cloned https://github.com/k-arindam/SwiftNP.git
Revision (git rev-parse @):
24f85e31997adf6d5d05cabcacc9d4c783a44406
SUCCESS checkout https://github.com/k-arindam/SwiftNP.git at 0.0.7
========================================
Build
========================================
Selected platform: tvOS
Swift version: 6.4
Building package at path: $PWD
https://github.com/k-arindam/SwiftNP.git
Command line invocation:
/Applications/Xcode-27.0.0-Release.Candidate.app/Contents/Developer/usr/bin/xcodebuild -IDEClonedSourcePackagesDirPathOverride=/Users/admin/builder/spi-builder-workspace/.dependencies -resolvePackageDependencies
Resolve Package Graph
Fetching from https://github.com/swiftlang/swift-docc-plugin
Fetching from https://github.com/swiftlang/swift-docc-symbolkit
Creating working copy of package ‘swift-docc-symbolkit’
Checking out 1.0.0 of package ‘swift-docc-symbolkit’
Creating working copy of package ‘swift-docc-plugin’
Checking out 1.5.0 of package ‘swift-docc-plugin’
Resolve Package Graph
Resolved source packages:
SwiftDocCPlugin: https://github.com/swiftlang/swift-docc-plugin @ 1.5.0
SymbolKit: https://github.com/swiftlang/swift-docc-symbolkit @ 1.0.0
SwiftNP: /Users/admin/builder/spi-builder-workspace
resolved source packages: SwiftDocCPlugin, SymbolKit, SwiftNP
2026-09-22 08:18:06.789 xcodebuild[529:3028] [MT] IDERunDestination: Supported platforms for the buildables in the current scheme is empty.
{
"dependencies" : [
{
"identity" : "swift-docc-plugin",
"requirement" : {
"range" : [
{
"lower_bound" : "1.1.0",
"upper_bound" : "2.0.0"
}
]
},
"type" : "sourceControl",
"url" : "https://github.com/swiftlang/swift-docc-plugin"
}
],
"manifest_display_name" : "SwiftNP",
"name" : "SwiftNP",
"path" : "/Users/admin/builder/spi-builder-workspace",
"platforms" : [
{
"name" : "ios",
"version" : "15.0"
},
{
"name" : "macos",
"version" : "12.0"
},
{
"name" : "tvos",
"version" : "15.0"
},
{
"name" : "watchos",
"version" : "8.0"
}
],
"products" : [
{
"name" : "SwiftNP",
"targets" : [
"SwiftNP"
],
"type" : {
"library" : [
"automatic"
]
}
}
],
"targets" : [
{
"c99name" : "SwiftNPTests",
"module_type" : "SwiftTarget",
"name" : "SwiftNPTests",
"path" : "Tests/SwiftNPTests",
"sources" : [
"SwiftNPTests.swift"
],
"target_dependencies" : [
"SwiftNP"
],
"type" : "test"
},
{
"c99name" : "SwiftNP",
"module_type" : "SwiftTarget",
"name" : "SwiftNP",
"path" : "Sources/SwiftNP",
"product_memberships" : [
"SwiftNP"
],
"resources" : [
{
"path" : "/Users/admin/builder/spi-builder-workspace/Sources/SwiftNP/Resources/Localizable.xcstrings",
"rule" : {
"process" : {
}
}
},
{
"path" : "/Users/admin/builder/spi-builder-workspace/Sources/SwiftNP/Resources/banner.png",
"rule" : {
"process" : {
}
}
}
],
"sources" : [
"Common/Constants.swift",
"Common/NDArrayOperators.swift",
"Core/NDArrayImpl/Conversions/MLMultiArray+NDArray.swift",
"Core/NDArrayImpl/Conversions/UIImage+NDArray.swift",
"Core/NDArrayImpl/NDArrayImpl.swift",
"Core/NDArrayImpl/Operations/Arithmetic.swift",
"Core/NDArrayImpl/Operations/Broadcasting.swift",
"Core/NDArrayImpl/Operations/Convenience.swift",
"Core/NDArrayImpl/Operations/Indexing.swift",
"Core/NDArrayImpl/Operations/Reshape.swift",
"Core/NDArrayImpl/Operations/Statistical.swift",
"Core/NDArrayImpl/Operations/Transpose.swift",
"Core/Typealiases.swift",
"Core/Utils.swift",
"Enums/ArithmeticOperation.swift",
"Enums/ContentType.swift",
"Enums/DType.swift",
"Enums/ReshapeOrder.swift",
"Enums/SNPError.swift",
"Enums/ScalarOperation.swift",
"Extensions/ArrayExtension.swift",
"Extensions/IntExtension.swift",
"Extensions/MLMultiArrayDataTypeExtension.swift",
"Extensions/NDArrayExtension.swift",
"Extensions/NumericExtension.swift",
"Extensions/ShapeExtension.swift",
"Extensions/StringExtension.swift",
"Protocols/MatrixOperation.swift",
"Protocols/NDArray.swift",
"SwiftNP.swift"
],
"type" : "library"
}
],
"tools_version" : "6.0"
}
{
"workspace" : {
"name" : "SwiftNP",
"schemes" : [
"SwiftNP"
]
}
}
2026-09-22 08:18:51.115 xcodebuild[845:5187] [MT] IDERunDestination: Supported platforms for the buildables in the current scheme is empty.
Running build ...
env DEVELOPER_DIR=/Applications/Xcode-27.0.0-Release.Candidate.app xcrun xcodebuild -IDEClonedSourcePackagesDirPathOverride=$PWD/.dependencies -skipMacroValidation -skipPackagePluginValidation -derivedDataPath $PWD/.derivedData build -scheme SwiftNP -destination generic/platform=tvOS
Command line invocation:
/Applications/Xcode-27.0.0-Release.Candidate.app/Contents/Developer/usr/bin/xcodebuild -IDEClonedSourcePackagesDirPathOverride=/Users/admin/builder/spi-builder-workspace/.dependencies -skipMacroValidation -skipPackagePluginValidation -derivedDataPath /Users/admin/builder/spi-builder-workspace/.derivedData build -scheme SwiftNP -destination generic/platform=tvOS
Resolve Package Graph
Resolve Package Graph
Resolved source packages:
SymbolKit: https://github.com/swiftlang/swift-docc-symbolkit @ 1.0.0
SwiftNP: /Users/admin/builder/spi-builder-workspace
SwiftDocCPlugin: https://github.com/swiftlang/swift-docc-plugin @ 1.5.0
ComputePackagePrebuildTargetDependencyGraph
Prepare packages
CreateBuildRequest
SendProjectDescription
CreateBuildOperation
ComputeTargetDependencyGraph
note: Building targets in dependency order
note: Target dependency graph (3 targets)
Target 'SwiftNP-product' in project 'SwiftNP'
➜ Explicit dependency on target 'SwiftNP' in project 'SwiftNP'
➜ Explicit dependency on target 'SwiftNP_SwiftNP' in project 'SwiftNP'
Target 'SwiftNP' in project 'SwiftNP'
➜ Explicit dependency on target 'SwiftNP_SwiftNP' in project 'SwiftNP'
Target 'SwiftNP_SwiftNP' in project 'SwiftNP' (no dependencies)
GatherProvisioningInputs
CreateBuildDescription
ExecuteExternalTool /Applications/Xcode-27.0.0-Release.Candidate.app/Contents/Developer/Toolchains/XcodeDefault.xctoolchain/usr/bin/clang -v -E -dM -isysroot /Applications/Xcode-27.0.0-Release.Candidate.app/Contents/Developer/Platforms/AppleTVOS.platform/Developer/SDKs/AppleTVOS27.0.sdk -x c -c /dev/null
ExecuteExternalTool /Applications/Xcode-27.0.0-Release.Candidate.app/Contents/Developer/usr/bin/xcstringstool compile --dry-run --output-directory /Users/admin/builder/spi-builder-workspace/.derivedData/Build/Intermediates.noindex/SwiftNP.build/Debug-appletvos/SwiftNP_SwiftNP-b.build /Users/admin/builder/spi-builder-workspace/Sources/SwiftNP/Resources/Localizable.xcstrings
ExecuteExternalTool /Applications/Xcode-27.0.0-Release.Candidate.app/Contents/Developer/Toolchains/XcodeDefault.xctoolchain/usr/bin/swiftc --version
ExecuteExternalTool /Applications/Xcode-27.0.0-Release.Candidate.app/Contents/Developer/Toolchains/XcodeDefault.xctoolchain/usr/bin/ld -version_details
Build description signature: 328f28965898f90328fc5ae0372482fa
Build description path: /Users/admin/builder/spi-builder-workspace/.derivedData/Build/Intermediates.noindex/XCBuildData/328f28965898f90328fc5ae0372482fa.xcbuilddata
CreateBuildDirectory /Users/admin/builder/spi-builder-workspace/.derivedData/CompilationCache.noindex
cd /Users/admin/builder/spi-builder-workspace/.swiftpm/xcode
builtin-create-build-directory /Users/admin/builder/spi-builder-workspace/.derivedData/CompilationCache.noindex
CreateBuildDirectory /Users/admin/builder/spi-builder-workspace/.derivedData/SDKExplicitPrecompiledModules
cd /Users/admin/builder/spi-builder-workspace/.swiftpm/xcode
builtin-create-build-directory /Users/admin/builder/spi-builder-workspace/.derivedData/SDKExplicitPrecompiledModules
CreateBuildDirectory /Users/admin/builder/spi-builder-workspace/.derivedData/ModuleCache.noindex
cd /Users/admin/builder/spi-builder-workspace/.swiftpm/xcode
builtin-create-build-directory /Users/admin/builder/spi-builder-workspace/.derivedData/ModuleCache.noindex
ClangStatCache /Applications/Xcode-27.0.0-Release.Candidate.app/Contents/Developer/Toolchains/XcodeDefault.xctoolchain/usr/bin/clang-stat-cache /Applications/Xcode-27.0.0-Release.Candidate.app/Contents/Developer/Platforms/AppleTVOS.platform/Developer/SDKs/AppleTVOS27.0.sdk /Users/admin/builder/spi-builder-workspace/.derivedData/SDKStatCaches.noindex/appletvos27.0-24J360-e829b21a6f8c9b70876ba0858053c044b32bfd8d43560033f8d89884cdb90028.sdkstatcache
cd /Users/admin/builder/spi-builder-workspace/.swiftpm/xcode
/Applications/Xcode-27.0.0-Release.Candidate.app/Contents/Developer/Toolchains/XcodeDefault.xctoolchain/usr/bin/clang-stat-cache /Applications/Xcode-27.0.0-Release.Candidate.app/Contents/Developer/Platforms/AppleTVOS.platform/Developer/SDKs/AppleTVOS27.0.sdk -o /Users/admin/builder/spi-builder-workspace/.derivedData/SDKStatCaches.noindex/appletvos27.0-24J360-e829b21a6f8c9b70876ba0858053c044b32bfd8d43560033f8d89884cdb90028.sdkstatcache
CreateBuildDirectory /Users/admin/builder/spi-builder-workspace/.derivedData/Build/Products
cd /Users/admin/builder/spi-builder-workspace/.swiftpm/xcode
builtin-create-build-directory /Users/admin/builder/spi-builder-workspace/.derivedData/Build/Products
CreateBuildDirectory /Users/admin/builder/spi-builder-workspace/.derivedData/Build/Intermediates.noindex
cd /Users/admin/builder/spi-builder-workspace/.swiftpm/xcode
builtin-create-build-directory /Users/admin/builder/spi-builder-workspace/.derivedData/Build/Intermediates.noindex
CreateBuildDirectory /Users/admin/builder/spi-builder-workspace/.derivedData/Build/Intermediates.noindex/SwiftExplicitPrecompiledModules
cd /Users/admin/builder/spi-builder-workspace/.swiftpm/xcode
builtin-create-build-directory /Users/admin/builder/spi-builder-workspace/.derivedData/Build/Intermediates.noindex/SwiftExplicitPrecompiledModules
CreateBuildDirectory /Users/admin/builder/spi-builder-workspace/.derivedData/Build/Intermediates.noindex/PrecompiledHeaders
cd /Users/admin/builder/spi-builder-workspace/.swiftpm/xcode
builtin-create-build-directory /Users/admin/builder/spi-builder-workspace/.derivedData/Build/Intermediates.noindex/PrecompiledHeaders
CreateBuildDirectory /Users/admin/builder/spi-builder-workspace/.derivedData/Build/Intermediates.noindex/ExplicitPrecompiledModules
cd /Users/admin/builder/spi-builder-workspace/.swiftpm/xcode
builtin-create-build-directory /Users/admin/builder/spi-builder-workspace/.derivedData/Build/Intermediates.noindex/ExplicitPrecompiledModules
CreateBuildDirectory /Users/admin/builder/spi-builder-workspace/.derivedData/Build/Intermediates.noindex/EagerLinkingTBDs/Debug-appletvos
cd /Users/admin/builder/spi-builder-workspace/.swiftpm/xcode
builtin-create-build-directory /Users/admin/builder/spi-builder-workspace/.derivedData/Build/Intermediates.noindex/EagerLinkingTBDs/Debug-appletvos
CreateBuildDirectory /Users/admin/builder/spi-builder-workspace/.derivedData/Build/Products/Debug-appletvos
cd /Users/admin/builder/spi-builder-workspace/.swiftpm/xcode
builtin-create-build-directory /Users/admin/builder/spi-builder-workspace/.derivedData/Build/Products/Debug-appletvos
CreateBuildDirectory /Users/admin/builder/spi-builder-workspace/.derivedData/Build/Products/Debug-appletvos/PackageFrameworks
cd /Users/admin/builder/spi-builder-workspace/.swiftpm/xcode
builtin-create-build-directory /Users/admin/builder/spi-builder-workspace/.derivedData/Build/Products/Debug-appletvos/PackageFrameworks
MkDir /Users/admin/builder/spi-builder-workspace/.derivedData/Build/Products/Debug-appletvos/SwiftNP_SwiftNP.bundle (in target 'SwiftNP_SwiftNP' from project 'SwiftNP')
cd /Users/admin/builder/spi-builder-workspace
/bin/mkdir -p /Users/admin/builder/spi-builder-workspace/.derivedData/Build/Products/Debug-appletvos/SwiftNP_SwiftNP.bundle
WriteAuxiliaryFile /Users/admin/builder/spi-builder-workspace/.derivedData/Build/Intermediates.noindex/SwiftNP.build/Debug-appletvos/SwiftNP_SwiftNP-b.build/SwiftNP_SwiftNP.DependencyMetadataFileList (in target 'SwiftNP_SwiftNP' from project 'SwiftNP')
cd /Users/admin/builder/spi-builder-workspace
write-file /Users/admin/builder/spi-builder-workspace/.derivedData/Build/Intermediates.noindex/SwiftNP.build/Debug-appletvos/SwiftNP_SwiftNP-b.build/SwiftNP_SwiftNP.DependencyMetadataFileList
WriteAuxiliaryFile /Users/admin/builder/spi-builder-workspace/.derivedData/Build/Intermediates.noindex/SwiftNP.build/Debug-appletvos/SwiftNP_SwiftNP-b.build/empty-SwiftNP_SwiftNP.plist (in target 'SwiftNP_SwiftNP' from project 'SwiftNP')
cd /Users/admin/builder/spi-builder-workspace
write-file /Users/admin/builder/spi-builder-workspace/.derivedData/Build/Intermediates.noindex/SwiftNP.build/Debug-appletvos/SwiftNP_SwiftNP-b.build/empty-SwiftNP_SwiftNP.plist
WriteAuxiliaryFile /Users/admin/builder/spi-builder-workspace/.derivedData/Build/Intermediates.noindex/SwiftNP.build/Debug-appletvos/SwiftNP_SwiftNP-b.build/SwiftNP_SwiftNP.DependencyStaticMetadataFileList (in target 'SwiftNP_SwiftNP' from project 'SwiftNP')
cd /Users/admin/builder/spi-builder-workspace
write-file /Users/admin/builder/spi-builder-workspace/.derivedData/Build/Intermediates.noindex/SwiftNP.build/Debug-appletvos/SwiftNP_SwiftNP-b.build/SwiftNP_SwiftNP.DependencyStaticMetadataFileList
WriteAuxiliaryFile /Users/admin/builder/spi-builder-workspace/.derivedData/Build/Intermediates.noindex/SwiftNP.build/Debug-appletvos/SwiftNP-t.build/SwiftNP.modulemap (in target 'SwiftNP' from project 'SwiftNP')
cd /Users/admin/builder/spi-builder-workspace
write-file /Users/admin/builder/spi-builder-workspace/.derivedData/Build/Intermediates.noindex/SwiftNP.build/Debug-appletvos/SwiftNP-t.build/SwiftNP.modulemap
WriteAuxiliaryFile /Users/admin/builder/spi-builder-workspace/.derivedData/Build/Intermediates.noindex/SwiftNP.build/Debug-appletvos/SwiftNP-t.build/SwiftNP.DependencyStaticMetadataFileList (in target 'SwiftNP' from project 'SwiftNP')
cd /Users/admin/builder/spi-builder-workspace
write-file /Users/admin/builder/spi-builder-workspace/.derivedData/Build/Intermediates.noindex/SwiftNP.build/Debug-appletvos/SwiftNP-t.build/SwiftNP.DependencyStaticMetadataFileList
WriteAuxiliaryFile /Users/admin/builder/spi-builder-workspace/.derivedData/Build/Intermediates.noindex/SwiftNP.build/Debug-appletvos/SwiftNP-t.build/SwiftNP.DependencyMetadataFileList (in target 'SwiftNP' from project 'SwiftNP')
cd /Users/admin/builder/spi-builder-workspace
write-file /Users/admin/builder/spi-builder-workspace/.derivedData/Build/Intermediates.noindex/SwiftNP.build/Debug-appletvos/SwiftNP-t.build/SwiftNP.DependencyMetadataFileList
WriteAuxiliaryFile /Users/admin/builder/spi-builder-workspace/.derivedData/Build/Intermediates.noindex/SwiftNP.build/Debug-appletvos/SwiftNP-t.build/Objects-normal/arm64/SwiftNP_const_extract_protocols.json (in target 'SwiftNP' from project 'SwiftNP')
cd /Users/admin/builder/spi-builder-workspace
write-file /Users/admin/builder/spi-builder-workspace/.derivedData/Build/Intermediates.noindex/SwiftNP.build/Debug-appletvos/SwiftNP-t.build/Objects-normal/arm64/SwiftNP_const_extract_protocols.json
WriteAuxiliaryFile /Users/admin/builder/spi-builder-workspace/.derivedData/Build/Intermediates.noindex/SwiftNP.build/Debug-appletvos/SwiftNP-t.build/Objects-normal/arm64/SwiftNP.SwiftFileList (in target 'SwiftNP' from project 'SwiftNP')
cd /Users/admin/builder/spi-builder-workspace
write-file /Users/admin/builder/spi-builder-workspace/.derivedData/Build/Intermediates.noindex/SwiftNP.build/Debug-appletvos/SwiftNP-t.build/Objects-normal/arm64/SwiftNP.SwiftFileList
WriteAuxiliaryFile /Users/admin/builder/spi-builder-workspace/.derivedData/Build/Intermediates.noindex/SwiftNP.build/Debug-appletvos/SwiftNP-t.build/Objects-normal/arm64/SwiftNP.SwiftConstValuesFileList (in target 'SwiftNP' from project 'SwiftNP')
cd /Users/admin/builder/spi-builder-workspace
write-file /Users/admin/builder/spi-builder-workspace/.derivedData/Build/Intermediates.noindex/SwiftNP.build/Debug-appletvos/SwiftNP-t.build/Objects-normal/arm64/SwiftNP.SwiftConstValuesFileList
WriteAuxiliaryFile /Users/admin/builder/spi-builder-workspace/.derivedData/Build/Intermediates.noindex/SwiftNP.build/Debug-appletvos/SwiftNP-t.build/Objects-normal/arm64/SwiftNP.LinkFileList (in target 'SwiftNP' from project 'SwiftNP')
cd /Users/admin/builder/spi-builder-workspace
write-file /Users/admin/builder/spi-builder-workspace/.derivedData/Build/Intermediates.noindex/SwiftNP.build/Debug-appletvos/SwiftNP-t.build/Objects-normal/arm64/SwiftNP.LinkFileList
WriteAuxiliaryFile /Users/admin/builder/spi-builder-workspace/.derivedData/Build/Intermediates.noindex/SwiftNP.build/Debug-appletvos/SwiftNP-t.build/Objects-normal/arm64/SwiftNP-OutputFileMap.json (in target 'SwiftNP' from project 'SwiftNP')
cd /Users/admin/builder/spi-builder-workspace
write-file /Users/admin/builder/spi-builder-workspace/.derivedData/Build/Intermediates.noindex/SwiftNP.build/Debug-appletvos/SwiftNP-t.build/Objects-normal/arm64/SwiftNP-OutputFileMap.json
WriteAuxiliaryFile /Users/admin/builder/spi-builder-workspace/.derivedData/Build/Intermediates.noindex/SwiftNP.build/Debug-appletvos/SwiftNP-t.build/DerivedSources/resource_bundle_accessor.swift (in target 'SwiftNP' from project 'SwiftNP')
cd /Users/admin/builder/spi-builder-workspace
write-file /Users/admin/builder/spi-builder-workspace/.derivedData/Build/Intermediates.noindex/SwiftNP.build/Debug-appletvos/SwiftNP-t.build/DerivedSources/resource_bundle_accessor.swift
Copy /Users/admin/builder/spi-builder-workspace/.derivedData/Build/Intermediates.noindex/GeneratedModuleMaps-appletvos/SwiftNP.modulemap /Users/admin/builder/spi-builder-workspace/.derivedData/Build/Intermediates.noindex/SwiftNP.build/Debug-appletvos/SwiftNP-t.build/SwiftNP.modulemap (in target 'SwiftNP' from project 'SwiftNP')
cd /Users/admin/builder/spi-builder-workspace
builtin-copy -exclude .DS_Store -exclude CVS -exclude .svn -exclude .git -exclude .hg -resolve-src-symlinks /Users/admin/builder/spi-builder-workspace/.derivedData/Build/Intermediates.noindex/SwiftNP.build/Debug-appletvos/SwiftNP-t.build/SwiftNP.modulemap /Users/admin/builder/spi-builder-workspace/.derivedData/Build/Intermediates.noindex/GeneratedModuleMaps-appletvos
ProcessInfoPlistFile /Users/admin/builder/spi-builder-workspace/.derivedData/Build/Products/Debug-appletvos/SwiftNP_SwiftNP.bundle/Info.plist /Users/admin/builder/spi-builder-workspace/.derivedData/Build/Intermediates.noindex/SwiftNP.build/Debug-appletvos/SwiftNP_SwiftNP-b.build/empty-SwiftNP_SwiftNP.plist (in target 'SwiftNP_SwiftNP' from project 'SwiftNP')
cd /Users/admin/builder/spi-builder-workspace
builtin-infoPlistUtility /Users/admin/builder/spi-builder-workspace/.derivedData/Build/Intermediates.noindex/SwiftNP.build/Debug-appletvos/SwiftNP_SwiftNP-b.build/empty-SwiftNP_SwiftNP.plist -producttype com.apple.product-type.bundle -expandbuildsettings -format binary -platform appletvos -o /Users/admin/builder/spi-builder-workspace/.derivedData/Build/Products/Debug-appletvos/SwiftNP_SwiftNP.bundle/Info.plist
CpResource /Users/admin/builder/spi-builder-workspace/.derivedData/Build/Products/Debug-appletvos/SwiftNP_SwiftNP.bundle/banner.png /Users/admin/builder/spi-builder-workspace/Sources/SwiftNP/Resources/banner.png (in target 'SwiftNP_SwiftNP' from project 'SwiftNP')
cd /Users/admin/builder/spi-builder-workspace
builtin-copy -exclude .DS_Store -exclude CVS -exclude .svn -exclude .git -exclude .hg -resolve-src-symlinks /Users/admin/builder/spi-builder-workspace/Sources/SwiftNP/Resources/banner.png /Users/admin/builder/spi-builder-workspace/.derivedData/Build/Products/Debug-appletvos/SwiftNP_SwiftNP.bundle
CompileXCStrings /Users/admin/builder/spi-builder-workspace/.derivedData/Build/Intermediates.noindex/SwiftNP.build/Debug-appletvos/SwiftNP_SwiftNP-b.build/ /Users/admin/builder/spi-builder-workspace/Sources/SwiftNP/Resources/Localizable.xcstrings (in target 'SwiftNP_SwiftNP' from project 'SwiftNP')
cd /Users/admin/builder/spi-builder-workspace
/Applications/Xcode-27.0.0-Release.Candidate.app/Contents/Developer/usr/bin/xcstringstool compile --output-directory /Users/admin/builder/spi-builder-workspace/.derivedData/Build/Intermediates.noindex/SwiftNP.build/Debug-appletvos/SwiftNP_SwiftNP-b.build /Users/admin/builder/spi-builder-workspace/Sources/SwiftNP/Resources/Localizable.xcstrings
CopyStringsFile /Users/admin/builder/spi-builder-workspace/.derivedData/Build/Products/Debug-appletvos/SwiftNP_SwiftNP.bundle/en.lproj/Localizable.strings /Users/admin/builder/spi-builder-workspace/.derivedData/Build/Intermediates.noindex/SwiftNP.build/Debug-appletvos/SwiftNP_SwiftNP-b.build/en.lproj/Localizable.strings (in target 'SwiftNP_SwiftNP' from project 'SwiftNP')
cd /Users/admin/builder/spi-builder-workspace
builtin-copyStrings --validate --outputencoding binary --outfilename Localizable.strings --outdir /Users/admin/builder/spi-builder-workspace/.derivedData/Build/Products/Debug-appletvos/SwiftNP_SwiftNP.bundle/en.lproj -- /Users/admin/builder/spi-builder-workspace/.derivedData/Build/Intermediates.noindex/SwiftNP.build/Debug-appletvos/SwiftNP_SwiftNP-b.build/en.lproj/Localizable.strings
/Users/admin/builder/spi-builder-workspace/.derivedData/Build/Intermediates.noindex/SwiftNP.build/Debug-appletvos/SwiftNP_SwiftNP-b.build/en.lproj/Localizable.strings:1:1: note: detected encoding of input file as Unicode (UTF-8) (in target 'SwiftNP_SwiftNP' from project 'SwiftNP')
RegisterExecutionPolicyException /Users/admin/builder/spi-builder-workspace/.derivedData/Build/Products/Debug-appletvos/SwiftNP_SwiftNP.bundle (in target 'SwiftNP_SwiftNP' from project 'SwiftNP')
cd /Users/admin/builder/spi-builder-workspace
builtin-RegisterExecutionPolicyException /Users/admin/builder/spi-builder-workspace/.derivedData/Build/Products/Debug-appletvos/SwiftNP_SwiftNP.bundle
Touch /Users/admin/builder/spi-builder-workspace/.derivedData/Build/Products/Debug-appletvos/SwiftNP_SwiftNP.bundle (in target 'SwiftNP_SwiftNP' from project 'SwiftNP')
cd /Users/admin/builder/spi-builder-workspace
/usr/bin/touch -c /Users/admin/builder/spi-builder-workspace/.derivedData/Build/Products/Debug-appletvos/SwiftNP_SwiftNP.bundle
SwiftDriver SwiftNP normal arm64 com.apple.xcode.tools.swift.compiler (in target 'SwiftNP' from project 'SwiftNP')
cd /Users/admin/builder/spi-builder-workspace/.swiftpm/xcode
builtin-SwiftDriver -- /Applications/Xcode-27.0.0-Release.Candidate.app/Contents/Developer/Toolchains/XcodeDefault.xctoolchain/usr/bin/swiftc -parse-as-library -module-name SwiftNP -Onone @/Users/admin/builder/spi-builder-workspace/.derivedData/Build/Intermediates.noindex/SwiftNP.build/Debug-appletvos/SwiftNP-t.build/Objects-normal/arm64/SwiftNP.SwiftFileList -DSWIFT_PACKAGE -DDEBUG -DSWIFT_MODULE_RESOURCE_BUNDLE_AVAILABLE -DXcode -plugin-path /Applications/Xcode-27.0.0-Release.Candidate.app/Contents/Developer/Toolchains/XcodeDefault.xctoolchain/usr/lib/swift/host/plugins/testing -enable-experimental-feature DebugDescriptionMacro -sdk /Applications/Xcode-27.0.0-Release.Candidate.app/Contents/Developer/Platforms/AppleTVOS.platform/Developer/SDKs/AppleTVOS27.0.sdk -target arm64-apple-tvos15.0 -g -module-cache-path /Users/admin/builder/spi-builder-workspace/.derivedData/ModuleCache.noindex -Xfrontend -serialize-debugging-options -profile-coverage-mapping -profile-generate -enable-testing -index-store-path /Users/admin/builder/spi-builder-workspace/.derivedData/Index.noindex/DataStore -Xcc -D_LIBCPP_HARDENING_MODE\=_LIBCPP_HARDENING_MODE_DEBUG -swift-version 6 -I /Users/admin/builder/spi-builder-workspace/.derivedData/Build/Products/Debug-appletvos -Isystem /Applications/Xcode-27.0.0-Release.Candidate.app/Contents/Developer/Platforms/AppleTVOS.platform/Developer/usr/lib -F /Users/admin/builder/spi-builder-workspace/.derivedData/Build/Products/Debug-appletvos -F /Applications/Xcode-27.0.0-Release.Candidate.app/Contents/Developer/Platforms/AppleTVOS.platform/Developer/Library/Frameworks -F /Applications/Xcode-27.0.0-Release.Candidate.app/Contents/Developer/Platforms/AppleTVOS.platform/Developer/SDKs/AppleTVOS27.0.sdk/Developer/Library/Frameworks -c -j10 -enable-batch-mode -incremental -Xcc -ivfsstatcache -Xcc /Users/admin/builder/spi-builder-workspace/.derivedData/SDKStatCaches.noindex/appletvos27.0-24J360-e829b21a6f8c9b70876ba0858053c044b32bfd8d43560033f8d89884cdb90028.sdkstatcache -output-file-map /Users/admin/builder/spi-builder-workspace/.derivedData/Build/Intermediates.noindex/SwiftNP.build/Debug-appletvos/SwiftNP-t.build/Objects-normal/arm64/SwiftNP-OutputFileMap.json -save-temps -no-color-diagnostics -explicit-module-build -module-cache-path /Users/admin/builder/spi-builder-workspace/.derivedData/Build/Intermediates.noindex/SwiftExplicitPrecompiledModules -clang-scanner-module-cache-path /Users/admin/builder/spi-builder-workspace/.derivedData/ModuleCache.noindex -sdk-module-cache-path /Users/admin/builder/spi-builder-workspace/.derivedData/SDKExplicitPrecompiledModules -emit-dependencies -emit-module -emit-module-path /Users/admin/builder/spi-builder-workspace/.derivedData/Build/Intermediates.noindex/SwiftNP.build/Debug-appletvos/SwiftNP-t.build/Objects-normal/arm64/SwiftNP.swiftmodule -serialize-diagnostics -dependency-scan-serialize-diagnostics-path /Users/admin/builder/spi-builder-workspace/.derivedData/Build/Intermediates.noindex/SwiftNP.build/Debug-appletvos/SwiftNP-t.build/Objects-normal/arm64/SwiftNP-dependency-scan.dia -validate-clang-modules-once -clang-build-session-file /Users/admin/builder/spi-builder-workspace/.derivedData/ModuleCache.noindex/Session.modulevalidation -Xcc -fmodules-prune-interval\=86400 -Xcc -fmodules-prune-after\=345600 -package-name spi_builder_workspace -emit-const-values -const-gather-protocols-list /Users/admin/builder/spi-builder-workspace/.derivedData/Build/Intermediates.noindex/SwiftNP.build/Debug-appletvos/SwiftNP-t.build/Objects-normal/arm64/SwiftNP_const_extract_protocols.json -Xcc -I/Users/admin/builder/spi-builder-workspace/.derivedData/Build/Products/Debug-appletvos/include -Xcc -I/Users/admin/builder/spi-builder-workspace/.derivedData/Build/Intermediates.noindex/SwiftNP.build/Debug-appletvos/SwiftNP-t.build/DerivedSources-normal/arm64 -Xcc -I/Users/admin/builder/spi-builder-workspace/.derivedData/Build/Intermediates.noindex/SwiftNP.build/Debug-appletvos/SwiftNP-t.build/DerivedSources/arm64 -Xcc -I/Users/admin/builder/spi-builder-workspace/.derivedData/Build/Intermediates.noindex/SwiftNP.build/Debug-appletvos/SwiftNP-t.build/DerivedSources -Xcc -DSWIFT_PACKAGE -Xcc -DDEBUG\=1 -emit-objc-header -emit-objc-header-path /Users/admin/builder/spi-builder-workspace/.derivedData/Build/Intermediates.noindex/SwiftNP.build/Debug-appletvos/SwiftNP-t.build/Objects-normal/arm64/SwiftNP-Swift.h -working-directory /Users/admin/builder/spi-builder-workspace/.swiftpm/xcode -experimental-emit-module-separately -disable-cmo
SwiftExplicitDependencyGeneratePcm arm64 /Users/admin/builder/spi-builder-workspace/.derivedData/SDKExplicitPrecompiledModules/SwiftShims-73G9EXEO9PVWB6PL1BR4TAJ0B.pcm
SwiftExplicitDependencyGeneratePcm arm64 /Users/admin/builder/spi-builder-workspace/.derivedData/SDKExplicitPrecompiledModules/_Builtin_stdarg-719DH4G2R3NRP3HRX5HE8WX08.pcm
SwiftExplicitDependencyGeneratePcm arm64 /Users/admin/builder/spi-builder-workspace/.derivedData/SDKExplicitPrecompiledModules/_SwiftConcurrencyShims-3HZGHPZQL3GY71QUHDRB0P39S.pcm
SwiftExplicitDependencyGeneratePcm arm64 /Users/admin/builder/spi-builder-workspace/.derivedData/SDKExplicitPrecompiledModules/_Builtin_float-3RF4B70MBHPP952AX3GNZ8W3H.pcm
SwiftExplicitDependencyGeneratePcm arm64 /Users/admin/builder/spi-builder-workspace/.derivedData/SDKExplicitPrecompiledModules/_Builtin_stddef-1MAO6P3OSQFGZFQEPM31XXNSS.pcm
SwiftExplicitDependencyGeneratePcm arm64 /Users/admin/builder/spi-builder-workspace/.derivedData/SDKExplicitPrecompiledModules/DeveloperToolsSupport-CJV8SY9BXJUTONPFWMLQEGTXA.pcm
SwiftExplicitDependencyGeneratePcm arm64 /Users/admin/builder/spi-builder-workspace/.derivedData/SDKExplicitPrecompiledModules/_Builtin_stdbool-4UUPXTY52W6RPSB0N2WGGLTJT.pcm
SwiftExplicitDependencyGeneratePcm arm64 /Users/admin/builder/spi-builder-workspace/.derivedData/SDKExplicitPrecompiledModules/ptrauth-EMKXYE8GN9BK4M3ODSTVDUJU2.pcm
SwiftExplicitDependencyGeneratePcm arm64 /Users/admin/builder/spi-builder-workspace/.derivedData/SDKExplicitPrecompiledModules/_AvailabilityInternal-99L1JVU5TYE8S0FGGB7E09QQS.pcm
SwiftExplicitDependencyGeneratePcm arm64 /Users/admin/builder/spi-builder-workspace/.derivedData/SDKExplicitPrecompiledModules/ptrcheck-BA65H1NXYZJ0BLLWO9HZOAZ6Y.pcm
SwiftExplicitDependencyGeneratePcm arm64 /Users/admin/builder/spi-builder-workspace/.derivedData/SDKExplicitPrecompiledModules/_DarwinFoundation1-90NUFDXQ765U5FR62173FT21A.pcm
SwiftExplicitDependencyGeneratePcm arm64 /Users/admin/builder/spi-builder-workspace/.derivedData/SDKExplicitPrecompiledModules/_Builtin_limits-3JICJWOCEYXXXNXAMEJBF6UQN.pcm
SwiftExplicitDependencyGeneratePcm arm64 /Users/admin/builder/spi-builder-workspace/.derivedData/SDKExplicitPrecompiledModules/_DarwinFoundation2-EPKSYG5WMVE7WSPFQB4C0UC59.pcm
SwiftExplicitDependencyGeneratePcm arm64 /Users/admin/builder/spi-builder-workspace/.derivedData/SDKExplicitPrecompiledModules/_Builtin_stdint-A8OKY0NXO26BZ4GWYKP79TKL9.pcm
SwiftExplicitDependencyGeneratePcm arm64 /Users/admin/builder/spi-builder-workspace/.derivedData/SDKExplicitPrecompiledModules/sys_types-CATSGLJDZ8UZUMKHO6M4I4PJT.pcm
SwiftExplicitDependencyGeneratePcm arm64 /Users/admin/builder/spi-builder-workspace/.derivedData/SDKExplicitPrecompiledModules/_Builtin_tgmath-320K271Z6IM134IWIB7S3LTD.pcm
SwiftExplicitDependencyGeneratePcm arm64 /Users/admin/builder/spi-builder-workspace/.derivedData/SDKExplicitPrecompiledModules/string_h-B6D36UOVIZC2Y0YE3KEZLZAP6.pcm
SwiftExplicitDependencyGeneratePcm arm64 /Users/admin/builder/spi-builder-workspace/.derivedData/SDKExplicitPrecompiledModules/_DarwinFoundation3-63L5I5VCGX6CLI6HI7OWUXJN6.pcm
SwiftExplicitDependencyGeneratePcm arm64 /Users/admin/builder/spi-builder-workspace/.derivedData/SDKExplicitPrecompiledModules/_Builtin_intrinsics-AQDFY8KQQX9Z38C6EI15S53EQ.pcm
SwiftExplicitDependencyGeneratePcm arm64 /Users/admin/builder/spi-builder-workspace/.derivedData/SDKExplicitPrecompiledModules/_Builtin_stdatomic-71DQV8BR56LNANL900GGEC9KO.pcm
SwiftExplicitDependencyGeneratePcm arm64 /Users/admin/builder/spi-builder-workspace/.derivedData/SDKExplicitPrecompiledModules/_Builtin_inttypes-80RS02PM2X81SP8N0Q7X05540.pcm
SwiftExplicitDependencyGeneratePcm arm64 /Users/admin/builder/spi-builder-workspace/.derivedData/SDKExplicitPrecompiledModules/Darwin-1VTILT8KA42CNDAUB0H1FM7MC.pcm
SwiftExplicitDependencyGeneratePcm arm64 /Users/admin/builder/spi-builder-workspace/.derivedData/SDKExplicitPrecompiledModules/simd-D50CDGAQRFNF5E2BA2UWCCHLJ.pcm
SwiftExplicitDependencyGeneratePcm arm64 /Users/admin/builder/spi-builder-workspace/.derivedData/SDKExplicitPrecompiledModules/ObjectiveC-CC0BYHG21IQMMT48PGDNSK7G6.pcm
SwiftExplicitDependencyGeneratePcm arm64 /Users/admin/builder/spi-builder-workspace/.derivedData/SDKExplicitPrecompiledModules/MachO-A5KLTMTLJD1DPHEYPZHUSRJ4O.pcm
SwiftExplicitDependencyGeneratePcm arm64 /Users/admin/builder/spi-builder-workspace/.derivedData/SDKExplicitPrecompiledModules/os_object-1TJLDNS7X3UT7Y5TM4QQ2RN6G.pcm
SwiftExplicitDependencyGeneratePcm arm64 /Users/admin/builder/spi-builder-workspace/.derivedData/SDKExplicitPrecompiledModules/os_workgroup-E61GF9E8FAHZGKXVOV9QHUD27.pcm
SwiftExplicitDependencyGeneratePcm arm64 /Users/admin/builder/spi-builder-workspace/.derivedData/SDKExplicitPrecompiledModules/Spatial-2KZFBWN278VTZL619Y96SAJC9.pcm
SwiftExplicitDependencyGeneratePcm arm64 /Users/admin/builder/spi-builder-workspace/.derivedData/SDKExplicitPrecompiledModules/Dispatch-F564M6B2H1RRD83XZ8EBWFSHE.pcm
SwiftExplicitDependencyGeneratePcm arm64 /Users/admin/builder/spi-builder-workspace/.derivedData/SDKExplicitPrecompiledModules/CoreFoundation-A4LOYEEJIFQKOPZRDOG9M3N2K.pcm
SwiftExplicitDependencyGeneratePcm arm64 /Users/admin/builder/spi-builder-workspace/.derivedData/SDKExplicitPrecompiledModules/XPC-2WVXL0UION0MYZOZAJZC6DUXD.pcm
SwiftExplicitDependencyGeneratePcm arm64 /Users/admin/builder/spi-builder-workspace/.derivedData/SDKExplicitPrecompiledModules/os-4NLIUP5HHN7FW5ML70YLEU8QE.pcm
SwiftExplicitDependencyGeneratePcm arm64 /Users/admin/builder/spi-builder-workspace/.derivedData/SDKExplicitPrecompiledModules/Security-6KU6X9W8QDIJW83JUF0DRES83.pcm
SwiftExplicitDependencyGeneratePcm arm64 /Users/admin/builder/spi-builder-workspace/.derivedData/SDKExplicitPrecompiledModules/CFNetwork-8S7XZ5SI3TWM2JOZPDZPRY8W9.pcm
SwiftExplicitDependencyGeneratePcm arm64 /Users/admin/builder/spi-builder-workspace/.derivedData/SDKExplicitPrecompiledModules/CoreGraphics-D8Y0X4J52BHG7HHUQLTX6SXE1.pcm
SwiftExplicitDependencyGeneratePcm arm64 /Users/admin/builder/spi-builder-workspace/.derivedData/SDKExplicitPrecompiledModules/Foundation-1AS5K10MY6XENLLR2NDUCKYTM.pcm
SwiftExplicitDependencyGeneratePcm arm64 /Users/admin/builder/spi-builder-workspace/.derivedData/SDKExplicitPrecompiledModules/ImageIO-48DA7ET77Q34HPZP9CPHI9VS4.pcm
SwiftExplicitDependencyGeneratePcm arm64 /Users/admin/builder/spi-builder-workspace/.derivedData/SDKExplicitPrecompiledModules/CoreText-E0GG8D3D527TJX7D2QEHFQLM2.pcm
SwiftExplicitDependencyGeneratePcm arm64 /Users/admin/builder/spi-builder-workspace/.derivedData/SDKExplicitPrecompiledModules/_LocationEssentials-2OY9351FRBO717MIULOKMYA9E.pcm
SwiftExplicitDependencyGeneratePcm arm64 /Users/admin/builder/spi-builder-workspace/.derivedData/SDKExplicitPrecompiledModules/UIUtilities-9NQVCWATNLLVY125LB74695HY.pcm
SwiftExplicitDependencyGeneratePcm arm64 /Users/admin/builder/spi-builder-workspace/.derivedData/SDKExplicitPrecompiledModules/Accessibility-EAPB6A95K5V0S27QNKR6ATG7F.pcm
SwiftExplicitDependencyGeneratePcm arm64 /Users/admin/builder/spi-builder-workspace/.derivedData/SDKExplicitPrecompiledModules/UniformTypeIdentifiers-DQ77M7R0D7VCBK0YUO3VHCRB1.pcm
SwiftExplicitDependencyGeneratePcm arm64 /Users/admin/builder/spi-builder-workspace/.derivedData/SDKExplicitPrecompiledModules/IOSurface-DEQULTJ8SC21O986FDCNTM8FX.pcm
SwiftExplicitDependencyGeneratePcm arm64 /Users/admin/builder/spi-builder-workspace/.derivedData/SDKExplicitPrecompiledModules/DataDetection-9IX0C1MAX33MS6TCZDSNKXEO8.pcm
SwiftExplicitDependencyGeneratePcm arm64 /Users/admin/builder/spi-builder-workspace/.derivedData/SDKExplicitPrecompiledModules/CoreTransferable-84B3V3M9DHRIQERK179SSQO5U.pcm
SwiftExplicitDependencyGeneratePcm arm64 /Users/admin/builder/spi-builder-workspace/.derivedData/SDKExplicitPrecompiledModules/UserNotifications-AKH3GC0FQWUK55FNTW4WEMFQE.pcm
SwiftExplicitDependencyGeneratePcm arm64 /Users/admin/builder/spi-builder-workspace/.derivedData/SDKExplicitPrecompiledModules/Symbols-9TNA7JIKOEYVTYC7A16HCS4Z8.pcm
SwiftExplicitDependencyGeneratePcm arm64 /Users/admin/builder/spi-builder-workspace/.derivedData/SDKExplicitPrecompiledModules/OSLog-1UX1YGRJSIOEO9YC3MNFFD818.pcm
SwiftExplicitDependencyGeneratePcm arm64 /Users/admin/builder/spi-builder-workspace/.derivedData/SDKExplicitPrecompiledModules/CoreLocation-6939X9DMB2SA43P0TYB7Z14Z5.pcm
SwiftExplicitDependencyGeneratePcm arm64 /Users/admin/builder/spi-builder-workspace/.derivedData/SDKExplicitPrecompiledModules/Metal-52GB3RCZ6A2WEZ7RWCXV2WL0N.pcm
SwiftExplicitDependencyGeneratePcm arm64 /Users/admin/builder/spi-builder-workspace/.derivedData/SDKExplicitPrecompiledModules/OpenGLES-6Y33D4DDPO1R82EJXT1SIGNPS.pcm
SwiftExplicitDependencyGeneratePcm arm64 /Users/admin/builder/spi-builder-workspace/.derivedData/SDKExplicitPrecompiledModules/CoreVideo-5G4VAY32QMJB00PUALI6188LK.pcm
SwiftExplicitDependencyGeneratePcm arm64 /Users/admin/builder/spi-builder-workspace/.derivedData/SDKExplicitPrecompiledModules/CoreImage-ATUQ374FIDJPA1DF5BLR644CG.pcm
SwiftExplicitDependencyGeneratePcm arm64 /Users/admin/builder/spi-builder-workspace/.derivedData/SDKExplicitPrecompiledModules/CoreML-58PT9MNCYYDOS9HHP0R0TZG29.pcm
SwiftExplicitDependencyGeneratePcm arm64 /Users/admin/builder/spi-builder-workspace/.derivedData/SDKExplicitPrecompiledModules/QuartzCore-DSNZZA81DYNK4OK1ANRR6HM7G.pcm
SwiftExplicitDependencyGeneratePcm arm64 /Users/admin/builder/spi-builder-workspace/.derivedData/SDKExplicitPrecompiledModules/SwiftUICore-7SJQ9GB90ACGZV5NB09LFJIRX.pcm
SwiftExplicitDependencyGeneratePcm arm64 /Users/admin/builder/spi-builder-workspace/.derivedData/SDKExplicitPrecompiledModules/UIKit-42T2ZGON9LDZUXRIAUKELQ554.pcm
SwiftCompile normal arm64 Compiling\ UIImage+NDArray.swift,\ NDArrayImpl.swift,\ Arithmetic.swift /Users/admin/builder/spi-builder-workspace/Sources/SwiftNP/Core/NDArrayImpl/Conversions/UIImage+NDArray.swift /Users/admin/builder/spi-builder-workspace/Sources/SwiftNP/Core/NDArrayImpl/NDArrayImpl.swift /Users/admin/builder/spi-builder-workspace/Sources/SwiftNP/Core/NDArrayImpl/Operations/Arithmetic.swift (in target 'SwiftNP' from project 'SwiftNP')
SwiftCompile normal arm64 /Users/admin/builder/spi-builder-workspace/Sources/SwiftNP/Core/NDArrayImpl/Conversions/UIImage+NDArray.swift (in target 'SwiftNP' from project 'SwiftNP')
cd /Users/admin/builder/spi-builder-workspace/.swiftpm/xcode
builtin-SwiftPerFileCompile UIImage+NDArray.swift
SwiftCompile normal arm64 /Users/admin/builder/spi-builder-workspace/Sources/SwiftNP/Core/NDArrayImpl/NDArrayImpl.swift (in target 'SwiftNP' from project 'SwiftNP')
cd /Users/admin/builder/spi-builder-workspace/.swiftpm/xcode
builtin-SwiftPerFileCompile NDArrayImpl.swift
SwiftCompile normal arm64 /Users/admin/builder/spi-builder-workspace/Sources/SwiftNP/Core/NDArrayImpl/Operations/Arithmetic.swift (in target 'SwiftNP' from project 'SwiftNP')
cd /Users/admin/builder/spi-builder-workspace/.swiftpm/xcode
builtin-SwiftPerFileCompile Arithmetic.swift
SwiftEmitModule normal arm64 Emitting\ module\ for\ SwiftNP (in target 'SwiftNP' from project 'SwiftNP')
SwiftCompile normal arm64 (in target 'SwiftNP' from project 'SwiftNP')
cd /Users/admin/builder/spi-builder-workspace/.swiftpm/xcode
SwiftCompile normal arm64 Compiling\ Reshape.swift,\ Statistical.swift,\ Transpose.swift /Users/admin/builder/spi-builder-workspace/Sources/SwiftNP/Core/NDArrayImpl/Operations/Reshape.swift /Users/admin/builder/spi-builder-workspace/Sources/SwiftNP/Core/NDArrayImpl/Operations/Statistical.swift /Users/admin/builder/spi-builder-workspace/Sources/SwiftNP/Core/NDArrayImpl/Operations/Transpose.swift (in target 'SwiftNP' from project 'SwiftNP')
SwiftCompile normal arm64 /Users/admin/builder/spi-builder-workspace/Sources/SwiftNP/Core/NDArrayImpl/Operations/Reshape.swift (in target 'SwiftNP' from project 'SwiftNP')
cd /Users/admin/builder/spi-builder-workspace/.swiftpm/xcode
builtin-SwiftPerFileCompile Reshape.swift
SwiftCompile normal arm64 /Users/admin/builder/spi-builder-workspace/Sources/SwiftNP/Core/NDArrayImpl/Operations/Statistical.swift (in target 'SwiftNP' from project 'SwiftNP')
cd /Users/admin/builder/spi-builder-workspace/.swiftpm/xcode
builtin-SwiftPerFileCompile Statistical.swift
SwiftCompile normal arm64 /Users/admin/builder/spi-builder-workspace/Sources/SwiftNP/Core/NDArrayImpl/Operations/Transpose.swift (in target 'SwiftNP' from project 'SwiftNP')
cd /Users/admin/builder/spi-builder-workspace/.swiftpm/xcode
builtin-SwiftPerFileCompile Transpose.swift
SwiftCompile normal arm64 Compiling\ resource_bundle_accessor.swift,\ Constants.swift,\ NDArrayOperators.swift,\ MLMultiArray+NDArray.swift /Users/admin/builder/spi-builder-workspace/.derivedData/Build/Intermediates.noindex/SwiftNP.build/Debug-appletvos/SwiftNP-t.build/DerivedSources/resource_bundle_accessor.swift /Users/admin/builder/spi-builder-workspace/Sources/SwiftNP/Common/Constants.swift /Users/admin/builder/spi-builder-workspace/Sources/SwiftNP/Common/NDArrayOperators.swift /Users/admin/builder/spi-builder-workspace/Sources/SwiftNP/Core/NDArrayImpl/Conversions/MLMultiArray+NDArray.swift (in target 'SwiftNP' from project 'SwiftNP')
SwiftCompile normal arm64 /Users/admin/builder/spi-builder-workspace/.derivedData/Build/Intermediates.noindex/SwiftNP.build/Debug-appletvos/SwiftNP-t.build/DerivedSources/resource_bundle_accessor.swift (in target 'SwiftNP' from project 'SwiftNP')
cd /Users/admin/builder/spi-builder-workspace/.swiftpm/xcode
builtin-SwiftPerFileCompile resource_bundle_accessor.swift
SwiftCompile normal arm64 /Users/admin/builder/spi-builder-workspace/Sources/SwiftNP/Common/Constants.swift (in target 'SwiftNP' from project 'SwiftNP')
cd /Users/admin/builder/spi-builder-workspace/.swiftpm/xcode
builtin-SwiftPerFileCompile Constants.swift
SwiftCompile normal arm64 /Users/admin/builder/spi-builder-workspace/Sources/SwiftNP/Common/NDArrayOperators.swift (in target 'SwiftNP' from project 'SwiftNP')
cd /Users/admin/builder/spi-builder-workspace/.swiftpm/xcode
builtin-SwiftPerFileCompile NDArrayOperators.swift
SwiftCompile normal arm64 /Users/admin/builder/spi-builder-workspace/Sources/SwiftNP/Core/NDArrayImpl/Conversions/MLMultiArray+NDArray.swift (in target 'SwiftNP' from project 'SwiftNP')
cd /Users/admin/builder/spi-builder-workspace/.swiftpm/xcode
builtin-SwiftPerFileCompile MLMultiArray+NDArray.swift
SwiftCompile normal arm64 Compiling\ ContentType.swift,\ DType.swift,\ ReshapeOrder.swift /Users/admin/builder/spi-builder-workspace/Sources/SwiftNP/Enums/ContentType.swift /Users/admin/builder/spi-builder-workspace/Sources/SwiftNP/Enums/DType.swift /Users/admin/builder/spi-builder-workspace/Sources/SwiftNP/Enums/ReshapeOrder.swift (in target 'SwiftNP' from project 'SwiftNP')
/Users/admin/builder/spi-builder-workspace/Sources/SwiftNP/Enums/DType.swift:58:25: error: 'float16' is only available in tvOS 16.0 or newer
11 | /// An enumeration representing different data types (DType) supported in SwiftNP.
12 | /// Each case corresponds to a numeric type used for arrays and computations.
13 | public enum DType: CaseIterable, Codable {
| `- note: add '@available' attribute to enclosing enum
14 | case int // Represents a 32-bit signed integer
15 | case int8 // Represents an 8-bit signed integer
:
48 | /// A computed property that maps the DType to the corresponding MLMultiArrayDataType.
49 | /// This is useful for integrating with Core ML when converting NDArray data types.
50 | public var mlMultiArrayDataType: MLMultiArrayDataType? {
| `- note: add '@available' attribute to enclosing property
51 | switch self {
52 | // Map all integer types to int32 for compatibility.
:
56 | case .float16:
57 | if #available(iOS 16.0, *) {
58 | return .float16
| |- error: 'float16' is only available in tvOS 16.0 or newer
| `- note: add 'if #available' version check
59 | } else {
60 | return .float32 // Fallback to float32 for earlier iOS versions.
Failed frontend command:
/Applications/Xcode-27.0.0-Release.Candidate.app/Contents/Developer/Toolchains/XcodeDefault.xctoolchain/usr/bin/swift-frontend -frontend -c /Users/admin/builder/spi-builder-workspace/.derivedData/Build/Intermediates.noindex/SwiftNP.build/Debug-appletvos/SwiftNP-t.build/DerivedSources/resource_bundle_accessor.swift /Users/admin/builder/spi-builder-workspace/Sources/SwiftNP/Common/Constants.swift /Users/admin/builder/spi-builder-workspace/Sources/SwiftNP/Common/NDArrayOperators.swift /Users/admin/builder/spi-builder-workspace/Sources/SwiftNP/Core/NDArrayImpl/Conversions/MLMultiArray+NDArray.swift /Users/admin/builder/spi-builder-workspace/Sources/SwiftNP/Core/NDArrayImpl/Conversions/UIImage+NDArray.swift /Users/admin/builder/spi-builder-workspace/Sources/SwiftNP/Core/NDArrayImpl/NDArrayImpl.swift /Users/admin/builder/spi-builder-workspace/Sources/SwiftNP/Core/NDArrayImpl/Operations/Arithmetic.swift /Users/admin/builder/spi-builder-workspace/Sources/SwiftNP/Core/NDArrayImpl/Operations/Broadcasting.swift /Users/admin/builder/spi-builder-workspace/Sources/SwiftNP/Core/NDArrayImpl/Operations/Convenience.swift /Users/admin/builder/spi-builder-workspace/Sources/SwiftNP/Core/NDArrayImpl/Operations/Indexing.swift /Users/admin/builder/spi-builder-workspace/Sources/SwiftNP/Core/NDArrayImpl/Operations/Reshape.swift /Users/admin/builder/spi-builder-workspace/Sources/SwiftNP/Core/NDArrayImpl/Operations/Statistical.swift /Users/admin/builder/spi-builder-workspace/Sources/SwiftNP/Core/NDArrayImpl/Operations/Transpose.swift /Users/admin/builder/spi-builder-workspace/Sources/SwiftNP/Core/Typealiases.swift /Users/admin/builder/spi-builder-workspace/Sources/SwiftNP/Core/Utils.swift /Users/admin/builder/spi-builder-workspace/Sources/SwiftNP/Enums/ArithmeticOperation.swift -primary-file /Users/admin/builder/spi-builder-workspace/Sources/SwiftNP/Enums/ContentType.swift -primary-file /Users/admin/builder/spi-builder-workspace/Sources/SwiftNP/Enums/DType.swift -primary-file /Users/admin/builder/spi-builder-workspace/Sources/SwiftNP/Enums/ReshapeOrder.swift /Users/admin/builder/spi-builder-workspace/Sources/SwiftNP/Enums/SNPError.swift /Users/admin/builder/spi-builder-workspace/Sources/SwiftNP/Enums/ScalarOperation.swift /Users/admin/builder/spi-builder-workspace/Sources/SwiftNP/Extensions/ArrayExtension.swift /Users/admin/builder/spi-builder-workspace/Sources/SwiftNP/Extensions/IntExtension.swift /Users/admin/builder/spi-builder-workspace/Sources/SwiftNP/Extensions/MLMultiArrayDataTypeExtension.swift /Users/admin/builder/spi-builder-workspace/Sources/SwiftNP/Extensions/NDArrayExtension.swift /Users/admin/builder/spi-builder-workspace/Sources/SwiftNP/Extensions/NumericExtension.swift /Users/admin/builder/spi-builder-workspace/Sources/SwiftNP/Extensions/ShapeExtension.swift /Users/admin/builder/spi-builder-workspace/Sources/SwiftNP/Extensions/StringExtension.swift /Users/admin/builder/spi-builder-workspace/Sources/SwiftNP/Protocols/MatrixOperation.swift /Users/admin/builder/spi-builder-workspace/Sources/SwiftNP/Protocols/NDArray.swift /Users/admin/builder/spi-builder-workspace/Sources/SwiftNP/SwiftNP.swift -supplementary-output-file-map /Users/admin/builder/spi-builder-workspace/.derivedData/Build/Intermediates.noindex/SwiftNP.build/Debug-appletvos/SwiftNP-t.build/Objects-normal/arm64/supplementaryOutputs-6 -target arm64-apple-tvos15.0 -module-can-import-version UIKit 9127.0.84.1 9127.0.84 -disable-cross-import-overlay-search -load-resolved-plugin /Applications/Xcode-27.0.0-Release.Candidate.app/Contents/Developer/Platforms/AppleTVOS.platform/Developer/usr/lib/swift/host/plugins/libFoundationMacros.dylib\#/Applications/Xcode-27.0.0-Release.Candidate.app/Contents/Developer/Platforms/AppleTVOS.platform/Developer/usr/bin/swift-plugin-server\#FoundationMacros -load-resolved-plugin /Applications/Xcode-27.0.0-Release.Candidate.app/Contents/Developer/Platforms/AppleTVOS.platform/Developer/usr/lib/swift/host/plugins/libObservationMacros.dylib\#/Applications/Xcode-27.0.0-Release.Candidate.app/Contents/Developer/Platforms/AppleTVOS.platform/Developer/usr/bin/swift-plugin-server\#ObservationMacros -load-resolved-plugin /Applications/Xcode-27.0.0-Release.Candidate.app/Contents/Developer/Platforms/AppleTVOS.platform/Developer/usr/lib/swift/host/plugins/libPreviewsMacros.dylib\#/Applications/Xcode-27.0.0-Release.Candidate.app/Contents/Developer/Platforms/AppleTVOS.platform/Developer/usr/bin/swift-plugin-server\#PreviewsMacros -load-resolved-plugin /Applications/Xcode-27.0.0-Release.Candidate.app/Contents/Developer/Platforms/AppleTVOS.platform/Developer/usr/lib/swift/host/plugins/libSwiftMacros.dylib\#/Applications/Xcode-27.0.0-Release.Candidate.app/Contents/Developer/Platforms/AppleTVOS.platform/Developer/usr/bin/swift-plugin-server\#SwiftMacros -load-resolved-plugin /Applications/Xcode-27.0.0-Release.Candidate.app/Contents/Developer/Platforms/AppleTVOS.platform/Developer/usr/lib/swift/host/plugins/libSwiftUIMacros.dylib\#/Applications/Xcode-27.0.0-Release.Candidate.app/Contents/Developer/Platforms/AppleTVOS.platform/Developer/usr/bin/swift-plugin-server\#SwiftUIMacros -disable-implicit-swift-modules -Xcc -fno-implicit-modules -Xcc -fno-implicit-module-maps -explicit-swift-module-map-file /Users/admin/builder/spi-builder-workspace/.derivedData/Build/Intermediates.noindex/SwiftNP.build/Debug-appletvos/SwiftNP-t.build/Objects-normal/arm64/SwiftNP-dependencies-1.json -Xllvm -aarch64-use-tbi -enable-objc-interop -stack-check -sdk /Applications/Xcode-27.0.0-Release.Candidate.app/Contents/Developer/Platforms/AppleTVOS.platform/Developer/SDKs/AppleTVOS27.0.sdk -I /Users/admin/builder/spi-builder-workspace/.derivedData/Build/Products/Debug-appletvos -Isystem /Applications/Xcode-27.0.0-Release.Candidate.app/Contents/Developer/Platforms/AppleTVOS.platform/Developer/usr/lib -F /Users/admin/builder/spi-builder-workspace/.derivedData/Build/Products/Debug-appletvos -F /Applications/Xcode-27.0.0-Release.Candidate.app/Contents/Developer/Platforms/AppleTVOS.platform/Developer/Library/Frameworks -F /Applications/Xcode-27.0.0-Release.Candidate.app/Contents/Developer/Platforms/AppleTVOS.platform/Developer/SDKs/AppleTVOS27.0.sdk/Developer/Library/Frameworks -module-cache-path /Users/admin/builder/spi-builder-workspace/.derivedData/Build/Intermediates.noindex/SwiftExplicitPrecompiledModules -no-color-diagnostics -Xcc -fno-color-diagnostics -enable-testing -g -debug-info-format\=dwarf -dwarf-version\=4 -profile-generate -profile-coverage-mapping -swift-version 6 -Onone -D SWIFT_PACKAGE -D DEBUG -D SWIFT_MODULE_RESOURCE_BUNDLE_AVAILABLE -D Xcode -serialize-debugging-options -enable-experimental-feature DebugDescriptionMacro -empty-abi-descriptor -validate-clang-modules-once -clang-build-session-file /Users/admin/builder/spi-builder-workspace/.derivedData/ModuleCache.noindex/Session.modulevalidation -Xcc -working-directory -Xcc /Users/admin/builder/spi-builder-workspace/.swiftpm/xcode -enable-anonymous-context-mangled-names -file-compilation-dir /Users/admin/builder/spi-builder-workspace/.swiftpm/xcode -Xcc -D_LIBCPP_HARDENING_MODE\=_LIBCPP_HARDENING_MODE_DEBUG -Xcc -ivfsstatcache -Xcc /Users/admin/builder/spi-builder-workspace/.derivedData/SDKStatCaches.noindex/appletvos27.0-24J360-e829b21a6f8c9b70876ba0858053c044b32bfd8d43560033f8d89884cdb90028.sdkstatcache -Xcc -fmodules-prune-interval\=86400 -Xcc -fmodules-prune-after\=345600 -Xcc -I/Users/admin/builder/spi-builder-workspace/.derivedData/Build/Products/Debug-appletvos/include -Xcc -I/Users/admin/builder/spi-builder-workspace/.derivedData/Build/Intermediates.noindex/SwiftNP.build/Debug-appletvos/SwiftNP-t.build/DerivedSources-normal/arm64 -Xcc -I/Users/admin/builder/spi-builder-workspace/.derivedData/Build/Intermediates.noindex/SwiftNP.build/Debug-appletvos/SwiftNP-t.build/DerivedSources/arm64 -Xcc -I/Users/admin/builder/spi-builder-workspace/.derivedData/Build/Intermediates.noindex/SwiftNP.build/Debug-appletvos/SwiftNP-t.build/DerivedSources -Xcc -DSWIFT_PACKAGE -Xcc -DDEBUG\=1 -no-auto-bridging-header-chaining -module-name SwiftNP -package-name spi_builder_workspace -const-gather-protocols-file /Users/admin/builder/spi-builder-workspace/.derivedData/Build/Intermediates.noindex/SwiftNP.build/Debug-appletvos/SwiftNP-t.build/Objects-normal/arm64/SwiftNP_const_extract_protocols.json -disable-clang-spi -clang-target arm64-apple-tvos27.0 -target-sdk-version 27.0 -target-sdk-name appletvos27.0 -in-process-plugin-server-path /Applications/Xcode-27.0.0-Release.Candidate.app/Contents/Developer/Toolchains/XcodeDefault.xctoolchain/usr/lib/swift/host/libSwiftInProcPluginServer.dylib -parse-as-library -o /Users/admin/builder/spi-builder-workspace/.derivedData/Build/Intermediates.noindex/SwiftNP.build/Debug-appletvos/SwiftNP-t.build/Objects-normal/arm64/ContentType.o -o /Users/admin/builder/spi-builder-workspace/.derivedData/Build/Intermediates.noindex/SwiftNP.build/Debug-appletvos/SwiftNP-t.build/Objects-normal/arm64/DType.o -o /Users/admin/builder/spi-builder-workspace/.derivedData/Build/Intermediates.noindex/SwiftNP.build/Debug-appletvos/SwiftNP-t.build/Objects-normal/arm64/ReshapeOrder.o -debug-module-path /Users/admin/builder/spi-builder-workspace/.derivedData/Build/Intermediates.noindex/SwiftNP.build/Debug-appletvos/SwiftNP-t.build/Objects-normal/arm64/SwiftNP.swiftmodule -index-unit-output-path /SwiftNP.build/Debug-appletvos/SwiftNP-t.build/Objects-normal/arm64/ContentType.o -index-unit-output-path /SwiftNP.build/Debug-appletvos/SwiftNP-t.build/Objects-normal/arm64/DType.o -index-unit-output-path /SwiftNP.build/Debug-appletvos/SwiftNP-t.build/Objects-normal/arm64/ReshapeOrder.o -index-store-path /Users/admin/builder/spi-builder-workspace/.derivedData/Index.noindex/DataStore -index-system-modules
SwiftCompile normal arm64 /Users/admin/builder/spi-builder-workspace/Sources/SwiftNP/Enums/ContentType.swift (in target 'SwiftNP' from project 'SwiftNP')
cd /Users/admin/builder/spi-builder-workspace/.swiftpm/xcode
builtin-SwiftPerFileCompile ContentType.swift
SwiftCompile normal arm64 /Users/admin/builder/spi-builder-workspace/Sources/SwiftNP/Enums/DType.swift (in target 'SwiftNP' from project 'SwiftNP')
cd /Users/admin/builder/spi-builder-workspace/.swiftpm/xcode
builtin-SwiftPerFileCompile DType.swift
SwiftCompile normal arm64 /Users/admin/builder/spi-builder-workspace/Sources/SwiftNP/Enums/ReshapeOrder.swift (in target 'SwiftNP' from project 'SwiftNP')
cd /Users/admin/builder/spi-builder-workspace/.swiftpm/xcode
builtin-SwiftPerFileCompile ReshapeOrder.swift
SwiftCompile normal arm64 Compiling\ Broadcasting.swift,\ Convenience.swift,\ Indexing.swift /Users/admin/builder/spi-builder-workspace/Sources/SwiftNP/Core/NDArrayImpl/Operations/Broadcasting.swift /Users/admin/builder/spi-builder-workspace/Sources/SwiftNP/Core/NDArrayImpl/Operations/Convenience.swift /Users/admin/builder/spi-builder-workspace/Sources/SwiftNP/Core/NDArrayImpl/Operations/Indexing.swift (in target 'SwiftNP' from project 'SwiftNP')
SwiftCompile normal arm64 /Users/admin/builder/spi-builder-workspace/Sources/SwiftNP/Core/NDArrayImpl/Operations/Broadcasting.swift (in target 'SwiftNP' from project 'SwiftNP')
cd /Users/admin/builder/spi-builder-workspace/.swiftpm/xcode
builtin-SwiftPerFileCompile Broadcasting.swift
SwiftCompile normal arm64 /Users/admin/builder/spi-builder-workspace/Sources/SwiftNP/Core/NDArrayImpl/Operations/Convenience.swift (in target 'SwiftNP' from project 'SwiftNP')
cd /Users/admin/builder/spi-builder-workspace/.swiftpm/xcode
builtin-SwiftPerFileCompile Convenience.swift
SwiftCompile normal arm64 /Users/admin/builder/spi-builder-workspace/Sources/SwiftNP/Core/NDArrayImpl/Operations/Indexing.swift (in target 'SwiftNP' from project 'SwiftNP')
cd /Users/admin/builder/spi-builder-workspace/.swiftpm/xcode
builtin-SwiftPerFileCompile Indexing.swift
SwiftCompile normal arm64 Compiling\ Typealiases.swift,\ Utils.swift,\ ArithmeticOperation.swift /Users/admin/builder/spi-builder-workspace/Sources/SwiftNP/Core/Typealiases.swift /Users/admin/builder/spi-builder-workspace/Sources/SwiftNP/Core/Utils.swift /Users/admin/builder/spi-builder-workspace/Sources/SwiftNP/Enums/ArithmeticOperation.swift (in target 'SwiftNP' from project 'SwiftNP')
SwiftCompile normal arm64 /Users/admin/builder/spi-builder-workspace/Sources/SwiftNP/Core/Typealiases.swift (in target 'SwiftNP' from project 'SwiftNP')
cd /Users/admin/builder/spi-builder-workspace/.swiftpm/xcode
builtin-SwiftPerFileCompile Typealiases.swift
SwiftCompile normal arm64 /Users/admin/builder/spi-builder-workspace/Sources/SwiftNP/Core/Utils.swift (in target 'SwiftNP' from project 'SwiftNP')
cd /Users/admin/builder/spi-builder-workspace/.swiftpm/xcode
builtin-SwiftPerFileCompile Utils.swift
SwiftCompile normal arm64 /Users/admin/builder/spi-builder-workspace/Sources/SwiftNP/Enums/ArithmeticOperation.swift (in target 'SwiftNP' from project 'SwiftNP')
cd /Users/admin/builder/spi-builder-workspace/.swiftpm/xcode
builtin-SwiftPerFileCompile ArithmeticOperation.swift
SwiftCompile normal arm64 Compiling\ IntExtension.swift,\ MLMultiArrayDataTypeExtension.swift,\ NDArrayExtension.swift /Users/admin/builder/spi-builder-workspace/Sources/SwiftNP/Extensions/IntExtension.swift /Users/admin/builder/spi-builder-workspace/Sources/SwiftNP/Extensions/MLMultiArrayDataTypeExtension.swift /Users/admin/builder/spi-builder-workspace/Sources/SwiftNP/Extensions/NDArrayExtension.swift (in target 'SwiftNP' from project 'SwiftNP')
/Users/admin/builder/spi-builder-workspace/Sources/SwiftNP/Extensions/MLMultiArrayDataTypeExtension.swift:15:9: warning: switch must be exhaustive
13 | /// - Returns: The DType that corresponds to this MLMultiArrayDataType.
14 | var dtype: DType {
15 | switch self {
| |- warning: switch must be exhaustive
| `- note: add missing case: '.int8'
16 | case .int32:
17 | return .int32 // Maps MLMultiArrayDataType.int32 to DType.int32
SwiftCompile normal arm64 /Users/admin/builder/spi-builder-workspace/Sources/SwiftNP/Extensions/IntExtension.swift (in target 'SwiftNP' from project 'SwiftNP')
cd /Users/admin/builder/spi-builder-workspace/.swiftpm/xcode
builtin-SwiftPerFileCompile IntExtension.swift
SwiftCompile normal arm64 /Users/admin/builder/spi-builder-workspace/Sources/SwiftNP/Extensions/MLMultiArrayDataTypeExtension.swift (in target 'SwiftNP' from project 'SwiftNP')
cd /Users/admin/builder/spi-builder-workspace/.swiftpm/xcode
builtin-SwiftPerFileCompile MLMultiArrayDataTypeExtension.swift
SwiftCompile normal arm64 /Users/admin/builder/spi-builder-workspace/Sources/SwiftNP/Extensions/NDArrayExtension.swift (in target 'SwiftNP' from project 'SwiftNP')
cd /Users/admin/builder/spi-builder-workspace/.swiftpm/xcode
builtin-SwiftPerFileCompile NDArrayExtension.swift
SwiftCompile normal arm64 Compiling\ NumericExtension.swift,\ ShapeExtension.swift,\ StringExtension.swift /Users/admin/builder/spi-builder-workspace/Sources/SwiftNP/Extensions/NumericExtension.swift /Users/admin/builder/spi-builder-workspace/Sources/SwiftNP/Extensions/ShapeExtension.swift /Users/admin/builder/spi-builder-workspace/Sources/SwiftNP/Extensions/StringExtension.swift (in target 'SwiftNP' from project 'SwiftNP')
SwiftCompile normal arm64 /Users/admin/builder/spi-builder-workspace/Sources/SwiftNP/Extensions/NumericExtension.swift (in target 'SwiftNP' from project 'SwiftNP')
cd /Users/admin/builder/spi-builder-workspace/.swiftpm/xcode
builtin-SwiftPerFileCompile NumericExtension.swift
SwiftCompile normal arm64 /Users/admin/builder/spi-builder-workspace/Sources/SwiftNP/Extensions/ShapeExtension.swift (in target 'SwiftNP' from project 'SwiftNP')
cd /Users/admin/builder/spi-builder-workspace/.swiftpm/xcode
builtin-SwiftPerFileCompile ShapeExtension.swift
SwiftCompile normal arm64 /Users/admin/builder/spi-builder-workspace/Sources/SwiftNP/Extensions/StringExtension.swift (in target 'SwiftNP' from project 'SwiftNP')
cd /Users/admin/builder/spi-builder-workspace/.swiftpm/xcode
builtin-SwiftPerFileCompile StringExtension.swift
SwiftCompile normal arm64 Compiling\ MatrixOperation.swift,\ NDArray.swift,\ SwiftNP.swift /Users/admin/builder/spi-builder-workspace/Sources/SwiftNP/Protocols/MatrixOperation.swift /Users/admin/builder/spi-builder-workspace/Sources/SwiftNP/Protocols/NDArray.swift /Users/admin/builder/spi-builder-workspace/Sources/SwiftNP/SwiftNP.swift (in target 'SwiftNP' from project 'SwiftNP')
SwiftCompile normal arm64 /Users/admin/builder/spi-builder-workspace/Sources/SwiftNP/Protocols/MatrixOperation.swift (in target 'SwiftNP' from project 'SwiftNP')
cd /Users/admin/builder/spi-builder-workspace/.swiftpm/xcode
builtin-SwiftPerFileCompile MatrixOperation.swift
SwiftCompile normal arm64 /Users/admin/builder/spi-builder-workspace/Sources/SwiftNP/Protocols/NDArray.swift (in target 'SwiftNP' from project 'SwiftNP')
cd /Users/admin/builder/spi-builder-workspace/.swiftpm/xcode
builtin-SwiftPerFileCompile NDArray.swift
SwiftCompile normal arm64 /Users/admin/builder/spi-builder-workspace/Sources/SwiftNP/SwiftNP.swift (in target 'SwiftNP' from project 'SwiftNP')
cd /Users/admin/builder/spi-builder-workspace/.swiftpm/xcode
builtin-SwiftPerFileCompile SwiftNP.swift
SwiftCompile normal arm64 Compiling\ SNPError.swift,\ ScalarOperation.swift,\ ArrayExtension.swift /Users/admin/builder/spi-builder-workspace/Sources/SwiftNP/Enums/SNPError.swift /Users/admin/builder/spi-builder-workspace/Sources/SwiftNP/Enums/ScalarOperation.swift /Users/admin/builder/spi-builder-workspace/Sources/SwiftNP/Extensions/ArrayExtension.swift (in target 'SwiftNP' from project 'SwiftNP')
SwiftCompile normal arm64 /Users/admin/builder/spi-builder-workspace/Sources/SwiftNP/Enums/SNPError.swift (in target 'SwiftNP' from project 'SwiftNP')
cd /Users/admin/builder/spi-builder-workspace/.swiftpm/xcode
builtin-SwiftPerFileCompile SNPError.swift
SwiftCompile normal arm64 /Users/admin/builder/spi-builder-workspace/Sources/SwiftNP/Enums/ScalarOperation.swift (in target 'SwiftNP' from project 'SwiftNP')
cd /Users/admin/builder/spi-builder-workspace/.swiftpm/xcode
builtin-SwiftPerFileCompile ScalarOperation.swift
SwiftCompile normal arm64 /Users/admin/builder/spi-builder-workspace/Sources/SwiftNP/Extensions/ArrayExtension.swift (in target 'SwiftNP' from project 'SwiftNP')
cd /Users/admin/builder/spi-builder-workspace/.swiftpm/xcode
builtin-SwiftPerFileCompile ArrayExtension.swift
SwiftDriverJobDiscovery normal arm64 Emitting module for SwiftNP (in target 'SwiftNP' from project 'SwiftNP')
SwiftDriver\ Compilation\ Requirements SwiftNP normal arm64 com.apple.xcode.tools.swift.compiler (in target 'SwiftNP' from project 'SwiftNP')
cd /Users/admin/builder/spi-builder-workspace/.swiftpm/xcode
builtin-Swift-Compilation-Requirements -- /Applications/Xcode-27.0.0-Release.Candidate.app/Contents/Developer/Toolchains/XcodeDefault.xctoolchain/usr/bin/swiftc -parse-as-library -module-name SwiftNP -Onone @/Users/admin/builder/spi-builder-workspace/.derivedData/Build/Intermediates.noindex/SwiftNP.build/Debug-appletvos/SwiftNP-t.build/Objects-normal/arm64/SwiftNP.SwiftFileList -DSWIFT_PACKAGE -DDEBUG -DSWIFT_MODULE_RESOURCE_BUNDLE_AVAILABLE -DXcode -plugin-path /Applications/Xcode-27.0.0-Release.Candidate.app/Contents/Developer/Toolchains/XcodeDefault.xctoolchain/usr/lib/swift/host/plugins/testing -enable-experimental-feature DebugDescriptionMacro -sdk /Applications/Xcode-27.0.0-Release.Candidate.app/Contents/Developer/Platforms/AppleTVOS.platform/Developer/SDKs/AppleTVOS27.0.sdk -target arm64-apple-tvos15.0 -g -module-cache-path /Users/admin/builder/spi-builder-workspace/.derivedData/ModuleCache.noindex -Xfrontend -serialize-debugging-options -profile-coverage-mapping -profile-generate -enable-testing -index-store-path /Users/admin/builder/spi-builder-workspace/.derivedData/Index.noindex/DataStore -Xcc -D_LIBCPP_HARDENING_MODE\=_LIBCPP_HARDENING_MODE_DEBUG -swift-version 6 -I /Users/admin/builder/spi-builder-workspace/.derivedData/Build/Products/Debug-appletvos -Isystem /Applications/Xcode-27.0.0-Release.Candidate.app/Contents/Developer/Platforms/AppleTVOS.platform/Developer/usr/lib -F /Users/admin/builder/spi-builder-workspace/.derivedData/Build/Products/Debug-appletvos -F /Applications/Xcode-27.0.0-Release.Candidate.app/Contents/Developer/Platforms/AppleTVOS.platform/Developer/Library/Frameworks -F /Applications/Xcode-27.0.0-Release.Candidate.app/Contents/Developer/Platforms/AppleTVOS.platform/Developer/SDKs/AppleTVOS27.0.sdk/Developer/Library/Frameworks -c -j10 -enable-batch-mode -incremental -Xcc -ivfsstatcache -Xcc /Users/admin/builder/spi-builder-workspace/.derivedData/SDKStatCaches.noindex/appletvos27.0-24J360-e829b21a6f8c9b70876ba0858053c044b32bfd8d43560033f8d89884cdb90028.sdkstatcache -output-file-map /Users/admin/builder/spi-builder-workspace/.derivedData/Build/Intermediates.noindex/SwiftNP.build/Debug-appletvos/SwiftNP-t.build/Objects-normal/arm64/SwiftNP-OutputFileMap.json -save-temps -no-color-diagnostics -explicit-module-build -module-cache-path /Users/admin/builder/spi-builder-workspace/.derivedData/Build/Intermediates.noindex/SwiftExplicitPrecompiledModules -clang-scanner-module-cache-path /Users/admin/builder/spi-builder-workspace/.derivedData/ModuleCache.noindex -sdk-module-cache-path /Users/admin/builder/spi-builder-workspace/.derivedData/SDKExplicitPrecompiledModules -emit-dependencies -emit-module -emit-module-path /Users/admin/builder/spi-builder-workspace/.derivedData/Build/Intermediates.noindex/SwiftNP.build/Debug-appletvos/SwiftNP-t.build/Objects-normal/arm64/SwiftNP.swiftmodule -serialize-diagnostics -dependency-scan-serialize-diagnostics-path /Users/admin/builder/spi-builder-workspace/.derivedData/Build/Intermediates.noindex/SwiftNP.build/Debug-appletvos/SwiftNP-t.build/Objects-normal/arm64/SwiftNP-dependency-scan.dia -validate-clang-modules-once -clang-build-session-file /Users/admin/builder/spi-builder-workspace/.derivedData/ModuleCache.noindex/Session.modulevalidation -Xcc -fmodules-prune-interval\=86400 -Xcc -fmodules-prune-after\=345600 -package-name spi_builder_workspace -emit-const-values -const-gather-protocols-list /Users/admin/builder/spi-builder-workspace/.derivedData/Build/Intermediates.noindex/SwiftNP.build/Debug-appletvos/SwiftNP-t.build/Objects-normal/arm64/SwiftNP_const_extract_protocols.json -Xcc -I/Users/admin/builder/spi-builder-workspace/.derivedData/Build/Products/Debug-appletvos/include -Xcc -I/Users/admin/builder/spi-builder-workspace/.derivedData/Build/Intermediates.noindex/SwiftNP.build/Debug-appletvos/SwiftNP-t.build/DerivedSources-normal/arm64 -Xcc -I/Users/admin/builder/spi-builder-workspace/.derivedData/Build/Intermediates.noindex/SwiftNP.build/Debug-appletvos/SwiftNP-t.build/DerivedSources/arm64 -Xcc -I/Users/admin/builder/spi-builder-workspace/.derivedData/Build/Intermediates.noindex/SwiftNP.build/Debug-appletvos/SwiftNP-t.build/DerivedSources -Xcc -DSWIFT_PACKAGE -Xcc -DDEBUG\=1 -emit-objc-header -emit-objc-header-path /Users/admin/builder/spi-builder-workspace/.derivedData/Build/Intermediates.noindex/SwiftNP.build/Debug-appletvos/SwiftNP-t.build/Objects-normal/arm64/SwiftNP-Swift.h -working-directory /Users/admin/builder/spi-builder-workspace/.swiftpm/xcode -experimental-emit-module-separately -disable-cmo
SwiftDriverJobDiscovery normal arm64 Compiling SNPError.swift, ScalarOperation.swift, ArrayExtension.swift (in target 'SwiftNP' from project 'SwiftNP')
SwiftDriverJobDiscovery normal arm64 Compiling NumericExtension.swift, ShapeExtension.swift, StringExtension.swift (in target 'SwiftNP' from project 'SwiftNP')
SwiftDriverJobDiscovery normal arm64 Compiling Broadcasting.swift, Convenience.swift, Indexing.swift (in target 'SwiftNP' from project 'SwiftNP')
SwiftDriverJobDiscovery normal arm64 Compiling Typealiases.swift, Utils.swift, ArithmeticOperation.swift (in target 'SwiftNP' from project 'SwiftNP')
SwiftDriverJobDiscovery normal arm64 Compiling Reshape.swift, Statistical.swift, Transpose.swift (in target 'SwiftNP' from project 'SwiftNP')
SwiftMergeGeneratedHeaders /Users/admin/builder/spi-builder-workspace/.derivedData/Build/Intermediates.noindex/GeneratedModuleMaps-appletvos/SwiftNP-Swift.h /Users/admin/builder/spi-builder-workspace/.derivedData/Build/Intermediates.noindex/SwiftNP.build/Debug-appletvos/SwiftNP-t.build/Objects-normal/arm64/SwiftNP-Swift.h (in target 'SwiftNP' from project 'SwiftNP')
cd /Users/admin/builder/spi-builder-workspace
builtin-swiftHeaderTool -arch arm64 /Users/admin/builder/spi-builder-workspace/.derivedData/Build/Intermediates.noindex/SwiftNP.build/Debug-appletvos/SwiftNP-t.build/Objects-normal/arm64/SwiftNP-Swift.h -o /Users/admin/builder/spi-builder-workspace/.derivedData/Build/Intermediates.noindex/GeneratedModuleMaps-appletvos/SwiftNP-Swift.h
Copy /Users/admin/builder/spi-builder-workspace/.derivedData/Build/Products/Debug-appletvos/SwiftNP.swiftmodule/arm64-apple-tvos.abi.json /Users/admin/builder/spi-builder-workspace/.derivedData/Build/Intermediates.noindex/SwiftNP.build/Debug-appletvos/SwiftNP-t.build/Objects-normal/arm64/SwiftNP.abi.json (in target 'SwiftNP' from project 'SwiftNP')
cd /Users/admin/builder/spi-builder-workspace
builtin-copy -exclude .DS_Store -exclude CVS -exclude .svn -exclude .git -exclude .hg -resolve-src-symlinks -rename /Users/admin/builder/spi-builder-workspace/.derivedData/Build/Intermediates.noindex/SwiftNP.build/Debug-appletvos/SwiftNP-t.build/Objects-normal/arm64/SwiftNP.abi.json /Users/admin/builder/spi-builder-workspace/.derivedData/Build/Products/Debug-appletvos/SwiftNP.swiftmodule/arm64-apple-tvos.abi.json
Copy /Users/admin/builder/spi-builder-workspace/.derivedData/Build/Products/Debug-appletvos/SwiftNP.swiftmodule/arm64-apple-tvos.swiftdoc /Users/admin/builder/spi-builder-workspace/.derivedData/Build/Intermediates.noindex/SwiftNP.build/Debug-appletvos/SwiftNP-t.build/Objects-normal/arm64/SwiftNP.swiftdoc (in target 'SwiftNP' from project 'SwiftNP')
cd /Users/admin/builder/spi-builder-workspace
builtin-copy -exclude .DS_Store -exclude CVS -exclude .svn -exclude .git -exclude .hg -resolve-src-symlinks -rename /Users/admin/builder/spi-builder-workspace/.derivedData/Build/Intermediates.noindex/SwiftNP.build/Debug-appletvos/SwiftNP-t.build/Objects-normal/arm64/SwiftNP.swiftdoc /Users/admin/builder/spi-builder-workspace/.derivedData/Build/Products/Debug-appletvos/SwiftNP.swiftmodule/arm64-apple-tvos.swiftdoc
Copy /Users/admin/builder/spi-builder-workspace/.derivedData/Build/Products/Debug-appletvos/SwiftNP.swiftmodule/arm64-apple-tvos.swiftmodule /Users/admin/builder/spi-builder-workspace/.derivedData/Build/Intermediates.noindex/SwiftNP.build/Debug-appletvos/SwiftNP-t.build/Objects-normal/arm64/SwiftNP.swiftmodule (in target 'SwiftNP' from project 'SwiftNP')
cd /Users/admin/builder/spi-builder-workspace
builtin-copy -exclude .DS_Store -exclude CVS -exclude .svn -exclude .git -exclude .hg -resolve-src-symlinks -rename /Users/admin/builder/spi-builder-workspace/.derivedData/Build/Intermediates.noindex/SwiftNP.build/Debug-appletvos/SwiftNP-t.build/Objects-normal/arm64/SwiftNP.swiftmodule /Users/admin/builder/spi-builder-workspace/.derivedData/Build/Products/Debug-appletvos/SwiftNP.swiftmodule/arm64-apple-tvos.swiftmodule
Copy /Users/admin/builder/spi-builder-workspace/.derivedData/Build/Products/Debug-appletvos/SwiftNP.swiftmodule/Project/arm64-apple-tvos.swiftsourceinfo /Users/admin/builder/spi-builder-workspace/.derivedData/Build/Intermediates.noindex/SwiftNP.build/Debug-appletvos/SwiftNP-t.build/Objects-normal/arm64/SwiftNP.swiftsourceinfo (in target 'SwiftNP' from project 'SwiftNP')
cd /Users/admin/builder/spi-builder-workspace
builtin-copy -exclude .DS_Store -exclude CVS -exclude .svn -exclude .git -exclude .hg -resolve-src-symlinks -rename /Users/admin/builder/spi-builder-workspace/.derivedData/Build/Intermediates.noindex/SwiftNP.build/Debug-appletvos/SwiftNP-t.build/Objects-normal/arm64/SwiftNP.swiftsourceinfo /Users/admin/builder/spi-builder-workspace/.derivedData/Build/Products/Debug-appletvos/SwiftNP.swiftmodule/Project/arm64-apple-tvos.swiftsourceinfo
PruneExplicitPrecompiledModules /Users/admin/builder/spi-builder-workspace/.derivedData/Build/Intermediates.noindex/ExplicitPrecompiledModules
PruneExplicitPrecompiledModules /Users/admin/builder/spi-builder-workspace/.derivedData/Build/Intermediates.noindex/SwiftExplicitPrecompiledModules
PruneExplicitPrecompiledModules /Users/admin/builder/spi-builder-workspace/.derivedData/SDKExplicitPrecompiledModules
2026-09-22 08:18:59.790 xcodebuild[896:5542] [MT] IDERunDestination: Supported platforms for the buildables in the current scheme is empty.
** BUILD FAILED **
The following build commands failed:
SwiftCompile normal arm64 Compiling\ ContentType.swift,\ DType.swift,\ ReshapeOrder.swift /Users/admin/builder/spi-builder-workspace/Sources/SwiftNP/Enums/ContentType.swift /Users/admin/builder/spi-builder-workspace/Sources/SwiftNP/Enums/DType.swift /Users/admin/builder/spi-builder-workspace/Sources/SwiftNP/Enums/ReshapeOrder.swift (in target 'SwiftNP' from project 'SwiftNP')
SwiftCompile normal arm64 /Users/admin/builder/spi-builder-workspace/Sources/SwiftNP/Enums/DType.swift (in target 'SwiftNP' from project 'SwiftNP')
Building workspace SwiftNP with scheme SwiftNP
(3 failures)
Command line invocation:
/Applications/Xcode-27.0.0-Release.Candidate.app/Contents/Developer/usr/bin/xcodebuild -IDEClonedSourcePackagesDirPathOverride=/Users/admin/builder/spi-builder-workspace/.dependencies -resolvePackageDependencies
Resolve Package Graph
Resolved source packages:
SwiftDocCPlugin: https://github.com/swiftlang/swift-docc-plugin @ 1.5.0
SymbolKit: https://github.com/swiftlang/swift-docc-symbolkit @ 1.0.0
SwiftNP: /Users/admin/builder/spi-builder-workspace
resolved source packages: SwiftDocCPlugin, SymbolKit, SwiftNP
2026-09-22 08:19:20.807 xcodebuild[1098:6697] [MT] IDERunDestination: Supported platforms for the buildables in the current scheme is empty.
{
"dependencies" : [
{
"identity" : "swift-docc-plugin",
"requirement" : {
"range" : [
{
"lower_bound" : "1.1.0",
"upper_bound" : "2.0.0"
}
]
},
"type" : "sourceControl",
"url" : "https://github.com/swiftlang/swift-docc-plugin"
}
],
"manifest_display_name" : "SwiftNP",
"name" : "SwiftNP",
"path" : "/Users/admin/builder/spi-builder-workspace",
"platforms" : [
{
"name" : "ios",
"version" : "15.0"
},
{
"name" : "macos",
"version" : "12.0"
},
{
"name" : "tvos",
"version" : "15.0"
},
{
"name" : "watchos",
"version" : "8.0"
}
],
"products" : [
{
"name" : "SwiftNP",
"targets" : [
"SwiftNP"
],
"type" : {
"library" : [
"automatic"
]
}
}
],
"targets" : [
{
"c99name" : "SwiftNPTests",
"module_type" : "SwiftTarget",
"name" : "SwiftNPTests",
"path" : "Tests/SwiftNPTests",
"sources" : [
"SwiftNPTests.swift"
],
"target_dependencies" : [
"SwiftNP"
],
"type" : "test"
},
{
"c99name" : "SwiftNP",
"module_type" : "SwiftTarget",
"name" : "SwiftNP",
"path" : "Sources/SwiftNP",
"product_memberships" : [
"SwiftNP"
],
"resources" : [
{
"path" : "/Users/admin/builder/spi-builder-workspace/Sources/SwiftNP/Resources/Localizable.xcstrings",
"rule" : {
"process" : {
}
}
},
{
"path" : "/Users/admin/builder/spi-builder-workspace/Sources/SwiftNP/Resources/banner.png",
"rule" : {
"process" : {
}
}
}
],
"sources" : [
"Common/Constants.swift",
"Common/NDArrayOperators.swift",
"Core/NDArrayImpl/Conversions/MLMultiArray+NDArray.swift",
"Core/NDArrayImpl/Conversions/UIImage+NDArray.swift",
"Core/NDArrayImpl/NDArrayImpl.swift",
"Core/NDArrayImpl/Operations/Arithmetic.swift",
"Core/NDArrayImpl/Operations/Broadcasting.swift",
"Core/NDArrayImpl/Operations/Convenience.swift",
"Core/NDArrayImpl/Operations/Indexing.swift",
"Core/NDArrayImpl/Operations/Reshape.swift",
"Core/NDArrayImpl/Operations/Statistical.swift",
"Core/NDArrayImpl/Operations/Transpose.swift",
"Core/Typealiases.swift",
"Core/Utils.swift",
"Enums/ArithmeticOperation.swift",
"Enums/ContentType.swift",
"Enums/DType.swift",
"Enums/ReshapeOrder.swift",
"Enums/SNPError.swift",
"Enums/ScalarOperation.swift",
"Extensions/ArrayExtension.swift",
"Extensions/IntExtension.swift",
"Extensions/MLMultiArrayDataTypeExtension.swift",
"Extensions/NDArrayExtension.swift",
"Extensions/NumericExtension.swift",
"Extensions/ShapeExtension.swift",
"Extensions/StringExtension.swift",
"Protocols/MatrixOperation.swift",
"Protocols/NDArray.swift",
"SwiftNP.swift"
],
"type" : "library"
}
],
"tools_version" : "6.0"
}
{
"workspace" : {
"name" : "SwiftNP",
"schemes" : [
"SwiftNP"
]
}
}
2026-09-22 08:19:27.793 xcodebuild[1156:7079] [MT] IDERunDestination: Supported platforms for the buildables in the current scheme is empty.
Running build ...
env DEVELOPER_DIR=/Applications/Xcode-27.0.0-Release.Candidate.app xcrun xcodebuild -IDEClonedSourcePackagesDirPathOverride=$PWD/.dependencies -skipMacroValidation -skipPackagePluginValidation -derivedDataPath $PWD/.derivedData build -scheme SwiftNP -destination generic/platform=tvOS
Command line invocation:
/Applications/Xcode-27.0.0-Release.Candidate.app/Contents/Developer/usr/bin/xcodebuild -IDEClonedSourcePackagesDirPathOverride=/Users/admin/builder/spi-builder-workspace/.dependencies -skipMacroValidation -skipPackagePluginValidation -derivedDataPath /Users/admin/builder/spi-builder-workspace/.derivedData build -scheme SwiftNP -destination generic/platform=tvOS
Resolve Package Graph
Resolved source packages:
SwiftNP: /Users/admin/builder/spi-builder-workspace
SymbolKit: https://github.com/swiftlang/swift-docc-symbolkit @ 1.0.0
SwiftDocCPlugin: https://github.com/swiftlang/swift-docc-plugin @ 1.5.0
ComputePackagePrebuildTargetDependencyGraph
Prepare packages
CreateBuildRequest
SendProjectDescription
CreateBuildOperation
ComputeTargetDependencyGraph
note: Building targets in dependency order
note: Target dependency graph (3 targets)
Target 'SwiftNP-product' in project 'SwiftNP'
➜ Explicit dependency on target 'SwiftNP' in project 'SwiftNP'
➜ Explicit dependency on target 'SwiftNP_SwiftNP' in project 'SwiftNP'
Target 'SwiftNP' in project 'SwiftNP'
➜ Explicit dependency on target 'SwiftNP_SwiftNP' in project 'SwiftNP'
Target 'SwiftNP_SwiftNP' in project 'SwiftNP' (no dependencies)
GatherProvisioningInputs
CreateBuildDescription
ClangStatCache /Applications/Xcode-27.0.0-Release.Candidate.app/Contents/Developer/Toolchains/XcodeDefault.xctoolchain/usr/bin/clang-stat-cache /Applications/Xcode-27.0.0-Release.Candidate.app/Contents/Developer/Platforms/AppleTVOS.platform/Developer/SDKs/AppleTVOS27.0.sdk /Users/admin/builder/spi-builder-workspace/.derivedData/SDKStatCaches.noindex/appletvos27.0-24J360-e829b21a6f8c9b70876ba0858053c044b32bfd8d43560033f8d89884cdb90028.sdkstatcache
cd /Users/admin/builder/spi-builder-workspace/.swiftpm/xcode
/Applications/Xcode-27.0.0-Release.Candidate.app/Contents/Developer/Toolchains/XcodeDefault.xctoolchain/usr/bin/clang-stat-cache /Applications/Xcode-27.0.0-Release.Candidate.app/Contents/Developer/Platforms/AppleTVOS.platform/Developer/SDKs/AppleTVOS27.0.sdk -o /Users/admin/builder/spi-builder-workspace/.derivedData/SDKStatCaches.noindex/appletvos27.0-24J360-e829b21a6f8c9b70876ba0858053c044b32bfd8d43560033f8d89884cdb90028.sdkstatcache
SwiftDriver SwiftNP normal arm64 com.apple.xcode.tools.swift.compiler (in target 'SwiftNP' from project 'SwiftNP')
cd /Users/admin/builder/spi-builder-workspace/.swiftpm/xcode
builtin-SwiftDriver -- /Applications/Xcode-27.0.0-Release.Candidate.app/Contents/Developer/Toolchains/XcodeDefault.xctoolchain/usr/bin/swiftc -parse-as-library -module-name SwiftNP -Onone @/Users/admin/builder/spi-builder-workspace/.derivedData/Build/Intermediates.noindex/SwiftNP.build/Debug-appletvos/SwiftNP-t.build/Objects-normal/arm64/SwiftNP.SwiftFileList -DSWIFT_PACKAGE -DDEBUG -DSWIFT_MODULE_RESOURCE_BUNDLE_AVAILABLE -DXcode -plugin-path /Applications/Xcode-27.0.0-Release.Candidate.app/Contents/Developer/Toolchains/XcodeDefault.xctoolchain/usr/lib/swift/host/plugins/testing -enable-experimental-feature DebugDescriptionMacro -sdk /Applications/Xcode-27.0.0-Release.Candidate.app/Contents/Developer/Platforms/AppleTVOS.platform/Developer/SDKs/AppleTVOS27.0.sdk -target arm64-apple-tvos15.0 -g -module-cache-path /Users/admin/builder/spi-builder-workspace/.derivedData/ModuleCache.noindex -Xfrontend -serialize-debugging-options -profile-coverage-mapping -profile-generate -enable-testing -index-store-path /Users/admin/builder/spi-builder-workspace/.derivedData/Index.noindex/DataStore -Xcc -D_LIBCPP_HARDENING_MODE\=_LIBCPP_HARDENING_MODE_DEBUG -swift-version 6 -I /Users/admin/builder/spi-builder-workspace/.derivedData/Build/Products/Debug-appletvos -Isystem /Applications/Xcode-27.0.0-Release.Candidate.app/Contents/Developer/Platforms/AppleTVOS.platform/Developer/usr/lib -F /Users/admin/builder/spi-builder-workspace/.derivedData/Build/Products/Debug-appletvos -F /Applications/Xcode-27.0.0-Release.Candidate.app/Contents/Developer/Platforms/AppleTVOS.platform/Developer/Library/Frameworks -F /Applications/Xcode-27.0.0-Release.Candidate.app/Contents/Developer/Platforms/AppleTVOS.platform/Developer/SDKs/AppleTVOS27.0.sdk/Developer/Library/Frameworks -c -j10 -enable-batch-mode -incremental -Xcc -ivfsstatcache -Xcc /Users/admin/builder/spi-builder-workspace/.derivedData/SDKStatCaches.noindex/appletvos27.0-24J360-e829b21a6f8c9b70876ba0858053c044b32bfd8d43560033f8d89884cdb90028.sdkstatcache -output-file-map /Users/admin/builder/spi-builder-workspace/.derivedData/Build/Intermediates.noindex/SwiftNP.build/Debug-appletvos/SwiftNP-t.build/Objects-normal/arm64/SwiftNP-OutputFileMap.json -save-temps -no-color-diagnostics -explicit-module-build -module-cache-path /Users/admin/builder/spi-builder-workspace/.derivedData/Build/Intermediates.noindex/SwiftExplicitPrecompiledModules -clang-scanner-module-cache-path /Users/admin/builder/spi-builder-workspace/.derivedData/ModuleCache.noindex -sdk-module-cache-path /Users/admin/builder/spi-builder-workspace/.derivedData/SDKExplicitPrecompiledModules -emit-dependencies -emit-module -emit-module-path /Users/admin/builder/spi-builder-workspace/.derivedData/Build/Intermediates.noindex/SwiftNP.build/Debug-appletvos/SwiftNP-t.build/Objects-normal/arm64/SwiftNP.swiftmodule -serialize-diagnostics -dependency-scan-serialize-diagnostics-path /Users/admin/builder/spi-builder-workspace/.derivedData/Build/Intermediates.noindex/SwiftNP.build/Debug-appletvos/SwiftNP-t.build/Objects-normal/arm64/SwiftNP-dependency-scan.dia -validate-clang-modules-once -clang-build-session-file /Users/admin/builder/spi-builder-workspace/.derivedData/ModuleCache.noindex/Session.modulevalidation -Xcc -fmodules-prune-interval\=86400 -Xcc -fmodules-prune-after\=345600 -package-name spi_builder_workspace -emit-const-values -const-gather-protocols-list /Users/admin/builder/spi-builder-workspace/.derivedData/Build/Intermediates.noindex/SwiftNP.build/Debug-appletvos/SwiftNP-t.build/Objects-normal/arm64/SwiftNP_const_extract_protocols.json -Xcc -I/Users/admin/builder/spi-builder-workspace/.derivedData/Build/Products/Debug-appletvos/include -Xcc -I/Users/admin/builder/spi-builder-workspace/.derivedData/Build/Intermediates.noindex/SwiftNP.build/Debug-appletvos/SwiftNP-t.build/DerivedSources-normal/arm64 -Xcc -I/Users/admin/builder/spi-builder-workspace/.derivedData/Build/Intermediates.noindex/SwiftNP.build/Debug-appletvos/SwiftNP-t.build/DerivedSources/arm64 -Xcc -I/Users/admin/builder/spi-builder-workspace/.derivedData/Build/Intermediates.noindex/SwiftNP.build/Debug-appletvos/SwiftNP-t.build/DerivedSources -Xcc -DSWIFT_PACKAGE -Xcc -DDEBUG\=1 -emit-objc-header -emit-objc-header-path /Users/admin/builder/spi-builder-workspace/.derivedData/Build/Intermediates.noindex/SwiftNP.build/Debug-appletvos/SwiftNP-t.build/Objects-normal/arm64/SwiftNP-Swift.h -working-directory /Users/admin/builder/spi-builder-workspace/.swiftpm/xcode -experimental-emit-module-separately -disable-cmo
SwiftCompile normal arm64 Compiling\ resource_bundle_accessor.swift,\ Constants.swift /Users/admin/builder/spi-builder-workspace/.derivedData/Build/Intermediates.noindex/SwiftNP.build/Debug-appletvos/SwiftNP-t.build/DerivedSources/resource_bundle_accessor.swift /Users/admin/builder/spi-builder-workspace/Sources/SwiftNP/Common/Constants.swift (in target 'SwiftNP' from project 'SwiftNP')
SwiftCompile normal arm64 /Users/admin/builder/spi-builder-workspace/.derivedData/Build/Intermediates.noindex/SwiftNP.build/Debug-appletvos/SwiftNP-t.build/DerivedSources/resource_bundle_accessor.swift (in target 'SwiftNP' from project 'SwiftNP')
cd /Users/admin/builder/spi-builder-workspace/.swiftpm/xcode
builtin-SwiftPerFileCompile resource_bundle_accessor.swift
SwiftCompile normal arm64 /Users/admin/builder/spi-builder-workspace/Sources/SwiftNP/Common/Constants.swift (in target 'SwiftNP' from project 'SwiftNP')
cd /Users/admin/builder/spi-builder-workspace/.swiftpm/xcode
builtin-SwiftPerFileCompile Constants.swift
SwiftCompile normal arm64 Compiling\ Arithmetic.swift,\ ContentType.swift /Users/admin/builder/spi-builder-workspace/Sources/SwiftNP/Core/NDArrayImpl/Operations/Arithmetic.swift /Users/admin/builder/spi-builder-workspace/Sources/SwiftNP/Enums/ContentType.swift (in target 'SwiftNP' from project 'SwiftNP')
SwiftCompile normal arm64 /Users/admin/builder/spi-builder-workspace/Sources/SwiftNP/Core/NDArrayImpl/Operations/Arithmetic.swift (in target 'SwiftNP' from project 'SwiftNP')
cd /Users/admin/builder/spi-builder-workspace/.swiftpm/xcode
builtin-SwiftPerFileCompile Arithmetic.swift
SwiftCompile normal arm64 /Users/admin/builder/spi-builder-workspace/Sources/SwiftNP/Enums/ContentType.swift (in target 'SwiftNP' from project 'SwiftNP')
cd /Users/admin/builder/spi-builder-workspace/.swiftpm/xcode
builtin-SwiftPerFileCompile ContentType.swift
SwiftCompile normal arm64 Compiling\ MatrixOperation.swift /Users/admin/builder/spi-builder-workspace/Sources/SwiftNP/Protocols/MatrixOperation.swift (in target 'SwiftNP' from project 'SwiftNP')
SwiftCompile normal arm64 /Users/admin/builder/spi-builder-workspace/Sources/SwiftNP/Protocols/MatrixOperation.swift (in target 'SwiftNP' from project 'SwiftNP')
cd /Users/admin/builder/spi-builder-workspace/.swiftpm/xcode
builtin-SwiftPerFileCompile MatrixOperation.swift
SwiftCompile normal arm64 Compiling\ NDArrayExtension.swift /Users/admin/builder/spi-builder-workspace/Sources/SwiftNP/Extensions/NDArrayExtension.swift (in target 'SwiftNP' from project 'SwiftNP')
SwiftCompile normal arm64 /Users/admin/builder/spi-builder-workspace/Sources/SwiftNP/Extensions/NDArrayExtension.swift (in target 'SwiftNP' from project 'SwiftNP')
cd /Users/admin/builder/spi-builder-workspace/.swiftpm/xcode
builtin-SwiftPerFileCompile NDArrayExtension.swift
SwiftCompile normal arm64 Compiling\ UIImage+NDArray.swift,\ NDArrayImpl.swift /Users/admin/builder/spi-builder-workspace/Sources/SwiftNP/Core/NDArrayImpl/Conversions/UIImage+NDArray.swift /Users/admin/builder/spi-builder-workspace/Sources/SwiftNP/Core/NDArrayImpl/NDArrayImpl.swift (in target 'SwiftNP' from project 'SwiftNP')
SwiftCompile normal arm64 /Users/admin/builder/spi-builder-workspace/Sources/SwiftNP/Core/NDArrayImpl/Conversions/UIImage+NDArray.swift (in target 'SwiftNP' from project 'SwiftNP')
cd /Users/admin/builder/spi-builder-workspace/.swiftpm/xcode
builtin-SwiftPerFileCompile UIImage+NDArray.swift
SwiftCompile normal arm64 /Users/admin/builder/spi-builder-workspace/Sources/SwiftNP/Core/NDArrayImpl/NDArrayImpl.swift (in target 'SwiftNP' from project 'SwiftNP')
cd /Users/admin/builder/spi-builder-workspace/.swiftpm/xcode
builtin-SwiftPerFileCompile NDArrayImpl.swift
SwiftEmitModule normal arm64 Emitting\ module\ for\ SwiftNP (in target 'SwiftNP' from project 'SwiftNP')
SwiftCompile normal arm64 (in target 'SwiftNP' from project 'SwiftNP')
cd /Users/admin/builder/spi-builder-workspace/.swiftpm/xcode
SwiftCompile normal arm64 Compiling\ NDArray.swift /Users/admin/builder/spi-builder-workspace/Sources/SwiftNP/Protocols/NDArray.swift (in target 'SwiftNP' from project 'SwiftNP')
SwiftCompile normal arm64 /Users/admin/builder/spi-builder-workspace/Sources/SwiftNP/Protocols/NDArray.swift (in target 'SwiftNP' from project 'SwiftNP')
cd /Users/admin/builder/spi-builder-workspace/.swiftpm/xcode
builtin-SwiftPerFileCompile NDArray.swift
SwiftCompile normal arm64 Compiling\ SwiftNP.swift /Users/admin/builder/spi-builder-workspace/Sources/SwiftNP/SwiftNP.swift (in target 'SwiftNP' from project 'SwiftNP')
SwiftCompile normal arm64 /Users/admin/builder/spi-builder-workspace/Sources/SwiftNP/SwiftNP.swift (in target 'SwiftNP' from project 'SwiftNP')
cd /Users/admin/builder/spi-builder-workspace/.swiftpm/xcode
builtin-SwiftPerFileCompile SwiftNP.swift
SwiftCompile normal arm64 Compiling\ DType.swift,\ ReshapeOrder.swift /Users/admin/builder/spi-builder-workspace/Sources/SwiftNP/Enums/DType.swift /Users/admin/builder/spi-builder-workspace/Sources/SwiftNP/Enums/ReshapeOrder.swift (in target 'SwiftNP' from project 'SwiftNP')
/Users/admin/builder/spi-builder-workspace/Sources/SwiftNP/Enums/DType.swift:58:25: error: 'float16' is only available in tvOS 16.0 or newer
11 | /// An enumeration representing different data types (DType) supported in SwiftNP.
12 | /// Each case corresponds to a numeric type used for arrays and computations.
13 | public enum DType: CaseIterable, Codable {
| `- note: add '@available' attribute to enclosing enum
14 | case int // Represents a 32-bit signed integer
15 | case int8 // Represents an 8-bit signed integer
:
48 | /// A computed property that maps the DType to the corresponding MLMultiArrayDataType.
49 | /// This is useful for integrating with Core ML when converting NDArray data types.
50 | public var mlMultiArrayDataType: MLMultiArrayDataType? {
| `- note: add '@available' attribute to enclosing property
51 | switch self {
52 | // Map all integer types to int32 for compatibility.
:
56 | case .float16:
57 | if #available(iOS 16.0, *) {
58 | return .float16
| |- error: 'float16' is only available in tvOS 16.0 or newer
| `- note: add 'if #available' version check
59 | } else {
60 | return .float32 // Fallback to float32 for earlier iOS versions.
Failed frontend command:
/Applications/Xcode-27.0.0-Release.Candidate.app/Contents/Developer/Toolchains/XcodeDefault.xctoolchain/usr/bin/swift-frontend -frontend -c /Users/admin/builder/spi-builder-workspace/.derivedData/Build/Intermediates.noindex/SwiftNP.build/Debug-appletvos/SwiftNP-t.build/DerivedSources/resource_bundle_accessor.swift /Users/admin/builder/spi-builder-workspace/Sources/SwiftNP/Common/Constants.swift /Users/admin/builder/spi-builder-workspace/Sources/SwiftNP/Common/NDArrayOperators.swift /Users/admin/builder/spi-builder-workspace/Sources/SwiftNP/Core/NDArrayImpl/Conversions/MLMultiArray+NDArray.swift /Users/admin/builder/spi-builder-workspace/Sources/SwiftNP/Core/NDArrayImpl/Conversions/UIImage+NDArray.swift /Users/admin/builder/spi-builder-workspace/Sources/SwiftNP/Core/NDArrayImpl/NDArrayImpl.swift /Users/admin/builder/spi-builder-workspace/Sources/SwiftNP/Core/NDArrayImpl/Operations/Arithmetic.swift /Users/admin/builder/spi-builder-workspace/Sources/SwiftNP/Core/NDArrayImpl/Operations/Broadcasting.swift /Users/admin/builder/spi-builder-workspace/Sources/SwiftNP/Core/NDArrayImpl/Operations/Convenience.swift /Users/admin/builder/spi-builder-workspace/Sources/SwiftNP/Core/NDArrayImpl/Operations/Indexing.swift /Users/admin/builder/spi-builder-workspace/Sources/SwiftNP/Core/NDArrayImpl/Operations/Reshape.swift /Users/admin/builder/spi-builder-workspace/Sources/SwiftNP/Core/NDArrayImpl/Operations/Statistical.swift /Users/admin/builder/spi-builder-workspace/Sources/SwiftNP/Core/NDArrayImpl/Operations/Transpose.swift /Users/admin/builder/spi-builder-workspace/Sources/SwiftNP/Core/Typealiases.swift /Users/admin/builder/spi-builder-workspace/Sources/SwiftNP/Core/Utils.swift /Users/admin/builder/spi-builder-workspace/Sources/SwiftNP/Enums/ArithmeticOperation.swift /Users/admin/builder/spi-builder-workspace/Sources/SwiftNP/Enums/ContentType.swift -primary-file /Users/admin/builder/spi-builder-workspace/Sources/SwiftNP/Enums/DType.swift -primary-file /Users/admin/builder/spi-builder-workspace/Sources/SwiftNP/Enums/ReshapeOrder.swift /Users/admin/builder/spi-builder-workspace/Sources/SwiftNP/Enums/SNPError.swift /Users/admin/builder/spi-builder-workspace/Sources/SwiftNP/Enums/ScalarOperation.swift /Users/admin/builder/spi-builder-workspace/Sources/SwiftNP/Extensions/ArrayExtension.swift /Users/admin/builder/spi-builder-workspace/Sources/SwiftNP/Extensions/IntExtension.swift /Users/admin/builder/spi-builder-workspace/Sources/SwiftNP/Extensions/MLMultiArrayDataTypeExtension.swift /Users/admin/builder/spi-builder-workspace/Sources/SwiftNP/Extensions/NDArrayExtension.swift /Users/admin/builder/spi-builder-workspace/Sources/SwiftNP/Extensions/NumericExtension.swift /Users/admin/builder/spi-builder-workspace/Sources/SwiftNP/Extensions/ShapeExtension.swift /Users/admin/builder/spi-builder-workspace/Sources/SwiftNP/Extensions/StringExtension.swift /Users/admin/builder/spi-builder-workspace/Sources/SwiftNP/Protocols/MatrixOperation.swift /Users/admin/builder/spi-builder-workspace/Sources/SwiftNP/Protocols/NDArray.swift /Users/admin/builder/spi-builder-workspace/Sources/SwiftNP/SwiftNP.swift -emit-dependencies-path /Users/admin/builder/spi-builder-workspace/.derivedData/Build/Intermediates.noindex/SwiftNP.build/Debug-appletvos/SwiftNP-t.build/Objects-normal/arm64/DType.d -emit-const-values-path /Users/admin/builder/spi-builder-workspace/.derivedData/Build/Intermediates.noindex/SwiftNP.build/Debug-appletvos/SwiftNP-t.build/Objects-normal/arm64/DType.swiftconstvalues -emit-reference-dependencies-path /Users/admin/builder/spi-builder-workspace/.derivedData/Build/Intermediates.noindex/SwiftNP.build/Debug-appletvos/SwiftNP-t.build/Objects-normal/arm64/DType.swiftdeps -serialize-diagnostics-path /Users/admin/builder/spi-builder-workspace/.derivedData/Build/Intermediates.noindex/SwiftNP.build/Debug-appletvos/SwiftNP-t.build/Objects-normal/arm64/DType.dia -emit-dependencies-path /Users/admin/builder/spi-builder-workspace/.derivedData/Build/Intermediates.noindex/SwiftNP.build/Debug-appletvos/SwiftNP-t.build/Objects-normal/arm64/ReshapeOrder.d -emit-const-values-path /Users/admin/builder/spi-builder-workspace/.derivedData/Build/Intermediates.noindex/SwiftNP.build/Debug-appletvos/SwiftNP-t.build/Objects-normal/arm64/ReshapeOrder.swiftconstvalues -emit-reference-dependencies-path /Users/admin/builder/spi-builder-workspace/.derivedData/Build/Intermediates.noindex/SwiftNP.build/Debug-appletvos/SwiftNP-t.build/Objects-normal/arm64/ReshapeOrder.swiftdeps -serialize-diagnostics-path /Users/admin/builder/spi-builder-workspace/.derivedData/Build/Intermediates.noindex/SwiftNP.build/Debug-appletvos/SwiftNP-t.build/Objects-normal/arm64/ReshapeOrder.dia -target arm64-apple-tvos15.0 -module-can-import-version UIKit 9127.0.84.1 9127.0.84 -disable-cross-import-overlay-search -load-resolved-plugin /Applications/Xcode-27.0.0-Release.Candidate.app/Contents/Developer/Platforms/AppleTVOS.platform/Developer/usr/lib/swift/host/plugins/libFoundationMacros.dylib\#/Applications/Xcode-27.0.0-Release.Candidate.app/Contents/Developer/Platforms/AppleTVOS.platform/Developer/usr/bin/swift-plugin-server\#FoundationMacros -load-resolved-plugin /Applications/Xcode-27.0.0-Release.Candidate.app/Contents/Developer/Platforms/AppleTVOS.platform/Developer/usr/lib/swift/host/plugins/libObservationMacros.dylib\#/Applications/Xcode-27.0.0-Release.Candidate.app/Contents/Developer/Platforms/AppleTVOS.platform/Developer/usr/bin/swift-plugin-server\#ObservationMacros -load-resolved-plugin /Applications/Xcode-27.0.0-Release.Candidate.app/Contents/Developer/Platforms/AppleTVOS.platform/Developer/usr/lib/swift/host/plugins/libPreviewsMacros.dylib\#/Applications/Xcode-27.0.0-Release.Candidate.app/Contents/Developer/Platforms/AppleTVOS.platform/Developer/usr/bin/swift-plugin-server\#PreviewsMacros -load-resolved-plugin /Applications/Xcode-27.0.0-Release.Candidate.app/Contents/Developer/Platforms/AppleTVOS.platform/Developer/usr/lib/swift/host/plugins/libSwiftMacros.dylib\#/Applications/Xcode-27.0.0-Release.Candidate.app/Contents/Developer/Platforms/AppleTVOS.platform/Developer/usr/bin/swift-plugin-server\#SwiftMacros -load-resolved-plugin /Applications/Xcode-27.0.0-Release.Candidate.app/Contents/Developer/Platforms/AppleTVOS.platform/Developer/usr/lib/swift/host/plugins/libSwiftUIMacros.dylib\#/Applications/Xcode-27.0.0-Release.Candidate.app/Contents/Developer/Platforms/AppleTVOS.platform/Developer/usr/bin/swift-plugin-server\#SwiftUIMacros -disable-implicit-swift-modules -Xcc -fno-implicit-modules -Xcc -fno-implicit-module-maps -explicit-swift-module-map-file /Users/admin/builder/spi-builder-workspace/.derivedData/Build/Intermediates.noindex/SwiftNP.build/Debug-appletvos/SwiftNP-t.build/Objects-normal/arm64/SwiftNP-dependencies-1.json -Xllvm -aarch64-use-tbi -enable-objc-interop -stack-check -sdk /Applications/Xcode-27.0.0-Release.Candidate.app/Contents/Developer/Platforms/AppleTVOS.platform/Developer/SDKs/AppleTVOS27.0.sdk -I /Users/admin/builder/spi-builder-workspace/.derivedData/Build/Products/Debug-appletvos -Isystem /Applications/Xcode-27.0.0-Release.Candidate.app/Contents/Developer/Platforms/AppleTVOS.platform/Developer/usr/lib -F /Users/admin/builder/spi-builder-workspace/.derivedData/Build/Products/Debug-appletvos -F /Applications/Xcode-27.0.0-Release.Candidate.app/Contents/Developer/Platforms/AppleTVOS.platform/Developer/Library/Frameworks -F /Applications/Xcode-27.0.0-Release.Candidate.app/Contents/Developer/Platforms/AppleTVOS.platform/Developer/SDKs/AppleTVOS27.0.sdk/Developer/Library/Frameworks -module-cache-path /Users/admin/builder/spi-builder-workspace/.derivedData/Build/Intermediates.noindex/SwiftExplicitPrecompiledModules -no-color-diagnostics -Xcc -fno-color-diagnostics -enable-testing -g -debug-info-format\=dwarf -dwarf-version\=4 -profile-generate -profile-coverage-mapping -swift-version 6 -Onone -D SWIFT_PACKAGE -D DEBUG -D SWIFT_MODULE_RESOURCE_BUNDLE_AVAILABLE -D Xcode -serialize-debugging-options -enable-experimental-feature DebugDescriptionMacro -empty-abi-descriptor -validate-clang-modules-once -clang-build-session-file /Users/admin/builder/spi-builder-workspace/.derivedData/ModuleCache.noindex/Session.modulevalidation -Xcc -working-directory -Xcc /Users/admin/builder/spi-builder-workspace/.swiftpm/xcode -enable-anonymous-context-mangled-names -file-compilation-dir /Users/admin/builder/spi-builder-workspace/.swiftpm/xcode -Xcc -D_LIBCPP_HARDENING_MODE\=_LIBCPP_HARDENING_MODE_DEBUG -Xcc -ivfsstatcache -Xcc /Users/admin/builder/spi-builder-workspace/.derivedData/SDKStatCaches.noindex/appletvos27.0-24J360-e829b21a6f8c9b70876ba0858053c044b32bfd8d43560033f8d89884cdb90028.sdkstatcache -Xcc -fmodules-prune-interval\=86400 -Xcc -fmodules-prune-after\=345600 -Xcc -I/Users/admin/builder/spi-builder-workspace/.derivedData/Build/Products/Debug-appletvos/include -Xcc -I/Users/admin/builder/spi-builder-workspace/.derivedData/Build/Intermediates.noindex/SwiftNP.build/Debug-appletvos/SwiftNP-t.build/DerivedSources-normal/arm64 -Xcc -I/Users/admin/builder/spi-builder-workspace/.derivedData/Build/Intermediates.noindex/SwiftNP.build/Debug-appletvos/SwiftNP-t.build/DerivedSources/arm64 -Xcc -I/Users/admin/builder/spi-builder-workspace/.derivedData/Build/Intermediates.noindex/SwiftNP.build/Debug-appletvos/SwiftNP-t.build/DerivedSources -Xcc -DSWIFT_PACKAGE -Xcc -DDEBUG\=1 -no-auto-bridging-header-chaining -module-name SwiftNP -package-name spi_builder_workspace -const-gather-protocols-file /Users/admin/builder/spi-builder-workspace/.derivedData/Build/Intermediates.noindex/SwiftNP.build/Debug-appletvos/SwiftNP-t.build/Objects-normal/arm64/SwiftNP_const_extract_protocols.json -disable-clang-spi -clang-target arm64-apple-tvos27.0 -target-sdk-version 27.0 -target-sdk-name appletvos27.0 -in-process-plugin-server-path /Applications/Xcode-27.0.0-Release.Candidate.app/Contents/Developer/Toolchains/XcodeDefault.xctoolchain/usr/lib/swift/host/libSwiftInProcPluginServer.dylib -parse-as-library -o /Users/admin/builder/spi-builder-workspace/.derivedData/Build/Intermediates.noindex/SwiftNP.build/Debug-appletvos/SwiftNP-t.build/Objects-normal/arm64/DType.o -o /Users/admin/builder/spi-builder-workspace/.derivedData/Build/Intermediates.noindex/SwiftNP.build/Debug-appletvos/SwiftNP-t.build/Objects-normal/arm64/ReshapeOrder.o -debug-module-path /Users/admin/builder/spi-builder-workspace/.derivedData/Build/Intermediates.noindex/SwiftNP.build/Debug-appletvos/SwiftNP-t.build/Objects-normal/arm64/SwiftNP.swiftmodule -index-unit-output-path /SwiftNP.build/Debug-appletvos/SwiftNP-t.build/Objects-normal/arm64/DType.o -index-unit-output-path /SwiftNP.build/Debug-appletvos/SwiftNP-t.build/Objects-normal/arm64/ReshapeOrder.o -index-store-path /Users/admin/builder/spi-builder-workspace/.derivedData/Index.noindex/DataStore -index-system-modules
SwiftCompile normal arm64 /Users/admin/builder/spi-builder-workspace/Sources/SwiftNP/Enums/DType.swift (in target 'SwiftNP' from project 'SwiftNP')
cd /Users/admin/builder/spi-builder-workspace/.swiftpm/xcode
builtin-SwiftPerFileCompile DType.swift
SwiftCompile normal arm64 /Users/admin/builder/spi-builder-workspace/Sources/SwiftNP/Enums/ReshapeOrder.swift (in target 'SwiftNP' from project 'SwiftNP')
cd /Users/admin/builder/spi-builder-workspace/.swiftpm/xcode
builtin-SwiftPerFileCompile ReshapeOrder.swift
SwiftCompile normal arm64 Compiling\ NDArrayOperators.swift,\ MLMultiArray+NDArray.swift /Users/admin/builder/spi-builder-workspace/Sources/SwiftNP/Common/NDArrayOperators.swift /Users/admin/builder/spi-builder-workspace/Sources/SwiftNP/Core/NDArrayImpl/Conversions/MLMultiArray+NDArray.swift (in target 'SwiftNP' from project 'SwiftNP')
SwiftCompile normal arm64 /Users/admin/builder/spi-builder-workspace/Sources/SwiftNP/Common/NDArrayOperators.swift (in target 'SwiftNP' from project 'SwiftNP')
cd /Users/admin/builder/spi-builder-workspace/.swiftpm/xcode
builtin-SwiftPerFileCompile NDArrayOperators.swift
SwiftCompile normal arm64 /Users/admin/builder/spi-builder-workspace/Sources/SwiftNP/Core/NDArrayImpl/Conversions/MLMultiArray+NDArray.swift (in target 'SwiftNP' from project 'SwiftNP')
cd /Users/admin/builder/spi-builder-workspace/.swiftpm/xcode
builtin-SwiftPerFileCompile MLMultiArray+NDArray.swift
SwiftCompile normal arm64 Compiling\ IntExtension.swift,\ MLMultiArrayDataTypeExtension.swift /Users/admin/builder/spi-builder-workspace/Sources/SwiftNP/Extensions/IntExtension.swift /Users/admin/builder/spi-builder-workspace/Sources/SwiftNP/Extensions/MLMultiArrayDataTypeExtension.swift (in target 'SwiftNP' from project 'SwiftNP')
SwiftCompile normal arm64 /Users/admin/builder/spi-builder-workspace/Sources/SwiftNP/Extensions/IntExtension.swift (in target 'SwiftNP' from project 'SwiftNP')
cd /Users/admin/builder/spi-builder-workspace/.swiftpm/xcode
builtin-SwiftPerFileCompile IntExtension.swift
SwiftCompile normal arm64 /Users/admin/builder/spi-builder-workspace/Sources/SwiftNP/Extensions/MLMultiArrayDataTypeExtension.swift (in target 'SwiftNP' from project 'SwiftNP')
cd /Users/admin/builder/spi-builder-workspace/.swiftpm/xcode
builtin-SwiftPerFileCompile MLMultiArrayDataTypeExtension.swift
SwiftDriverJobDiscovery normal arm64 Compiling MatrixOperation.swift (in target 'SwiftNP' from project 'SwiftNP')
SwiftCompile normal arm64 Compiling\ ScalarOperation.swift /Users/admin/builder/spi-builder-workspace/Sources/SwiftNP/Enums/ScalarOperation.swift (in target 'SwiftNP' from project 'SwiftNP')
SwiftCompile normal arm64 /Users/admin/builder/spi-builder-workspace/Sources/SwiftNP/Enums/ScalarOperation.swift (in target 'SwiftNP' from project 'SwiftNP')
cd /Users/admin/builder/spi-builder-workspace/.swiftpm/xcode
builtin-SwiftPerFileCompile ScalarOperation.swift
SwiftDriverJobDiscovery normal arm64 Compiling NDArrayExtension.swift (in target 'SwiftNP' from project 'SwiftNP')
SwiftCompile normal arm64 Compiling\ Utils.swift /Users/admin/builder/spi-builder-workspace/Sources/SwiftNP/Core/Utils.swift (in target 'SwiftNP' from project 'SwiftNP')
SwiftCompile normal arm64 /Users/admin/builder/spi-builder-workspace/Sources/SwiftNP/Core/Utils.swift (in target 'SwiftNP' from project 'SwiftNP')
cd /Users/admin/builder/spi-builder-workspace/.swiftpm/xcode
builtin-SwiftPerFileCompile Utils.swift
SwiftDriverJobDiscovery normal arm64 Compiling SwiftNP.swift (in target 'SwiftNP' from project 'SwiftNP')
SwiftCompile normal arm64 Compiling\ Reshape.swift /Users/admin/builder/spi-builder-workspace/Sources/SwiftNP/Core/NDArrayImpl/Operations/Reshape.swift (in target 'SwiftNP' from project 'SwiftNP')
SwiftCompile normal arm64 /Users/admin/builder/spi-builder-workspace/Sources/SwiftNP/Core/NDArrayImpl/Operations/Reshape.swift (in target 'SwiftNP' from project 'SwiftNP')
cd /Users/admin/builder/spi-builder-workspace/.swiftpm/xcode
builtin-SwiftPerFileCompile Reshape.swift
SwiftDriverJobDiscovery normal arm64 Compiling resource_bundle_accessor.swift, Constants.swift (in target 'SwiftNP' from project 'SwiftNP')
PruneExplicitPrecompiledModules /Users/admin/builder/spi-builder-workspace/.derivedData/Build/Intermediates.noindex/ExplicitPrecompiledModules
PruneExplicitPrecompiledModules /Users/admin/builder/spi-builder-workspace/.derivedData/Build/Intermediates.noindex/SwiftExplicitPrecompiledModules
PruneExplicitPrecompiledModules /Users/admin/builder/spi-builder-workspace/.derivedData/SDKExplicitPrecompiledModules
2026-09-22 08:19:34.753 xcodebuild[1207:7429] [MT] IDERunDestination: Supported platforms for the buildables in the current scheme is empty.
** BUILD FAILED **
The following build commands failed:
SwiftCompile normal arm64 Compiling\ DType.swift,\ ReshapeOrder.swift /Users/admin/builder/spi-builder-workspace/Sources/SwiftNP/Enums/DType.swift /Users/admin/builder/spi-builder-workspace/Sources/SwiftNP/Enums/ReshapeOrder.swift (in target 'SwiftNP' from project 'SwiftNP')
SwiftCompile normal arm64 /Users/admin/builder/spi-builder-workspace/Sources/SwiftNP/Enums/DType.swift (in target 'SwiftNP' from project 'SwiftNP')
Building workspace SwiftNP with scheme SwiftNP
(3 failures)
BUILD FAILURE 6.4 tvOS