Build Information
Failed to build PerfectTensorFlow, reference master (6a1455), with Swift 6.3 for watchOS using Xcode 26.4 on 29 Oct 2026 04:07:13 UTC.
Build Command
env DEVELOPER_DIR=/Applications/Xcode-26.5.0.app xcrun xcodebuild -IDEClonedSourcePackagesDirPathOverride=$PWD/.dependencies -skipMacroValidation -skipPackagePluginValidation -derivedDataPath $PWD/.derivedData build -scheme PerfectTensorFlow -destination generic/platform=watchOSBuild Log
SwiftDriverJobDiscovery normal arm64_32 Compiling BinaryEncodingOptions.swift, BinaryEncodingSizeVisitor.swift, BinaryEncodingVisitor.swift, BytecodeInterpreter.swift, BytecodeReader.swift, CustomJSONCodable.swift, Decoder.swift, DoubleParser.swift, Enum.swift, ExtensibleMessage.swift (in target 'SwiftProtobuf' from project 'SwiftProtobuf')
SwiftDriverJobDiscovery normal armv7k Compiling resource_bundle_accessor.swift, AnyMessageStorage.swift, AnyUnpackError.swift, AsyncMessageSequence.swift, BinaryDecoder.swift, BinaryDecodingError.swift, BinaryDecodingOptions.swift, BinaryDelimited.swift, BinaryEncoder.swift, BinaryEncodingError.swift (in target 'SwiftProtobuf' from project 'SwiftProtobuf')
SwiftExplicitDependencyGeneratePcm arm64 /Users/admin/builder/spi-builder-workspace/.derivedData/ModuleCache.noindex/SwiftShims-1FIQVGR181MFX82EDVVHW6GBG.pcm
SwiftExplicitDependencyGeneratePcm arm64 /Users/admin/builder/spi-builder-workspace/.derivedData/ModuleCache.noindex/ptrcheck-25G9UKYRUO05KH10QOH4FGAUZ.pcm
SwiftExplicitDependencyGeneratePcm arm64 /Users/admin/builder/spi-builder-workspace/.derivedData/ModuleCache.noindex/_Builtin_stdbool-BEDP0HYLPMOW1KA79UUONKUXV.pcm
SwiftDriverJobDiscovery normal armv7k Compiling JSONEncoder.swift, JSONEncodingError.swift, JSONEncodingOptions.swift, JSONEncodingVisitor.swift, JSONMapEncodingVisitor.swift, JSONScanner.swift, MathUtils.swift, Message+AnyAdditions.swift, Message+BinaryAdditions.swift, Message+BinaryAdditions_Data.swift (in target 'SwiftProtobuf' from project 'SwiftProtobuf')
SwiftExplicitDependencyGeneratePcm arm64 /Users/admin/builder/spi-builder-workspace/.derivedData/ModuleCache.noindex/_Builtin_stddef-9QB8ZHSR8KA98D53HT94Z579T.pcm
SwiftExplicitDependencyGeneratePcm arm64 /Users/admin/builder/spi-builder-workspace/.derivedData/ModuleCache.noindex/ptrauth-AZOC4KDLTSH1EBPLHX00G8RYK.pcm
SwiftExplicitDependencyGeneratePcm arm64 /Users/admin/builder/spi-builder-workspace/.derivedData/ModuleCache.noindex/_Builtin_float-5UYR3JH09VDP6J1NQ204IHERX.pcm
SwiftExplicitDependencyGeneratePcm arm64 /Users/admin/builder/spi-builder-workspace/.derivedData/ModuleCache.noindex/_AvailabilityInternal-49JXO42GO5EE05SS0BFZMXAT0.pcm
SwiftExplicitDependencyGeneratePcm arm64 /Users/admin/builder/spi-builder-workspace/.derivedData/ModuleCache.noindex/_SwiftConcurrencyShims-7ALKLR1PIFO5J4SW3KQ6Y4AJG.pcm
SwiftExplicitDependencyGeneratePcm arm64 /Users/admin/builder/spi-builder-workspace/.derivedData/ModuleCache.noindex/_Builtin_stdarg-3Y9DNG7P5Y0U2SB0NLRRNUS8D.pcm
SwiftExplicitDependencyGeneratePcm arm64 /Users/admin/builder/spi-builder-workspace/.derivedData/ModuleCache.noindex/_DarwinFoundation1-DQUYUB84QOVIRXRA9OG5MM2LK.pcm
SwiftExplicitDependencyGeneratePcm arm64 /Users/admin/builder/spi-builder-workspace/.derivedData/ModuleCache.noindex/_Builtin_limits-AP26PV63HSRVSQ7TRCY82QG1.pcm
SwiftExplicitDependencyGeneratePcm arm64 /Users/admin/builder/spi-builder-workspace/.derivedData/ModuleCache.noindex/_DarwinFoundation2-80840ULHW51G5IT8J12342PIK.pcm
SwiftExplicitDependencyGeneratePcm armv7k /Users/admin/builder/spi-builder-workspace/.derivedData/ModuleCache.noindex/_Builtin_stdbool-9GGAYNGYIRAKYUVPRO4T37KPV.pcm
SwiftExplicitDependencyGeneratePcm armv7k /Users/admin/builder/spi-builder-workspace/.derivedData/ModuleCache.noindex/ptrauth-29H0DJUXMMFO2CSSMYEAV87RK.pcm
SwiftExplicitDependencyGeneratePcm armv7k /Users/admin/builder/spi-builder-workspace/.derivedData/ModuleCache.noindex/_AvailabilityInternal-6SJU6M2LYJPPZ32I07ITSSVWQ.pcm
SwiftExplicitDependencyGeneratePcm armv7k /Users/admin/builder/spi-builder-workspace/.derivedData/ModuleCache.noindex/_Builtin_stdarg-DYRLH0TGTHHV2884I15D76ZTY.pcm
SwiftExplicitDependencyGeneratePcm arm64_32 /Users/admin/builder/spi-builder-workspace/.derivedData/ModuleCache.noindex/_Builtin_stdarg-ARBBH9LG8KJD80OD4AOBDXECY.pcm
SwiftExplicitDependencyGeneratePcm arm64_32 /Users/admin/builder/spi-builder-workspace/.derivedData/ModuleCache.noindex/_SwiftConcurrencyShims-C6AKDQ01ZL7ACRWDOQURC81SL.pcm
SwiftExplicitDependencyGeneratePcm armv7k /Users/admin/builder/spi-builder-workspace/.derivedData/ModuleCache.noindex/SwiftShims-6QROL837IRE2W6PO5Q58F10NX.pcm
SwiftExplicitDependencyGeneratePcm arm64 /Users/admin/builder/spi-builder-workspace/.derivedData/ModuleCache.noindex/_Builtin_stdint-E1KR6MVRRMJEZVROW2AY9NSTP.pcm
SwiftExplicitDependencyGeneratePcm armv7k /Users/admin/builder/spi-builder-workspace/.derivedData/ModuleCache.noindex/_SwiftConcurrencyShims-34BW5B3N4ME8RPD94LF1DJDAY.pcm
SwiftExplicitDependencyGeneratePcm armv7k /Users/admin/builder/spi-builder-workspace/.derivedData/ModuleCache.noindex/_Builtin_float-TMBR8RTWA2KQG2I3OPK8D4A5.pcm
SwiftDriverJobDiscovery normal arm64 Compiling BinaryEncodingOptions.swift, BinaryEncodingSizeVisitor.swift, BinaryEncodingVisitor.swift, BytecodeInterpreter.swift, BytecodeReader.swift, CustomJSONCodable.swift, Decoder.swift, DoubleParser.swift, Enum.swift, ExtensibleMessage.swift (in target 'SwiftProtobuf' from project 'SwiftProtobuf')
SwiftExplicitDependencyGeneratePcm arm64_32 /Users/admin/builder/spi-builder-workspace/.derivedData/ModuleCache.noindex/ptrauth-4XDN8LMR9E2UQJQY9F3X67IWF.pcm
SwiftExplicitDependencyGeneratePcm armv7k /Users/admin/builder/spi-builder-workspace/.derivedData/ModuleCache.noindex/_Builtin_stddef-DMW3ND9OP3J2L817I3P9GMP6Z.pcm
SwiftExplicitDependencyGeneratePcm arm64 /Users/admin/builder/spi-builder-workspace/.derivedData/ModuleCache.noindex/sys_types-1WIE6CJJATPH5UNEDGBCYU6CW.pcm
SwiftExplicitDependencyGeneratePcm arm64_32 /Users/admin/builder/spi-builder-workspace/.derivedData/ModuleCache.noindex/_Builtin_stdbool-BAB5RWZEJS6I801PVH17P70AP.pcm
SwiftExplicitDependencyGeneratePcm armv7k /Users/admin/builder/spi-builder-workspace/.derivedData/ModuleCache.noindex/ptrcheck-277KJ347AAN646WEI7A9UJ5FC.pcm
SwiftExplicitDependencyGeneratePcm arm64_32 /Users/admin/builder/spi-builder-workspace/.derivedData/ModuleCache.noindex/ptrcheck-1R9BUZADPFAQBKN8FQH71PB76.pcm
SwiftExplicitDependencyGeneratePcm arm64 /Users/admin/builder/spi-builder-workspace/.derivedData/ModuleCache.noindex/_DarwinFoundation3-7Y66H1RAQKTRLCOB2LF7Q95AR.pcm
SwiftExplicitDependencyGeneratePcm arm64 /Users/admin/builder/spi-builder-workspace/.derivedData/Build/Intermediates.noindex/SwiftExplicitPrecompiledModules/TensorFlowAPI-863RNCTQFGI2TJLKDPXLLAHVM.pcm
SwiftExplicitDependencyGeneratePcm arm64_32 /Users/admin/builder/spi-builder-workspace/.derivedData/ModuleCache.noindex/_AvailabilityInternal-5LMFQXSOEWTNP2WQD9X3R6G9V.pcm
SwiftExplicitDependencyGeneratePcm arm64_32 /Users/admin/builder/spi-builder-workspace/.derivedData/ModuleCache.noindex/_Builtin_stddef-BXR3IJQOHMRYOLM4N7MN5BNRA.pcm
SwiftExplicitDependencyGeneratePcm armv7k /Users/admin/builder/spi-builder-workspace/.derivedData/ModuleCache.noindex/_DarwinFoundation1-A7O8KDJUE7ARRXS8NOXSYB9VX.pcm
SwiftExplicitDependencyGeneratePcm arm64_32 /Users/admin/builder/spi-builder-workspace/.derivedData/ModuleCache.noindex/_Builtin_float-1T114CUCTMRLUF33YKRYRT0WT.pcm
SwiftExplicitDependencyGeneratePcm arm64_32 /Users/admin/builder/spi-builder-workspace/.derivedData/ModuleCache.noindex/SwiftShims-DT5KL6CU9V62KKW6ZMA54WKVU.pcm
SwiftDriverJobDiscovery normal arm64_32 Compiling SwiftProtobufError.swift, TextFormatDecoder.swift, TextFormatDecodingError.swift, TextFormatDecodingOptions.swift, TextFormatEncoder.swift, TextFormatEncodingOptions.swift, TextFormatEncodingVisitor.swift, TextFormatScanner.swift, TimeUtils.swift (in target 'SwiftProtobuf' from project 'SwiftProtobuf')
SwiftDriver\ Compilation SwiftProtobuf normal arm64 com.apple.xcode.tools.swift.compiler (in target 'SwiftProtobuf' from project 'SwiftProtobuf')
cd /Users/admin/builder/spi-builder-workspace/.swiftpm/xcode
builtin-Swift-Compilation -- /Applications/Xcode-26.5.0.app/Contents/Developer/Toolchains/XcodeDefault.xctoolchain/usr/bin/swiftc -module-name SwiftProtobuf -Onone @/Users/admin/builder/spi-builder-workspace/.derivedData/Build/Intermediates.noindex/SwiftProtobuf.build/Debug-watchos/SwiftProtobuf.build/Objects-normal/arm64/SwiftProtobuf.SwiftFileList -DSWIFT_PACKAGE -DDEBUG -DSWIFT_MODULE_RESOURCE_BUNDLE_AVAILABLE -DBinaryDelimitedStreams -DFieldMaskUtilities -DXcode -enable-upcoming-feature ExistentialAny -plugin-path /Applications/Xcode-26.5.0.app/Contents/Developer/Toolchains/XcodeDefault.xctoolchain/usr/lib/swift/host/plugins/testing -enable-experimental-feature DebugDescriptionMacro -sdk /Applications/Xcode-26.5.0.app/Contents/Developer/Platforms/WatchOS.platform/Developer/SDKs/WatchOS26.5.sdk -target arm64-apple-watchos5.0 -g -module-cache-path /Users/admin/builder/spi-builder-workspace/.derivedData/ModuleCache.noindex -Xfrontend -serialize-debugging-options -profile-coverage-mapping -profile-generate -enable-testing -suppress-warnings -index-store-path /Users/admin/builder/spi-builder-workspace/.derivedData/Index.noindex/DataStore -Xcc -D_LIBCPP_HARDENING_MODE\=_LIBCPP_HARDENING_MODE_DEBUG -swift-version 6 -I /Users/admin/builder/spi-builder-workspace/.derivedData/Build/Products/Debug-watchos -Isystem /Applications/Xcode-26.5.0.app/Contents/Developer/Platforms/WatchOS.platform/Developer/usr/lib -F /Users/admin/builder/spi-builder-workspace/.derivedData/Build/Products/Debug-watchos -F /Applications/Xcode-26.5.0.app/Contents/Developer/Platforms/WatchOS.platform/Developer/Library/Frameworks -F /Applications/Xcode-26.5.0.app/Contents/Developer/Platforms/WatchOS.platform/Developer/SDKs/WatchOS26.5.sdk/Developer/Library/Frameworks -c -j10 -enable-batch-mode -incremental -Xcc -ivfsstatcache -Xcc /Users/admin/builder/spi-builder-workspace/.derivedData/SDKStatCaches.noindex/watchos26.5-23T570-688ef53f1462e2c8f657fdc38a81448f7931b973dfc65d9472806dbbc3af9379.sdkstatcache -output-file-map /Users/admin/builder/spi-builder-workspace/.derivedData/Build/Intermediates.noindex/SwiftProtobuf.build/Debug-watchos/SwiftProtobuf.build/Objects-normal/arm64/SwiftProtobuf-OutputFileMap.json -use-frontend-parseable-output -save-temps -no-color-diagnostics -explicit-module-build -module-cache-path /Users/admin/builder/spi-builder-workspace/.derivedData/Build/Intermediates.noindex/SwiftExplicitPrecompiledModules -clang-scanner-module-cache-path /Users/admin/builder/spi-builder-workspace/.derivedData/ModuleCache.noindex -sdk-module-cache-path /Users/admin/builder/spi-builder-workspace/.derivedData/ModuleCache.noindex -serialize-diagnostics -emit-dependencies -emit-module -emit-module-path /Users/admin/builder/spi-builder-workspace/.derivedData/Build/Intermediates.noindex/SwiftProtobuf.build/Debug-watchos/SwiftProtobuf.build/Objects-normal/arm64/SwiftProtobuf.swiftmodule -user-module-version 1.39.0 -validate-clang-modules-once -clang-build-session-file /Users/admin/builder/spi-builder-workspace/.derivedData/ModuleCache.noindex/Session.modulevalidation -package-name swift_protobuf -Xcc -I/Users/admin/builder/spi-builder-workspace/.derivedData/Build/Intermediates.noindex/SwiftProtobuf.build/Debug-watchos/SwiftProtobuf.build/swift-overrides.hmap -emit-const-values -Xfrontend -const-gather-protocols-file -Xfrontend /Users/admin/builder/spi-builder-workspace/.derivedData/Build/Intermediates.noindex/SwiftProtobuf.build/Debug-watchos/SwiftProtobuf.build/Objects-normal/arm64/SwiftProtobuf_const_extract_protocols.json -Xcc -I/Users/admin/builder/spi-builder-workspace/.derivedData/Build/Products/Debug-watchos/include -Xcc -I/Users/admin/builder/spi-builder-workspace/.derivedData/Build/Intermediates.noindex/SwiftProtobuf.build/Debug-watchos/SwiftProtobuf.build/DerivedSources-normal/arm64 -Xcc -I/Users/admin/builder/spi-builder-workspace/.derivedData/Build/Intermediates.noindex/SwiftProtobuf.build/Debug-watchos/SwiftProtobuf.build/DerivedSources/arm64 -Xcc -I/Users/admin/builder/spi-builder-workspace/.derivedData/Build/Intermediates.noindex/SwiftProtobuf.build/Debug-watchos/SwiftProtobuf.build/DerivedSources -Xcc -DSWIFT_PACKAGE -Xcc -DDEBUG\=1 -emit-objc-header -emit-objc-header-path /Users/admin/builder/spi-builder-workspace/.derivedData/Build/Intermediates.noindex/SwiftProtobuf.build/Debug-watchos/SwiftProtobuf.build/Objects-normal/arm64/SwiftProtobuf-Swift.h -working-directory /Users/admin/builder/spi-builder-workspace/.swiftpm/xcode -experimental-emit-module-separately -disable-cmo
Ld /Users/admin/builder/spi-builder-workspace/.derivedData/Build/Intermediates.noindex/SwiftProtobuf.build/Debug-watchos/SwiftProtobuf.build/Objects-normal/arm64/Binary/SwiftProtobuf.o normal arm64 (in target 'SwiftProtobuf' from project 'SwiftProtobuf')
cd /Users/admin/builder/spi-builder-workspace/.dependencies/checkouts/swift-protobuf
/Applications/Xcode-26.5.0.app/Contents/Developer/Toolchains/XcodeDefault.xctoolchain/usr/bin/clang -Xlinker -reproducible -target arm64-apple-watchos5.0 -r -isysroot /Applications/Xcode-26.5.0.app/Contents/Developer/Platforms/WatchOS.platform/Developer/SDKs/WatchOS26.5.sdk -O0 -w -F/Users/admin/builder/spi-builder-workspace/.derivedData/Build/Intermediates.noindex/EagerLinkingTBDs/Debug-watchos -F/Users/admin/builder/spi-builder-workspace/.derivedData/Build/Products/Debug-watchos -iframework /Applications/Xcode-26.5.0.app/Contents/Developer/Platforms/WatchOS.platform/Developer/Library/Frameworks -iframework /Applications/Xcode-26.5.0.app/Contents/Developer/Platforms/WatchOS.platform/Developer/SDKs/WatchOS26.5.sdk/Developer/Library/Frameworks -filelist /Users/admin/builder/spi-builder-workspace/.derivedData/Build/Intermediates.noindex/SwiftProtobuf.build/Debug-watchos/SwiftProtobuf.build/Objects-normal/arm64/SwiftProtobuf.LinkFileList -nostdlib -Xlinker -object_path_lto -Xlinker /Users/admin/builder/spi-builder-workspace/.derivedData/Build/Intermediates.noindex/SwiftProtobuf.build/Debug-watchos/SwiftProtobuf.build/Objects-normal/arm64/SwiftProtobuf_lto.o -Xlinker -no_deduplicate -Xlinker -debug_variant -Xlinker -dependency_info -Xlinker /Users/admin/builder/spi-builder-workspace/.derivedData/Build/Intermediates.noindex/SwiftProtobuf.build/Debug-watchos/SwiftProtobuf.build/Objects-normal/arm64/SwiftProtobuf_dependency_info.dat -fobjc-link-runtime -L/Applications/Xcode-26.5.0.app/Contents/Developer/Toolchains/XcodeDefault.xctoolchain/usr/lib/swift/watchos -L/usr/lib/swift -Xlinker -add_ast_path -Xlinker /Users/admin/builder/spi-builder-workspace/.derivedData/Build/Intermediates.noindex/SwiftProtobuf.build/Debug-watchos/SwiftProtobuf.build/Objects-normal/arm64/SwiftProtobuf.swiftmodule @/Users/admin/builder/spi-builder-workspace/.derivedData/Build/Intermediates.noindex/SwiftProtobuf.build/Debug-watchos/SwiftProtobuf.build/Objects-normal/arm64/SwiftProtobuf-linker-args.resp -o /Users/admin/builder/spi-builder-workspace/.derivedData/Build/Intermediates.noindex/SwiftProtobuf.build/Debug-watchos/SwiftProtobuf.build/Objects-normal/arm64/Binary/SwiftProtobuf.o
SwiftExplicitDependencyGeneratePcm arm64_32 /Users/admin/builder/spi-builder-workspace/.derivedData/ModuleCache.noindex/_DarwinFoundation1-4GCOXBJG9J3J7FMDJRFQ39VU5.pcm
SwiftExplicitDependencyGeneratePcm armv7k /Users/admin/builder/spi-builder-workspace/.derivedData/ModuleCache.noindex/_Builtin_limits-3MR77B9OJYE52QCHMTEJGHDVO.pcm
SwiftExplicitDependencyGeneratePcm armv7k /Users/admin/builder/spi-builder-workspace/.derivedData/ModuleCache.noindex/_DarwinFoundation2-A56EC5QAXU35TAIAYWQSJNGDQ.pcm
SwiftExplicitDependencyGeneratePcm arm64 /Users/admin/builder/spi-builder-workspace/.derivedData/ModuleCache.noindex/_Builtin_inttypes-2BQH3PWWI5NL99AO9W581KKUT.pcm
SwiftExplicitDependencyGeneratePcm arm64_32 /Users/admin/builder/spi-builder-workspace/.derivedData/ModuleCache.noindex/_Builtin_limits-9QBLMNQPNUET1R6EJ20UP4RBF.pcm
SwiftExplicitDependencyGeneratePcm arm64_32 /Users/admin/builder/spi-builder-workspace/.derivedData/ModuleCache.noindex/_DarwinFoundation2-6O8ENYLNVNLOLEZA7CQ07FVJC.pcm
SwiftExplicitDependencyGeneratePcm arm64 /Users/admin/builder/spi-builder-workspace/.derivedData/ModuleCache.noindex/Darwin-5L2JC6PNUNUBZL7U0PCA0NTBM.pcm
SwiftExplicitDependencyGeneratePcm armv7k /Users/admin/builder/spi-builder-workspace/.derivedData/ModuleCache.noindex/_Builtin_stdint-5K07UQVF6TFI9F3WAD6F8EAYC.pcm
SwiftExplicitDependencyGeneratePcm armv7k /Users/admin/builder/spi-builder-workspace/.derivedData/ModuleCache.noindex/sys_types-6PB659H4601JDYFSQZNAVS4UF.pcm
SwiftExplicitDependencyGeneratePcm armv7k /Users/admin/builder/spi-builder-workspace/.derivedData/ModuleCache.noindex/_DarwinFoundation3-6KJCNS2LMI423M55A4R7ISJ7W.pcm
SwiftExplicitDependencyGeneratePcm armv7k /Users/admin/builder/spi-builder-workspace/.derivedData/Build/Intermediates.noindex/SwiftExplicitPrecompiledModules/TensorFlowAPI-37IYPQ61ZPIMALVKM3XZOQ82O.pcm
SwiftExplicitDependencyGeneratePcm arm64_32 /Users/admin/builder/spi-builder-workspace/.derivedData/ModuleCache.noindex/sys_types-4TMG15N8XQOBNXWGDIBI4BFJ8.pcm
SwiftExplicitDependencyGeneratePcm arm64_32 /Users/admin/builder/spi-builder-workspace/.derivedData/ModuleCache.noindex/_Builtin_stdint-EL733HJGRA7EHAZMIVNP4V21V.pcm
SwiftExplicitDependencyGeneratePcm arm64_32 /Users/admin/builder/spi-builder-workspace/.derivedData/Build/Intermediates.noindex/SwiftExplicitPrecompiledModules/TensorFlowAPI-4AMS2GG68V6R5SS1CC44P70A2.pcm
SwiftExplicitDependencyGeneratePcm arm64_32 /Users/admin/builder/spi-builder-workspace/.derivedData/ModuleCache.noindex/_DarwinFoundation3-49GG6POEGBG4J8BVW38U0HOW7.pcm
SwiftDriverJobDiscovery normal armv7k Compiling Google_Protobuf_NullValue+Extensions.swift, Google_Protobuf_Struct+Extensions.swift, Google_Protobuf_Timestamp+Extensions.swift, Google_Protobuf_Value+Extensions.swift, Google_Protobuf_Wrappers+Extensions.swift, HashVisitor.swift, Internal.swift, JSONDecoder.swift, JSONDecodingError.swift, JSONDecodingOptions.swift (in target 'SwiftProtobuf' from project 'SwiftProtobuf')
SwiftExplicitDependencyGeneratePcm armv7k /Users/admin/builder/spi-builder-workspace/.derivedData/ModuleCache.noindex/_Builtin_inttypes-9E5KLM6TJZ4NSPVKMLSXNWSI.pcm
SwiftExplicitDependencyGeneratePcm armv7k /Users/admin/builder/spi-builder-workspace/.derivedData/ModuleCache.noindex/Darwin-5CVKLEEDDW1N5A1493QZKUJ8W.pcm
SwiftExplicitDependencyGeneratePcm arm64_32 /Users/admin/builder/spi-builder-workspace/.derivedData/ModuleCache.noindex/_Builtin_inttypes-AP64DOOYB9O8TK0PDUD06EUT0.pcm
SwiftExplicitDependencyGeneratePcm arm64 /Users/admin/builder/spi-builder-workspace/.derivedData/ModuleCache.noindex/ObjectiveC-6MO1IYPU70XC3GJNUPQ7XHZJ7.pcm
SwiftDriverJobDiscovery normal armv7k Compiling descriptor.pb.swift, duration.pb.swift, empty.pb.swift, field_mask.pb.swift, source_context.pb.swift, struct.pb.swift, timestamp.pb.swift, type.pb.swift, wrappers.pb.swift (in target 'SwiftProtobuf' from project 'SwiftProtobuf')
SwiftExplicitDependencyGeneratePcm arm64_32 /Users/admin/builder/spi-builder-workspace/.derivedData/ModuleCache.noindex/Darwin-BZIF2D19LUNZQRDOCTX4CC7A1.pcm
SwiftDriver\ Compilation SwiftProtobuf normal armv7k com.apple.xcode.tools.swift.compiler (in target 'SwiftProtobuf' from project 'SwiftProtobuf')
cd /Users/admin/builder/spi-builder-workspace/.swiftpm/xcode
builtin-Swift-Compilation -- /Applications/Xcode-26.5.0.app/Contents/Developer/Toolchains/XcodeDefault.xctoolchain/usr/bin/swiftc -module-name SwiftProtobuf -Onone @/Users/admin/builder/spi-builder-workspace/.derivedData/Build/Intermediates.noindex/SwiftProtobuf.build/Debug-watchos/SwiftProtobuf.build/Objects-normal/armv7k/SwiftProtobuf.SwiftFileList -DSWIFT_PACKAGE -DDEBUG -DSWIFT_MODULE_RESOURCE_BUNDLE_AVAILABLE -DBinaryDelimitedStreams -DFieldMaskUtilities -DXcode -enable-upcoming-feature ExistentialAny -plugin-path /Applications/Xcode-26.5.0.app/Contents/Developer/Toolchains/XcodeDefault.xctoolchain/usr/lib/swift/host/plugins/testing -enable-experimental-feature DebugDescriptionMacro -sdk /Applications/Xcode-26.5.0.app/Contents/Developer/Platforms/WatchOS.platform/Developer/SDKs/WatchOS26.5.sdk -target armv7k-apple-watchos5.0 -g -module-cache-path /Users/admin/builder/spi-builder-workspace/.derivedData/ModuleCache.noindex -Xfrontend -serialize-debugging-options -profile-coverage-mapping -profile-generate -enable-testing -suppress-warnings -index-store-path /Users/admin/builder/spi-builder-workspace/.derivedData/Index.noindex/DataStore -Xcc -D_LIBCPP_HARDENING_MODE\=_LIBCPP_HARDENING_MODE_DEBUG -swift-version 6 -I /Users/admin/builder/spi-builder-workspace/.derivedData/Build/Products/Debug-watchos -Isystem /Applications/Xcode-26.5.0.app/Contents/Developer/Platforms/WatchOS.platform/Developer/usr/lib -F /Users/admin/builder/spi-builder-workspace/.derivedData/Build/Products/Debug-watchos -F /Applications/Xcode-26.5.0.app/Contents/Developer/Platforms/WatchOS.platform/Developer/Library/Frameworks -F /Applications/Xcode-26.5.0.app/Contents/Developer/Platforms/WatchOS.platform/Developer/SDKs/WatchOS26.5.sdk/Developer/Library/Frameworks -c -j10 -enable-batch-mode -incremental -Xcc -ivfsstatcache -Xcc /Users/admin/builder/spi-builder-workspace/.derivedData/SDKStatCaches.noindex/watchos26.5-23T570-688ef53f1462e2c8f657fdc38a81448f7931b973dfc65d9472806dbbc3af9379.sdkstatcache -output-file-map /Users/admin/builder/spi-builder-workspace/.derivedData/Build/Intermediates.noindex/SwiftProtobuf.build/Debug-watchos/SwiftProtobuf.build/Objects-normal/armv7k/SwiftProtobuf-OutputFileMap.json -use-frontend-parseable-output -save-temps -no-color-diagnostics -explicit-module-build -module-cache-path /Users/admin/builder/spi-builder-workspace/.derivedData/Build/Intermediates.noindex/SwiftExplicitPrecompiledModules -clang-scanner-module-cache-path /Users/admin/builder/spi-builder-workspace/.derivedData/ModuleCache.noindex -sdk-module-cache-path /Users/admin/builder/spi-builder-workspace/.derivedData/ModuleCache.noindex -serialize-diagnostics -emit-dependencies -emit-module -emit-module-path /Users/admin/builder/spi-builder-workspace/.derivedData/Build/Intermediates.noindex/SwiftProtobuf.build/Debug-watchos/SwiftProtobuf.build/Objects-normal/armv7k/SwiftProtobuf.swiftmodule -user-module-version 1.39.0 -validate-clang-modules-once -clang-build-session-file /Users/admin/builder/spi-builder-workspace/.derivedData/ModuleCache.noindex/Session.modulevalidation -package-name swift_protobuf -Xcc -I/Users/admin/builder/spi-builder-workspace/.derivedData/Build/Intermediates.noindex/SwiftProtobuf.build/Debug-watchos/SwiftProtobuf.build/swift-overrides.hmap -emit-const-values -Xfrontend -const-gather-protocols-file -Xfrontend /Users/admin/builder/spi-builder-workspace/.derivedData/Build/Intermediates.noindex/SwiftProtobuf.build/Debug-watchos/SwiftProtobuf.build/Objects-normal/armv7k/SwiftProtobuf_const_extract_protocols.json -Xcc -I/Users/admin/builder/spi-builder-workspace/.derivedData/Build/Products/Debug-watchos/include -Xcc -I/Users/admin/builder/spi-builder-workspace/.derivedData/Build/Intermediates.noindex/SwiftProtobuf.build/Debug-watchos/SwiftProtobuf.build/DerivedSources-normal/armv7k -Xcc -I/Users/admin/builder/spi-builder-workspace/.derivedData/Build/Intermediates.noindex/SwiftProtobuf.build/Debug-watchos/SwiftProtobuf.build/DerivedSources/armv7k -Xcc -I/Users/admin/builder/spi-builder-workspace/.derivedData/Build/Intermediates.noindex/SwiftProtobuf.build/Debug-watchos/SwiftProtobuf.build/DerivedSources -Xcc -DSWIFT_PACKAGE -Xcc -DDEBUG\=1 -emit-objc-header -emit-objc-header-path /Users/admin/builder/spi-builder-workspace/.derivedData/Build/Intermediates.noindex/SwiftProtobuf.build/Debug-watchos/SwiftProtobuf.build/Objects-normal/armv7k/SwiftProtobuf-Swift.h -working-directory /Users/admin/builder/spi-builder-workspace/.swiftpm/xcode -experimental-emit-module-separately -disable-cmo
Ld /Users/admin/builder/spi-builder-workspace/.derivedData/Build/Intermediates.noindex/SwiftProtobuf.build/Debug-watchos/SwiftProtobuf.build/Objects-normal/armv7k/Binary/SwiftProtobuf.o normal armv7k (in target 'SwiftProtobuf' from project 'SwiftProtobuf')
cd /Users/admin/builder/spi-builder-workspace/.dependencies/checkouts/swift-protobuf
/Applications/Xcode-26.5.0.app/Contents/Developer/Toolchains/XcodeDefault.xctoolchain/usr/bin/clang -Xlinker -reproducible -target armv7k-apple-watchos5.0 -r -isysroot /Applications/Xcode-26.5.0.app/Contents/Developer/Platforms/WatchOS.platform/Developer/SDKs/WatchOS26.5.sdk -O0 -w -F/Users/admin/builder/spi-builder-workspace/.derivedData/Build/Intermediates.noindex/EagerLinkingTBDs/Debug-watchos -F/Users/admin/builder/spi-builder-workspace/.derivedData/Build/Products/Debug-watchos -iframework /Applications/Xcode-26.5.0.app/Contents/Developer/Platforms/WatchOS.platform/Developer/Library/Frameworks -iframework /Applications/Xcode-26.5.0.app/Contents/Developer/Platforms/WatchOS.platform/Developer/SDKs/WatchOS26.5.sdk/Developer/Library/Frameworks -filelist /Users/admin/builder/spi-builder-workspace/.derivedData/Build/Intermediates.noindex/SwiftProtobuf.build/Debug-watchos/SwiftProtobuf.build/Objects-normal/armv7k/SwiftProtobuf.LinkFileList -nostdlib -Xlinker -object_path_lto -Xlinker /Users/admin/builder/spi-builder-workspace/.derivedData/Build/Intermediates.noindex/SwiftProtobuf.build/Debug-watchos/SwiftProtobuf.build/Objects-normal/armv7k/SwiftProtobuf_lto.o -Xlinker -no_deduplicate -Xlinker -debug_variant -Xlinker -dependency_info -Xlinker /Users/admin/builder/spi-builder-workspace/.derivedData/Build/Intermediates.noindex/SwiftProtobuf.build/Debug-watchos/SwiftProtobuf.build/Objects-normal/armv7k/SwiftProtobuf_dependency_info.dat -fobjc-link-runtime -L/Applications/Xcode-26.5.0.app/Contents/Developer/Toolchains/XcodeDefault.xctoolchain/usr/lib/swift/watchos -L/usr/lib/swift -Xlinker -add_ast_path -Xlinker /Users/admin/builder/spi-builder-workspace/.derivedData/Build/Intermediates.noindex/SwiftProtobuf.build/Debug-watchos/SwiftProtobuf.build/Objects-normal/armv7k/SwiftProtobuf.swiftmodule @/Users/admin/builder/spi-builder-workspace/.derivedData/Build/Intermediates.noindex/SwiftProtobuf.build/Debug-watchos/SwiftProtobuf.build/Objects-normal/armv7k/SwiftProtobuf-linker-args.resp -o /Users/admin/builder/spi-builder-workspace/.derivedData/Build/Intermediates.noindex/SwiftProtobuf.build/Debug-watchos/SwiftProtobuf.build/Objects-normal/armv7k/Binary/SwiftProtobuf.o
SwiftExplicitDependencyGeneratePcm arm64 /Users/admin/builder/spi-builder-workspace/.derivedData/ModuleCache.noindex/os_object-9Z9NN1HFZ97KSMZMZ0K31MG61.pcm
SwiftExplicitDependencyGeneratePcm arm64 /Users/admin/builder/spi-builder-workspace/.derivedData/ModuleCache.noindex/os_workgroup-2LZKS0O877VMOVI8CPS12YQYF.pcm
SwiftExplicitDependencyGeneratePcm arm64 /Users/admin/builder/spi-builder-workspace/.derivedData/ModuleCache.noindex/Dispatch-CRGXH1IATECPMP3G8FEPG1NIT.pcm
SwiftExplicitDependencyGeneratePcm armv7k /Users/admin/builder/spi-builder-workspace/.derivedData/ModuleCache.noindex/ObjectiveC-8ZVKFPFMHMW6PD0PWJ7WIC3G5.pcm
SwiftExplicitDependencyGeneratePcm armv7k /Users/admin/builder/spi-builder-workspace/.derivedData/ModuleCache.noindex/os_object-C248JNPLL8YZQHUBLVA551DIH.pcm
SwiftExplicitDependencyGeneratePcm arm64 /Users/admin/builder/spi-builder-workspace/.derivedData/ModuleCache.noindex/CoreFoundation-BRWCSK5B7QKM2VJU39HAKYWNY.pcm
SwiftExplicitDependencyGeneratePcm arm64 /Users/admin/builder/spi-builder-workspace/.derivedData/ModuleCache.noindex/XPC-8KX8CNN5YR9516EZ6KJ4WRO0.pcm
SwiftExplicitDependencyGeneratePcm arm64_32 /Users/admin/builder/spi-builder-workspace/.derivedData/ModuleCache.noindex/ObjectiveC-59FECUIIUA0E48I4X1TVDQ2U5.pcm
SwiftExplicitDependencyGeneratePcm armv7k /Users/admin/builder/spi-builder-workspace/.derivedData/ModuleCache.noindex/os_workgroup-B76E3R93ADTCLAEU11ROVACKB.pcm
SwiftExplicitDependencyGeneratePcm arm64_32 /Users/admin/builder/spi-builder-workspace/.derivedData/ModuleCache.noindex/os_object-5VYKPBIDDHSVL93CHQNMVMG2A.pcm
SwiftExplicitDependencyGeneratePcm armv7k /Users/admin/builder/spi-builder-workspace/.derivedData/ModuleCache.noindex/Dispatch-45TSF010J4D8LFQPOSEXWN54U.pcm
SwiftExplicitDependencyGeneratePcm arm64 /Users/admin/builder/spi-builder-workspace/.derivedData/ModuleCache.noindex/Security-CFR0WEFRRR7SKK31ZDTCM9YEM.pcm
SwiftExplicitDependencyGeneratePcm arm64_32 /Users/admin/builder/spi-builder-workspace/.derivedData/ModuleCache.noindex/os_workgroup-7FLDQ2ABY2XAGMNEBVKSIQRFR.pcm
SwiftExplicitDependencyGeneratePcm armv7k /Users/admin/builder/spi-builder-workspace/.derivedData/ModuleCache.noindex/CoreFoundation-BTFE75LD5OCTC057V5S85YIYO.pcm
SwiftExplicitDependencyGeneratePcm armv7k /Users/admin/builder/spi-builder-workspace/.derivedData/ModuleCache.noindex/XPC-E02RA42V5WX3OGIG16YQ1Y7QR.pcm
SwiftExplicitDependencyGeneratePcm arm64 /Users/admin/builder/spi-builder-workspace/.derivedData/ModuleCache.noindex/Foundation-4ZX5UQAQAK0CJIE6HI2MO8A7P.pcm
SwiftExplicitDependencyGeneratePcm arm64_32 /Users/admin/builder/spi-builder-workspace/.derivedData/ModuleCache.noindex/Dispatch-A02SSMS2JBGHOSUC3OD8BH8SZ.pcm
SwiftExplicitDependencyGeneratePcm arm64_32 /Users/admin/builder/spi-builder-workspace/.derivedData/ModuleCache.noindex/CoreFoundation-DD1XZD6BVLMD6XYTVU72T1HSW.pcm
SwiftExplicitDependencyGeneratePcm arm64_32 /Users/admin/builder/spi-builder-workspace/.derivedData/ModuleCache.noindex/XPC-5WXLZUXWADUX6QGCUNJNMLMBN.pcm
SwiftExplicitDependencyGeneratePcm armv7k /Users/admin/builder/spi-builder-workspace/.derivedData/ModuleCache.noindex/Security-5S473XEN72XJK8GXE9AM1PMX8.pcm
SwiftExplicitDependencyGeneratePcm armv7k /Users/admin/builder/spi-builder-workspace/.derivedData/ModuleCache.noindex/Foundation-8ABBH198ONYC0P7PTS9VDZZG2.pcm
SwiftExplicitDependencyGeneratePcm arm64_32 /Users/admin/builder/spi-builder-workspace/.derivedData/ModuleCache.noindex/Security-DRFNZQ73ADY1KPAAA36MF3770.pcm
SwiftExplicitDependencyGeneratePcm arm64_32 /Users/admin/builder/spi-builder-workspace/.derivedData/ModuleCache.noindex/Foundation-E3OHXW3JFBDTOGH7UVPJMLO48.pcm
SwiftCompile normal arm64 Compiling\ APILoader.swift,\ PerfectTensorFlow.swift,\ pb.allocation_description.swift,\ pb.api_def.swift,\ pb.api_objects.swift,\ pb.attr_value.swift,\ pb.bigquery_table_partition.swift,\ pb.checkpoint_state.swift,\ pb.checkpointable_object_graph.swift,\ pb.cluster.swift /Users/admin/builder/spi-builder-workspace/Sources/PerfectTensorFlow/APILoader.swift /Users/admin/builder/spi-builder-workspace/Sources/PerfectTensorFlow/PerfectTensorFlow.swift /Users/admin/builder/spi-builder-workspace/Sources/PerfectTensorFlow/pb.allocation_description.swift /Users/admin/builder/spi-builder-workspace/Sources/PerfectTensorFlow/pb.api_def.swift /Users/admin/builder/spi-builder-workspace/Sources/PerfectTensorFlow/pb.api_objects.swift /Users/admin/builder/spi-builder-workspace/Sources/PerfectTensorFlow/pb.attr_value.swift /Users/admin/builder/spi-builder-workspace/Sources/PerfectTensorFlow/pb.bigquery_table_partition.swift /Users/admin/builder/spi-builder-workspace/Sources/PerfectTensorFlow/pb.checkpoint_state.swift /Users/admin/builder/spi-builder-workspace/Sources/PerfectTensorFlow/pb.checkpointable_object_graph.swift /Users/admin/builder/spi-builder-workspace/Sources/PerfectTensorFlow/pb.cluster.swift (in target 'PerfectTensorFlow' from project 'PerfectTensorFlow')
SwiftCompile normal arm64 /Users/admin/builder/spi-builder-workspace/Sources/PerfectTensorFlow/APILoader.swift (in target 'PerfectTensorFlow' from project 'PerfectTensorFlow')
cd /Users/admin/builder/spi-builder-workspace/.swiftpm/xcode
/Users/admin/builder/spi-builder-workspace/Sources/PerfectTensorFlow/APILoader.swift:302:88: error: cannot find type 'float_t' in scope
public static var SetAttrFloat: @convention(c) (OpaquePointer, UnsafePointer<CChar>, float_t) -> Void = { _, _, _ in }
^~~~~~~
/Users/admin/builder/spi-builder-workspace/Sources/PerfectTensorFlow/APILoader.swift:303:106: error: cannot find type 'float_t' in scope
public static var SetAttrFloatList: @convention(c) (OpaquePointer, UnsafePointer<CChar>, UnsafePointer<float_t>, Int32) -> Void = { _, _, _, _ in }
^~~~~~~
/Users/admin/builder/spi-builder-workspace/Sources/PerfectTensorFlow/APILoader.swift:439:118: error: cannot find type 'float_t' in scope
public static var OperationGetAttrFloat: @convention(c) (OpaquePointer, UnsafePointer<CChar>, UnsafeMutablePointer<float_t>, OpaquePointer) -> Void = { _, _, _, _ in }
^~~~~~~
/Users/admin/builder/spi-builder-workspace/Sources/PerfectTensorFlow/APILoader.swift:445:122: error: cannot find type 'float_t' in scope
public static var OperationGetAttrFloatList: @convention(c) (OpaquePointer, UnsafePointer<CChar>, UnsafeMutablePointer<float_t>, Int32, OpaquePointer) -> Void = { _, _, _, _, _ in }
^~~~~~~
/Users/admin/builder/spi-builder-workspace/Sources/PerfectTensorFlow/APILoader.swift:67:47: error: cannot find 'dlerror' in scope
throw Panic.DLL(reason: String(cString: dlerror()))
^~~~~~~
/Users/admin/builder/spi-builder-workspace/Sources/PerfectTensorFlow/APILoader.swift:69:21: error: cannot find 'dlsym' in scope
guard let sym = dlsym(lib, symbol) else {
^~~~~
/Users/admin/builder/spi-builder-workspace/Sources/PerfectTensorFlow/APILoader.swift:70:47: error: cannot find 'dlerror' in scope
throw Panic.SYM(reason: String(cString: dlerror()))
^~~~~~~
/Users/admin/builder/spi-builder-workspace/Sources/PerfectTensorFlow/APILoader.swift:1017:21: error: cannot find 'dlopen' in scope
guard let lib = dlopen(library, RTLD_NOW) else {
^~~~~~
/Users/admin/builder/spi-builder-workspace/Sources/PerfectTensorFlow/APILoader.swift:1017:37: error: cannot find 'RTLD_NOW' in scope
guard let lib = dlopen(library, RTLD_NOW) else {
^~~~~~~~
/Users/admin/builder/spi-builder-workspace/Sources/PerfectTensorFlow/APILoader.swift:1018:47: error: cannot find 'dlerror' in scope
throw Panic.DLL(reason: String(cString: dlerror()))
^~~~~~~
/Users/admin/builder/spi-builder-workspace/Sources/PerfectTensorFlow/APILoader.swift:1194:11: error: cannot find 'dlclose' in scope
_ = dlclose(lib)
^~~~~~~
SwiftCompile normal arm64 /Users/admin/builder/spi-builder-workspace/Sources/PerfectTensorFlow/PerfectTensorFlow.swift (in target 'PerfectTensorFlow' from project 'PerfectTensorFlow')
cd /Users/admin/builder/spi-builder-workspace/.swiftpm/xcode
/Users/admin/builder/spi-builder-workspace/Sources/PerfectTensorFlow/PerfectTensorFlow.swift:1292:18: warning: 'init(serializedData:extensions:partial:options:)' is deprecated: replaced by 'init(serializedBytes:extensions:partial:options:)'
return try AttrValue(serializedData: data)
^
/Users/admin/builder/spi-builder-workspace/Sources/PerfectTensorFlow/PerfectTensorFlow.swift:1292:18: note: use 'init(serializedBytes:extensions:partial:options:)' instead
return try AttrValue(serializedData: data)
^ ~~~~~~~~~~~~~~
serializedBytes
/Users/admin/builder/spi-builder-workspace/Sources/PerfectTensorFlow/PerfectTensorFlow.swift:1304:20: warning: 'init(serializedData:extensions:partial:options:)' is deprecated: replaced by 'init(serializedBytes:extensions:partial:options:)'
return try NodeDef(serializedData: data)
^
/Users/admin/builder/spi-builder-workspace/Sources/PerfectTensorFlow/PerfectTensorFlow.swift:1304:20: note: use 'init(serializedBytes:extensions:partial:options:)' instead
return try NodeDef(serializedData: data)
^ ~~~~~~~~~~~~~~
serializedBytes
/Users/admin/builder/spi-builder-workspace/Sources/PerfectTensorFlow/PerfectTensorFlow.swift:1651:23: warning: 'init(serializedData:extensions:partial:options:)' is deprecated: replaced by 'init(serializedBytes:extensions:partial:options:)'
let def = try GraphDef(serializedData: data)
^
/Users/admin/builder/spi-builder-workspace/Sources/PerfectTensorFlow/PerfectTensorFlow.swift:1651:23: note: use 'init(serializedBytes:extensions:partial:options:)' instead
let def = try GraphDef(serializedData: data)
^ ~~~~~~~~~~~~~~
serializedBytes
/Users/admin/builder/spi-builder-workspace/Sources/PerfectTensorFlow/PerfectTensorFlow.swift:2213:20: warning: 'init(serializedData:extensions:partial:options:)' is deprecated: replaced by 'init(serializedBytes:extensions:partial:options:)'
return try AttrValue(serializedData: proto)
^
/Users/admin/builder/spi-builder-workspace/Sources/PerfectTensorFlow/PerfectTensorFlow.swift:2213:20: note: use 'init(serializedBytes:extensions:partial:options:)' instead
return try AttrValue(serializedData: proto)
^ ~~~~~~~~~~~~~~
serializedBytes
/Users/admin/builder/spi-builder-workspace/Sources/PerfectTensorFlow/PerfectTensorFlow.swift:2237:23: warning: 'init(serializedData:extensions:partial:options:)' is deprecated: replaced by 'init(serializedBytes:extensions:partial:options:)'
return try? FunctionDef(serializedData: proto)
^
/Users/admin/builder/spi-builder-workspace/Sources/PerfectTensorFlow/PerfectTensorFlow.swift:2237:23: note: use 'init(serializedBytes:extensions:partial:options:)' instead
return try? FunctionDef(serializedData: proto)
^ ~~~~~~~~~~~~~~
serializedBytes
/Users/admin/builder/spi-builder-workspace/Sources/PerfectTensorFlow/PerfectTensorFlow.swift:2379:24: warning: 'init(serializedData:extensions:partial:options:)' is deprecated: replaced by 'init(serializedBytes:extensions:partial:options:)'
let opList = try Tensorflow_OpList(serializedData: dat)
^
/Users/admin/builder/spi-builder-workspace/Sources/PerfectTensorFlow/PerfectTensorFlow.swift:2379:24: note: use 'init(serializedBytes:extensions:partial:options:)' instead
let opList = try Tensorflow_OpList(serializedData: dat)
^ ~~~~~~~~~~~~~~
serializedBytes
SwiftCompile normal arm64 /Users/admin/builder/spi-builder-workspace/Sources/PerfectTensorFlow/pb.allocation_description.swift (in target 'PerfectTensorFlow' from project 'PerfectTensorFlow')
cd /Users/admin/builder/spi-builder-workspace/.swiftpm/xcode
/Users/admin/builder/spi-builder-workspace/Sources/PerfectTensorFlow/pb.allocation_description.swift:97:65: warning: 'init(dictionaryLiteral:)' is deprecated: Please regenerate your .pb.swift files with the current version of the SwiftProtobuf protoc plugin.
public static let _protobuf_nameMap: SwiftProtobuf._NameMap = [
^
SwiftCompile normal arm64 /Users/admin/builder/spi-builder-workspace/Sources/PerfectTensorFlow/pb.api_def.swift (in target 'PerfectTensorFlow' from project 'PerfectTensorFlow')
cd /Users/admin/builder/spi-builder-workspace/.swiftpm/xcode
/Users/admin/builder/spi-builder-workspace/Sources/PerfectTensorFlow/pb.api_def.swift:413:65: warning: 'init(dictionaryLiteral:)' is deprecated: Please regenerate your .pb.swift files with the current version of the SwiftProtobuf protoc plugin.
public static let _protobuf_nameMap: SwiftProtobuf._NameMap = [
^
/Users/admin/builder/spi-builder-workspace/Sources/PerfectTensorFlow/pb.api_def.swift:445:65: warning: 'init(dictionaryLiteral:)' is deprecated: Please regenerate your .pb.swift files with the current version of the SwiftProtobuf protoc plugin.
public static let _protobuf_nameMap: SwiftProtobuf._NameMap = [
^
/Users/admin/builder/spi-builder-workspace/Sources/PerfectTensorFlow/pb.api_def.swift:454:65: warning: 'init(dictionaryLiteral:)' is deprecated: Please regenerate your .pb.swift files with the current version of the SwiftProtobuf protoc plugin.
public static let _protobuf_nameMap: SwiftProtobuf._NameMap = [
^
/Users/admin/builder/spi-builder-workspace/Sources/PerfectTensorFlow/pb.api_def.swift:468:65: warning: 'init(dictionaryLiteral:)' is deprecated: Please regenerate your .pb.swift files with the current version of the SwiftProtobuf protoc plugin.
public static let _protobuf_nameMap: SwiftProtobuf._NameMap = [
^
/Users/admin/builder/spi-builder-workspace/Sources/PerfectTensorFlow/pb.api_def.swift:484:65: warning: 'init(dictionaryLiteral:)' is deprecated: Please regenerate your .pb.swift files with the current version of the SwiftProtobuf protoc plugin.
public static let _protobuf_nameMap: SwiftProtobuf._NameMap = [
^
/Users/admin/builder/spi-builder-workspace/Sources/PerfectTensorFlow/pb.api_def.swift:535:65: warning: 'init(dictionaryLiteral:)' is deprecated: Please regenerate your .pb.swift files with the current version of the SwiftProtobuf protoc plugin.
public static let _protobuf_nameMap: SwiftProtobuf._NameMap = [
^
SwiftCompile normal arm64 /Users/admin/builder/spi-builder-workspace/Sources/PerfectTensorFlow/pb.api_objects.swift (in target 'PerfectTensorFlow' from project 'PerfectTensorFlow')
cd /Users/admin/builder/spi-builder-workspace/.swiftpm/xcode
/Users/admin/builder/spi-builder-workspace/Sources/PerfectTensorFlow/pb.api_objects.swift:315:65: warning: 'init(dictionaryLiteral:)' is deprecated: Please regenerate your .pb.swift files with the current version of the SwiftProtobuf protoc plugin.
public static let _protobuf_nameMap: SwiftProtobuf._NameMap = [
^
/Users/admin/builder/spi-builder-workspace/Sources/PerfectTensorFlow/pb.api_objects.swift:329:65: warning: 'init(dictionaryLiteral:)' is deprecated: Please regenerate your .pb.swift files with the current version of the SwiftProtobuf protoc plugin.
public static let _protobuf_nameMap: SwiftProtobuf._NameMap = [
^
/Users/admin/builder/spi-builder-workspace/Sources/PerfectTensorFlow/pb.api_objects.swift:345:65: warning: 'init(dictionaryLiteral:)' is deprecated: Please regenerate your .pb.swift files with the current version of the SwiftProtobuf protoc plugin.
public static let _protobuf_nameMap: SwiftProtobuf._NameMap = [
^
/Users/admin/builder/spi-builder-workspace/Sources/PerfectTensorFlow/pb.api_objects.swift:359:65: warning: 'init(dictionaryLiteral:)' is deprecated: Please regenerate your .pb.swift files with the current version of the SwiftProtobuf protoc plugin.
public static let _protobuf_nameMap: SwiftProtobuf._NameMap = [
^
/Users/admin/builder/spi-builder-workspace/Sources/PerfectTensorFlow/pb.api_objects.swift:375:65: warning: 'init(dictionaryLiteral:)' is deprecated: Please regenerate your .pb.swift files with the current version of the SwiftProtobuf protoc plugin.
public static let _protobuf_nameMap: SwiftProtobuf._NameMap = [
^
SwiftCompile normal arm64 /Users/admin/builder/spi-builder-workspace/Sources/PerfectTensorFlow/pb.attr_value.swift (in target 'PerfectTensorFlow' from project 'PerfectTensorFlow')
cd /Users/admin/builder/spi-builder-workspace/.swiftpm/xcode
/Users/admin/builder/spi-builder-workspace/Sources/PerfectTensorFlow/pb.attr_value.swift:429:65: warning: 'init(dictionaryLiteral:)' is deprecated: Please regenerate your .pb.swift files with the current version of the SwiftProtobuf protoc plugin.
public static let _protobuf_nameMap: SwiftProtobuf._NameMap = [
^
/Users/admin/builder/spi-builder-workspace/Sources/PerfectTensorFlow/pb.attr_value.swift:477:65: warning: 'init(dictionaryLiteral:)' is deprecated: Please regenerate your .pb.swift files with the current version of the SwiftProtobuf protoc plugin.
public static let _protobuf_nameMap: SwiftProtobuf._NameMap = [
^
/Users/admin/builder/spi-builder-workspace/Sources/PerfectTensorFlow/pb.attr_value.swift:503:65: warning: 'init(dictionaryLiteral:)' is deprecated: Please regenerate your .pb.swift files with the current version of the SwiftProtobuf protoc plugin.
public static let _protobuf_nameMap: SwiftProtobuf._NameMap = [
^
/Users/admin/builder/spi-builder-workspace/Sources/PerfectTensorFlow/pb.attr_value.swift:37:37: warning: 'emptyData' is deprecated: Internal.emptyData isn't used any longer in newer versions of the generator. Generate code with a version later than 1.10.2 to get performance improvements. See https://github.com/apple/swift-protobuf/pull/1028 for more information.
return SwiftProtobuf.Internal.emptyData
^
SwiftCompile normal arm64 /Users/admin/builder/spi-builder-workspace/Sources/PerfectTensorFlow/pb.bigquery_table_partition.swift (in target 'PerfectTensorFlow' from project 'PerfectTensorFlow')
cd /Users/admin/builder/spi-builder-workspace/.swiftpm/xcode
/Users/admin/builder/spi-builder-workspace/Sources/PerfectTensorFlow/pb.bigquery_table_partition.swift:71:65: warning: 'init(dictionaryLiteral:)' is deprecated: Please regenerate your .pb.swift files with the current version of the SwiftProtobuf protoc plugin.
public static let _protobuf_nameMap: SwiftProtobuf._NameMap = [
^
SwiftCompile normal arm64 /Users/admin/builder/spi-builder-workspace/Sources/PerfectTensorFlow/pb.checkpoint_state.swift (in target 'PerfectTensorFlow' from project 'PerfectTensorFlow')
cd /Users/admin/builder/spi-builder-workspace/.swiftpm/xcode
/Users/admin/builder/spi-builder-workspace/Sources/PerfectTensorFlow/pb.checkpoint_state.swift:75:65: warning: 'init(dictionaryLiteral:)' is deprecated: Please regenerate your .pb.swift files with the current version of the SwiftProtobuf protoc plugin.
public static let _protobuf_nameMap: SwiftProtobuf._NameMap = [
^
SwiftCompile normal arm64 /Users/admin/builder/spi-builder-workspace/Sources/PerfectTensorFlow/pb.checkpointable_object_graph.swift (in target 'PerfectTensorFlow' from project 'PerfectTensorFlow')
cd /Users/admin/builder/spi-builder-workspace/.swiftpm/xcode
/Users/admin/builder/spi-builder-workspace/Sources/PerfectTensorFlow/pb.checkpointable_object_graph.swift:264:65: warning: 'init(dictionaryLiteral:)' is deprecated: Please regenerate your .pb.swift files with the current version of the SwiftProtobuf protoc plugin.
public static let _protobuf_nameMap: SwiftProtobuf._NameMap = [
^
/Users/admin/builder/spi-builder-workspace/Sources/PerfectTensorFlow/pb.checkpointable_object_graph.swift:276:65: warning: 'init(dictionaryLiteral:)' is deprecated: Please regenerate your .pb.swift files with the current version of the SwiftProtobuf protoc plugin.
public static let _protobuf_nameMap: SwiftProtobuf._NameMap = [
^
/Users/admin/builder/spi-builder-workspace/Sources/PerfectTensorFlow/pb.checkpointable_object_graph.swift:292:65: warning: 'init(dictionaryLiteral:)' is deprecated: Please regenerate your .pb.swift files with the current version of the SwiftProtobuf protoc plugin.
public static let _protobuf_nameMap: SwiftProtobuf._NameMap = [
^
/Users/admin/builder/spi-builder-workspace/Sources/PerfectTensorFlow/pb.checkpointable_object_graph.swift:308:65: warning: 'init(dictionaryLiteral:)' is deprecated: Please regenerate your .pb.swift files with the current version of the SwiftProtobuf protoc plugin.
public static let _protobuf_nameMap: SwiftProtobuf._NameMap = [
^
/Users/admin/builder/spi-builder-workspace/Sources/PerfectTensorFlow/pb.checkpointable_object_graph.swift:322:65: warning: 'init(dictionaryLiteral:)' is deprecated: Please regenerate your .pb.swift files with the current version of the SwiftProtobuf protoc plugin.
public static let _protobuf_nameMap: SwiftProtobuf._NameMap = [
^
SwiftCompile normal arm64 /Users/admin/builder/spi-builder-workspace/Sources/PerfectTensorFlow/pb.cluster.swift (in target 'PerfectTensorFlow' from project 'PerfectTensorFlow')
cd /Users/admin/builder/spi-builder-workspace/.swiftpm/xcode
/Users/admin/builder/spi-builder-workspace/Sources/PerfectTensorFlow/pb.cluster.swift:125:65: warning: 'init(dictionaryLiteral:)' is deprecated: Please regenerate your .pb.swift files with the current version of the SwiftProtobuf protoc plugin.
public static let _protobuf_nameMap: SwiftProtobuf._NameMap = [
^
/Users/admin/builder/spi-builder-workspace/Sources/PerfectTensorFlow/pb.cluster.swift:139:65: warning: 'init(dictionaryLiteral:)' is deprecated: Please regenerate your .pb.swift files with the current version of the SwiftProtobuf protoc plugin.
public static let _protobuf_nameMap: SwiftProtobuf._NameMap = [
^
Failed frontend command:
/Applications/Xcode-26.5.0.app/Contents/Developer/Toolchains/XcodeDefault.xctoolchain/usr/bin/swift-frontend -frontend -c -primary-file /Users/admin/builder/spi-builder-workspace/Sources/PerfectTensorFlow/APILoader.swift -primary-file /Users/admin/builder/spi-builder-workspace/Sources/PerfectTensorFlow/PerfectTensorFlow.swift -primary-file /Users/admin/builder/spi-builder-workspace/Sources/PerfectTensorFlow/pb.allocation_description.swift -primary-file /Users/admin/builder/spi-builder-workspace/Sources/PerfectTensorFlow/pb.api_def.swift -primary-file /Users/admin/builder/spi-builder-workspace/Sources/PerfectTensorFlow/pb.api_objects.swift -primary-file /Users/admin/builder/spi-builder-workspace/Sources/PerfectTensorFlow/pb.attr_value.swift -primary-file /Users/admin/builder/spi-builder-workspace/Sources/PerfectTensorFlow/pb.bigquery_table_partition.swift -primary-file /Users/admin/builder/spi-builder-workspace/Sources/PerfectTensorFlow/pb.checkpoint_state.swift -primary-file /Users/admin/builder/spi-builder-workspace/Sources/PerfectTensorFlow/pb.checkpointable_object_graph.swift -primary-file /Users/admin/builder/spi-builder-workspace/Sources/PerfectTensorFlow/pb.cluster.swift /Users/admin/builder/spi-builder-workspace/Sources/PerfectTensorFlow/pb.compare_test.swift /Users/admin/builder/spi-builder-workspace/Sources/PerfectTensorFlow/pb.config.swift /Users/admin/builder/spi-builder-workspace/Sources/PerfectTensorFlow/pb.control_flow.swift /Users/admin/builder/spi-builder-workspace/Sources/PerfectTensorFlow/pb.cost_graph.swift /Users/admin/builder/spi-builder-workspace/Sources/PerfectTensorFlow/pb.cpp_shape_inference.swift /Users/admin/builder/spi-builder-workspace/Sources/PerfectTensorFlow/pb.debug.swift /Users/admin/builder/spi-builder-workspace/Sources/PerfectTensorFlow/pb.debug_service.swift /Users/admin/builder/spi-builder-workspace/Sources/PerfectTensorFlow/pb.debugger_event_metadata.swift /Users/admin/builder/spi-builder-workspace/Sources/PerfectTensorFlow/pb.device_attributes.swift /Users/admin/builder/spi-builder-workspace/Sources/PerfectTensorFlow/pb.device_properties.swift /Users/admin/builder/spi-builder-workspace/Sources/PerfectTensorFlow/pb.error_codes.swift /Users/admin/builder/spi-builder-workspace/Sources/PerfectTensorFlow/pb.event.swift /Users/admin/builder/spi-builder-workspace/Sources/PerfectTensorFlow/pb.example.swift /Users/admin/builder/spi-builder-workspace/Sources/PerfectTensorFlow/pb.example_parser_configuration.swift /Users/admin/builder/spi-builder-workspace/Sources/PerfectTensorFlow/pb.example_proto_fast_parsing_test.swift /Users/admin/builder/spi-builder-workspace/Sources/PerfectTensorFlow/pb.feature.swift /Users/admin/builder/spi-builder-workspace/Sources/PerfectTensorFlow/pb.fertile_stats.swift /Users/admin/builder/spi-builder-workspace/Sources/PerfectTensorFlow/pb.function.swift /Users/admin/builder/spi-builder-workspace/Sources/PerfectTensorFlow/pb.gdr.swift /Users/admin/builder/spi-builder-workspace/Sources/PerfectTensorFlow/pb.generic_tree_model.swift /Users/admin/builder/spi-builder-workspace/Sources/PerfectTensorFlow/pb.generic_tree_model_extensions.swift /Users/admin/builder/spi-builder-workspace/Sources/PerfectTensorFlow/pb.graph.swift /Users/admin/builder/spi-builder-workspace/Sources/PerfectTensorFlow/pb.graph_explorer.swift /Users/admin/builder/spi-builder-workspace/Sources/PerfectTensorFlow/pb.graph_transfer_info.swift /Users/admin/builder/spi-builder-workspace/Sources/PerfectTensorFlow/pb.hlo.swift /Users/admin/builder/spi-builder-workspace/Sources/PerfectTensorFlow/pb.hparam.swift /Users/admin/builder/spi-builder-workspace/Sources/PerfectTensorFlow/pb.iterator.swift /Users/admin/builder/spi-builder-workspace/Sources/PerfectTensorFlow/pb.kernel_def.swift /Users/admin/builder/spi-builder-workspace/Sources/PerfectTensorFlow/pb.learner.swift /Users/admin/builder/spi-builder-workspace/Sources/PerfectTensorFlow/pb.log_memory.swift /Users/admin/builder/spi-builder-workspace/Sources/PerfectTensorFlow/pb.manifest.swift /Users/admin/builder/spi-builder-workspace/Sources/PerfectTensorFlow/pb.master.swift /Users/admin/builder/spi-builder-workspace/Sources/PerfectTensorFlow/pb.master_service.swift /Users/admin/builder/spi-builder-workspace/Sources/PerfectTensorFlow/pb.memmapped_file_system.swift /Users/admin/builder/spi-builder-workspace/Sources/PerfectTensorFlow/pb.meta_graph.swift /Users/admin/builder/spi-builder-workspace/Sources/PerfectTensorFlow/pb.model_flags.swift /Users/admin/builder/spi-builder-workspace/Sources/PerfectTensorFlow/pb.mpi_message.swift /Users/admin/builder/spi-builder-workspace/Sources/PerfectTensorFlow/pb.mpi_msg.swift /Users/admin/builder/spi-builder-workspace/Sources/PerfectTensorFlow/pb.named_tensor.swift /Users/admin/builder/spi-builder-workspace/Sources/PerfectTensorFlow/pb.node_def.swift /Users/admin/builder/spi-builder-workspace/Sources/PerfectTensorFlow/pb.op_def.swift /Users/admin/builder/spi-builder-workspace/Sources/PerfectTensorFlow/pb.op_gen_overrides.swift /Users/admin/builder/spi-builder-workspace/Sources/PerfectTensorFlow/pb.op_performance_data.swift /Users/admin/builder/spi-builder-workspace/Sources/PerfectTensorFlow/pb.op_profile.swift /Users/admin/builder/spi-builder-workspace/Sources/PerfectTensorFlow/pb.profile.swift /Users/admin/builder/spi-builder-workspace/Sources/PerfectTensorFlow/pb.projector_config.swift /Users/admin/builder/spi-builder-workspace/Sources/PerfectTensorFlow/pb.quantiles.swift /Users/admin/builder/spi-builder-workspace/Sources/PerfectTensorFlow/pb.queue_runner.swift /Users/admin/builder/spi-builder-workspace/Sources/PerfectTensorFlow/pb.reader_base.swift /Users/admin/builder/spi-builder-workspace/Sources/PerfectTensorFlow/pb.remote_fused_graph_execute_info.swift /Users/admin/builder/spi-builder-workspace/Sources/PerfectTensorFlow/pb.resource_handle.swift /Users/admin/builder/spi-builder-workspace/Sources/PerfectTensorFlow/pb.rewriter_config.swift /Users/admin/builder/spi-builder-workspace/Sources/PerfectTensorFlow/pb.saved_model.swift /Users/admin/builder/spi-builder-workspace/Sources/PerfectTensorFlow/pb.saved_tensor_slice.swift /Users/admin/builder/spi-builder-workspace/Sources/PerfectTensorFlow/pb.saver.swift /Users/admin/builder/spi-builder-workspace/Sources/PerfectTensorFlow/pb.session.swift /Users/admin/builder/spi-builder-workspace/Sources/PerfectTensorFlow/pb.split_info.swift /Users/admin/builder/spi-builder-workspace/Sources/PerfectTensorFlow/pb.step_stats.swift /Users/admin/builder/spi-builder-workspace/Sources/PerfectTensorFlow/pb.summary.swift /Users/admin/builder/spi-builder-workspace/Sources/PerfectTensorFlow/pb.tensor.swift /Users/admin/builder/spi-builder-workspace/Sources/PerfectTensorFlow/pb.tensor_bundle.swift /Users/admin/builder/spi-builder-workspace/Sources/PerfectTensorFlow/pb.tensor_description.swift /Users/admin/builder/spi-builder-workspace/Sources/PerfectTensorFlow/pb.tensor_forest_params.swift /Users/admin/builder/spi-builder-workspace/Sources/PerfectTensorFlow/pb.tensor_shape.swift /Users/admin/builder/spi-builder-workspace/Sources/PerfectTensorFlow/pb.tensor_slice.swift /Users/admin/builder/spi-builder-workspace/Sources/PerfectTensorFlow/pb.tensorflow_server.swift /Users/admin/builder/spi-builder-workspace/Sources/PerfectTensorFlow/pb.test.swift /Users/admin/builder/spi-builder-workspace/Sources/PerfectTensorFlow/pb.test_log.swift /Users/admin/builder/spi-builder-workspace/Sources/PerfectTensorFlow/pb.tf2xla.swift /Users/admin/builder/spi-builder-workspace/Sources/PerfectTensorFlow/pb.tf_op_stats.swift /Users/admin/builder/spi-builder-workspace/Sources/PerfectTensorFlow/pb.tfcompile.swift /Users/admin/builder/spi-builder-workspace/Sources/PerfectTensorFlow/pb.tfprof_log.swift /Users/admin/builder/spi-builder-workspace/Sources/PerfectTensorFlow/pb.tfprof_options.swift /Users/admin/builder/spi-builder-workspace/Sources/PerfectTensorFlow/pb.tfprof_output.swift /Users/admin/builder/spi-builder-workspace/Sources/PerfectTensorFlow/pb.toco_flags.swift /Users/admin/builder/spi-builder-workspace/Sources/PerfectTensorFlow/pb.topology.swift /Users/admin/builder/spi-builder-workspace/Sources/PerfectTensorFlow/pb.tpu_profiler.swift /Users/admin/builder/spi-builder-workspace/Sources/PerfectTensorFlow/pb.trace_events.swift /Users/admin/builder/spi-builder-workspace/Sources/PerfectTensorFlow/pb.trace_info.swift /Users/admin/builder/spi-builder-workspace/Sources/PerfectTensorFlow/pb.tree_config.swift /Users/admin/builder/spi-builder-workspace/Sources/PerfectTensorFlow/pb.types.swift /Users/admin/builder/spi-builder-workspace/Sources/PerfectTensorFlow/pb.variable.swift /Users/admin/builder/spi-builder-workspace/Sources/PerfectTensorFlow/pb.verbs_service.swift /Users/admin/builder/spi-builder-workspace/Sources/PerfectTensorFlow/pb.versions.swift /Users/admin/builder/spi-builder-workspace/Sources/PerfectTensorFlow/pb.worker.swift /Users/admin/builder/spi-builder-workspace/Sources/PerfectTensorFlow/pb.worker_service.swift /Users/admin/builder/spi-builder-workspace/Sources/PerfectTensorFlow/pb.xla.swift /Users/admin/builder/spi-builder-workspace/Sources/PerfectTensorFlow/pb.xla_data.swift -supplementary-output-file-map /Users/admin/builder/spi-builder-workspace/.derivedData/Build/Intermediates.noindex/PerfectTensorFlow.build/Debug-watchos/PerfectTensorFlow.build/Objects-normal/arm64/supplementaryOutputs-31 -target arm64-apple-watchos5.0 -load-resolved-plugin /Applications/Xcode-26.5.0.app/Contents/Developer/Platforms/WatchOS.platform/Developer/usr/lib/swift/host/plugins/libFoundationMacros.dylib\#/Applications/Xcode-26.5.0.app/Contents/Developer/Platforms/WatchOS.platform/Developer/usr/bin/swift-plugin-server\#FoundationMacros -load-resolved-plugin /Applications/Xcode-26.5.0.app/Contents/Developer/Platforms/WatchOS.platform/Developer/usr/lib/swift/host/plugins/libObservationMacros.dylib\#/Applications/Xcode-26.5.0.app/Contents/Developer/Platforms/WatchOS.platform/Developer/usr/bin/swift-plugin-server\#ObservationMacros -load-resolved-plugin /Applications/Xcode-26.5.0.app/Contents/Developer/Platforms/WatchOS.platform/Developer/usr/lib/swift/host/plugins/libSwiftMacros.dylib\#/Applications/Xcode-26.5.0.app/Contents/Developer/Platforms/WatchOS.platform/Developer/usr/bin/swift-plugin-server\#SwiftMacros -disable-implicit-swift-modules -Xcc -fno-implicit-modules -Xcc -fno-implicit-module-maps -explicit-swift-module-map-file /Users/admin/builder/spi-builder-workspace/.derivedData/Build/Intermediates.noindex/PerfectTensorFlow.build/Debug-watchos/PerfectTensorFlow.build/Objects-normal/arm64/PerfectTensorFlow-dependencies-1.json -debug-module-path /Users/admin/builder/spi-builder-workspace/.derivedData/Build/Intermediates.noindex/PerfectTensorFlow.build/Debug-watchos/PerfectTensorFlow.build/Objects-normal/arm64/PerfectTensorFlow.swiftmodule -Xllvm -aarch64-use-tbi -enable-objc-interop -sdk /Applications/Xcode-26.5.0.app/Contents/Developer/Platforms/WatchOS.platform/Developer/SDKs/WatchOS26.5.sdk -I /Users/admin/builder/spi-builder-workspace/.derivedData/Build/Products/Debug-watchos -Isystem /Applications/Xcode-26.5.0.app/Contents/Developer/Platforms/WatchOS.platform/Developer/usr/lib -F /Users/admin/builder/spi-builder-workspace/.derivedData/Build/Products/Debug-watchos/PackageFrameworks -F /Users/admin/builder/spi-builder-workspace/.derivedData/Build/Products/Debug-watchos/PackageFrameworks -F /Users/admin/builder/spi-builder-workspace/.derivedData/Build/Products/Debug-watchos -F /Applications/Xcode-26.5.0.app/Contents/Developer/Platforms/WatchOS.platform/Developer/Library/Frameworks -F /Applications/Xcode-26.5.0.app/Contents/Developer/Platforms/WatchOS.platform/Developer/SDKs/WatchOS26.5.sdk/Developer/Library/Frameworks -no-color-diagnostics -Xcc -fno-color-diagnostics -enable-testing -g -debug-info-format\=dwarf -dwarf-version\=4 -module-cache-path /Users/admin/builder/spi-builder-workspace/.derivedData/Build/Intermediates.noindex/SwiftExplicitPrecompiledModules -profile-generate -profile-coverage-mapping -swift-version 5 -Onone -D SWIFT_PACKAGE -D DEBUG -D SWIFT_MODULE_RESOURCE_BUNDLE_UNAVAILABLE -D Xcode -serialize-debugging-options -const-gather-protocols-file /Users/admin/builder/spi-builder-workspace/.derivedData/Build/Intermediates.noindex/PerfectTensorFlow.build/Debug-watchos/PerfectTensorFlow.build/Objects-normal/arm64/PerfectTensorFlow_const_extract_protocols.json -enable-experimental-feature DebugDescriptionMacro -empty-abi-descriptor -validate-clang-modules-once -clang-build-session-file /Users/admin/builder/spi-builder-workspace/.derivedData/ModuleCache.noindex/Session.modulevalidation -Xcc -working-directory -Xcc /Users/admin/builder/spi-builder-workspace/.swiftpm/xcode -enable-anonymous-context-mangled-names -file-compilation-dir /Users/admin/builder/spi-builder-workspace/.swiftpm/xcode -Xcc -fmodule-map-file\=/Users/admin/builder/spi-builder-workspace/.derivedData/Build/Intermediates.noindex/GeneratedModuleMaps-watchos/TensorFlowAPI.modulemap -Xcc -D_LIBCPP_HARDENING_MODE\=_LIBCPP_HARDENING_MODE_DEBUG -Xcc -ivfsstatcache -Xcc /Users/admin/builder/spi-builder-workspace/.derivedData/SDKStatCaches.noindex/watchos26.5-23T570-688ef53f1462e2c8f657fdc38a81448f7931b973dfc65d9472806dbbc3af9379.sdkstatcache -Xcc -I/Users/admin/builder/spi-builder-workspace/.derivedData/Build/Intermediates.noindex/PerfectTensorFlow.build/Debug-watchos/PerfectTensorFlow.build/swift-overrides.hmap -Xcc -I/Users/admin/builder/spi-builder-workspace/Sources/TensorFlowAPI/include -Xcc -I/Users/admin/builder/spi-builder-workspace/.derivedData/Build/Products/Debug-watchos/include -Xcc -I/Users/admin/builder/spi-builder-workspace/.derivedData/Build/Intermediates.noindex/PerfectTensorFlow.build/Debug-watchos/PerfectTensorFlow.build/DerivedSources-normal/arm64 -Xcc -I/Users/admin/builder/spi-builder-workspace/.derivedData/Build/Intermediates.noindex/PerfectTensorFlow.build/Debug-watchos/PerfectTensorFlow.build/DerivedSources/arm64 -Xcc -I/Users/admin/builder/spi-builder-workspace/.derivedData/Build/Intermediates.noindex/PerfectTensorFlow.build/Debug-watchos/PerfectTensorFlow.build/DerivedSources -Xcc -DSWIFT_PACKAGE -Xcc -DDEBUG\=1 -no-auto-bridging-header-chaining -module-name PerfectTensorFlow -frontend-parseable-output -disable-clang-spi -clang-target arm64-apple-watchos26.5 -target-sdk-version 26.5 -target-sdk-name watchos26.5 -in-process-plugin-server-path /Applications/Xcode-26.5.0.app/Contents/Developer/Toolchains/XcodeDefault.xctoolchain/usr/lib/swift/host/libSwiftInProcPluginServer.dylib -o /Users/admin/builder/spi-builder-workspace/.derivedData/Build/Intermediates.noindex/PerfectTensorFlow.build/Debug-watchos/PerfectTensorFlow.build/Objects-normal/arm64/APILoader.o -o /Users/admin/builder/spi-builder-workspace/.derivedData/Build/Intermediates.noindex/PerfectTensorFlow.build/Debug-watchos/PerfectTensorFlow.build/Objects-normal/arm64/PerfectTensorFlow.o -o /Users/admin/builder/spi-builder-workspace/.derivedData/Build/Intermediates.noindex/PerfectTensorFlow.build/Debug-watchos/PerfectTensorFlow.build/Objects-normal/arm64/pb.allocation_description.o -o /Users/admin/builder/spi-builder-workspace/.derivedData/Build/Intermediates.noindex/PerfectTensorFlow.build/Debug-watchos/PerfectTensorFlow.build/Objects-normal/arm64/pb.api_def.o -o /Users/admin/builder/spi-builder-workspace/.derivedData/Build/Intermediates.noindex/PerfectTensorFlow.build/Debug-watchos/PerfectTensorFlow.build/Objects-normal/arm64/pb.api_objects.o -o /Users/admin/builder/spi-builder-workspace/.derivedData/Build/Intermediates.noindex/PerfectTensorFlow.build/Debug-watchos/PerfectTensorFlow.build/Objects-normal/arm64/pb.attr_value.o -o /Users/admin/builder/spi-builder-workspace/.derivedData/Build/Intermediates.noindex/PerfectTensorFlow.build/Debug-watchos/PerfectTensorFlow.build/Objects-normal/arm64/pb.bigquery_table_partition.o -o /Users/admin/builder/spi-builder-workspace/.derivedData/Build/Intermediates.noindex/PerfectTensorFlow.build/Debug-watchos/PerfectTensorFlow.build/Objects-normal/arm64/pb.checkpoint_state.o -o /Users/admin/builder/spi-builder-workspace/.derivedData/Build/Intermediates.noindex/PerfectTensorFlow.build/Debug-watchos/PerfectTensorFlow.build/Objects-normal/arm64/pb.checkpointable_object_graph.o -o /Users/admin/builder/spi-builder-workspace/.derivedData/Build/Intermediates.noindex/PerfectTensorFlow.build/Debug-watchos/PerfectTensorFlow.build/Objects-normal/arm64/pb.cluster.o -index-unit-output-path /PerfectTensorFlow.build/Debug-watchos/PerfectTensorFlow.build/Objects-normal/arm64/APILoader.o -index-unit-output-path /PerfectTensorFlow.build/Debug-watchos/PerfectTensorFlow.build/Objects-normal/arm64/PerfectTensorFlow.o -index-unit-output-path /PerfectTensorFlow.build/Debug-watchos/PerfectTensorFlow.build/Objects-normal/arm64/pb.allocation_description.o -index-unit-output-path /PerfectTensorFlow.build/Debug-watchos/PerfectTensorFlow.build/Objects-normal/arm64/pb.api_def.o -index-unit-output-path /PerfectTensorFlow.build/Debug-watchos/PerfectTensorFlow.build/Objects-normal/arm64/pb.api_objects.o -index-unit-output-path /PerfectTensorFlow.build/Debug-watchos/PerfectTensorFlow.build/Objects-normal/arm64/pb.attr_value.o -index-unit-output-path /PerfectTensorFlow.build/Debug-watchos/PerfectTensorFlow.build/Objects-normal/arm64/pb.bigquery_table_partition.o -index-unit-output-path /PerfectTensorFlow.build/Debug-watchos/PerfectTensorFlow.build/Objects-normal/arm64/pb.checkpoint_state.o -index-unit-output-path /PerfectTensorFlow.build/Debug-watchos/PerfectTensorFlow.build/Objects-normal/arm64/pb.checkpointable_object_graph.o -index-unit-output-path /PerfectTensorFlow.build/Debug-watchos/PerfectTensorFlow.build/Objects-normal/arm64/pb.cluster.o -index-store-path /Users/admin/builder/spi-builder-workspace/.derivedData/Index.noindex/DataStore -index-system-modules
SwiftEmitModule normal arm64 Emitting\ module\ for\ PerfectTensorFlow (in target 'PerfectTensorFlow' from project 'PerfectTensorFlow')
EmitSwiftModule normal arm64 (in target 'PerfectTensorFlow' from project 'PerfectTensorFlow')
cd /Users/admin/builder/spi-builder-workspace/.swiftpm/xcode
SwiftCompile normal arm64 Compiling\ pb.compare_test.swift,\ pb.config.swift,\ pb.control_flow.swift,\ pb.cost_graph.swift,\ pb.cpp_shape_inference.swift,\ pb.debug.swift,\ pb.debug_service.swift,\ pb.debugger_event_metadata.swift,\ pb.device_attributes.swift,\ pb.device_properties.swift /Users/admin/builder/spi-builder-workspace/Sources/PerfectTensorFlow/pb.compare_test.swift /Users/admin/builder/spi-builder-workspace/Sources/PerfectTensorFlow/pb.config.swift /Users/admin/builder/spi-builder-workspace/Sources/PerfectTensorFlow/pb.control_flow.swift /Users/admin/builder/spi-builder-workspace/Sources/PerfectTensorFlow/pb.cost_graph.swift /Users/admin/builder/spi-builder-workspace/Sources/PerfectTensorFlow/pb.cpp_shape_inference.swift /Users/admin/builder/spi-builder-workspace/Sources/PerfectTensorFlow/pb.debug.swift /Users/admin/builder/spi-builder-workspace/Sources/PerfectTensorFlow/pb.debug_service.swift /Users/admin/builder/spi-builder-workspace/Sources/PerfectTensorFlow/pb.debugger_event_metadata.swift /Users/admin/builder/spi-builder-workspace/Sources/PerfectTensorFlow/pb.device_attributes.swift /Users/admin/builder/spi-builder-workspace/Sources/PerfectTensorFlow/pb.device_properties.swift (in target 'PerfectTensorFlow' from project 'PerfectTensorFlow')
SwiftCompile normal arm64 /Users/admin/builder/spi-builder-workspace/Sources/PerfectTensorFlow/pb.compare_test.swift (in target 'PerfectTensorFlow' from project 'PerfectTensorFlow')
cd /Users/admin/builder/spi-builder-workspace/.swiftpm/xcode
SwiftCompile normal arm64 /Users/admin/builder/spi-builder-workspace/Sources/PerfectTensorFlow/pb.config.swift (in target 'PerfectTensorFlow' from project 'PerfectTensorFlow')
cd /Users/admin/builder/spi-builder-workspace/.swiftpm/xcode
SwiftCompile normal arm64 /Users/admin/builder/spi-builder-workspace/Sources/PerfectTensorFlow/pb.control_flow.swift (in target 'PerfectTensorFlow' from project 'PerfectTensorFlow')
cd /Users/admin/builder/spi-builder-workspace/.swiftpm/xcode
SwiftCompile normal arm64 /Users/admin/builder/spi-builder-workspace/Sources/PerfectTensorFlow/pb.cost_graph.swift (in target 'PerfectTensorFlow' from project 'PerfectTensorFlow')
cd /Users/admin/builder/spi-builder-workspace/.swiftpm/xcode
SwiftCompile normal arm64 /Users/admin/builder/spi-builder-workspace/Sources/PerfectTensorFlow/pb.cpp_shape_inference.swift (in target 'PerfectTensorFlow' from project 'PerfectTensorFlow')
cd /Users/admin/builder/spi-builder-workspace/.swiftpm/xcode
SwiftCompile normal arm64 /Users/admin/builder/spi-builder-workspace/Sources/PerfectTensorFlow/pb.debug.swift (in target 'PerfectTensorFlow' from project 'PerfectTensorFlow')
cd /Users/admin/builder/spi-builder-workspace/.swiftpm/xcode
SwiftCompile normal arm64 /Users/admin/builder/spi-builder-workspace/Sources/PerfectTensorFlow/pb.debug_service.swift (in target 'PerfectTensorFlow' from project 'PerfectTensorFlow')
cd /Users/admin/builder/spi-builder-workspace/.swiftpm/xcode
SwiftCompile normal arm64 /Users/admin/builder/spi-builder-workspace/Sources/PerfectTensorFlow/pb.debugger_event_metadata.swift (in target 'PerfectTensorFlow' from project 'PerfectTensorFlow')
cd /Users/admin/builder/spi-builder-workspace/.swiftpm/xcode
SwiftCompile normal arm64 /Users/admin/builder/spi-builder-workspace/Sources/PerfectTensorFlow/pb.device_attributes.swift (in target 'PerfectTensorFlow' from project 'PerfectTensorFlow')
cd /Users/admin/builder/spi-builder-workspace/.swiftpm/xcode
SwiftCompile normal arm64 /Users/admin/builder/spi-builder-workspace/Sources/PerfectTensorFlow/pb.device_properties.swift (in target 'PerfectTensorFlow' from project 'PerfectTensorFlow')
cd /Users/admin/builder/spi-builder-workspace/.swiftpm/xcode
SwiftCompile normal arm64 Compiling\ pb.op_def.swift,\ pb.op_gen_overrides.swift,\ pb.op_performance_data.swift,\ pb.op_profile.swift,\ pb.profile.swift,\ pb.projector_config.swift,\ pb.quantiles.swift,\ pb.queue_runner.swift,\ pb.reader_base.swift,\ pb.remote_fused_graph_execute_info.swift /Users/admin/builder/spi-builder-workspace/Sources/PerfectTensorFlow/pb.op_def.swift /Users/admin/builder/spi-builder-workspace/Sources/PerfectTensorFlow/pb.op_gen_overrides.swift /Users/admin/builder/spi-builder-workspace/Sources/PerfectTensorFlow/pb.op_performance_data.swift /Users/admin/builder/spi-builder-workspace/Sources/PerfectTensorFlow/pb.op_profile.swift /Users/admin/builder/spi-builder-workspace/Sources/PerfectTensorFlow/pb.profile.swift /Users/admin/builder/spi-builder-workspace/Sources/PerfectTensorFlow/pb.projector_config.swift /Users/admin/builder/spi-builder-workspace/Sources/PerfectTensorFlow/pb.quantiles.swift /Users/admin/builder/spi-builder-workspace/Sources/PerfectTensorFlow/pb.queue_runner.swift /Users/admin/builder/spi-builder-workspace/Sources/PerfectTensorFlow/pb.reader_base.swift /Users/admin/builder/spi-builder-workspace/Sources/PerfectTensorFlow/pb.remote_fused_graph_execute_info.swift (in target 'PerfectTensorFlow' from project 'PerfectTensorFlow')
SwiftCompile normal arm64 /Users/admin/builder/spi-builder-workspace/Sources/PerfectTensorFlow/pb.op_def.swift (in target 'PerfectTensorFlow' from project 'PerfectTensorFlow')
cd /Users/admin/builder/spi-builder-workspace/.swiftpm/xcode
SwiftCompile normal arm64 /Users/admin/builder/spi-builder-workspace/Sources/PerfectTensorFlow/pb.op_gen_overrides.swift (in target 'PerfectTensorFlow' from project 'PerfectTensorFlow')
cd /Users/admin/builder/spi-builder-workspace/.swiftpm/xcode
SwiftCompile normal arm64 /Users/admin/builder/spi-builder-workspace/Sources/PerfectTensorFlow/pb.op_performance_data.swift (in target 'PerfectTensorFlow' from project 'PerfectTensorFlow')
cd /Users/admin/builder/spi-builder-workspace/.swiftpm/xcode
SwiftCompile normal arm64 /Users/admin/builder/spi-builder-workspace/Sources/PerfectTensorFlow/pb.op_profile.swift (in target 'PerfectTensorFlow' from project 'PerfectTensorFlow')
cd /Users/admin/builder/spi-builder-workspace/.swiftpm/xcode
SwiftCompile normal arm64 /Users/admin/builder/spi-builder-workspace/Sources/PerfectTensorFlow/pb.profile.swift (in target 'PerfectTensorFlow' from project 'PerfectTensorFlow')
cd /Users/admin/builder/spi-builder-workspace/.swiftpm/xcode
SwiftCompile normal arm64 /Users/admin/builder/spi-builder-workspace/Sources/PerfectTensorFlow/pb.projector_config.swift (in target 'PerfectTensorFlow' from project 'PerfectTensorFlow')
cd /Users/admin/builder/spi-builder-workspace/.swiftpm/xcode
SwiftCompile normal arm64 /Users/admin/builder/spi-builder-workspace/Sources/PerfectTensorFlow/pb.quantiles.swift (in target 'PerfectTensorFlow' from project 'PerfectTensorFlow')
cd /Users/admin/builder/spi-builder-workspace/.swiftpm/xcode
SwiftCompile normal arm64 /Users/admin/builder/spi-builder-workspace/Sources/PerfectTensorFlow/pb.queue_runner.swift (in target 'PerfectTensorFlow' from project 'PerfectTensorFlow')
cd /Users/admin/builder/spi-builder-workspace/.swiftpm/xcode
SwiftCompile normal arm64 /Users/admin/builder/spi-builder-workspace/Sources/PerfectTensorFlow/pb.reader_base.swift (in target 'PerfectTensorFlow' from project 'PerfectTensorFlow')
cd /Users/admin/builder/spi-builder-workspace/.swiftpm/xcode
SwiftCompile normal arm64 /Users/admin/builder/spi-builder-workspace/Sources/PerfectTensorFlow/pb.remote_fused_graph_execute_info.swift (in target 'PerfectTensorFlow' from project 'PerfectTensorFlow')
cd /Users/admin/builder/spi-builder-workspace/.swiftpm/xcode
SwiftCompile normal arm64 Compiling\ pb.resource_handle.swift,\ pb.rewriter_config.swift,\ pb.saved_model.swift,\ pb.saved_tensor_slice.swift,\ pb.saver.swift,\ pb.session.swift,\ pb.split_info.swift,\ pb.step_stats.swift,\ pb.summary.swift,\ pb.tensor.swift /Users/admin/builder/spi-builder-workspace/Sources/PerfectTensorFlow/pb.resource_handle.swift /Users/admin/builder/spi-builder-workspace/Sources/PerfectTensorFlow/pb.rewriter_config.swift /Users/admin/builder/spi-builder-workspace/Sources/PerfectTensorFlow/pb.saved_model.swift /Users/admin/builder/spi-builder-workspace/Sources/PerfectTensorFlow/pb.saved_tensor_slice.swift /Users/admin/builder/spi-builder-workspace/Sources/PerfectTensorFlow/pb.saver.swift /Users/admin/builder/spi-builder-workspace/Sources/PerfectTensorFlow/pb.session.swift /Users/admin/builder/spi-builder-workspace/Sources/PerfectTensorFlow/pb.split_info.swift /Users/admin/builder/spi-builder-workspace/Sources/PerfectTensorFlow/pb.step_stats.swift /Users/admin/builder/spi-builder-workspace/Sources/PerfectTensorFlow/pb.summary.swift /Users/admin/builder/spi-builder-workspace/Sources/PerfectTensorFlow/pb.tensor.swift (in target 'PerfectTensorFlow' from project 'PerfectTensorFlow')
SwiftCompile normal arm64 /Users/admin/builder/spi-builder-workspace/Sources/PerfectTensorFlow/pb.resource_handle.swift (in target 'PerfectTensorFlow' from project 'PerfectTensorFlow')
cd /Users/admin/builder/spi-builder-workspace/.swiftpm/xcode
SwiftCompile normal arm64 /Users/admin/builder/spi-builder-workspace/Sources/PerfectTensorFlow/pb.rewriter_config.swift (in target 'PerfectTensorFlow' from project 'PerfectTensorFlow')
cd /Users/admin/builder/spi-builder-workspace/.swiftpm/xcode
SwiftCompile normal arm64 /Users/admin/builder/spi-builder-workspace/Sources/PerfectTensorFlow/pb.saved_model.swift (in target 'PerfectTensorFlow' from project 'PerfectTensorFlow')
cd /Users/admin/builder/spi-builder-workspace/.swiftpm/xcode
SwiftCompile normal arm64 /Users/admin/builder/spi-builder-workspace/Sources/PerfectTensorFlow/pb.saved_tensor_slice.swift (in target 'PerfectTensorFlow' from project 'PerfectTensorFlow')
cd /Users/admin/builder/spi-builder-workspace/.swiftpm/xcode
SwiftCompile normal arm64 /Users/admin/builder/spi-builder-workspace/Sources/PerfectTensorFlow/pb.saver.swift (in target 'PerfectTensorFlow' from project 'PerfectTensorFlow')
cd /Users/admin/builder/spi-builder-workspace/.swiftpm/xcode
SwiftCompile normal arm64 /Users/admin/builder/spi-builder-workspace/Sources/PerfectTensorFlow/pb.session.swift (in target 'PerfectTensorFlow' from project 'PerfectTensorFlow')
cd /Users/admin/builder/spi-builder-workspace/.swiftpm/xcode
SwiftCompile normal arm64 /Users/admin/builder/spi-builder-workspace/Sources/PerfectTensorFlow/pb.split_info.swift (in target 'PerfectTensorFlow' from project 'PerfectTensorFlow')
cd /Users/admin/builder/spi-builder-workspace/.swiftpm/xcode
SwiftCompile normal arm64 /Users/admin/builder/spi-builder-workspace/Sources/PerfectTensorFlow/pb.step_stats.swift (in target 'PerfectTensorFlow' from project 'PerfectTensorFlow')
cd /Users/admin/builder/spi-builder-workspace/.swiftpm/xcode
SwiftCompile normal arm64 /Users/admin/builder/spi-builder-workspace/Sources/PerfectTensorFlow/pb.summary.swift (in target 'PerfectTensorFlow' from project 'PerfectTensorFlow')
cd /Users/admin/builder/spi-builder-workspace/.swiftpm/xcode
SwiftCompile normal arm64 /Users/admin/builder/spi-builder-workspace/Sources/PerfectTensorFlow/pb.tensor.swift (in target 'PerfectTensorFlow' from project 'PerfectTensorFlow')
cd /Users/admin/builder/spi-builder-workspace/.swiftpm/xcode
SwiftCompile normal arm64 Compiling\ pb.tree_config.swift,\ pb.types.swift,\ pb.variable.swift,\ pb.verbs_service.swift,\ pb.versions.swift,\ pb.worker.swift,\ pb.worker_service.swift,\ pb.xla.swift,\ pb.xla_data.swift /Users/admin/builder/spi-builder-workspace/Sources/PerfectTensorFlow/pb.tree_config.swift /Users/admin/builder/spi-builder-workspace/Sources/PerfectTensorFlow/pb.types.swift /Users/admin/builder/spi-builder-workspace/Sources/PerfectTensorFlow/pb.variable.swift /Users/admin/builder/spi-builder-workspace/Sources/PerfectTensorFlow/pb.verbs_service.swift /Users/admin/builder/spi-builder-workspace/Sources/PerfectTensorFlow/pb.versions.swift /Users/admin/builder/spi-builder-workspace/Sources/PerfectTensorFlow/pb.worker.swift /Users/admin/builder/spi-builder-workspace/Sources/PerfectTensorFlow/pb.worker_service.swift /Users/admin/builder/spi-builder-workspace/Sources/PerfectTensorFlow/pb.xla.swift /Users/admin/builder/spi-builder-workspace/Sources/PerfectTensorFlow/pb.xla_data.swift (in target 'PerfectTensorFlow' from project 'PerfectTensorFlow')
SwiftCompile normal arm64 /Users/admin/builder/spi-builder-workspace/Sources/PerfectTensorFlow/pb.tree_config.swift (in target 'PerfectTensorFlow' from project 'PerfectTensorFlow')
cd /Users/admin/builder/spi-builder-workspace/.swiftpm/xcode
SwiftCompile normal arm64 /Users/admin/builder/spi-builder-workspace/Sources/PerfectTensorFlow/pb.types.swift (in target 'PerfectTensorFlow' from project 'PerfectTensorFlow')
cd /Users/admin/builder/spi-builder-workspace/.swiftpm/xcode
SwiftCompile normal arm64 /Users/admin/builder/spi-builder-workspace/Sources/PerfectTensorFlow/pb.variable.swift (in target 'PerfectTensorFlow' from project 'PerfectTensorFlow')
cd /Users/admin/builder/spi-builder-workspace/.swiftpm/xcode
SwiftCompile normal arm64 /Users/admin/builder/spi-builder-workspace/Sources/PerfectTensorFlow/pb.verbs_service.swift (in target 'PerfectTensorFlow' from project 'PerfectTensorFlow')
cd /Users/admin/builder/spi-builder-workspace/.swiftpm/xcode
SwiftCompile normal arm64 /Users/admin/builder/spi-builder-workspace/Sources/PerfectTensorFlow/pb.versions.swift (in target 'PerfectTensorFlow' from project 'PerfectTensorFlow')
cd /Users/admin/builder/spi-builder-workspace/.swiftpm/xcode
SwiftCompile normal arm64 /Users/admin/builder/spi-builder-workspace/Sources/PerfectTensorFlow/pb.worker.swift (in target 'PerfectTensorFlow' from project 'PerfectTensorFlow')
cd /Users/admin/builder/spi-builder-workspace/.swiftpm/xcode
SwiftCompile normal arm64 /Users/admin/builder/spi-builder-workspace/Sources/PerfectTensorFlow/pb.worker_service.swift (in target 'PerfectTensorFlow' from project 'PerfectTensorFlow')
cd /Users/admin/builder/spi-builder-workspace/.swiftpm/xcode
SwiftCompile normal arm64 /Users/admin/builder/spi-builder-workspace/Sources/PerfectTensorFlow/pb.xla.swift (in target 'PerfectTensorFlow' from project 'PerfectTensorFlow')
cd /Users/admin/builder/spi-builder-workspace/.swiftpm/xcode
SwiftCompile normal arm64 /Users/admin/builder/spi-builder-workspace/Sources/PerfectTensorFlow/pb.xla_data.swift (in target 'PerfectTensorFlow' from project 'PerfectTensorFlow')
cd /Users/admin/builder/spi-builder-workspace/.swiftpm/xcode
SwiftCompile normal arm64 Compiling\ pb.error_codes.swift,\ pb.event.swift,\ pb.example.swift,\ pb.example_parser_configuration.swift,\ pb.example_proto_fast_parsing_test.swift,\ pb.feature.swift,\ pb.fertile_stats.swift,\ pb.function.swift,\ pb.gdr.swift,\ pb.generic_tree_model.swift /Users/admin/builder/spi-builder-workspace/Sources/PerfectTensorFlow/pb.error_codes.swift /Users/admin/builder/spi-builder-workspace/Sources/PerfectTensorFlow/pb.event.swift /Users/admin/builder/spi-builder-workspace/Sources/PerfectTensorFlow/pb.example.swift /Users/admin/builder/spi-builder-workspace/Sources/PerfectTensorFlow/pb.example_parser_configuration.swift /Users/admin/builder/spi-builder-workspace/Sources/PerfectTensorFlow/pb.example_proto_fast_parsing_test.swift /Users/admin/builder/spi-builder-workspace/Sources/PerfectTensorFlow/pb.feature.swift /Users/admin/builder/spi-builder-workspace/Sources/PerfectTensorFlow/pb.fertile_stats.swift /Users/admin/builder/spi-builder-workspace/Sources/PerfectTensorFlow/pb.function.swift /Users/admin/builder/spi-builder-workspace/Sources/PerfectTensorFlow/pb.gdr.swift /Users/admin/builder/spi-builder-workspace/Sources/PerfectTensorFlow/pb.generic_tree_model.swift (in target 'PerfectTensorFlow' from project 'PerfectTensorFlow')
SwiftCompile normal arm64 /Users/admin/builder/spi-builder-workspace/Sources/PerfectTensorFlow/pb.error_codes.swift (in target 'PerfectTensorFlow' from project 'PerfectTensorFlow')
cd /Users/admin/builder/spi-builder-workspace/.swiftpm/xcode
SwiftCompile normal arm64 /Users/admin/builder/spi-builder-workspace/Sources/PerfectTensorFlow/pb.event.swift (in target 'PerfectTensorFlow' from project 'PerfectTensorFlow')
cd /Users/admin/builder/spi-builder-workspace/.swiftpm/xcode
SwiftCompile normal arm64 /Users/admin/builder/spi-builder-workspace/Sources/PerfectTensorFlow/pb.example.swift (in target 'PerfectTensorFlow' from project 'PerfectTensorFlow')
cd /Users/admin/builder/spi-builder-workspace/.swiftpm/xcode
SwiftCompile normal arm64 /Users/admin/builder/spi-builder-workspace/Sources/PerfectTensorFlow/pb.example_parser_configuration.swift (in target 'PerfectTensorFlow' from project 'PerfectTensorFlow')
cd /Users/admin/builder/spi-builder-workspace/.swiftpm/xcode
SwiftCompile normal arm64 /Users/admin/builder/spi-builder-workspace/Sources/PerfectTensorFlow/pb.example_proto_fast_parsing_test.swift (in target 'PerfectTensorFlow' from project 'PerfectTensorFlow')
cd /Users/admin/builder/spi-builder-workspace/.swiftpm/xcode
SwiftCompile normal arm64 /Users/admin/builder/spi-builder-workspace/Sources/PerfectTensorFlow/pb.feature.swift (in target 'PerfectTensorFlow' from project 'PerfectTensorFlow')
cd /Users/admin/builder/spi-builder-workspace/.swiftpm/xcode
SwiftCompile normal arm64 /Users/admin/builder/spi-builder-workspace/Sources/PerfectTensorFlow/pb.fertile_stats.swift (in target 'PerfectTensorFlow' from project 'PerfectTensorFlow')
cd /Users/admin/builder/spi-builder-workspace/.swiftpm/xcode
SwiftCompile normal arm64 /Users/admin/builder/spi-builder-workspace/Sources/PerfectTensorFlow/pb.function.swift (in target 'PerfectTensorFlow' from project 'PerfectTensorFlow')
cd /Users/admin/builder/spi-builder-workspace/.swiftpm/xcode
SwiftCompile normal arm64 /Users/admin/builder/spi-builder-workspace/Sources/PerfectTensorFlow/pb.gdr.swift (in target 'PerfectTensorFlow' from project 'PerfectTensorFlow')
cd /Users/admin/builder/spi-builder-workspace/.swiftpm/xcode
SwiftCompile normal arm64 /Users/admin/builder/spi-builder-workspace/Sources/PerfectTensorFlow/pb.generic_tree_model.swift (in target 'PerfectTensorFlow' from project 'PerfectTensorFlow')
cd /Users/admin/builder/spi-builder-workspace/.swiftpm/xcode
SwiftCompile normal arm64 Compiling\ pb.generic_tree_model_extensions.swift,\ pb.graph.swift,\ pb.graph_explorer.swift,\ pb.graph_transfer_info.swift,\ pb.hlo.swift,\ pb.hparam.swift,\ pb.iterator.swift,\ pb.kernel_def.swift,\ pb.learner.swift,\ pb.log_memory.swift /Users/admin/builder/spi-builder-workspace/Sources/PerfectTensorFlow/pb.generic_tree_model_extensions.swift /Users/admin/builder/spi-builder-workspace/Sources/PerfectTensorFlow/pb.graph.swift /Users/admin/builder/spi-builder-workspace/Sources/PerfectTensorFlow/pb.graph_explorer.swift /Users/admin/builder/spi-builder-workspace/Sources/PerfectTensorFlow/pb.graph_transfer_info.swift /Users/admin/builder/spi-builder-workspace/Sources/PerfectTensorFlow/pb.hlo.swift /Users/admin/builder/spi-builder-workspace/Sources/PerfectTensorFlow/pb.hparam.swift /Users/admin/builder/spi-builder-workspace/Sources/PerfectTensorFlow/pb.iterator.swift /Users/admin/builder/spi-builder-workspace/Sources/PerfectTensorFlow/pb.kernel_def.swift /Users/admin/builder/spi-builder-workspace/Sources/PerfectTensorFlow/pb.learner.swift /Users/admin/builder/spi-builder-workspace/Sources/PerfectTensorFlow/pb.log_memory.swift (in target 'PerfectTensorFlow' from project 'PerfectTensorFlow')
SwiftCompile normal arm64 /Users/admin/builder/spi-builder-workspace/Sources/PerfectTensorFlow/pb.generic_tree_model_extensions.swift (in target 'PerfectTensorFlow' from project 'PerfectTensorFlow')
cd /Users/admin/builder/spi-builder-workspace/.swiftpm/xcode
SwiftCompile normal arm64 /Users/admin/builder/spi-builder-workspace/Sources/PerfectTensorFlow/pb.graph.swift (in target 'PerfectTensorFlow' from project 'PerfectTensorFlow')
cd /Users/admin/builder/spi-builder-workspace/.swiftpm/xcode
SwiftCompile normal arm64 /Users/admin/builder/spi-builder-workspace/Sources/PerfectTensorFlow/pb.graph_explorer.swift (in target 'PerfectTensorFlow' from project 'PerfectTensorFlow')
cd /Users/admin/builder/spi-builder-workspace/.swiftpm/xcode
SwiftCompile normal arm64 /Users/admin/builder/spi-builder-workspace/Sources/PerfectTensorFlow/pb.graph_transfer_info.swift (in target 'PerfectTensorFlow' from project 'PerfectTensorFlow')
cd /Users/admin/builder/spi-builder-workspace/.swiftpm/xcode
SwiftCompile normal arm64 /Users/admin/builder/spi-builder-workspace/Sources/PerfectTensorFlow/pb.hlo.swift (in target 'PerfectTensorFlow' from project 'PerfectTensorFlow')
cd /Users/admin/builder/spi-builder-workspace/.swiftpm/xcode
SwiftCompile normal arm64 /Users/admin/builder/spi-builder-workspace/Sources/PerfectTensorFlow/pb.hparam.swift (in target 'PerfectTensorFlow' from project 'PerfectTensorFlow')
cd /Users/admin/builder/spi-builder-workspace/.swiftpm/xcode
SwiftCompile normal arm64 /Users/admin/builder/spi-builder-workspace/Sources/PerfectTensorFlow/pb.iterator.swift (in target 'PerfectTensorFlow' from project 'PerfectTensorFlow')
cd /Users/admin/builder/spi-builder-workspace/.swiftpm/xcode
SwiftCompile normal arm64 /Users/admin/builder/spi-builder-workspace/Sources/PerfectTensorFlow/pb.kernel_def.swift (in target 'PerfectTensorFlow' from project 'PerfectTensorFlow')
cd /Users/admin/builder/spi-builder-workspace/.swiftpm/xcode
SwiftCompile normal arm64 /Users/admin/builder/spi-builder-workspace/Sources/PerfectTensorFlow/pb.learner.swift (in target 'PerfectTensorFlow' from project 'PerfectTensorFlow')
cd /Users/admin/builder/spi-builder-workspace/.swiftpm/xcode
SwiftCompile normal arm64 /Users/admin/builder/spi-builder-workspace/Sources/PerfectTensorFlow/pb.log_memory.swift (in target 'PerfectTensorFlow' from project 'PerfectTensorFlow')
cd /Users/admin/builder/spi-builder-workspace/.swiftpm/xcode
SwiftDriverJobDiscovery normal arm64_32 Compiling descriptor.pb.swift, duration.pb.swift, empty.pb.swift, field_mask.pb.swift, source_context.pb.swift, struct.pb.swift, timestamp.pb.swift, type.pb.swift, wrappers.pb.swift (in target 'SwiftProtobuf' from project 'SwiftProtobuf')
SwiftDriver\ Compilation SwiftProtobuf normal arm64_32 com.apple.xcode.tools.swift.compiler (in target 'SwiftProtobuf' from project 'SwiftProtobuf')
cd /Users/admin/builder/spi-builder-workspace/.swiftpm/xcode
builtin-Swift-Compilation -- /Applications/Xcode-26.5.0.app/Contents/Developer/Toolchains/XcodeDefault.xctoolchain/usr/bin/swiftc -module-name SwiftProtobuf -Onone @/Users/admin/builder/spi-builder-workspace/.derivedData/Build/Intermediates.noindex/SwiftProtobuf.build/Debug-watchos/SwiftProtobuf.build/Objects-normal/arm64_32/SwiftProtobuf.SwiftFileList -DSWIFT_PACKAGE -DDEBUG -DSWIFT_MODULE_RESOURCE_BUNDLE_AVAILABLE -DBinaryDelimitedStreams -DFieldMaskUtilities -DXcode -enable-upcoming-feature ExistentialAny -plugin-path /Applications/Xcode-26.5.0.app/Contents/Developer/Toolchains/XcodeDefault.xctoolchain/usr/lib/swift/host/plugins/testing -enable-experimental-feature DebugDescriptionMacro -sdk /Applications/Xcode-26.5.0.app/Contents/Developer/Platforms/WatchOS.platform/Developer/SDKs/WatchOS26.5.sdk -target arm64_32-apple-watchos5.0 -g -module-cache-path /Users/admin/builder/spi-builder-workspace/.derivedData/ModuleCache.noindex -Xfrontend -serialize-debugging-options -profile-coverage-mapping -profile-generate -enable-testing -suppress-warnings -index-store-path /Users/admin/builder/spi-builder-workspace/.derivedData/Index.noindex/DataStore -Xcc -D_LIBCPP_HARDENING_MODE\=_LIBCPP_HARDENING_MODE_DEBUG -swift-version 6 -I /Users/admin/builder/spi-builder-workspace/.derivedData/Build/Products/Debug-watchos -Isystem /Applications/Xcode-26.5.0.app/Contents/Developer/Platforms/WatchOS.platform/Developer/usr/lib -F /Users/admin/builder/spi-builder-workspace/.derivedData/Build/Products/Debug-watchos -F /Applications/Xcode-26.5.0.app/Contents/Developer/Platforms/WatchOS.platform/Developer/Library/Frameworks -F /Applications/Xcode-26.5.0.app/Contents/Developer/Platforms/WatchOS.platform/Developer/SDKs/WatchOS26.5.sdk/Developer/Library/Frameworks -c -j10 -enable-batch-mode -incremental -Xcc -ivfsstatcache -Xcc /Users/admin/builder/spi-builder-workspace/.derivedData/SDKStatCaches.noindex/watchos26.5-23T570-688ef53f1462e2c8f657fdc38a81448f7931b973dfc65d9472806dbbc3af9379.sdkstatcache -output-file-map /Users/admin/builder/spi-builder-workspace/.derivedData/Build/Intermediates.noindex/SwiftProtobuf.build/Debug-watchos/SwiftProtobuf.build/Objects-normal/arm64_32/SwiftProtobuf-OutputFileMap.json -use-frontend-parseable-output -save-temps -no-color-diagnostics -explicit-module-build -module-cache-path /Users/admin/builder/spi-builder-workspace/.derivedData/Build/Intermediates.noindex/SwiftExplicitPrecompiledModules -clang-scanner-module-cache-path /Users/admin/builder/spi-builder-workspace/.derivedData/ModuleCache.noindex -sdk-module-cache-path /Users/admin/builder/spi-builder-workspace/.derivedData/ModuleCache.noindex -serialize-diagnostics -emit-dependencies -emit-module -emit-module-path /Users/admin/builder/spi-builder-workspace/.derivedData/Build/Intermediates.noindex/SwiftProtobuf.build/Debug-watchos/SwiftProtobuf.build/Objects-normal/arm64_32/SwiftProtobuf.swiftmodule -user-module-version 1.39.0 -validate-clang-modules-once -clang-build-session-file /Users/admin/builder/spi-builder-workspace/.derivedData/ModuleCache.noindex/Session.modulevalidation -package-name swift_protobuf -Xcc -I/Users/admin/builder/spi-builder-workspace/.derivedData/Build/Intermediates.noindex/SwiftProtobuf.build/Debug-watchos/SwiftProtobuf.build/swift-overrides.hmap -emit-const-values -Xfrontend -const-gather-protocols-file -Xfrontend /Users/admin/builder/spi-builder-workspace/.derivedData/Build/Intermediates.noindex/SwiftProtobuf.build/Debug-watchos/SwiftProtobuf.build/Objects-normal/arm64_32/SwiftProtobuf_const_extract_protocols.json -Xcc -I/Users/admin/builder/spi-builder-workspace/.derivedData/Build/Products/Debug-watchos/include -Xcc -I/Users/admin/builder/spi-builder-workspace/.derivedData/Build/Intermediates.noindex/SwiftProtobuf.build/Debug-watchos/SwiftProtobuf.build/DerivedSources-normal/arm64_32 -Xcc -I/Users/admin/builder/spi-builder-workspace/.derivedData/Build/Intermediates.noindex/SwiftProtobuf.build/Debug-watchos/SwiftProtobuf.build/DerivedSources/arm64_32 -Xcc -I/Users/admin/builder/spi-builder-workspace/.derivedData/Build/Intermediates.noindex/SwiftProtobuf.build/Debug-watchos/SwiftProtobuf.build/DerivedSources -Xcc -DSWIFT_PACKAGE -Xcc -DDEBUG\=1 -emit-objc-header -emit-objc-header-path /Users/admin/builder/spi-builder-workspace/.derivedData/Build/Intermediates.noindex/SwiftProtobuf.build/Debug-watchos/SwiftProtobuf.build/Objects-normal/arm64_32/SwiftProtobuf-Swift.h -working-directory /Users/admin/builder/spi-builder-workspace/.swiftpm/xcode -experimental-emit-module-separately -disable-cmo
SwiftEmitModule normal armv7k Emitting\ module\ for\ PerfectTensorFlow (in target 'PerfectTensorFlow' from project 'PerfectTensorFlow')
EmitSwiftModule normal armv7k (in target 'PerfectTensorFlow' from project 'PerfectTensorFlow')
cd /Users/admin/builder/spi-builder-workspace/.swiftpm/xcode
Ld /Users/admin/builder/spi-builder-workspace/.derivedData/Build/Intermediates.noindex/SwiftProtobuf.build/Debug-watchos/SwiftProtobuf.build/Objects-normal/arm64_32/Binary/SwiftProtobuf.o normal arm64_32 (in target 'SwiftProtobuf' from project 'SwiftProtobuf')
cd /Users/admin/builder/spi-builder-workspace/.dependencies/checkouts/swift-protobuf
/Applications/Xcode-26.5.0.app/Contents/Developer/Toolchains/XcodeDefault.xctoolchain/usr/bin/clang -Xlinker -reproducible -target arm64_32-apple-watchos5.0 -r -isysroot /Applications/Xcode-26.5.0.app/Contents/Developer/Platforms/WatchOS.platform/Developer/SDKs/WatchOS26.5.sdk -O0 -w -F/Users/admin/builder/spi-builder-workspace/.derivedData/Build/Intermediates.noindex/EagerLinkingTBDs/Debug-watchos -F/Users/admin/builder/spi-builder-workspace/.derivedData/Build/Products/Debug-watchos -iframework /Applications/Xcode-26.5.0.app/Contents/Developer/Platforms/WatchOS.platform/Developer/Library/Frameworks -iframework /Applications/Xcode-26.5.0.app/Contents/Developer/Platforms/WatchOS.platform/Developer/SDKs/WatchOS26.5.sdk/Developer/Library/Frameworks -filelist /Users/admin/builder/spi-builder-workspace/.derivedData/Build/Intermediates.noindex/SwiftProtobuf.build/Debug-watchos/SwiftProtobuf.build/Objects-normal/arm64_32/SwiftProtobuf.LinkFileList -nostdlib -Xlinker -object_path_lto -Xlinker /Users/admin/builder/spi-builder-workspace/.derivedData/Build/Intermediates.noindex/SwiftProtobuf.build/Debug-watchos/SwiftProtobuf.build/Objects-normal/arm64_32/SwiftProtobuf_lto.o -Xlinker -no_deduplicate -Xlinker -debug_variant -Xlinker -dependency_info -Xlinker /Users/admin/builder/spi-builder-workspace/.derivedData/Build/Intermediates.noindex/SwiftProtobuf.build/Debug-watchos/SwiftProtobuf.build/Objects-normal/arm64_32/SwiftProtobuf_dependency_info.dat -fobjc-link-runtime -L/Applications/Xcode-26.5.0.app/Contents/Developer/Toolchains/XcodeDefault.xctoolchain/usr/lib/swift/watchos -L/usr/lib/swift -Xlinker -add_ast_path -Xlinker /Users/admin/builder/spi-builder-workspace/.derivedData/Build/Intermediates.noindex/SwiftProtobuf.build/Debug-watchos/SwiftProtobuf.build/Objects-normal/arm64_32/SwiftProtobuf.swiftmodule @/Users/admin/builder/spi-builder-workspace/.derivedData/Build/Intermediates.noindex/SwiftProtobuf.build/Debug-watchos/SwiftProtobuf.build/Objects-normal/arm64_32/SwiftProtobuf-linker-args.resp -o /Users/admin/builder/spi-builder-workspace/.derivedData/Build/Intermediates.noindex/SwiftProtobuf.build/Debug-watchos/SwiftProtobuf.build/Objects-normal/arm64_32/Binary/SwiftProtobuf.o
SwiftEmitModule normal arm64_32 Emitting\ module\ for\ PerfectTensorFlow (in target 'PerfectTensorFlow' from project 'PerfectTensorFlow')
EmitSwiftModule normal arm64_32 (in target 'PerfectTensorFlow' from project 'PerfectTensorFlow')
cd /Users/admin/builder/spi-builder-workspace/.swiftpm/xcode
CreateUniversalBinary /Users/admin/builder/spi-builder-workspace/.derivedData/Build/Products/Debug-watchos/SwiftProtobuf.o normal arm64\ armv7k\ arm64_32 (in target 'SwiftProtobuf' from project 'SwiftProtobuf')
cd /Users/admin/builder/spi-builder-workspace/.dependencies/checkouts/swift-protobuf
/Applications/Xcode-26.5.0.app/Contents/Developer/Toolchains/XcodeDefault.xctoolchain/usr/bin/lipo -create /Users/admin/builder/spi-builder-workspace/.derivedData/Build/Intermediates.noindex/SwiftProtobuf.build/Debug-watchos/SwiftProtobuf.build/Objects-normal/arm64/Binary/SwiftProtobuf.o /Users/admin/builder/spi-builder-workspace/.derivedData/Build/Intermediates.noindex/SwiftProtobuf.build/Debug-watchos/SwiftProtobuf.build/Objects-normal/armv7k/Binary/SwiftProtobuf.o /Users/admin/builder/spi-builder-workspace/.derivedData/Build/Intermediates.noindex/SwiftProtobuf.build/Debug-watchos/SwiftProtobuf.build/Objects-normal/arm64_32/Binary/SwiftProtobuf.o -output /Users/admin/builder/spi-builder-workspace/.derivedData/Build/Products/Debug-watchos/SwiftProtobuf.o
2026-10-29 00:06:54.010 xcodebuild[726:4508] [MT] IDERunDestination: Supported platforms for the buildables in the current scheme is empty.
** BUILD FAILED **
The following build commands failed:
SwiftCompile normal arm64 /Users/admin/builder/spi-builder-workspace/Sources/PerfectTensorFlow/APILoader.swift (in target 'PerfectTensorFlow' from project 'PerfectTensorFlow')
SwiftCompile normal arm64 Compiling\ APILoader.swift,\ PerfectTensorFlow.swift,\ pb.allocation_description.swift,\ pb.api_def.swift,\ pb.api_objects.swift,\ pb.attr_value.swift,\ pb.bigquery_table_partition.swift,\ pb.checkpoint_state.swift,\ pb.checkpointable_object_graph.swift,\ pb.cluster.swift /Users/admin/builder/spi-builder-workspace/Sources/PerfectTensorFlow/APILoader.swift /Users/admin/builder/spi-builder-workspace/Sources/PerfectTensorFlow/PerfectTensorFlow.swift /Users/admin/builder/spi-builder-workspace/Sources/PerfectTensorFlow/pb.allocation_description.swift /Users/admin/builder/spi-builder-workspace/Sources/PerfectTensorFlow/pb.api_def.swift /Users/admin/builder/spi-builder-workspace/Sources/PerfectTensorFlow/pb.api_objects.swift /Users/admin/builder/spi-builder-workspace/Sources/PerfectTensorFlow/pb.attr_value.swift /Users/admin/builder/spi-builder-workspace/Sources/PerfectTensorFlow/pb.bigquery_table_partition.swift /Users/admin/builder/spi-builder-workspace/Sources/PerfectTensorFlow/pb.checkpoint_state.swift /Users/admin/builder/spi-builder-workspace/Sources/PerfectTensorFlow/pb.checkpointable_object_graph.swift /Users/admin/builder/spi-builder-workspace/Sources/PerfectTensorFlow/pb.cluster.swift (in target 'PerfectTensorFlow' from project 'PerfectTensorFlow')
Building workspace spi-builder-workspace with scheme PerfectTensorFlow
(3 failures)
Command line invocation:
/Applications/Xcode-26.5.0.app/Contents/Developer/usr/bin/xcodebuild -IDEClonedSourcePackagesDirPathOverride=/Users/admin/builder/spi-builder-workspace/.dependencies -resolvePackageDependencies
Resolve Package Graph
Resolved source packages:
SwiftProtobuf: https://github.com/apple/swift-protobuf.git @ 1.39.0
PerfectTensorFlow: /Users/admin/builder/spi-builder-workspace
resolved source packages: SwiftProtobuf, PerfectTensorFlow
2026-10-29 00:07:08.398 xcodebuild[1009:5840] [MT] IDERunDestination: Supported platforms for the buildables in the current scheme is empty.
{
"dependencies" : [
{
"identity" : "swift-protobuf",
"requirement" : {
"range" : [
{
"lower_bound" : "1.0.0",
"upper_bound" : "2.0.0"
}
]
},
"type" : "sourceControl",
"url" : "https://github.com/apple/swift-protobuf.git"
}
],
"manifest_display_name" : "PerfectTensorFlow",
"name" : "PerfectTensorFlow",
"path" : "/Users/admin/builder/spi-builder-workspace",
"platforms" : [
],
"products" : [
{
"name" : "PerfectTensorFlow",
"targets" : [
"PerfectTensorFlow"
],
"type" : {
"library" : [
"automatic"
]
}
}
],
"targets" : [
{
"c99name" : "TensorFlowAPI",
"module_type" : "ClangTarget",
"name" : "TensorFlowAPI",
"path" : "Sources/TensorFlowAPI",
"product_memberships" : [
"PerfectTensorFlow"
],
"sources" : [
"TensorFlowAPI.c"
],
"type" : "library"
},
{
"c99name" : "PerfectTensorFlowTests",
"module_type" : "SwiftTarget",
"name" : "PerfectTensorFlowTests",
"path" : "Tests/PerfectTensorFlowTests",
"sources" : [
"PerfectTensorFlowTests.swift"
],
"target_dependencies" : [
"PerfectTensorFlow"
],
"type" : "test"
},
{
"c99name" : "PerfectTensorFlow",
"module_type" : "SwiftTarget",
"name" : "PerfectTensorFlow",
"path" : "Sources/PerfectTensorFlow",
"product_dependencies" : [
"SwiftProtobuf"
],
"product_memberships" : [
"PerfectTensorFlow"
],
"sources" : [
"APILoader.swift",
"PerfectTensorFlow.swift",
"pb.allocation_description.swift",
"pb.api_def.swift",
"pb.api_objects.swift",
"pb.attr_value.swift",
"pb.bigquery_table_partition.swift",
"pb.checkpoint_state.swift",
"pb.checkpointable_object_graph.swift",
"pb.cluster.swift",
"pb.compare_test.swift",
"pb.config.swift",
"pb.control_flow.swift",
"pb.cost_graph.swift",
"pb.cpp_shape_inference.swift",
"pb.debug.swift",
"pb.debug_service.swift",
"pb.debugger_event_metadata.swift",
"pb.device_attributes.swift",
"pb.device_properties.swift",
"pb.error_codes.swift",
"pb.event.swift",
"pb.example.swift",
"pb.example_parser_configuration.swift",
"pb.example_proto_fast_parsing_test.swift",
"pb.feature.swift",
"pb.fertile_stats.swift",
"pb.function.swift",
"pb.gdr.swift",
"pb.generic_tree_model.swift",
"pb.generic_tree_model_extensions.swift",
"pb.graph.swift",
"pb.graph_explorer.swift",
"pb.graph_transfer_info.swift",
"pb.hlo.swift",
"pb.hparam.swift",
"pb.iterator.swift",
"pb.kernel_def.swift",
"pb.learner.swift",
"pb.log_memory.swift",
"pb.manifest.swift",
"pb.master.swift",
"pb.master_service.swift",
"pb.memmapped_file_system.swift",
"pb.meta_graph.swift",
"pb.model_flags.swift",
"pb.mpi_message.swift",
"pb.mpi_msg.swift",
"pb.named_tensor.swift",
"pb.node_def.swift",
"pb.op_def.swift",
"pb.op_gen_overrides.swift",
"pb.op_performance_data.swift",
"pb.op_profile.swift",
"pb.profile.swift",
"pb.projector_config.swift",
"pb.quantiles.swift",
"pb.queue_runner.swift",
"pb.reader_base.swift",
"pb.remote_fused_graph_execute_info.swift",
"pb.resource_handle.swift",
"pb.rewriter_config.swift",
"pb.saved_model.swift",
"pb.saved_tensor_slice.swift",
"pb.saver.swift",
"pb.session.swift",
"pb.split_info.swift",
"pb.step_stats.swift",
"pb.summary.swift",
"pb.tensor.swift",
"pb.tensor_bundle.swift",
"pb.tensor_description.swift",
"pb.tensor_forest_params.swift",
"pb.tensor_shape.swift",
"pb.tensor_slice.swift",
"pb.tensorflow_server.swift",
"pb.test.swift",
"pb.test_log.swift",
"pb.tf2xla.swift",
"pb.tf_op_stats.swift",
"pb.tfcompile.swift",
"pb.tfprof_log.swift",
"pb.tfprof_options.swift",
"pb.tfprof_output.swift",
"pb.toco_flags.swift",
"pb.topology.swift",
"pb.tpu_profiler.swift",
"pb.trace_events.swift",
"pb.trace_info.swift",
"pb.tree_config.swift",
"pb.types.swift",
"pb.variable.swift",
"pb.verbs_service.swift",
"pb.versions.swift",
"pb.worker.swift",
"pb.worker_service.swift",
"pb.xla.swift",
"pb.xla_data.swift"
],
"target_dependencies" : [
"TensorFlowAPI"
],
"type" : "library"
}
],
"tools_version" : "5.0"
}
{
"workspace" : {
"name" : "spi-builder-workspace",
"schemes" : [
"PerfectTensorFlow"
]
}
}
2026-10-29 00:07:10.010 xcodebuild[1020:5930] [MT] IDERunDestination: Supported platforms for the buildables in the current scheme is empty.
Running build ...
env DEVELOPER_DIR=/Applications/Xcode-26.5.0.app xcrun xcodebuild -IDEClonedSourcePackagesDirPathOverride=$PWD/.dependencies -skipMacroValidation -skipPackagePluginValidation -derivedDataPath $PWD/.derivedData build -scheme PerfectTensorFlow -destination generic/platform=watchOS
Command line invocation:
/Applications/Xcode-26.5.0.app/Contents/Developer/usr/bin/xcodebuild -IDEClonedSourcePackagesDirPathOverride=/Users/admin/builder/spi-builder-workspace/.dependencies -skipMacroValidation -skipPackagePluginValidation -derivedDataPath /Users/admin/builder/spi-builder-workspace/.derivedData build -scheme PerfectTensorFlow -destination generic/platform=watchOS
Resolve Package Graph
Resolved source packages:
SwiftProtobuf: https://github.com/apple/swift-protobuf.git @ 1.39.0
PerfectTensorFlow: /Users/admin/builder/spi-builder-workspace
ComputePackagePrebuildTargetDependencyGraph
Prepare packages
CreateBuildRequest
SendProjectDescription
CreateBuildOperation
ComputeTargetDependencyGraph
note: Building targets in dependency order
note: Target dependency graph (6 targets)
Target 'PerfectTensorFlow' in project 'PerfectTensorFlow'
➜ Explicit dependency on target 'PerfectTensorFlow' in project 'PerfectTensorFlow'
➜ Explicit dependency on target 'TensorFlowAPI' in project 'PerfectTensorFlow'
➜ Explicit dependency on target 'SwiftProtobuf' in project 'SwiftProtobuf'
Target 'PerfectTensorFlow' in project 'PerfectTensorFlow'
➜ Explicit dependency on target 'TensorFlowAPI' in project 'PerfectTensorFlow'
➜ Explicit dependency on target 'SwiftProtobuf' in project 'SwiftProtobuf'
Target 'SwiftProtobuf' in project 'SwiftProtobuf'
➜ Explicit dependency on target 'SwiftProtobuf' in project 'SwiftProtobuf'
➜ Explicit dependency on target 'SwiftProtobuf_SwiftProtobuf' in project 'SwiftProtobuf'
Target 'SwiftProtobuf' in project 'SwiftProtobuf'
➜ Explicit dependency on target 'SwiftProtobuf_SwiftProtobuf' in project 'SwiftProtobuf'
Target 'SwiftProtobuf_SwiftProtobuf' in project 'SwiftProtobuf' (no dependencies)
Target 'TensorFlowAPI' in project 'PerfectTensorFlow' (no dependencies)
GatherProvisioningInputs
CreateBuildDescription
ClangStatCache /Applications/Xcode-26.5.0.app/Contents/Developer/Toolchains/XcodeDefault.xctoolchain/usr/bin/clang-stat-cache /Applications/Xcode-26.5.0.app/Contents/Developer/Platforms/WatchOS.platform/Developer/SDKs/WatchOS26.5.sdk /Users/admin/builder/spi-builder-workspace/.derivedData/SDKStatCaches.noindex/watchos26.5-23T570-688ef53f1462e2c8f657fdc38a81448f7931b973dfc65d9472806dbbc3af9379.sdkstatcache
cd /Users/admin/builder/spi-builder-workspace/.swiftpm/xcode
/Applications/Xcode-26.5.0.app/Contents/Developer/Toolchains/XcodeDefault.xctoolchain/usr/bin/clang-stat-cache /Applications/Xcode-26.5.0.app/Contents/Developer/Platforms/WatchOS.platform/Developer/SDKs/WatchOS26.5.sdk -o /Users/admin/builder/spi-builder-workspace/.derivedData/SDKStatCaches.noindex/watchos26.5-23T570-688ef53f1462e2c8f657fdc38a81448f7931b973dfc65d9472806dbbc3af9379.sdkstatcache
CreateUniversalBinary /Users/admin/builder/spi-builder-workspace/.derivedData/Build/Products/Debug-watchos/SwiftProtobuf.o normal arm64\ armv7k\ arm64_32 (in target 'SwiftProtobuf' from project 'SwiftProtobuf')
cd /Users/admin/builder/spi-builder-workspace/.dependencies/checkouts/swift-protobuf
/Applications/Xcode-26.5.0.app/Contents/Developer/Toolchains/XcodeDefault.xctoolchain/usr/bin/lipo -create /Users/admin/builder/spi-builder-workspace/.derivedData/Build/Intermediates.noindex/SwiftProtobuf.build/Debug-watchos/SwiftProtobuf.build/Objects-normal/arm64/Binary/SwiftProtobuf.o /Users/admin/builder/spi-builder-workspace/.derivedData/Build/Intermediates.noindex/SwiftProtobuf.build/Debug-watchos/SwiftProtobuf.build/Objects-normal/armv7k/Binary/SwiftProtobuf.o /Users/admin/builder/spi-builder-workspace/.derivedData/Build/Intermediates.noindex/SwiftProtobuf.build/Debug-watchos/SwiftProtobuf.build/Objects-normal/arm64_32/Binary/SwiftProtobuf.o -output /Users/admin/builder/spi-builder-workspace/.derivedData/Build/Products/Debug-watchos/SwiftProtobuf.o
SwiftDriver PerfectTensorFlow normal arm64 com.apple.xcode.tools.swift.compiler (in target 'PerfectTensorFlow' from project 'PerfectTensorFlow')
cd /Users/admin/builder/spi-builder-workspace/.swiftpm/xcode
builtin-SwiftDriver -- /Applications/Xcode-26.5.0.app/Contents/Developer/Toolchains/XcodeDefault.xctoolchain/usr/bin/swiftc -module-name PerfectTensorFlow -Onone @/Users/admin/builder/spi-builder-workspace/.derivedData/Build/Intermediates.noindex/PerfectTensorFlow.build/Debug-watchos/PerfectTensorFlow.build/Objects-normal/arm64/PerfectTensorFlow.SwiftFileList -DSWIFT_PACKAGE -DDEBUG -DSWIFT_MODULE_RESOURCE_BUNDLE_UNAVAILABLE -Xcc -fmodule-map-file\=/Users/admin/builder/spi-builder-workspace/.derivedData/Build/Intermediates.noindex/GeneratedModuleMaps-watchos/TensorFlowAPI.modulemap -DXcode -plugin-path /Applications/Xcode-26.5.0.app/Contents/Developer/Toolchains/XcodeDefault.xctoolchain/usr/lib/swift/host/plugins/testing -enable-experimental-feature DebugDescriptionMacro -sdk /Applications/Xcode-26.5.0.app/Contents/Developer/Platforms/WatchOS.platform/Developer/SDKs/WatchOS26.5.sdk -target arm64-apple-watchos5.0 -g -module-cache-path /Users/admin/builder/spi-builder-workspace/.derivedData/ModuleCache.noindex -Xfrontend -serialize-debugging-options -profile-coverage-mapping -profile-generate -enable-testing -index-store-path /Users/admin/builder/spi-builder-workspace/.derivedData/Index.noindex/DataStore -Xcc -D_LIBCPP_HARDENING_MODE\=_LIBCPP_HARDENING_MODE_DEBUG -swift-version 5 -I /Users/admin/builder/spi-builder-workspace/.derivedData/Build/Products/Debug-watchos -Isystem /Applications/Xcode-26.5.0.app/Contents/Developer/Platforms/WatchOS.platform/Developer/usr/lib -F /Users/admin/builder/spi-builder-workspace/.derivedData/Build/Products/Debug-watchos/PackageFrameworks -F /Users/admin/builder/spi-builder-workspace/.derivedData/Build/Products/Debug-watchos/PackageFrameworks -F /Users/admin/builder/spi-builder-workspace/.derivedData/Build/Products/Debug-watchos -F /Applications/Xcode-26.5.0.app/Contents/Developer/Platforms/WatchOS.platform/Developer/Library/Frameworks -F /Applications/Xcode-26.5.0.app/Contents/Developer/Platforms/WatchOS.platform/Developer/SDKs/WatchOS26.5.sdk/Developer/Library/Frameworks -c -j10 -enable-batch-mode -incremental -Xcc -ivfsstatcache -Xcc /Users/admin/builder/spi-builder-workspace/.derivedData/SDKStatCaches.noindex/watchos26.5-23T570-688ef53f1462e2c8f657fdc38a81448f7931b973dfc65d9472806dbbc3af9379.sdkstatcache -output-file-map /Users/admin/builder/spi-builder-workspace/.derivedData/Build/Intermediates.noindex/PerfectTensorFlow.build/Debug-watchos/PerfectTensorFlow.build/Objects-normal/arm64/PerfectTensorFlow-OutputFileMap.json -use-frontend-parseable-output -save-temps -no-color-diagnostics -explicit-module-build -module-cache-path /Users/admin/builder/spi-builder-workspace/.derivedData/Build/Intermediates.noindex/SwiftExplicitPrecompiledModules -clang-scanner-module-cache-path /Users/admin/builder/spi-builder-workspace/.derivedData/ModuleCache.noindex -sdk-module-cache-path /Users/admin/builder/spi-builder-workspace/.derivedData/ModuleCache.noindex -serialize-diagnostics -emit-dependencies -emit-module -emit-module-path /Users/admin/builder/spi-builder-workspace/.derivedData/Build/Intermediates.noindex/PerfectTensorFlow.build/Debug-watchos/PerfectTensorFlow.build/Objects-normal/arm64/PerfectTensorFlow.swiftmodule -validate-clang-modules-once -clang-build-session-file /Users/admin/builder/spi-builder-workspace/.derivedData/ModuleCache.noindex/Session.modulevalidation -Xcc -I/Users/admin/builder/spi-builder-workspace/.derivedData/Build/Intermediates.noindex/PerfectTensorFlow.build/Debug-watchos/PerfectTensorFlow.build/swift-overrides.hmap -emit-const-values -Xfrontend -const-gather-protocols-file -Xfrontend /Users/admin/builder/spi-builder-workspace/.derivedData/Build/Intermediates.noindex/PerfectTensorFlow.build/Debug-watchos/PerfectTensorFlow.build/Objects-normal/arm64/PerfectTensorFlow_const_extract_protocols.json -Xcc -I/Users/admin/builder/spi-builder-workspace/Sources/TensorFlowAPI/include -Xcc -I/Users/admin/builder/spi-builder-workspace/.derivedData/Build/Products/Debug-watchos/include -Xcc -I/Users/admin/builder/spi-builder-workspace/.derivedData/Build/Intermediates.noindex/PerfectTensorFlow.build/Debug-watchos/PerfectTensorFlow.build/DerivedSources-normal/arm64 -Xcc -I/Users/admin/builder/spi-builder-workspace/.derivedData/Build/Intermediates.noindex/PerfectTensorFlow.build/Debug-watchos/PerfectTensorFlow.build/DerivedSources/arm64 -Xcc -I/Users/admin/builder/spi-builder-workspace/.derivedData/Build/Intermediates.noindex/PerfectTensorFlow.build/Debug-watchos/PerfectTensorFlow.build/DerivedSources -Xcc -DSWIFT_PACKAGE -Xcc -DDEBUG\=1 -emit-objc-header -emit-objc-header-path /Users/admin/builder/spi-builder-workspace/.derivedData/Build/Intermediates.noindex/PerfectTensorFlow.build/Debug-watchos/PerfectTensorFlow.build/Objects-normal/arm64/PerfectTensorFlow-Swift.h -working-directory /Users/admin/builder/spi-builder-workspace/.swiftpm/xcode -experimental-emit-module-separately -disable-cmo
SwiftDriver PerfectTensorFlow normal armv7k com.apple.xcode.tools.swift.compiler (in target 'PerfectTensorFlow' from project 'PerfectTensorFlow')
cd /Users/admin/builder/spi-builder-workspace/.swiftpm/xcode
builtin-SwiftDriver -- /Applications/Xcode-26.5.0.app/Contents/Developer/Toolchains/XcodeDefault.xctoolchain/usr/bin/swiftc -module-name PerfectTensorFlow -Onone @/Users/admin/builder/spi-builder-workspace/.derivedData/Build/Intermediates.noindex/PerfectTensorFlow.build/Debug-watchos/PerfectTensorFlow.build/Objects-normal/armv7k/PerfectTensorFlow.SwiftFileList -DSWIFT_PACKAGE -DDEBUG -DSWIFT_MODULE_RESOURCE_BUNDLE_UNAVAILABLE -Xcc -fmodule-map-file\=/Users/admin/builder/spi-builder-workspace/.derivedData/Build/Intermediates.noindex/GeneratedModuleMaps-watchos/TensorFlowAPI.modulemap -DXcode -plugin-path /Applications/Xcode-26.5.0.app/Contents/Developer/Toolchains/XcodeDefault.xctoolchain/usr/lib/swift/host/plugins/testing -enable-experimental-feature DebugDescriptionMacro -sdk /Applications/Xcode-26.5.0.app/Contents/Developer/Platforms/WatchOS.platform/Developer/SDKs/WatchOS26.5.sdk -target armv7k-apple-watchos5.0 -g -module-cache-path /Users/admin/builder/spi-builder-workspace/.derivedData/ModuleCache.noindex -Xfrontend -serialize-debugging-options -profile-coverage-mapping -profile-generate -enable-testing -index-store-path /Users/admin/builder/spi-builder-workspace/.derivedData/Index.noindex/DataStore -Xcc -D_LIBCPP_HARDENING_MODE\=_LIBCPP_HARDENING_MODE_DEBUG -swift-version 5 -I /Users/admin/builder/spi-builder-workspace/.derivedData/Build/Products/Debug-watchos -Isystem /Applications/Xcode-26.5.0.app/Contents/Developer/Platforms/WatchOS.platform/Developer/usr/lib -F /Users/admin/builder/spi-builder-workspace/.derivedData/Build/Products/Debug-watchos/PackageFrameworks -F /Users/admin/builder/spi-builder-workspace/.derivedData/Build/Products/Debug-watchos/PackageFrameworks -F /Users/admin/builder/spi-builder-workspace/.derivedData/Build/Products/Debug-watchos -F /Applications/Xcode-26.5.0.app/Contents/Developer/Platforms/WatchOS.platform/Developer/Library/Frameworks -F /Applications/Xcode-26.5.0.app/Contents/Developer/Platforms/WatchOS.platform/Developer/SDKs/WatchOS26.5.sdk/Developer/Library/Frameworks -c -j10 -enable-batch-mode -incremental -Xcc -ivfsstatcache -Xcc /Users/admin/builder/spi-builder-workspace/.derivedData/SDKStatCaches.noindex/watchos26.5-23T570-688ef53f1462e2c8f657fdc38a81448f7931b973dfc65d9472806dbbc3af9379.sdkstatcache -output-file-map /Users/admin/builder/spi-builder-workspace/.derivedData/Build/Intermediates.noindex/PerfectTensorFlow.build/Debug-watchos/PerfectTensorFlow.build/Objects-normal/armv7k/PerfectTensorFlow-OutputFileMap.json -use-frontend-parseable-output -save-temps -no-color-diagnostics -explicit-module-build -module-cache-path /Users/admin/builder/spi-builder-workspace/.derivedData/Build/Intermediates.noindex/SwiftExplicitPrecompiledModules -clang-scanner-module-cache-path /Users/admin/builder/spi-builder-workspace/.derivedData/ModuleCache.noindex -sdk-module-cache-path /Users/admin/builder/spi-builder-workspace/.derivedData/ModuleCache.noindex -serialize-diagnostics -emit-dependencies -emit-module -emit-module-path /Users/admin/builder/spi-builder-workspace/.derivedData/Build/Intermediates.noindex/PerfectTensorFlow.build/Debug-watchos/PerfectTensorFlow.build/Objects-normal/armv7k/PerfectTensorFlow.swiftmodule -validate-clang-modules-once -clang-build-session-file /Users/admin/builder/spi-builder-workspace/.derivedData/ModuleCache.noindex/Session.modulevalidation -Xcc -I/Users/admin/builder/spi-builder-workspace/.derivedData/Build/Intermediates.noindex/PerfectTensorFlow.build/Debug-watchos/PerfectTensorFlow.build/swift-overrides.hmap -emit-const-values -Xfrontend -const-gather-protocols-file -Xfrontend /Users/admin/builder/spi-builder-workspace/.derivedData/Build/Intermediates.noindex/PerfectTensorFlow.build/Debug-watchos/PerfectTensorFlow.build/Objects-normal/armv7k/PerfectTensorFlow_const_extract_protocols.json -Xcc -I/Users/admin/builder/spi-builder-workspace/Sources/TensorFlowAPI/include -Xcc -I/Users/admin/builder/spi-builder-workspace/.derivedData/Build/Products/Debug-watchos/include -Xcc -I/Users/admin/builder/spi-builder-workspace/.derivedData/Build/Intermediates.noindex/PerfectTensorFlow.build/Debug-watchos/PerfectTensorFlow.build/DerivedSources-normal/armv7k -Xcc -I/Users/admin/builder/spi-builder-workspace/.derivedData/Build/Intermediates.noindex/PerfectTensorFlow.build/Debug-watchos/PerfectTensorFlow.build/DerivedSources/armv7k -Xcc -I/Users/admin/builder/spi-builder-workspace/.derivedData/Build/Intermediates.noindex/PerfectTensorFlow.build/Debug-watchos/PerfectTensorFlow.build/DerivedSources -Xcc -DSWIFT_PACKAGE -Xcc -DDEBUG\=1 -emit-objc-header -emit-objc-header-path /Users/admin/builder/spi-builder-workspace/.derivedData/Build/Intermediates.noindex/PerfectTensorFlow.build/Debug-watchos/PerfectTensorFlow.build/Objects-normal/armv7k/PerfectTensorFlow-Swift.h -working-directory /Users/admin/builder/spi-builder-workspace/.swiftpm/xcode -experimental-emit-module-separately -disable-cmo
SwiftDriver PerfectTensorFlow normal arm64_32 com.apple.xcode.tools.swift.compiler (in target 'PerfectTensorFlow' from project 'PerfectTensorFlow')
cd /Users/admin/builder/spi-builder-workspace/.swiftpm/xcode
builtin-SwiftDriver -- /Applications/Xcode-26.5.0.app/Contents/Developer/Toolchains/XcodeDefault.xctoolchain/usr/bin/swiftc -module-name PerfectTensorFlow -Onone @/Users/admin/builder/spi-builder-workspace/.derivedData/Build/Intermediates.noindex/PerfectTensorFlow.build/Debug-watchos/PerfectTensorFlow.build/Objects-normal/arm64_32/PerfectTensorFlow.SwiftFileList -DSWIFT_PACKAGE -DDEBUG -DSWIFT_MODULE_RESOURCE_BUNDLE_UNAVAILABLE -Xcc -fmodule-map-file\=/Users/admin/builder/spi-builder-workspace/.derivedData/Build/Intermediates.noindex/GeneratedModuleMaps-watchos/TensorFlowAPI.modulemap -DXcode -plugin-path /Applications/Xcode-26.5.0.app/Contents/Developer/Toolchains/XcodeDefault.xctoolchain/usr/lib/swift/host/plugins/testing -enable-experimental-feature DebugDescriptionMacro -sdk /Applications/Xcode-26.5.0.app/Contents/Developer/Platforms/WatchOS.platform/Developer/SDKs/WatchOS26.5.sdk -target arm64_32-apple-watchos5.0 -g -module-cache-path /Users/admin/builder/spi-builder-workspace/.derivedData/ModuleCache.noindex -Xfrontend -serialize-debugging-options -profile-coverage-mapping -profile-generate -enable-testing -index-store-path /Users/admin/builder/spi-builder-workspace/.derivedData/Index.noindex/DataStore -Xcc -D_LIBCPP_HARDENING_MODE\=_LIBCPP_HARDENING_MODE_DEBUG -swift-version 5 -I /Users/admin/builder/spi-builder-workspace/.derivedData/Build/Products/Debug-watchos -Isystem /Applications/Xcode-26.5.0.app/Contents/Developer/Platforms/WatchOS.platform/Developer/usr/lib -F /Users/admin/builder/spi-builder-workspace/.derivedData/Build/Products/Debug-watchos/PackageFrameworks -F /Users/admin/builder/spi-builder-workspace/.derivedData/Build/Products/Debug-watchos/PackageFrameworks -F /Users/admin/builder/spi-builder-workspace/.derivedData/Build/Products/Debug-watchos -F /Applications/Xcode-26.5.0.app/Contents/Developer/Platforms/WatchOS.platform/Developer/Library/Frameworks -F /Applications/Xcode-26.5.0.app/Contents/Developer/Platforms/WatchOS.platform/Developer/SDKs/WatchOS26.5.sdk/Developer/Library/Frameworks -c -j10 -enable-batch-mode -incremental -Xcc -ivfsstatcache -Xcc /Users/admin/builder/spi-builder-workspace/.derivedData/SDKStatCaches.noindex/watchos26.5-23T570-688ef53f1462e2c8f657fdc38a81448f7931b973dfc65d9472806dbbc3af9379.sdkstatcache -output-file-map /Users/admin/builder/spi-builder-workspace/.derivedData/Build/Intermediates.noindex/PerfectTensorFlow.build/Debug-watchos/PerfectTensorFlow.build/Objects-normal/arm64_32/PerfectTensorFlow-OutputFileMap.json -use-frontend-parseable-output -save-temps -no-color-diagnostics -explicit-module-build -module-cache-path /Users/admin/builder/spi-builder-workspace/.derivedData/Build/Intermediates.noindex/SwiftExplicitPrecompiledModules -clang-scanner-module-cache-path /Users/admin/builder/spi-builder-workspace/.derivedData/ModuleCache.noindex -sdk-module-cache-path /Users/admin/builder/spi-builder-workspace/.derivedData/ModuleCache.noindex -serialize-diagnostics -emit-dependencies -emit-module -emit-module-path /Users/admin/builder/spi-builder-workspace/.derivedData/Build/Intermediates.noindex/PerfectTensorFlow.build/Debug-watchos/PerfectTensorFlow.build/Objects-normal/arm64_32/PerfectTensorFlow.swiftmodule -validate-clang-modules-once -clang-build-session-file /Users/admin/builder/spi-builder-workspace/.derivedData/ModuleCache.noindex/Session.modulevalidation -Xcc -I/Users/admin/builder/spi-builder-workspace/.derivedData/Build/Intermediates.noindex/PerfectTensorFlow.build/Debug-watchos/PerfectTensorFlow.build/swift-overrides.hmap -emit-const-values -Xfrontend -const-gather-protocols-file -Xfrontend /Users/admin/builder/spi-builder-workspace/.derivedData/Build/Intermediates.noindex/PerfectTensorFlow.build/Debug-watchos/PerfectTensorFlow.build/Objects-normal/arm64_32/PerfectTensorFlow_const_extract_protocols.json -Xcc -I/Users/admin/builder/spi-builder-workspace/Sources/TensorFlowAPI/include -Xcc -I/Users/admin/builder/spi-builder-workspace/.derivedData/Build/Products/Debug-watchos/include -Xcc -I/Users/admin/builder/spi-builder-workspace/.derivedData/Build/Intermediates.noindex/PerfectTensorFlow.build/Debug-watchos/PerfectTensorFlow.build/DerivedSources-normal/arm64_32 -Xcc -I/Users/admin/builder/spi-builder-workspace/.derivedData/Build/Intermediates.noindex/PerfectTensorFlow.build/Debug-watchos/PerfectTensorFlow.build/DerivedSources/arm64_32 -Xcc -I/Users/admin/builder/spi-builder-workspace/.derivedData/Build/Intermediates.noindex/PerfectTensorFlow.build/Debug-watchos/PerfectTensorFlow.build/DerivedSources -Xcc -DSWIFT_PACKAGE -Xcc -DDEBUG\=1 -emit-objc-header -emit-objc-header-path /Users/admin/builder/spi-builder-workspace/.derivedData/Build/Intermediates.noindex/PerfectTensorFlow.build/Debug-watchos/PerfectTensorFlow.build/Objects-normal/arm64_32/PerfectTensorFlow-Swift.h -working-directory /Users/admin/builder/spi-builder-workspace/.swiftpm/xcode -experimental-emit-module-separately -disable-cmo
ExtractAppIntentsMetadata (in target 'SwiftProtobuf' from project 'SwiftProtobuf')
cd /Users/admin/builder/spi-builder-workspace/.dependencies/checkouts/swift-protobuf
/Applications/Xcode-26.5.0.app/Contents/Developer/Toolchains/XcodeDefault.xctoolchain/usr/bin/appintentsmetadataprocessor --toolchain-dir /var/run/com.apple.security.cryptexd/mnt/com.apple.MobileAsset.MetalToolchain-v17.6.42.0.EVTz3V/Metal.xctoolchain --module-name SwiftProtobuf --sdk-root /Applications/Xcode-26.5.0.app/Contents/Developer/Platforms/WatchOS.platform/Developer/SDKs/WatchOS26.5.sdk --xcode-version 17F42 --platform-family watchOS --deployment-target 5.0 --bundle-identifier swift-protobuf.SwiftProtobuf --output /Users/admin/builder/spi-builder-workspace/.derivedData/Build/Products/Debug-watchos/SwiftProtobuf.appintents --target-triple arm64-apple-watchos5.0 --target-triple armv7k-apple-watchos5.0 --target-triple arm64_32-apple-watchos5.0 --binary-file /Users/admin/builder/spi-builder-workspace/.derivedData/Build/Products/Debug-watchos/SwiftProtobuf.o --dependency-file /Users/admin/builder/spi-builder-workspace/.derivedData/Build/Intermediates.noindex/SwiftProtobuf.build/Debug-watchos/SwiftProtobuf.build/Objects-normal/arm64/SwiftProtobuf_dependency_info.dat --dependency-file /Users/admin/builder/spi-builder-workspace/.derivedData/Build/Intermediates.noindex/SwiftProtobuf.build/Debug-watchos/SwiftProtobuf.build/Objects-normal/armv7k/SwiftProtobuf_dependency_info.dat --dependency-file /Users/admin/builder/spi-builder-workspace/.derivedData/Build/Intermediates.noindex/SwiftProtobuf.build/Debug-watchos/SwiftProtobuf.build/Objects-normal/arm64_32/SwiftProtobuf_dependency_info.dat --stringsdata-file /Users/admin/builder/spi-builder-workspace/.derivedData/Build/Intermediates.noindex/SwiftProtobuf.build/Debug-watchos/SwiftProtobuf.build/Objects-normal/arm64/ExtractedAppShortcutsMetadata.stringsdata --stringsdata-file /Users/admin/builder/spi-builder-workspace/.derivedData/Build/Intermediates.noindex/SwiftProtobuf.build/Debug-watchos/SwiftProtobuf.build/Objects-normal/armv7k/ExtractedAppShortcutsMetadata.stringsdata --stringsdata-file /Users/admin/builder/spi-builder-workspace/.derivedData/Build/Intermediates.noindex/SwiftProtobuf.build/Debug-watchos/SwiftProtobuf.build/Objects-normal/arm64_32/ExtractedAppShortcutsMetadata.stringsdata --source-file-list /Users/admin/builder/spi-builder-workspace/.derivedData/Build/Intermediates.noindex/SwiftProtobuf.build/Debug-watchos/SwiftProtobuf.build/Objects-normal/arm64/SwiftProtobuf.SwiftFileList --source-file-list /Users/admin/builder/spi-builder-workspace/.derivedData/Build/Intermediates.noindex/SwiftProtobuf.build/Debug-watchos/SwiftProtobuf.build/Objects-normal/armv7k/SwiftProtobuf.SwiftFileList --source-file-list /Users/admin/builder/spi-builder-workspace/.derivedData/Build/Intermediates.noindex/SwiftProtobuf.build/Debug-watchos/SwiftProtobuf.build/Objects-normal/arm64_32/SwiftProtobuf.SwiftFileList --metadata-file-list /Users/admin/builder/spi-builder-workspace/.derivedData/Build/Intermediates.noindex/SwiftProtobuf.build/Debug-watchos/SwiftProtobuf.build/SwiftProtobuf.DependencyMetadataFileList --static-metadata-file-list /Users/admin/builder/spi-builder-workspace/.derivedData/Build/Intermediates.noindex/SwiftProtobuf.build/Debug-watchos/SwiftProtobuf.build/SwiftProtobuf.DependencyStaticMetadataFileList --swift-const-vals-list /Users/admin/builder/spi-builder-workspace/.derivedData/Build/Intermediates.noindex/SwiftProtobuf.build/Debug-watchos/SwiftProtobuf.build/Objects-normal/arm64/SwiftProtobuf.SwiftConstValuesFileList --swift-const-vals-list /Users/admin/builder/spi-builder-workspace/.derivedData/Build/Intermediates.noindex/SwiftProtobuf.build/Debug-watchos/SwiftProtobuf.build/Objects-normal/armv7k/SwiftProtobuf.SwiftConstValuesFileList --swift-const-vals-list /Users/admin/builder/spi-builder-workspace/.derivedData/Build/Intermediates.noindex/SwiftProtobuf.build/Debug-watchos/SwiftProtobuf.build/Objects-normal/arm64_32/SwiftProtobuf.SwiftConstValuesFileList --force --compile-time-extraction --deployment-aware-processing --validate-assistant-intents --no-app-shortcuts-localization
2026-10-29 00:07:12.799 appintentsmetadataprocessor[1031:6030] Starting appintentsmetadataprocessor export
2026-10-29 00:07:12.845 appintentsmetadataprocessor[1031:6030] Extracted no relevant App Intents symbols, skipping writing output
SwiftCompile normal arm64_32 Compiling\ pb.error_codes.swift,\ pb.event.swift,\ pb.example.swift,\ pb.example_parser_configuration.swift,\ pb.example_proto_fast_parsing_test.swift,\ pb.feature.swift,\ pb.fertile_stats.swift,\ pb.function.swift,\ pb.gdr.swift,\ pb.generic_tree_model.swift /Users/admin/builder/spi-builder-workspace/Sources/PerfectTensorFlow/pb.error_codes.swift /Users/admin/builder/spi-builder-workspace/Sources/PerfectTensorFlow/pb.event.swift /Users/admin/builder/spi-builder-workspace/Sources/PerfectTensorFlow/pb.example.swift /Users/admin/builder/spi-builder-workspace/Sources/PerfectTensorFlow/pb.example_parser_configuration.swift /Users/admin/builder/spi-builder-workspace/Sources/PerfectTensorFlow/pb.example_proto_fast_parsing_test.swift /Users/admin/builder/spi-builder-workspace/Sources/PerfectTensorFlow/pb.feature.swift /Users/admin/builder/spi-builder-workspace/Sources/PerfectTensorFlow/pb.fertile_stats.swift /Users/admin/builder/spi-builder-workspace/Sources/PerfectTensorFlow/pb.function.swift /Users/admin/builder/spi-builder-workspace/Sources/PerfectTensorFlow/pb.gdr.swift /Users/admin/builder/spi-builder-workspace/Sources/PerfectTensorFlow/pb.generic_tree_model.swift (in target 'PerfectTensorFlow' from project 'PerfectTensorFlow')
SwiftCompile normal arm64_32 /Users/admin/builder/spi-builder-workspace/Sources/PerfectTensorFlow/pb.error_codes.swift (in target 'PerfectTensorFlow' from project 'PerfectTensorFlow')
cd /Users/admin/builder/spi-builder-workspace/.swiftpm/xcode
SwiftCompile normal arm64_32 /Users/admin/builder/spi-builder-workspace/Sources/PerfectTensorFlow/pb.event.swift (in target 'PerfectTensorFlow' from project 'PerfectTensorFlow')
cd /Users/admin/builder/spi-builder-workspace/.swiftpm/xcode
SwiftCompile normal arm64_32 /Users/admin/builder/spi-builder-workspace/Sources/PerfectTensorFlow/pb.example.swift (in target 'PerfectTensorFlow' from project 'PerfectTensorFlow')
cd /Users/admin/builder/spi-builder-workspace/.swiftpm/xcode
SwiftCompile normal arm64_32 /Users/admin/builder/spi-builder-workspace/Sources/PerfectTensorFlow/pb.example_parser_configuration.swift (in target 'PerfectTensorFlow' from project 'PerfectTensorFlow')
cd /Users/admin/builder/spi-builder-workspace/.swiftpm/xcode
SwiftCompile normal arm64_32 /Users/admin/builder/spi-builder-workspace/Sources/PerfectTensorFlow/pb.example_proto_fast_parsing_test.swift (in target 'PerfectTensorFlow' from project 'PerfectTensorFlow')
cd /Users/admin/builder/spi-builder-workspace/.swiftpm/xcode
SwiftCompile normal arm64_32 /Users/admin/builder/spi-builder-workspace/Sources/PerfectTensorFlow/pb.feature.swift (in target 'PerfectTensorFlow' from project 'PerfectTensorFlow')
cd /Users/admin/builder/spi-builder-workspace/.swiftpm/xcode
SwiftCompile normal arm64_32 /Users/admin/builder/spi-builder-workspace/Sources/PerfectTensorFlow/pb.fertile_stats.swift (in target 'PerfectTensorFlow' from project 'PerfectTensorFlow')
cd /Users/admin/builder/spi-builder-workspace/.swiftpm/xcode
SwiftCompile normal arm64_32 /Users/admin/builder/spi-builder-workspace/Sources/PerfectTensorFlow/pb.function.swift (in target 'PerfectTensorFlow' from project 'PerfectTensorFlow')
cd /Users/admin/builder/spi-builder-workspace/.swiftpm/xcode
SwiftCompile normal arm64_32 /Users/admin/builder/spi-builder-workspace/Sources/PerfectTensorFlow/pb.gdr.swift (in target 'PerfectTensorFlow' from project 'PerfectTensorFlow')
cd /Users/admin/builder/spi-builder-workspace/.swiftpm/xcode
SwiftCompile normal arm64_32 /Users/admin/builder/spi-builder-workspace/Sources/PerfectTensorFlow/pb.generic_tree_model.swift (in target 'PerfectTensorFlow' from project 'PerfectTensorFlow')
cd /Users/admin/builder/spi-builder-workspace/.swiftpm/xcode
SwiftCompile normal arm64_32 Compiling\ APILoader.swift,\ PerfectTensorFlow.swift,\ pb.allocation_description.swift,\ pb.api_def.swift,\ pb.api_objects.swift,\ pb.attr_value.swift,\ pb.bigquery_table_partition.swift,\ pb.checkpoint_state.swift,\ pb.checkpointable_object_graph.swift,\ pb.cluster.swift /Users/admin/builder/spi-builder-workspace/Sources/PerfectTensorFlow/APILoader.swift /Users/admin/builder/spi-builder-workspace/Sources/PerfectTensorFlow/PerfectTensorFlow.swift /Users/admin/builder/spi-builder-workspace/Sources/PerfectTensorFlow/pb.allocation_description.swift /Users/admin/builder/spi-builder-workspace/Sources/PerfectTensorFlow/pb.api_def.swift /Users/admin/builder/spi-builder-workspace/Sources/PerfectTensorFlow/pb.api_objects.swift /Users/admin/builder/spi-builder-workspace/Sources/PerfectTensorFlow/pb.attr_value.swift /Users/admin/builder/spi-builder-workspace/Sources/PerfectTensorFlow/pb.bigquery_table_partition.swift /Users/admin/builder/spi-builder-workspace/Sources/PerfectTensorFlow/pb.checkpoint_state.swift /Users/admin/builder/spi-builder-workspace/Sources/PerfectTensorFlow/pb.checkpointable_object_graph.swift /Users/admin/builder/spi-builder-workspace/Sources/PerfectTensorFlow/pb.cluster.swift (in target 'PerfectTensorFlow' from project 'PerfectTensorFlow')
Failed frontend command:
/Applications/Xcode-26.5.0.app/Contents/Developer/Toolchains/XcodeDefault.xctoolchain/usr/bin/swift-frontend -frontend -c -primary-file /Users/admin/builder/spi-builder-workspace/Sources/PerfectTensorFlow/APILoader.swift -primary-file /Users/admin/builder/spi-builder-workspace/Sources/PerfectTensorFlow/PerfectTensorFlow.swift -primary-file /Users/admin/builder/spi-builder-workspace/Sources/PerfectTensorFlow/pb.allocation_description.swift -primary-file /Users/admin/builder/spi-builder-workspace/Sources/PerfectTensorFlow/pb.api_def.swift -primary-file /Users/admin/builder/spi-builder-workspace/Sources/PerfectTensorFlow/pb.api_objects.swift -primary-file /Users/admin/builder/spi-builder-workspace/Sources/PerfectTensorFlow/pb.attr_value.swift -primary-file /Users/admin/builder/spi-builder-workspace/Sources/PerfectTensorFlow/pb.bigquery_table_partition.swift -primary-file /Users/admin/builder/spi-builder-workspace/Sources/PerfectTensorFlow/pb.checkpoint_state.swift -primary-file /Users/admin/builder/spi-builder-workspace/Sources/PerfectTensorFlow/pb.checkpointable_object_graph.swift -primary-file /Users/admin/builder/spi-builder-workspace/Sources/PerfectTensorFlow/pb.cluster.swift /Users/admin/builder/spi-builder-workspace/Sources/PerfectTensorFlow/pb.compare_test.swift /Users/admin/builder/spi-builder-workspace/Sources/PerfectTensorFlow/pb.config.swift /Users/admin/builder/spi-builder-workspace/Sources/PerfectTensorFlow/pb.control_flow.swift /Users/admin/builder/spi-builder-workspace/Sources/PerfectTensorFlow/pb.cost_graph.swift /Users/admin/builder/spi-builder-workspace/Sources/PerfectTensorFlow/pb.cpp_shape_inference.swift /Users/admin/builder/spi-builder-workspace/Sources/PerfectTensorFlow/pb.debug.swift /Users/admin/builder/spi-builder-workspace/Sources/PerfectTensorFlow/pb.debug_service.swift /Users/admin/builder/spi-builder-workspace/Sources/PerfectTensorFlow/pb.debugger_event_metadata.swift /Users/admin/builder/spi-builder-workspace/Sources/PerfectTensorFlow/pb.device_attributes.swift /Users/admin/builder/spi-builder-workspace/Sources/PerfectTensorFlow/pb.device_properties.swift /Users/admin/builder/spi-builder-workspace/Sources/PerfectTensorFlow/pb.error_codes.swift /Users/admin/builder/spi-builder-workspace/Sources/PerfectTensorFlow/pb.event.swift /Users/admin/builder/spi-builder-workspace/Sources/PerfectTensorFlow/pb.example.swift /Users/admin/builder/spi-builder-workspace/Sources/PerfectTensorFlow/pb.example_parser_configuration.swift /Users/admin/builder/spi-builder-workspace/Sources/PerfectTensorFlow/pb.example_proto_fast_parsing_test.swift /Users/admin/builder/spi-builder-workspace/Sources/PerfectTensorFlow/pb.feature.swift /Users/admin/builder/spi-builder-workspace/Sources/PerfectTensorFlow/pb.fertile_stats.swift /Users/admin/builder/spi-builder-workspace/Sources/PerfectTensorFlow/pb.function.swift /Users/admin/builder/spi-builder-workspace/Sources/PerfectTensorFlow/pb.gdr.swift /Users/admin/builder/spi-builder-workspace/Sources/PerfectTensorFlow/pb.generic_tree_model.swift /Users/admin/builder/spi-builder-workspace/Sources/PerfectTensorFlow/pb.generic_tree_model_extensions.swift /Users/admin/builder/spi-builder-workspace/Sources/PerfectTensorFlow/pb.graph.swift /Users/admin/builder/spi-builder-workspace/Sources/PerfectTensorFlow/pb.graph_explorer.swift /Users/admin/builder/spi-builder-workspace/Sources/PerfectTensorFlow/pb.graph_transfer_info.swift /Users/admin/builder/spi-builder-workspace/Sources/PerfectTensorFlow/pb.hlo.swift /Users/admin/builder/spi-builder-workspace/Sources/PerfectTensorFlow/pb.hparam.swift /Users/admin/builder/spi-builder-workspace/Sources/PerfectTensorFlow/pb.iterator.swift /Users/admin/builder/spi-builder-workspace/Sources/PerfectTensorFlow/pb.kernel_def.swift /Users/admin/builder/spi-builder-workspace/Sources/PerfectTensorFlow/pb.learner.swift /Users/admin/builder/spi-builder-workspace/Sources/PerfectTensorFlow/pb.log_memory.swift /Users/admin/builder/spi-builder-workspace/Sources/PerfectTensorFlow/pb.manifest.swift /Users/admin/builder/spi-builder-workspace/Sources/PerfectTensorFlow/pb.master.swift /Users/admin/builder/spi-builder-workspace/Sources/PerfectTensorFlow/pb.master_service.swift /Users/admin/builder/spi-builder-workspace/Sources/PerfectTensorFlow/pb.memmapped_file_system.swift /Users/admin/builder/spi-builder-workspace/Sources/PerfectTensorFlow/pb.meta_graph.swift /Users/admin/builder/spi-builder-workspace/Sources/PerfectTensorFlow/pb.model_flags.swift /Users/admin/builder/spi-builder-workspace/Sources/PerfectTensorFlow/pb.mpi_message.swift /Users/admin/builder/spi-builder-workspace/Sources/PerfectTensorFlow/pb.mpi_msg.swift /Users/admin/builder/spi-builder-workspace/Sources/PerfectTensorFlow/pb.named_tensor.swift /Users/admin/builder/spi-builder-workspace/Sources/PerfectTensorFlow/pb.node_def.swift /Users/admin/builder/spi-builder-workspace/Sources/PerfectTensorFlow/pb.op_def.swift /Users/admin/builder/spi-builder-workspace/Sources/PerfectTensorFlow/pb.op_gen_overrides.swift /Users/admin/builder/spi-builder-workspace/Sources/PerfectTensorFlow/pb.op_performance_data.swift /Users/admin/builder/spi-builder-workspace/Sources/PerfectTensorFlow/pb.op_profile.swift /Users/admin/builder/spi-builder-workspace/Sources/PerfectTensorFlow/pb.profile.swift /Users/admin/builder/spi-builder-workspace/Sources/PerfectTensorFlow/pb.projector_config.swift /Users/admin/builder/spi-builder-workspace/Sources/PerfectTensorFlow/pb.quantiles.swift /Users/admin/builder/spi-builder-workspace/Sources/PerfectTensorFlow/pb.queue_runner.swift /Users/admin/builder/spi-builder-workspace/Sources/PerfectTensorFlow/pb.reader_base.swift /Users/admin/builder/spi-builder-workspace/Sources/PerfectTensorFlow/pb.remote_fused_graph_execute_info.swift /Users/admin/builder/spi-builder-workspace/Sources/PerfectTensorFlow/pb.resource_handle.swift /Users/admin/builder/spi-builder-workspace/Sources/PerfectTensorFlow/pb.rewriter_config.swift /Users/admin/builder/spi-builder-workspace/Sources/PerfectTensorFlow/pb.saved_model.swift /Users/admin/builder/spi-builder-workspace/Sources/PerfectTensorFlow/pb.saved_tensor_slice.swift /Users/admin/builder/spi-builder-workspace/Sources/PerfectTensorFlow/pb.saver.swift /Users/admin/builder/spi-builder-workspace/Sources/PerfectTensorFlow/pb.session.swift /Users/admin/builder/spi-builder-workspace/Sources/PerfectTensorFlow/pb.split_info.swift /Users/admin/builder/spi-builder-workspace/Sources/PerfectTensorFlow/pb.step_stats.swift /Users/admin/builder/spi-builder-workspace/Sources/PerfectTensorFlow/pb.summary.swift /Users/admin/builder/spi-builder-workspace/Sources/PerfectTensorFlow/pb.tensor.swift /Users/admin/builder/spi-builder-workspace/Sources/PerfectTensorFlow/pb.tensor_bundle.swift /Users/admin/builder/spi-builder-workspace/Sources/PerfectTensorFlow/pb.tensor_description.swift /Users/admin/builder/spi-builder-workspace/Sources/PerfectTensorFlow/pb.tensor_forest_params.swift /Users/admin/builder/spi-builder-workspace/Sources/PerfectTensorFlow/pb.tensor_shape.swift /Users/admin/builder/spi-builder-workspace/Sources/PerfectTensorFlow/pb.tensor_slice.swift /Users/admin/builder/spi-builder-workspace/Sources/PerfectTensorFlow/pb.tensorflow_server.swift /Users/admin/builder/spi-builder-workspace/Sources/PerfectTensorFlow/pb.test.swift /Users/admin/builder/spi-builder-workspace/Sources/PerfectTensorFlow/pb.test_log.swift /Users/admin/builder/spi-builder-workspace/Sources/PerfectTensorFlow/pb.tf2xla.swift /Users/admin/builder/spi-builder-workspace/Sources/PerfectTensorFlow/pb.tf_op_stats.swift /Users/admin/builder/spi-builder-workspace/Sources/PerfectTensorFlow/pb.tfcompile.swift /Users/admin/builder/spi-builder-workspace/Sources/PerfectTensorFlow/pb.tfprof_log.swift /Users/admin/builder/spi-builder-workspace/Sources/PerfectTensorFlow/pb.tfprof_options.swift /Users/admin/builder/spi-builder-workspace/Sources/PerfectTensorFlow/pb.tfprof_output.swift /Users/admin/builder/spi-builder-workspace/Sources/PerfectTensorFlow/pb.toco_flags.swift /Users/admin/builder/spi-builder-workspace/Sources/PerfectTensorFlow/pb.topology.swift /Users/admin/builder/spi-builder-workspace/Sources/PerfectTensorFlow/pb.tpu_profiler.swift /Users/admin/builder/spi-builder-workspace/Sources/PerfectTensorFlow/pb.trace_events.swift /Users/admin/builder/spi-builder-workspace/Sources/PerfectTensorFlow/pb.trace_info.swift /Users/admin/builder/spi-builder-workspace/Sources/PerfectTensorFlow/pb.tree_config.swift /Users/admin/builder/spi-builder-workspace/Sources/PerfectTensorFlow/pb.types.swift /Users/admin/builder/spi-builder-workspace/Sources/PerfectTensorFlow/pb.variable.swift /Users/admin/builder/spi-builder-workspace/Sources/PerfectTensorFlow/pb.verbs_service.swift /Users/admin/builder/spi-builder-workspace/Sources/PerfectTensorFlow/pb.versions.swift /Users/admin/builder/spi-builder-workspace/Sources/PerfectTensorFlow/pb.worker.swift /Users/admin/builder/spi-builder-workspace/Sources/PerfectTensorFlow/pb.worker_service.swift /Users/admin/builder/spi-builder-workspace/Sources/PerfectTensorFlow/pb.xla.swift /Users/admin/builder/spi-builder-workspace/Sources/PerfectTensorFlow/pb.xla_data.swift -supplementary-output-file-map /Users/admin/builder/spi-builder-workspace/.derivedData/Build/Intermediates.noindex/PerfectTensorFlow.build/Debug-watchos/PerfectTensorFlow.build/Objects-normal/arm64_32/supplementaryOutputs-2 -target arm64_32-apple-watchos5.0 -load-resolved-plugin /Applications/Xcode-26.5.0.app/Contents/Developer/Platforms/WatchOS.platform/Developer/usr/lib/swift/host/plugins/libFoundationMacros.dylib\#/Applications/Xcode-26.5.0.app/Contents/Developer/Platforms/WatchOS.platform/Developer/usr/bin/swift-plugin-server\#FoundationMacros -load-resolved-plugin /Applications/Xcode-26.5.0.app/Contents/Developer/Platforms/WatchOS.platform/Developer/usr/lib/swift/host/plugins/libObservationMacros.dylib\#/Applications/Xcode-26.5.0.app/Contents/Developer/Platforms/WatchOS.platform/Developer/usr/bin/swift-plugin-server\#ObservationMacros -load-resolved-plugin /Applications/Xcode-26.5.0.app/Contents/Developer/Platforms/WatchOS.platform/Developer/usr/lib/swift/host/plugins/libSwiftMacros.dylib\#/Applications/Xcode-26.5.0.app/Contents/Developer/Platforms/WatchOS.platform/Developer/usr/bin/swift-plugin-server\#SwiftMacros -disable-implicit-swift-modules -Xcc -fno-implicit-modules -Xcc -fno-implicit-module-maps -explicit-swift-module-map-file /Users/admin/builder/spi-builder-workspace/.derivedData/Build/Intermediates.noindex/PerfectTensorFlow.build/Debug-watchos/PerfectTensorFlow.build/Objects-normal/arm64_32/PerfectTensorFlow-dependencies-2.json -debug-module-path /Users/admin/builder/spi-builder-workspace/.derivedData/Build/Intermediates.noindex/PerfectTensorFlow.build/Debug-watchos/PerfectTensorFlow.build/Objects-normal/arm64_32/PerfectTensorFlow.swiftmodule -enable-objc-interop -sdk /Applications/Xcode-26.5.0.app/Contents/Developer/Platforms/WatchOS.platform/Developer/SDKs/WatchOS26.5.sdk -I /Users/admin/builder/spi-builder-workspace/.derivedData/Build/Products/Debug-watchos -Isystem /Applications/Xcode-26.5.0.app/Contents/Developer/Platforms/WatchOS.platform/Developer/usr/lib -F /Users/admin/builder/spi-builder-workspace/.derivedData/Build/Products/Debug-watchos/PackageFrameworks -F /Users/admin/builder/spi-builder-workspace/.derivedData/Build/Products/Debug-watchos/PackageFrameworks -F /Users/admin/builder/spi-builder-workspace/.derivedData/Build/Products/Debug-watchos -F /Applications/Xcode-26.5.0.app/Contents/Developer/Platforms/WatchOS.platform/Developer/Library/Frameworks -F /Applications/Xcode-26.5.0.app/Contents/Developer/Platforms/WatchOS.platform/Developer/SDKs/WatchOS26.5.sdk/Developer/Library/Frameworks -no-color-diagnostics -Xcc -fno-color-diagnostics -enable-testing -g -debug-info-format\=dwarf -dwarf-version\=4 -module-cache-path /Users/admin/builder/spi-builder-workspace/.derivedData/Build/Intermediates.noindex/SwiftExplicitPrecompiledModules -profile-generate -profile-coverage-mapping -swift-version 5 -Onone -D SWIFT_PACKAGE -D DEBUG -D SWIFT_MODULE_RESOURCE_BUNDLE_UNAVAILABLE -D Xcode -serialize-debugging-options -const-gather-protocols-file /Users/admin/builder/spi-builder-workspace/.derivedData/Build/Intermediates.noindex/PerfectTensorFlow.build/Debug-watchos/PerfectTensorFlow.build/Objects-normal/arm64_32/PerfectTensorFlow_const_extract_protocols.json -enable-experimental-feature DebugDescriptionMacro -empty-abi-descriptor -validate-clang-modules-once -clang-build-session-file /Users/admin/builder/spi-builder-workspace/.derivedData/ModuleCache.noindex/Session.modulevalidation -Xcc -working-directory -Xcc /Users/admin/builder/spi-builder-workspace/.swiftpm/xcode -enable-anonymous-context-mangled-names -file-compilation-dir /Users/admin/builder/spi-builder-workspace/.swiftpm/xcode -Xcc -fmodule-map-file\=/Users/admin/builder/spi-builder-workspace/.derivedData/Build/Intermediates.noindex/GeneratedModuleMaps-watchos/TensorFlowAPI.modulemap -Xcc -D_LIBCPP_HARDENING_MODE\=_LIBCPP_HARDENING_MODE_DEBUG -Xcc -ivfsstatcache -Xcc /Users/admin/builder/spi-builder-workspace/.derivedData/SDKStatCaches.noindex/watchos26.5-23T570-688ef53f1462e2c8f657fdc38a81448f7931b973dfc65d9472806dbbc3af9379.sdkstatcache -Xcc -I/Users/admin/builder/spi-builder-workspace/.derivedData/Build/Intermediates.noindex/PerfectTensorFlow.build/Debug-watchos/PerfectTensorFlow.build/swift-overrides.hmap -Xcc -I/Users/admin/builder/spi-builder-workspace/Sources/TensorFlowAPI/include -Xcc -I/Users/admin/builder/spi-builder-workspace/.derivedData/Build/Products/Debug-watchos/include -Xcc -I/Users/admin/builder/spi-builder-workspace/.derivedData/Build/Intermediates.noindex/PerfectTensorFlow.build/Debug-watchos/PerfectTensorFlow.build/DerivedSources-normal/arm64_32 -Xcc -I/Users/admin/builder/spi-builder-workspace/.derivedData/Build/Intermediates.noindex/PerfectTensorFlow.build/Debug-watchos/PerfectTensorFlow.build/DerivedSources/arm64_32 -Xcc -I/Users/admin/builder/spi-builder-workspace/.derivedData/Build/Intermediates.noindex/PerfectTensorFlow.build/Debug-watchos/PerfectTensorFlow.build/DerivedSources -Xcc -DSWIFT_PACKAGE -Xcc -DDEBUG\=1 -no-auto-bridging-header-chaining -module-name PerfectTensorFlow -frontend-parseable-output -disable-clang-spi -clang-target arm64_32-apple-watchos26.5 -target-sdk-version 26.5 -target-sdk-name watchos26.5 -in-process-plugin-server-path /Applications/Xcode-26.5.0.app/Contents/Developer/Toolchains/XcodeDefault.xctoolchain/usr/lib/swift/host/libSwiftInProcPluginServer.dylib -o /Users/admin/builder/spi-builder-workspace/.derivedData/Build/Intermediates.noindex/PerfectTensorFlow.build/Debug-watchos/PerfectTensorFlow.build/Objects-normal/arm64_32/APILoader.o -o /Users/admin/builder/spi-builder-workspace/.derivedData/Build/Intermediates.noindex/PerfectTensorFlow.build/Debug-watchos/PerfectTensorFlow.build/Objects-normal/arm64_32/PerfectTensorFlow.o -o /Users/admin/builder/spi-builder-workspace/.derivedData/Build/Intermediates.noindex/PerfectTensorFlow.build/Debug-watchos/PerfectTensorFlow.build/Objects-normal/arm64_32/pb.allocation_description.o -o /Users/admin/builder/spi-builder-workspace/.derivedData/Build/Intermediates.noindex/PerfectTensorFlow.build/Debug-watchos/PerfectTensorFlow.build/Objects-normal/arm64_32/pb.api_def.o -o /Users/admin/builder/spi-builder-workspace/.derivedData/Build/Intermediates.noindex/PerfectTensorFlow.build/Debug-watchos/PerfectTensorFlow.build/Objects-normal/arm64_32/pb.api_objects.o -o /Users/admin/builder/spi-builder-workspace/.derivedData/Build/Intermediates.noindex/PerfectTensorFlow.build/Debug-watchos/PerfectTensorFlow.build/Objects-normal/arm64_32/pb.attr_value.o -o /Users/admin/builder/spi-builder-workspace/.derivedData/Build/Intermediates.noindex/PerfectTensorFlow.build/Debug-watchos/PerfectTensorFlow.build/Objects-normal/arm64_32/pb.bigquery_table_partition.o -o /Users/admin/builder/spi-builder-workspace/.derivedData/Build/Intermediates.noindex/PerfectTensorFlow.build/Debug-watchos/PerfectTensorFlow.build/Objects-normal/arm64_32/pb.checkpoint_state.o -o /Users/admin/builder/spi-builder-workspace/.derivedData/Build/Intermediates.noindex/PerfectTensorFlow.build/Debug-watchos/PerfectTensorFlow.build/Objects-normal/arm64_32/pb.checkpointable_object_graph.o -o /Users/admin/builder/spi-builder-workspace/.derivedData/Build/Intermediates.noindex/PerfectTensorFlow.build/Debug-watchos/PerfectTensorFlow.build/Objects-normal/arm64_32/pb.cluster.o -index-unit-output-path /PerfectTensorFlow.build/Debug-watchos/PerfectTensorFlow.build/Objects-normal/arm64_32/APILoader.o -index-unit-output-path /PerfectTensorFlow.build/Debug-watchos/PerfectTensorFlow.build/Objects-normal/arm64_32/PerfectTensorFlow.o -index-unit-output-path /PerfectTensorFlow.build/Debug-watchos/PerfectTensorFlow.build/Objects-normal/arm64_32/pb.allocation_description.o -index-unit-output-path /PerfectTensorFlow.build/Debug-watchos/PerfectTensorFlow.build/Objects-normal/arm64_32/pb.api_def.o -index-unit-output-path /PerfectTensorFlow.build/Debug-watchos/PerfectTensorFlow.build/Objects-normal/arm64_32/pb.api_objects.o -index-unit-output-path /PerfectTensorFlow.build/Debug-watchos/PerfectTensorFlow.build/Objects-normal/arm64_32/pb.attr_value.o -index-unit-output-path /PerfectTensorFlow.build/Debug-watchos/PerfectTensorFlow.build/Objects-normal/arm64_32/pb.bigquery_table_partition.o -index-unit-output-path /PerfectTensorFlow.build/Debug-watchos/PerfectTensorFlow.build/Objects-normal/arm64_32/pb.checkpoint_state.o -index-unit-output-path /PerfectTensorFlow.build/Debug-watchos/PerfectTensorFlow.build/Objects-normal/arm64_32/pb.checkpointable_object_graph.o -index-unit-output-path /PerfectTensorFlow.build/Debug-watchos/PerfectTensorFlow.build/Objects-normal/arm64_32/pb.cluster.o -index-store-path /Users/admin/builder/spi-builder-workspace/.derivedData/Index.noindex/DataStore -index-system-modules
SwiftCompile normal arm64_32 /Users/admin/builder/spi-builder-workspace/Sources/PerfectTensorFlow/APILoader.swift (in target 'PerfectTensorFlow' from project 'PerfectTensorFlow')
cd /Users/admin/builder/spi-builder-workspace/.swiftpm/xcode
/Users/admin/builder/spi-builder-workspace/Sources/PerfectTensorFlow/APILoader.swift:302:88: error: cannot find type 'float_t' in scope
public static var SetAttrFloat: @convention(c) (OpaquePointer, UnsafePointer<CChar>, float_t) -> Void = { _, _, _ in }
^~~~~~~
/Users/admin/builder/spi-builder-workspace/Sources/PerfectTensorFlow/APILoader.swift:303:106: error: cannot find type 'float_t' in scope
public static var SetAttrFloatList: @convention(c) (OpaquePointer, UnsafePointer<CChar>, UnsafePointer<float_t>, Int32) -> Void = { _, _, _, _ in }
^~~~~~~
/Users/admin/builder/spi-builder-workspace/Sources/PerfectTensorFlow/APILoader.swift:439:118: error: cannot find type 'float_t' in scope
public static var OperationGetAttrFloat: @convention(c) (OpaquePointer, UnsafePointer<CChar>, UnsafeMutablePointer<float_t>, OpaquePointer) -> Void = { _, _, _, _ in }
^~~~~~~
/Users/admin/builder/spi-builder-workspace/Sources/PerfectTensorFlow/APILoader.swift:445:122: error: cannot find type 'float_t' in scope
public static var OperationGetAttrFloatList: @convention(c) (OpaquePointer, UnsafePointer<CChar>, UnsafeMutablePointer<float_t>, Int32, OpaquePointer) -> Void = { _, _, _, _, _ in }
^~~~~~~
/Users/admin/builder/spi-builder-workspace/Sources/PerfectTensorFlow/APILoader.swift:67:47: error: cannot find 'dlerror' in scope
throw Panic.DLL(reason: String(cString: dlerror()))
^~~~~~~
/Users/admin/builder/spi-builder-workspace/Sources/PerfectTensorFlow/APILoader.swift:69:21: error: cannot find 'dlsym' in scope
guard let sym = dlsym(lib, symbol) else {
^~~~~
/Users/admin/builder/spi-builder-workspace/Sources/PerfectTensorFlow/APILoader.swift:70:47: error: cannot find 'dlerror' in scope
throw Panic.SYM(reason: String(cString: dlerror()))
^~~~~~~
/Users/admin/builder/spi-builder-workspace/Sources/PerfectTensorFlow/APILoader.swift:1017:21: error: cannot find 'dlopen' in scope
guard let lib = dlopen(library, RTLD_NOW) else {
^~~~~~
/Users/admin/builder/spi-builder-workspace/Sources/PerfectTensorFlow/APILoader.swift:1017:37: error: cannot find 'RTLD_NOW' in scope
guard let lib = dlopen(library, RTLD_NOW) else {
^~~~~~~~
/Users/admin/builder/spi-builder-workspace/Sources/PerfectTensorFlow/APILoader.swift:1018:47: error: cannot find 'dlerror' in scope
throw Panic.DLL(reason: String(cString: dlerror()))
^~~~~~~
/Users/admin/builder/spi-builder-workspace/Sources/PerfectTensorFlow/APILoader.swift:1194:11: error: cannot find 'dlclose' in scope
_ = dlclose(lib)
^~~~~~~
SwiftCompile normal arm64_32 /Users/admin/builder/spi-builder-workspace/Sources/PerfectTensorFlow/PerfectTensorFlow.swift (in target 'PerfectTensorFlow' from project 'PerfectTensorFlow')
cd /Users/admin/builder/spi-builder-workspace/.swiftpm/xcode
/Users/admin/builder/spi-builder-workspace/Sources/PerfectTensorFlow/PerfectTensorFlow.swift:1292:18: warning: 'init(serializedData:extensions:partial:options:)' is deprecated: replaced by 'init(serializedBytes:extensions:partial:options:)'
return try AttrValue(serializedData: data)
^
/Users/admin/builder/spi-builder-workspace/Sources/PerfectTensorFlow/PerfectTensorFlow.swift:1292:18: note: use 'init(serializedBytes:extensions:partial:options:)' instead
return try AttrValue(serializedData: data)
^ ~~~~~~~~~~~~~~
serializedBytes
/Users/admin/builder/spi-builder-workspace/Sources/PerfectTensorFlow/PerfectTensorFlow.swift:1304:20: warning: 'init(serializedData:extensions:partial:options:)' is deprecated: replaced by 'init(serializedBytes:extensions:partial:options:)'
return try NodeDef(serializedData: data)
^
/Users/admin/builder/spi-builder-workspace/Sources/PerfectTensorFlow/PerfectTensorFlow.swift:1304:20: note: use 'init(serializedBytes:extensions:partial:options:)' instead
return try NodeDef(serializedData: data)
^ ~~~~~~~~~~~~~~
serializedBytes
/Users/admin/builder/spi-builder-workspace/Sources/PerfectTensorFlow/PerfectTensorFlow.swift:1651:23: warning: 'init(serializedData:extensions:partial:options:)' is deprecated: replaced by 'init(serializedBytes:extensions:partial:options:)'
let def = try GraphDef(serializedData: data)
^
/Users/admin/builder/spi-builder-workspace/Sources/PerfectTensorFlow/PerfectTensorFlow.swift:1651:23: note: use 'init(serializedBytes:extensions:partial:options:)' instead
let def = try GraphDef(serializedData: data)
^ ~~~~~~~~~~~~~~
serializedBytes
/Users/admin/builder/spi-builder-workspace/Sources/PerfectTensorFlow/PerfectTensorFlow.swift:2213:20: warning: 'init(serializedData:extensions:partial:options:)' is deprecated: replaced by 'init(serializedBytes:extensions:partial:options:)'
return try AttrValue(serializedData: proto)
^
/Users/admin/builder/spi-builder-workspace/Sources/PerfectTensorFlow/PerfectTensorFlow.swift:2213:20: note: use 'init(serializedBytes:extensions:partial:options:)' instead
return try AttrValue(serializedData: proto)
^ ~~~~~~~~~~~~~~
serializedBytes
/Users/admin/builder/spi-builder-workspace/Sources/PerfectTensorFlow/PerfectTensorFlow.swift:2237:23: warning: 'init(serializedData:extensions:partial:options:)' is deprecated: replaced by 'init(serializedBytes:extensions:partial:options:)'
return try? FunctionDef(serializedData: proto)
^
/Users/admin/builder/spi-builder-workspace/Sources/PerfectTensorFlow/PerfectTensorFlow.swift:2237:23: note: use 'init(serializedBytes:extensions:partial:options:)' instead
return try? FunctionDef(serializedData: proto)
^ ~~~~~~~~~~~~~~
serializedBytes
/Users/admin/builder/spi-builder-workspace/Sources/PerfectTensorFlow/PerfectTensorFlow.swift:2379:24: warning: 'init(serializedData:extensions:partial:options:)' is deprecated: replaced by 'init(serializedBytes:extensions:partial:options:)'
let opList = try Tensorflow_OpList(serializedData: dat)
^
/Users/admin/builder/spi-builder-workspace/Sources/PerfectTensorFlow/PerfectTensorFlow.swift:2379:24: note: use 'init(serializedBytes:extensions:partial:options:)' instead
let opList = try Tensorflow_OpList(serializedData: dat)
^ ~~~~~~~~~~~~~~
serializedBytes
SwiftCompile normal arm64_32 /Users/admin/builder/spi-builder-workspace/Sources/PerfectTensorFlow/pb.allocation_description.swift (in target 'PerfectTensorFlow' from project 'PerfectTensorFlow')
cd /Users/admin/builder/spi-builder-workspace/.swiftpm/xcode
/Users/admin/builder/spi-builder-workspace/Sources/PerfectTensorFlow/pb.allocation_description.swift:97:65: warning: 'init(dictionaryLiteral:)' is deprecated: Please regenerate your .pb.swift files with the current version of the SwiftProtobuf protoc plugin.
public static let _protobuf_nameMap: SwiftProtobuf._NameMap = [
^
SwiftCompile normal arm64_32 /Users/admin/builder/spi-builder-workspace/Sources/PerfectTensorFlow/pb.api_def.swift (in target 'PerfectTensorFlow' from project 'PerfectTensorFlow')
cd /Users/admin/builder/spi-builder-workspace/.swiftpm/xcode
/Users/admin/builder/spi-builder-workspace/Sources/PerfectTensorFlow/pb.api_def.swift:413:65: warning: 'init(dictionaryLiteral:)' is deprecated: Please regenerate your .pb.swift files with the current version of the SwiftProtobuf protoc plugin.
public static let _protobuf_nameMap: SwiftProtobuf._NameMap = [
^
/Users/admin/builder/spi-builder-workspace/Sources/PerfectTensorFlow/pb.api_def.swift:445:65: warning: 'init(dictionaryLiteral:)' is deprecated: Please regenerate your .pb.swift files with the current version of the SwiftProtobuf protoc plugin.
public static let _protobuf_nameMap: SwiftProtobuf._NameMap = [
^
/Users/admin/builder/spi-builder-workspace/Sources/PerfectTensorFlow/pb.api_def.swift:454:65: warning: 'init(dictionaryLiteral:)' is deprecated: Please regenerate your .pb.swift files with the current version of the SwiftProtobuf protoc plugin.
public static let _protobuf_nameMap: SwiftProtobuf._NameMap = [
^
/Users/admin/builder/spi-builder-workspace/Sources/PerfectTensorFlow/pb.api_def.swift:468:65: warning: 'init(dictionaryLiteral:)' is deprecated: Please regenerate your .pb.swift files with the current version of the SwiftProtobuf protoc plugin.
public static let _protobuf_nameMap: SwiftProtobuf._NameMap = [
^
/Users/admin/builder/spi-builder-workspace/Sources/PerfectTensorFlow/pb.api_def.swift:484:65: warning: 'init(dictionaryLiteral:)' is deprecated: Please regenerate your .pb.swift files with the current version of the SwiftProtobuf protoc plugin.
public static let _protobuf_nameMap: SwiftProtobuf._NameMap = [
^
/Users/admin/builder/spi-builder-workspace/Sources/PerfectTensorFlow/pb.api_def.swift:535:65: warning: 'init(dictionaryLiteral:)' is deprecated: Please regenerate your .pb.swift files with the current version of the SwiftProtobuf protoc plugin.
public static let _protobuf_nameMap: SwiftProtobuf._NameMap = [
^
SwiftCompile normal arm64_32 /Users/admin/builder/spi-builder-workspace/Sources/PerfectTensorFlow/pb.api_objects.swift (in target 'PerfectTensorFlow' from project 'PerfectTensorFlow')
cd /Users/admin/builder/spi-builder-workspace/.swiftpm/xcode
/Users/admin/builder/spi-builder-workspace/Sources/PerfectTensorFlow/pb.api_objects.swift:315:65: warning: 'init(dictionaryLiteral:)' is deprecated: Please regenerate your .pb.swift files with the current version of the SwiftProtobuf protoc plugin.
public static let _protobuf_nameMap: SwiftProtobuf._NameMap = [
^
/Users/admin/builder/spi-builder-workspace/Sources/PerfectTensorFlow/pb.api_objects.swift:329:65: warning: 'init(dictionaryLiteral:)' is deprecated: Please regenerate your .pb.swift files with the current version of the SwiftProtobuf protoc plugin.
public static let _protobuf_nameMap: SwiftProtobuf._NameMap = [
^
/Users/admin/builder/spi-builder-workspace/Sources/PerfectTensorFlow/pb.api_objects.swift:345:65: warning: 'init(dictionaryLiteral:)' is deprecated: Please regenerate your .pb.swift files with the current version of the SwiftProtobuf protoc plugin.
public static let _protobuf_nameMap: SwiftProtobuf._NameMap = [
^
/Users/admin/builder/spi-builder-workspace/Sources/PerfectTensorFlow/pb.api_objects.swift:359:65: warning: 'init(dictionaryLiteral:)' is deprecated: Please regenerate your .pb.swift files with the current version of the SwiftProtobuf protoc plugin.
public static let _protobuf_nameMap: SwiftProtobuf._NameMap = [
^
/Users/admin/builder/spi-builder-workspace/Sources/PerfectTensorFlow/pb.api_objects.swift:375:65: warning: 'init(dictionaryLiteral:)' is deprecated: Please regenerate your .pb.swift files with the current version of the SwiftProtobuf protoc plugin.
public static let _protobuf_nameMap: SwiftProtobuf._NameMap = [
^
SwiftCompile normal arm64_32 /Users/admin/builder/spi-builder-workspace/Sources/PerfectTensorFlow/pb.attr_value.swift (in target 'PerfectTensorFlow' from project 'PerfectTensorFlow')
cd /Users/admin/builder/spi-builder-workspace/.swiftpm/xcode
/Users/admin/builder/spi-builder-workspace/Sources/PerfectTensorFlow/pb.attr_value.swift:429:65: warning: 'init(dictionaryLiteral:)' is deprecated: Please regenerate your .pb.swift files with the current version of the SwiftProtobuf protoc plugin.
public static let _protobuf_nameMap: SwiftProtobuf._NameMap = [
^
/Users/admin/builder/spi-builder-workspace/Sources/PerfectTensorFlow/pb.attr_value.swift:477:65: warning: 'init(dictionaryLiteral:)' is deprecated: Please regenerate your .pb.swift files with the current version of the SwiftProtobuf protoc plugin.
public static let _protobuf_nameMap: SwiftProtobuf._NameMap = [
^
/Users/admin/builder/spi-builder-workspace/Sources/PerfectTensorFlow/pb.attr_value.swift:503:65: warning: 'init(dictionaryLiteral:)' is deprecated: Please regenerate your .pb.swift files with the current version of the SwiftProtobuf protoc plugin.
public static let _protobuf_nameMap: SwiftProtobuf._NameMap = [
^
/Users/admin/builder/spi-builder-workspace/Sources/PerfectTensorFlow/pb.attr_value.swift:37:37: warning: 'emptyData' is deprecated: Internal.emptyData isn't used any longer in newer versions of the generator. Generate code with a version later than 1.10.2 to get performance improvements. See https://github.com/apple/swift-protobuf/pull/1028 for more information.
return SwiftProtobuf.Internal.emptyData
^
SwiftCompile normal arm64_32 /Users/admin/builder/spi-builder-workspace/Sources/PerfectTensorFlow/pb.bigquery_table_partition.swift (in target 'PerfectTensorFlow' from project 'PerfectTensorFlow')
cd /Users/admin/builder/spi-builder-workspace/.swiftpm/xcode
/Users/admin/builder/spi-builder-workspace/Sources/PerfectTensorFlow/pb.bigquery_table_partition.swift:71:65: warning: 'init(dictionaryLiteral:)' is deprecated: Please regenerate your .pb.swift files with the current version of the SwiftProtobuf protoc plugin.
public static let _protobuf_nameMap: SwiftProtobuf._NameMap = [
^
SwiftCompile normal arm64_32 /Users/admin/builder/spi-builder-workspace/Sources/PerfectTensorFlow/pb.checkpoint_state.swift (in target 'PerfectTensorFlow' from project 'PerfectTensorFlow')
cd /Users/admin/builder/spi-builder-workspace/.swiftpm/xcode
/Users/admin/builder/spi-builder-workspace/Sources/PerfectTensorFlow/pb.checkpoint_state.swift:75:65: warning: 'init(dictionaryLiteral:)' is deprecated: Please regenerate your .pb.swift files with the current version of the SwiftProtobuf protoc plugin.
public static let _protobuf_nameMap: SwiftProtobuf._NameMap = [
^
SwiftCompile normal arm64_32 /Users/admin/builder/spi-builder-workspace/Sources/PerfectTensorFlow/pb.checkpointable_object_graph.swift (in target 'PerfectTensorFlow' from project 'PerfectTensorFlow')
cd /Users/admin/builder/spi-builder-workspace/.swiftpm/xcode
/Users/admin/builder/spi-builder-workspace/Sources/PerfectTensorFlow/pb.checkpointable_object_graph.swift:264:65: warning: 'init(dictionaryLiteral:)' is deprecated: Please regenerate your .pb.swift files with the current version of the SwiftProtobuf protoc plugin.
public static let _protobuf_nameMap: SwiftProtobuf._NameMap = [
^
/Users/admin/builder/spi-builder-workspace/Sources/PerfectTensorFlow/pb.checkpointable_object_graph.swift:276:65: warning: 'init(dictionaryLiteral:)' is deprecated: Please regenerate your .pb.swift files with the current version of the SwiftProtobuf protoc plugin.
public static let _protobuf_nameMap: SwiftProtobuf._NameMap = [
^
/Users/admin/builder/spi-builder-workspace/Sources/PerfectTensorFlow/pb.checkpointable_object_graph.swift:292:65: warning: 'init(dictionaryLiteral:)' is deprecated: Please regenerate your .pb.swift files with the current version of the SwiftProtobuf protoc plugin.
public static let _protobuf_nameMap: SwiftProtobuf._NameMap = [
^
/Users/admin/builder/spi-builder-workspace/Sources/PerfectTensorFlow/pb.checkpointable_object_graph.swift:308:65: warning: 'init(dictionaryLiteral:)' is deprecated: Please regenerate your .pb.swift files with the current version of the SwiftProtobuf protoc plugin.
public static let _protobuf_nameMap: SwiftProtobuf._NameMap = [
^
/Users/admin/builder/spi-builder-workspace/Sources/PerfectTensorFlow/pb.checkpointable_object_graph.swift:322:65: warning: 'init(dictionaryLiteral:)' is deprecated: Please regenerate your .pb.swift files with the current version of the SwiftProtobuf protoc plugin.
public static let _protobuf_nameMap: SwiftProtobuf._NameMap = [
^
SwiftCompile normal arm64_32 /Users/admin/builder/spi-builder-workspace/Sources/PerfectTensorFlow/pb.cluster.swift (in target 'PerfectTensorFlow' from project 'PerfectTensorFlow')
cd /Users/admin/builder/spi-builder-workspace/.swiftpm/xcode
/Users/admin/builder/spi-builder-workspace/Sources/PerfectTensorFlow/pb.cluster.swift:125:65: warning: 'init(dictionaryLiteral:)' is deprecated: Please regenerate your .pb.swift files with the current version of the SwiftProtobuf protoc plugin.
public static let _protobuf_nameMap: SwiftProtobuf._NameMap = [
^
/Users/admin/builder/spi-builder-workspace/Sources/PerfectTensorFlow/pb.cluster.swift:139:65: warning: 'init(dictionaryLiteral:)' is deprecated: Please regenerate your .pb.swift files with the current version of the SwiftProtobuf protoc plugin.
public static let _protobuf_nameMap: SwiftProtobuf._NameMap = [
^
SwiftEmitModule normal arm64_32 Emitting\ module\ for\ PerfectTensorFlow (in target 'PerfectTensorFlow' from project 'PerfectTensorFlow')
EmitSwiftModule normal arm64_32 (in target 'PerfectTensorFlow' from project 'PerfectTensorFlow')
cd /Users/admin/builder/spi-builder-workspace/.swiftpm/xcode
SwiftCompile normal arm64_32 Compiling\ pb.compare_test.swift,\ pb.config.swift,\ pb.control_flow.swift,\ pb.cost_graph.swift,\ pb.cpp_shape_inference.swift,\ pb.debug.swift,\ pb.debug_service.swift,\ pb.debugger_event_metadata.swift,\ pb.device_attributes.swift,\ pb.device_properties.swift /Users/admin/builder/spi-builder-workspace/Sources/PerfectTensorFlow/pb.compare_test.swift /Users/admin/builder/spi-builder-workspace/Sources/PerfectTensorFlow/pb.config.swift /Users/admin/builder/spi-builder-workspace/Sources/PerfectTensorFlow/pb.control_flow.swift /Users/admin/builder/spi-builder-workspace/Sources/PerfectTensorFlow/pb.cost_graph.swift /Users/admin/builder/spi-builder-workspace/Sources/PerfectTensorFlow/pb.cpp_shape_inference.swift /Users/admin/builder/spi-builder-workspace/Sources/PerfectTensorFlow/pb.debug.swift /Users/admin/builder/spi-builder-workspace/Sources/PerfectTensorFlow/pb.debug_service.swift /Users/admin/builder/spi-builder-workspace/Sources/PerfectTensorFlow/pb.debugger_event_metadata.swift /Users/admin/builder/spi-builder-workspace/Sources/PerfectTensorFlow/pb.device_attributes.swift /Users/admin/builder/spi-builder-workspace/Sources/PerfectTensorFlow/pb.device_properties.swift (in target 'PerfectTensorFlow' from project 'PerfectTensorFlow')
SwiftCompile normal arm64_32 /Users/admin/builder/spi-builder-workspace/Sources/PerfectTensorFlow/pb.compare_test.swift (in target 'PerfectTensorFlow' from project 'PerfectTensorFlow')
cd /Users/admin/builder/spi-builder-workspace/.swiftpm/xcode
SwiftCompile normal arm64_32 /Users/admin/builder/spi-builder-workspace/Sources/PerfectTensorFlow/pb.config.swift (in target 'PerfectTensorFlow' from project 'PerfectTensorFlow')
cd /Users/admin/builder/spi-builder-workspace/.swiftpm/xcode
SwiftCompile normal arm64_32 /Users/admin/builder/spi-builder-workspace/Sources/PerfectTensorFlow/pb.control_flow.swift (in target 'PerfectTensorFlow' from project 'PerfectTensorFlow')
cd /Users/admin/builder/spi-builder-workspace/.swiftpm/xcode
SwiftCompile normal arm64_32 /Users/admin/builder/spi-builder-workspace/Sources/PerfectTensorFlow/pb.cost_graph.swift (in target 'PerfectTensorFlow' from project 'PerfectTensorFlow')
cd /Users/admin/builder/spi-builder-workspace/.swiftpm/xcode
SwiftCompile normal arm64_32 /Users/admin/builder/spi-builder-workspace/Sources/PerfectTensorFlow/pb.cpp_shape_inference.swift (in target 'PerfectTensorFlow' from project 'PerfectTensorFlow')
cd /Users/admin/builder/spi-builder-workspace/.swiftpm/xcode
SwiftCompile normal arm64_32 /Users/admin/builder/spi-builder-workspace/Sources/PerfectTensorFlow/pb.debug.swift (in target 'PerfectTensorFlow' from project 'PerfectTensorFlow')
cd /Users/admin/builder/spi-builder-workspace/.swiftpm/xcode
SwiftCompile normal arm64_32 /Users/admin/builder/spi-builder-workspace/Sources/PerfectTensorFlow/pb.debug_service.swift (in target 'PerfectTensorFlow' from project 'PerfectTensorFlow')
cd /Users/admin/builder/spi-builder-workspace/.swiftpm/xcode
SwiftCompile normal arm64_32 /Users/admin/builder/spi-builder-workspace/Sources/PerfectTensorFlow/pb.debugger_event_metadata.swift (in target 'PerfectTensorFlow' from project 'PerfectTensorFlow')
cd /Users/admin/builder/spi-builder-workspace/.swiftpm/xcode
SwiftCompile normal arm64_32 /Users/admin/builder/spi-builder-workspace/Sources/PerfectTensorFlow/pb.device_attributes.swift (in target 'PerfectTensorFlow' from project 'PerfectTensorFlow')
cd /Users/admin/builder/spi-builder-workspace/.swiftpm/xcode
SwiftCompile normal arm64_32 /Users/admin/builder/spi-builder-workspace/Sources/PerfectTensorFlow/pb.device_properties.swift (in target 'PerfectTensorFlow' from project 'PerfectTensorFlow')
cd /Users/admin/builder/spi-builder-workspace/.swiftpm/xcode
SwiftCompile normal arm64_32 Compiling\ pb.generic_tree_model_extensions.swift,\ pb.graph.swift,\ pb.graph_explorer.swift,\ pb.graph_transfer_info.swift,\ pb.hlo.swift,\ pb.hparam.swift,\ pb.iterator.swift,\ pb.kernel_def.swift,\ pb.learner.swift,\ pb.log_memory.swift /Users/admin/builder/spi-builder-workspace/Sources/PerfectTensorFlow/pb.generic_tree_model_extensions.swift /Users/admin/builder/spi-builder-workspace/Sources/PerfectTensorFlow/pb.graph.swift /Users/admin/builder/spi-builder-workspace/Sources/PerfectTensorFlow/pb.graph_explorer.swift /Users/admin/builder/spi-builder-workspace/Sources/PerfectTensorFlow/pb.graph_transfer_info.swift /Users/admin/builder/spi-builder-workspace/Sources/PerfectTensorFlow/pb.hlo.swift /Users/admin/builder/spi-builder-workspace/Sources/PerfectTensorFlow/pb.hparam.swift /Users/admin/builder/spi-builder-workspace/Sources/PerfectTensorFlow/pb.iterator.swift /Users/admin/builder/spi-builder-workspace/Sources/PerfectTensorFlow/pb.kernel_def.swift /Users/admin/builder/spi-builder-workspace/Sources/PerfectTensorFlow/pb.learner.swift /Users/admin/builder/spi-builder-workspace/Sources/PerfectTensorFlow/pb.log_memory.swift (in target 'PerfectTensorFlow' from project 'PerfectTensorFlow')
SwiftCompile normal arm64_32 /Users/admin/builder/spi-builder-workspace/Sources/PerfectTensorFlow/pb.generic_tree_model_extensions.swift (in target 'PerfectTensorFlow' from project 'PerfectTensorFlow')
cd /Users/admin/builder/spi-builder-workspace/.swiftpm/xcode
SwiftCompile normal arm64_32 /Users/admin/builder/spi-builder-workspace/Sources/PerfectTensorFlow/pb.graph.swift (in target 'PerfectTensorFlow' from project 'PerfectTensorFlow')
cd /Users/admin/builder/spi-builder-workspace/.swiftpm/xcode
SwiftCompile normal arm64_32 /Users/admin/builder/spi-builder-workspace/Sources/PerfectTensorFlow/pb.graph_explorer.swift (in target 'PerfectTensorFlow' from project 'PerfectTensorFlow')
cd /Users/admin/builder/spi-builder-workspace/.swiftpm/xcode
SwiftCompile normal arm64_32 /Users/admin/builder/spi-builder-workspace/Sources/PerfectTensorFlow/pb.graph_transfer_info.swift (in target 'PerfectTensorFlow' from project 'PerfectTensorFlow')
cd /Users/admin/builder/spi-builder-workspace/.swiftpm/xcode
SwiftCompile normal arm64_32 /Users/admin/builder/spi-builder-workspace/Sources/PerfectTensorFlow/pb.hlo.swift (in target 'PerfectTensorFlow' from project 'PerfectTensorFlow')
cd /Users/admin/builder/spi-builder-workspace/.swiftpm/xcode
SwiftCompile normal arm64_32 /Users/admin/builder/spi-builder-workspace/Sources/PerfectTensorFlow/pb.hparam.swift (in target 'PerfectTensorFlow' from project 'PerfectTensorFlow')
cd /Users/admin/builder/spi-builder-workspace/.swiftpm/xcode
SwiftCompile normal arm64_32 /Users/admin/builder/spi-builder-workspace/Sources/PerfectTensorFlow/pb.iterator.swift (in target 'PerfectTensorFlow' from project 'PerfectTensorFlow')
cd /Users/admin/builder/spi-builder-workspace/.swiftpm/xcode
SwiftCompile normal arm64_32 /Users/admin/builder/spi-builder-workspace/Sources/PerfectTensorFlow/pb.kernel_def.swift (in target 'PerfectTensorFlow' from project 'PerfectTensorFlow')
cd /Users/admin/builder/spi-builder-workspace/.swiftpm/xcode
SwiftCompile normal arm64_32 /Users/admin/builder/spi-builder-workspace/Sources/PerfectTensorFlow/pb.learner.swift (in target 'PerfectTensorFlow' from project 'PerfectTensorFlow')
cd /Users/admin/builder/spi-builder-workspace/.swiftpm/xcode
SwiftCompile normal arm64_32 /Users/admin/builder/spi-builder-workspace/Sources/PerfectTensorFlow/pb.log_memory.swift (in target 'PerfectTensorFlow' from project 'PerfectTensorFlow')
cd /Users/admin/builder/spi-builder-workspace/.swiftpm/xcode
SwiftCompile normal arm64_32 Compiling\ pb.op_def.swift,\ pb.op_gen_overrides.swift,\ pb.op_performance_data.swift,\ pb.op_profile.swift,\ pb.profile.swift,\ pb.projector_config.swift,\ pb.quantiles.swift,\ pb.queue_runner.swift,\ pb.reader_base.swift,\ pb.remote_fused_graph_execute_info.swift /Users/admin/builder/spi-builder-workspace/Sources/PerfectTensorFlow/pb.op_def.swift /Users/admin/builder/spi-builder-workspace/Sources/PerfectTensorFlow/pb.op_gen_overrides.swift /Users/admin/builder/spi-builder-workspace/Sources/PerfectTensorFlow/pb.op_performance_data.swift /Users/admin/builder/spi-builder-workspace/Sources/PerfectTensorFlow/pb.op_profile.swift /Users/admin/builder/spi-builder-workspace/Sources/PerfectTensorFlow/pb.profile.swift /Users/admin/builder/spi-builder-workspace/Sources/PerfectTensorFlow/pb.projector_config.swift /Users/admin/builder/spi-builder-workspace/Sources/PerfectTensorFlow/pb.quantiles.swift /Users/admin/builder/spi-builder-workspace/Sources/PerfectTensorFlow/pb.queue_runner.swift /Users/admin/builder/spi-builder-workspace/Sources/PerfectTensorFlow/pb.reader_base.swift /Users/admin/builder/spi-builder-workspace/Sources/PerfectTensorFlow/pb.remote_fused_graph_execute_info.swift (in target 'PerfectTensorFlow' from project 'PerfectTensorFlow')
SwiftCompile normal arm64_32 /Users/admin/builder/spi-builder-workspace/Sources/PerfectTensorFlow/pb.op_def.swift (in target 'PerfectTensorFlow' from project 'PerfectTensorFlow')
cd /Users/admin/builder/spi-builder-workspace/.swiftpm/xcode
SwiftCompile normal arm64_32 /Users/admin/builder/spi-builder-workspace/Sources/PerfectTensorFlow/pb.op_gen_overrides.swift (in target 'PerfectTensorFlow' from project 'PerfectTensorFlow')
cd /Users/admin/builder/spi-builder-workspace/.swiftpm/xcode
SwiftCompile normal arm64_32 /Users/admin/builder/spi-builder-workspace/Sources/PerfectTensorFlow/pb.op_performance_data.swift (in target 'PerfectTensorFlow' from project 'PerfectTensorFlow')
cd /Users/admin/builder/spi-builder-workspace/.swiftpm/xcode
SwiftCompile normal arm64_32 /Users/admin/builder/spi-builder-workspace/Sources/PerfectTensorFlow/pb.op_profile.swift (in target 'PerfectTensorFlow' from project 'PerfectTensorFlow')
cd /Users/admin/builder/spi-builder-workspace/.swiftpm/xcode
SwiftCompile normal arm64_32 /Users/admin/builder/spi-builder-workspace/Sources/PerfectTensorFlow/pb.profile.swift (in target 'PerfectTensorFlow' from project 'PerfectTensorFlow')
cd /Users/admin/builder/spi-builder-workspace/.swiftpm/xcode
SwiftCompile normal arm64_32 /Users/admin/builder/spi-builder-workspace/Sources/PerfectTensorFlow/pb.projector_config.swift (in target 'PerfectTensorFlow' from project 'PerfectTensorFlow')
cd /Users/admin/builder/spi-builder-workspace/.swiftpm/xcode
SwiftCompile normal arm64_32 /Users/admin/builder/spi-builder-workspace/Sources/PerfectTensorFlow/pb.quantiles.swift (in target 'PerfectTensorFlow' from project 'PerfectTensorFlow')
cd /Users/admin/builder/spi-builder-workspace/.swiftpm/xcode
SwiftCompile normal arm64_32 /Users/admin/builder/spi-builder-workspace/Sources/PerfectTensorFlow/pb.queue_runner.swift (in target 'PerfectTensorFlow' from project 'PerfectTensorFlow')
cd /Users/admin/builder/spi-builder-workspace/.swiftpm/xcode
SwiftCompile normal arm64_32 /Users/admin/builder/spi-builder-workspace/Sources/PerfectTensorFlow/pb.reader_base.swift (in target 'PerfectTensorFlow' from project 'PerfectTensorFlow')
cd /Users/admin/builder/spi-builder-workspace/.swiftpm/xcode
SwiftCompile normal arm64_32 /Users/admin/builder/spi-builder-workspace/Sources/PerfectTensorFlow/pb.remote_fused_graph_execute_info.swift (in target 'PerfectTensorFlow' from project 'PerfectTensorFlow')
cd /Users/admin/builder/spi-builder-workspace/.swiftpm/xcode
SwiftCompile normal arm64_32 Compiling\ pb.manifest.swift,\ pb.master.swift,\ pb.master_service.swift,\ pb.memmapped_file_system.swift,\ pb.meta_graph.swift,\ pb.model_flags.swift,\ pb.mpi_message.swift,\ pb.mpi_msg.swift,\ pb.named_tensor.swift,\ pb.node_def.swift /Users/admin/builder/spi-builder-workspace/Sources/PerfectTensorFlow/pb.manifest.swift /Users/admin/builder/spi-builder-workspace/Sources/PerfectTensorFlow/pb.master.swift /Users/admin/builder/spi-builder-workspace/Sources/PerfectTensorFlow/pb.master_service.swift /Users/admin/builder/spi-builder-workspace/Sources/PerfectTensorFlow/pb.memmapped_file_system.swift /Users/admin/builder/spi-builder-workspace/Sources/PerfectTensorFlow/pb.meta_graph.swift /Users/admin/builder/spi-builder-workspace/Sources/PerfectTensorFlow/pb.model_flags.swift /Users/admin/builder/spi-builder-workspace/Sources/PerfectTensorFlow/pb.mpi_message.swift /Users/admin/builder/spi-builder-workspace/Sources/PerfectTensorFlow/pb.mpi_msg.swift /Users/admin/builder/spi-builder-workspace/Sources/PerfectTensorFlow/pb.named_tensor.swift /Users/admin/builder/spi-builder-workspace/Sources/PerfectTensorFlow/pb.node_def.swift (in target 'PerfectTensorFlow' from project 'PerfectTensorFlow')
SwiftCompile normal arm64_32 /Users/admin/builder/spi-builder-workspace/Sources/PerfectTensorFlow/pb.manifest.swift (in target 'PerfectTensorFlow' from project 'PerfectTensorFlow')
cd /Users/admin/builder/spi-builder-workspace/.swiftpm/xcode
SwiftCompile normal arm64_32 /Users/admin/builder/spi-builder-workspace/Sources/PerfectTensorFlow/pb.master.swift (in target 'PerfectTensorFlow' from project 'PerfectTensorFlow')
cd /Users/admin/builder/spi-builder-workspace/.swiftpm/xcode
SwiftCompile normal arm64_32 /Users/admin/builder/spi-builder-workspace/Sources/PerfectTensorFlow/pb.master_service.swift (in target 'PerfectTensorFlow' from project 'PerfectTensorFlow')
cd /Users/admin/builder/spi-builder-workspace/.swiftpm/xcode
SwiftCompile normal arm64_32 /Users/admin/builder/spi-builder-workspace/Sources/PerfectTensorFlow/pb.memmapped_file_system.swift (in target 'PerfectTensorFlow' from project 'PerfectTensorFlow')
cd /Users/admin/builder/spi-builder-workspace/.swiftpm/xcode
SwiftCompile normal arm64_32 /Users/admin/builder/spi-builder-workspace/Sources/PerfectTensorFlow/pb.meta_graph.swift (in target 'PerfectTensorFlow' from project 'PerfectTensorFlow')
cd /Users/admin/builder/spi-builder-workspace/.swiftpm/xcode
SwiftCompile normal arm64_32 /Users/admin/builder/spi-builder-workspace/Sources/PerfectTensorFlow/pb.model_flags.swift (in target 'PerfectTensorFlow' from project 'PerfectTensorFlow')
cd /Users/admin/builder/spi-builder-workspace/.swiftpm/xcode
SwiftCompile normal arm64_32 /Users/admin/builder/spi-builder-workspace/Sources/PerfectTensorFlow/pb.mpi_message.swift (in target 'PerfectTensorFlow' from project 'PerfectTensorFlow')
cd /Users/admin/builder/spi-builder-workspace/.swiftpm/xcode
SwiftCompile normal arm64_32 /Users/admin/builder/spi-builder-workspace/Sources/PerfectTensorFlow/pb.mpi_msg.swift (in target 'PerfectTensorFlow' from project 'PerfectTensorFlow')
cd /Users/admin/builder/spi-builder-workspace/.swiftpm/xcode
SwiftCompile normal arm64_32 /Users/admin/builder/spi-builder-workspace/Sources/PerfectTensorFlow/pb.named_tensor.swift (in target 'PerfectTensorFlow' from project 'PerfectTensorFlow')
cd /Users/admin/builder/spi-builder-workspace/.swiftpm/xcode
SwiftCompile normal arm64_32 /Users/admin/builder/spi-builder-workspace/Sources/PerfectTensorFlow/pb.node_def.swift (in target 'PerfectTensorFlow' from project 'PerfectTensorFlow')
cd /Users/admin/builder/spi-builder-workspace/.swiftpm/xcode
SwiftCompile normal arm64_32 Compiling\ pb.tensor_bundle.swift,\ pb.tensor_description.swift,\ pb.tensor_forest_params.swift,\ pb.tensor_shape.swift,\ pb.tensor_slice.swift,\ pb.tensorflow_server.swift,\ pb.test.swift,\ pb.test_log.swift,\ pb.tf2xla.swift,\ pb.tf_op_stats.swift /Users/admin/builder/spi-builder-workspace/Sources/PerfectTensorFlow/pb.tensor_bundle.swift /Users/admin/builder/spi-builder-workspace/Sources/PerfectTensorFlow/pb.tensor_description.swift /Users/admin/builder/spi-builder-workspace/Sources/PerfectTensorFlow/pb.tensor_forest_params.swift /Users/admin/builder/spi-builder-workspace/Sources/PerfectTensorFlow/pb.tensor_shape.swift /Users/admin/builder/spi-builder-workspace/Sources/PerfectTensorFlow/pb.tensor_slice.swift /Users/admin/builder/spi-builder-workspace/Sources/PerfectTensorFlow/pb.tensorflow_server.swift /Users/admin/builder/spi-builder-workspace/Sources/PerfectTensorFlow/pb.test.swift /Users/admin/builder/spi-builder-workspace/Sources/PerfectTensorFlow/pb.test_log.swift /Users/admin/builder/spi-builder-workspace/Sources/PerfectTensorFlow/pb.tf2xla.swift /Users/admin/builder/spi-builder-workspace/Sources/PerfectTensorFlow/pb.tf_op_stats.swift (in target 'PerfectTensorFlow' from project 'PerfectTensorFlow')
SwiftCompile normal arm64_32 /Users/admin/builder/spi-builder-workspace/Sources/PerfectTensorFlow/pb.tensor_bundle.swift (in target 'PerfectTensorFlow' from project 'PerfectTensorFlow')
cd /Users/admin/builder/spi-builder-workspace/.swiftpm/xcode
SwiftCompile normal arm64_32 /Users/admin/builder/spi-builder-workspace/Sources/PerfectTensorFlow/pb.tensor_description.swift (in target 'PerfectTensorFlow' from project 'PerfectTensorFlow')
cd /Users/admin/builder/spi-builder-workspace/.swiftpm/xcode
SwiftCompile normal arm64_32 /Users/admin/builder/spi-builder-workspace/Sources/PerfectTensorFlow/pb.tensor_forest_params.swift (in target 'PerfectTensorFlow' from project 'PerfectTensorFlow')
cd /Users/admin/builder/spi-builder-workspace/.swiftpm/xcode
SwiftCompile normal arm64_32 /Users/admin/builder/spi-builder-workspace/Sources/PerfectTensorFlow/pb.tensor_shape.swift (in target 'PerfectTensorFlow' from project 'PerfectTensorFlow')
cd /Users/admin/builder/spi-builder-workspace/.swiftpm/xcode
SwiftCompile normal arm64_32 /Users/admin/builder/spi-builder-workspace/Sources/PerfectTensorFlow/pb.tensor_slice.swift (in target 'PerfectTensorFlow' from project 'PerfectTensorFlow')
cd /Users/admin/builder/spi-builder-workspace/.swiftpm/xcode
SwiftCompile normal arm64_32 /Users/admin/builder/spi-builder-workspace/Sources/PerfectTensorFlow/pb.tensorflow_server.swift (in target 'PerfectTensorFlow' from project 'PerfectTensorFlow')
cd /Users/admin/builder/spi-builder-workspace/.swiftpm/xcode
SwiftCompile normal arm64_32 /Users/admin/builder/spi-builder-workspace/Sources/PerfectTensorFlow/pb.test.swift (in target 'PerfectTensorFlow' from project 'PerfectTensorFlow')
cd /Users/admin/builder/spi-builder-workspace/.swiftpm/xcode
SwiftCompile normal arm64_32 /Users/admin/builder/spi-builder-workspace/Sources/PerfectTensorFlow/pb.test_log.swift (in target 'PerfectTensorFlow' from project 'PerfectTensorFlow')
cd /Users/admin/builder/spi-builder-workspace/.swiftpm/xcode
SwiftCompile normal arm64_32 /Users/admin/builder/spi-builder-workspace/Sources/PerfectTensorFlow/pb.tf2xla.swift (in target 'PerfectTensorFlow' from project 'PerfectTensorFlow')
cd /Users/admin/builder/spi-builder-workspace/.swiftpm/xcode
SwiftCompile normal arm64_32 /Users/admin/builder/spi-builder-workspace/Sources/PerfectTensorFlow/pb.tf_op_stats.swift (in target 'PerfectTensorFlow' from project 'PerfectTensorFlow')
cd /Users/admin/builder/spi-builder-workspace/.swiftpm/xcode
SwiftCompile normal arm64_32 Compiling\ pb.tree_config.swift,\ pb.types.swift,\ pb.variable.swift,\ pb.verbs_service.swift,\ pb.versions.swift,\ pb.worker.swift,\ pb.worker_service.swift,\ pb.xla.swift,\ pb.xla_data.swift /Users/admin/builder/spi-builder-workspace/Sources/PerfectTensorFlow/pb.tree_config.swift /Users/admin/builder/spi-builder-workspace/Sources/PerfectTensorFlow/pb.types.swift /Users/admin/builder/spi-builder-workspace/Sources/PerfectTensorFlow/pb.variable.swift /Users/admin/builder/spi-builder-workspace/Sources/PerfectTensorFlow/pb.verbs_service.swift /Users/admin/builder/spi-builder-workspace/Sources/PerfectTensorFlow/pb.versions.swift /Users/admin/builder/spi-builder-workspace/Sources/PerfectTensorFlow/pb.worker.swift /Users/admin/builder/spi-builder-workspace/Sources/PerfectTensorFlow/pb.worker_service.swift /Users/admin/builder/spi-builder-workspace/Sources/PerfectTensorFlow/pb.xla.swift /Users/admin/builder/spi-builder-workspace/Sources/PerfectTensorFlow/pb.xla_data.swift (in target 'PerfectTensorFlow' from project 'PerfectTensorFlow')
SwiftCompile normal arm64_32 /Users/admin/builder/spi-builder-workspace/Sources/PerfectTensorFlow/pb.tree_config.swift (in target 'PerfectTensorFlow' from project 'PerfectTensorFlow')
cd /Users/admin/builder/spi-builder-workspace/.swiftpm/xcode
SwiftCompile normal arm64_32 /Users/admin/builder/spi-builder-workspace/Sources/PerfectTensorFlow/pb.types.swift (in target 'PerfectTensorFlow' from project 'PerfectTensorFlow')
cd /Users/admin/builder/spi-builder-workspace/.swiftpm/xcode
SwiftCompile normal arm64_32 /Users/admin/builder/spi-builder-workspace/Sources/PerfectTensorFlow/pb.variable.swift (in target 'PerfectTensorFlow' from project 'PerfectTensorFlow')
cd /Users/admin/builder/spi-builder-workspace/.swiftpm/xcode
SwiftCompile normal arm64_32 /Users/admin/builder/spi-builder-workspace/Sources/PerfectTensorFlow/pb.verbs_service.swift (in target 'PerfectTensorFlow' from project 'PerfectTensorFlow')
cd /Users/admin/builder/spi-builder-workspace/.swiftpm/xcode
SwiftCompile normal arm64_32 /Users/admin/builder/spi-builder-workspace/Sources/PerfectTensorFlow/pb.versions.swift (in target 'PerfectTensorFlow' from project 'PerfectTensorFlow')
cd /Users/admin/builder/spi-builder-workspace/.swiftpm/xcode
SwiftCompile normal arm64_32 /Users/admin/builder/spi-builder-workspace/Sources/PerfectTensorFlow/pb.worker.swift (in target 'PerfectTensorFlow' from project 'PerfectTensorFlow')
cd /Users/admin/builder/spi-builder-workspace/.swiftpm/xcode
SwiftCompile normal arm64_32 /Users/admin/builder/spi-builder-workspace/Sources/PerfectTensorFlow/pb.worker_service.swift (in target 'PerfectTensorFlow' from project 'PerfectTensorFlow')
cd /Users/admin/builder/spi-builder-workspace/.swiftpm/xcode
SwiftCompile normal arm64_32 /Users/admin/builder/spi-builder-workspace/Sources/PerfectTensorFlow/pb.xla.swift (in target 'PerfectTensorFlow' from project 'PerfectTensorFlow')
cd /Users/admin/builder/spi-builder-workspace/.swiftpm/xcode
SwiftCompile normal arm64_32 /Users/admin/builder/spi-builder-workspace/Sources/PerfectTensorFlow/pb.xla_data.swift (in target 'PerfectTensorFlow' from project 'PerfectTensorFlow')
cd /Users/admin/builder/spi-builder-workspace/.swiftpm/xcode
SwiftEmitModule normal armv7k Emitting\ module\ for\ PerfectTensorFlow (in target 'PerfectTensorFlow' from project 'PerfectTensorFlow')
EmitSwiftModule normal armv7k (in target 'PerfectTensorFlow' from project 'PerfectTensorFlow')
cd /Users/admin/builder/spi-builder-workspace/.swiftpm/xcode
SwiftEmitModule normal arm64 Emitting\ module\ for\ PerfectTensorFlow (in target 'PerfectTensorFlow' from project 'PerfectTensorFlow')
2026-10-29 00:07:11.385 xcodebuild[1024:5969] [MT] IDERunDestination: Supported platforms for the buildables in the current scheme is empty.
** BUILD FAILED **
The following build commands failed:
SwiftCompile normal arm64_32 Compiling\ APILoader.swift,\ PerfectTensorFlow.swift,\ pb.allocation_description.swift,\ pb.api_def.swift,\ pb.api_objects.swift,\ pb.attr_value.swift,\ pb.bigquery_table_partition.swift,\ pb.checkpoint_state.swift,\ pb.checkpointable_object_graph.swift,\ pb.cluster.swift /Users/admin/builder/spi-builder-workspace/Sources/PerfectTensorFlow/APILoader.swift /Users/admin/builder/spi-builder-workspace/Sources/PerfectTensorFlow/PerfectTensorFlow.swift /Users/admin/builder/spi-builder-workspace/Sources/PerfectTensorFlow/pb.allocation_description.swift /Users/admin/builder/spi-builder-workspace/Sources/PerfectTensorFlow/pb.api_def.swift /Users/admin/builder/spi-builder-workspace/Sources/PerfectTensorFlow/pb.api_objects.swift /Users/admin/builder/spi-builder-workspace/Sources/PerfectTensorFlow/pb.attr_value.swift /Users/admin/builder/spi-builder-workspace/Sources/PerfectTensorFlow/pb.bigquery_table_partition.swift /Users/admin/builder/spi-builder-workspace/Sources/PerfectTensorFlow/pb.checkpoint_state.swift /Users/admin/builder/spi-builder-workspace/Sources/PerfectTensorFlow/pb.checkpointable_object_graph.swift /Users/admin/builder/spi-builder-workspace/Sources/PerfectTensorFlow/pb.cluster.swift (in target 'PerfectTensorFlow' from project 'PerfectTensorFlow')
SwiftCompile normal arm64_32 /Users/admin/builder/spi-builder-workspace/Sources/PerfectTensorFlow/APILoader.swift (in target 'PerfectTensorFlow' from project 'PerfectTensorFlow')
Building workspace spi-builder-workspace with scheme PerfectTensorFlow
(3 failures)
BUILD FAILURE 6.3 watchOS