Build Information
Failed to build PassBuilder, reference main (613853), with Swift 6.1 for visionOS using Xcode 16.3 on 23 Oct 2026 15:21:52 UTC.
Build Command
No build command. This typically means the build failed at an early stage where we determine the build command.Build Log
========================================
RunAll
========================================
Builder version: 5.1.3
Interrupt handler set up.
========================================
Checkout
========================================
Clone URL: https://github.com/apple/pass-builder.git
Reference: main
Initialized empty Git repository in /Users/admin/builder/spi-builder-workspace/.git/
From https://github.com/apple/pass-builder
* branch main -> FETCH_HEAD
* [new branch] main -> origin/main
HEAD is now at 6138535 Fixed compilation error on Linux (#4)
Cloned https://github.com/apple/pass-builder.git
Revision (git rev-parse @):
6138535e09456652f7a98c167dbdca361672ae1a
SUCCESS checkout https://github.com/apple/pass-builder.git at main
========================================
Build
========================================
Selected platform: visionOS
Swift version: 6.1
Building package at path: $PWD
https://github.com/apple/pass-builder.git
https://github.com/apple/pass-builder.git
error: 'spi-builder-workspace': package 'spi-builder-workspace' is using Swift tools version 6.3.0 but the installed version is 6.1.0
error: fatalError
Command line invocation:
/Applications/Xcode-16.3.0.app/Contents/Developer/usr/bin/xcodebuild -IDEClonedSourcePackagesDirPathOverride=/Users/admin/builder/spi-builder-workspace/.dependencies -resolvePackageDependencies
Resolve Package Graph
package 'spi-builder-workspace' is using Swift tools version 6.3.0 but the installed version is 6.1.0
Resolved source packages:
spi-builder-workspace: (null)
2026-10-23 08:21:52.145 xcodebuild[506:2974] Writing error result bundle to /var/folders/5k/5yc19ymj0jqd5v0zvgfqz0xw0000gn/T/ResultBundle_2026-23-10_08-21-0052.xcresult
xcodebuild: error: Could not resolve package dependencies:
package 'spi-builder-workspace' is using Swift tools version 6.3.0 but the installed version is 6.1.0
Command line invocation:
/Applications/Xcode-16.3.0.app/Contents/Developer/usr/bin/xcodebuild -IDEClonedSourcePackagesDirPathOverride=/Users/admin/builder/spi-builder-workspace/.dependencies -resolvePackageDependencies
Resolve Package Graph
package 'spi-builder-workspace' is using Swift tools version 6.3.0 but the installed version is 6.1.0
Resolved source packages:
spi-builder-workspace: (null)
2026-10-23 08:21:52.888 xcodebuild[515:3063] Writing error result bundle to /var/folders/5k/5yc19ymj0jqd5v0zvgfqz0xw0000gn/T/ResultBundle_2026-23-10_08-21-0052.xcresult
xcodebuild: error: Could not resolve package dependencies:
package 'spi-builder-workspace' is using Swift tools version 6.3.0 but the installed version is 6.1.0
BUILD FAILURE 6.1 visionOS