The Swift Package Index logo.Swift Package Index

Build Information

Failed to build ReflectionView, reference 0.11.0 (3e63a8), with Swift 6.4 for tvOS using Xcode 27.0 on 22 Sep 2026 21:48:54 UTC.

Build Command

env DEVELOPER_DIR=/Applications/Xcode-27.0.0-Release.Candidate.app xcrun xcodebuild -IDEClonedSourcePackagesDirPathOverride=$PWD/.dependencies -skipMacroValidation -skipPackagePluginValidation -derivedDataPath $PWD/.derivedData build -scheme ReflectionView -destination generic/platform=tvOS

Build Log

    cd /Users/admin/builder/spi-builder-workspace/.dependencies/checkouts/SwiftUIColor
    write-file /Users/admin/builder/spi-builder-workspace/.derivedData/Build/Intermediates.noindex/SwiftUIColor.build/Debug-appletvos/SwiftUIColor-t.build/Objects-normal/arm64/SwiftUIColor_const_extract_protocols.json
WriteAuxiliaryFile /Users/admin/builder/spi-builder-workspace/.derivedData/Build/Intermediates.noindex/SwiftUIColor.build/Debug-appletvos/SwiftUIColor-t.build/Objects-normal/arm64/SwiftUIColor.SwiftFileList (in target 'SwiftUIColor' from project 'SwiftUIColor')
    cd /Users/admin/builder/spi-builder-workspace/.dependencies/checkouts/SwiftUIColor
    write-file /Users/admin/builder/spi-builder-workspace/.derivedData/Build/Intermediates.noindex/SwiftUIColor.build/Debug-appletvos/SwiftUIColor-t.build/Objects-normal/arm64/SwiftUIColor.SwiftFileList
WriteAuxiliaryFile /Users/admin/builder/spi-builder-workspace/.derivedData/Build/Intermediates.noindex/SwiftUIColor.build/Debug-appletvos/SwiftUIColor-t.build/Objects-normal/arm64/SwiftUIColor.SwiftConstValuesFileList (in target 'SwiftUIColor' from project 'SwiftUIColor')
    cd /Users/admin/builder/spi-builder-workspace/.dependencies/checkouts/SwiftUIColor
    write-file /Users/admin/builder/spi-builder-workspace/.derivedData/Build/Intermediates.noindex/SwiftUIColor.build/Debug-appletvos/SwiftUIColor-t.build/Objects-normal/arm64/SwiftUIColor.SwiftConstValuesFileList
WriteAuxiliaryFile /Users/admin/builder/spi-builder-workspace/.derivedData/Build/Intermediates.noindex/SwiftUIColor.build/Debug-appletvos/SwiftUIColor-t.build/Objects-normal/arm64/SwiftUIColor.LinkFileList (in target 'SwiftUIColor' from project 'SwiftUIColor')
    cd /Users/admin/builder/spi-builder-workspace/.dependencies/checkouts/SwiftUIColor
    write-file /Users/admin/builder/spi-builder-workspace/.derivedData/Build/Intermediates.noindex/SwiftUIColor.build/Debug-appletvos/SwiftUIColor-t.build/Objects-normal/arm64/SwiftUIColor.LinkFileList
WriteAuxiliaryFile /Users/admin/builder/spi-builder-workspace/.derivedData/Build/Intermediates.noindex/SwiftUIColor.build/Debug-appletvos/SwiftUIColor-t.build/Objects-normal/arm64/SwiftUIColor-OutputFileMap.json (in target 'SwiftUIColor' from project 'SwiftUIColor')
    cd /Users/admin/builder/spi-builder-workspace/.dependencies/checkouts/SwiftUIColor
    write-file /Users/admin/builder/spi-builder-workspace/.derivedData/Build/Intermediates.noindex/SwiftUIColor.build/Debug-appletvos/SwiftUIColor-t.build/Objects-normal/arm64/SwiftUIColor-OutputFileMap.json
WriteAuxiliaryFile /Users/admin/builder/spi-builder-workspace/.derivedData/Build/Intermediates.noindex/SwiftUIColor.build/Debug-appletvos/SwiftUIColor-t.build/DerivedSources/resource_bundle_accessor.swift (in target 'SwiftUIColor' from project 'SwiftUIColor')
    cd /Users/admin/builder/spi-builder-workspace/.dependencies/checkouts/SwiftUIColor
    write-file /Users/admin/builder/spi-builder-workspace/.derivedData/Build/Intermediates.noindex/SwiftUIColor.build/Debug-appletvos/SwiftUIColor-t.build/DerivedSources/resource_bundle_accessor.swift
WriteAuxiliaryFile /Users/admin/builder/spi-builder-workspace/.derivedData/Build/Intermediates.noindex/ReflectionView.build/Debug-appletvos/ReflectionView_ReflectionView-b.build/empty-ReflectionView_ReflectionView.plist (in target 'ReflectionView_ReflectionView' from project 'ReflectionView')
    cd /Users/admin/builder/spi-builder-workspace
    write-file /Users/admin/builder/spi-builder-workspace/.derivedData/Build/Intermediates.noindex/ReflectionView.build/Debug-appletvos/ReflectionView_ReflectionView-b.build/empty-ReflectionView_ReflectionView.plist
WriteAuxiliaryFile /Users/admin/builder/spi-builder-workspace/.derivedData/Build/Intermediates.noindex/ReflectionView.build/Debug-appletvos/ReflectionView_ReflectionView-b.build/ReflectionView_ReflectionView.DependencyStaticMetadataFileList (in target 'ReflectionView_ReflectionView' from project 'ReflectionView')
    cd /Users/admin/builder/spi-builder-workspace
    write-file /Users/admin/builder/spi-builder-workspace/.derivedData/Build/Intermediates.noindex/ReflectionView.build/Debug-appletvos/ReflectionView_ReflectionView-b.build/ReflectionView_ReflectionView.DependencyStaticMetadataFileList
WriteAuxiliaryFile /Users/admin/builder/spi-builder-workspace/.derivedData/Build/Intermediates.noindex/ReflectionView.build/Debug-appletvos/ReflectionView_ReflectionView-b.build/ReflectionView_ReflectionView.DependencyMetadataFileList (in target 'ReflectionView_ReflectionView' from project 'ReflectionView')
    cd /Users/admin/builder/spi-builder-workspace
    write-file /Users/admin/builder/spi-builder-workspace/.derivedData/Build/Intermediates.noindex/ReflectionView.build/Debug-appletvos/ReflectionView_ReflectionView-b.build/ReflectionView_ReflectionView.DependencyMetadataFileList
Copy /Users/admin/builder/spi-builder-workspace/.derivedData/Build/Intermediates.noindex/GeneratedModuleMaps-appletvos/SwiftUIColor.modulemap /Users/admin/builder/spi-builder-workspace/.derivedData/Build/Intermediates.noindex/SwiftUIColor.build/Debug-appletvos/SwiftUIColor-t.build/SwiftUIColor.modulemap (in target 'SwiftUIColor' from project 'SwiftUIColor')
    cd /Users/admin/builder/spi-builder-workspace/.dependencies/checkouts/SwiftUIColor
    builtin-copy -exclude .DS_Store -exclude CVS -exclude .svn -exclude .git -exclude .hg -resolve-src-symlinks /Users/admin/builder/spi-builder-workspace/.derivedData/Build/Intermediates.noindex/SwiftUIColor.build/Debug-appletvos/SwiftUIColor-t.build/SwiftUIColor.modulemap /Users/admin/builder/spi-builder-workspace/.derivedData/Build/Intermediates.noindex/GeneratedModuleMaps-appletvos
WriteAuxiliaryFile /Users/admin/builder/spi-builder-workspace/.derivedData/Build/Intermediates.noindex/ReflectionView.build/Debug-appletvos/ReflectionView-t.build/ReflectionView.modulemap (in target 'ReflectionView' from project 'ReflectionView')
    cd /Users/admin/builder/spi-builder-workspace
    write-file /Users/admin/builder/spi-builder-workspace/.derivedData/Build/Intermediates.noindex/ReflectionView.build/Debug-appletvos/ReflectionView-t.build/ReflectionView.modulemap
WriteAuxiliaryFile /Users/admin/builder/spi-builder-workspace/.derivedData/Build/Intermediates.noindex/ReflectionView.build/Debug-appletvos/ReflectionView-t.build/ReflectionView.DependencyStaticMetadataFileList (in target 'ReflectionView' from project 'ReflectionView')
    cd /Users/admin/builder/spi-builder-workspace
    write-file /Users/admin/builder/spi-builder-workspace/.derivedData/Build/Intermediates.noindex/ReflectionView.build/Debug-appletvos/ReflectionView-t.build/ReflectionView.DependencyStaticMetadataFileList
WriteAuxiliaryFile /Users/admin/builder/spi-builder-workspace/.derivedData/Build/Intermediates.noindex/ReflectionView.build/Debug-appletvos/ReflectionView-t.build/ReflectionView.DependencyMetadataFileList (in target 'ReflectionView' from project 'ReflectionView')
    cd /Users/admin/builder/spi-builder-workspace
    write-file /Users/admin/builder/spi-builder-workspace/.derivedData/Build/Intermediates.noindex/ReflectionView.build/Debug-appletvos/ReflectionView-t.build/ReflectionView.DependencyMetadataFileList
WriteAuxiliaryFile /Users/admin/builder/spi-builder-workspace/.derivedData/Build/Intermediates.noindex/ReflectionView.build/Debug-appletvos/ReflectionView-t.build/Objects-normal/arm64/ReflectionView_const_extract_protocols.json (in target 'ReflectionView' from project 'ReflectionView')
    cd /Users/admin/builder/spi-builder-workspace
    write-file /Users/admin/builder/spi-builder-workspace/.derivedData/Build/Intermediates.noindex/ReflectionView.build/Debug-appletvos/ReflectionView-t.build/Objects-normal/arm64/ReflectionView_const_extract_protocols.json
WriteAuxiliaryFile /Users/admin/builder/spi-builder-workspace/.derivedData/Build/Intermediates.noindex/ReflectionView.build/Debug-appletvos/ReflectionView-t.build/Objects-normal/arm64/ReflectionView.SwiftFileList (in target 'ReflectionView' from project 'ReflectionView')
    cd /Users/admin/builder/spi-builder-workspace
    write-file /Users/admin/builder/spi-builder-workspace/.derivedData/Build/Intermediates.noindex/ReflectionView.build/Debug-appletvos/ReflectionView-t.build/Objects-normal/arm64/ReflectionView.SwiftFileList
WriteAuxiliaryFile /Users/admin/builder/spi-builder-workspace/.derivedData/Build/Intermediates.noindex/ReflectionView.build/Debug-appletvos/ReflectionView-t.build/Objects-normal/arm64/ReflectionView.SwiftConstValuesFileList (in target 'ReflectionView' from project 'ReflectionView')
    cd /Users/admin/builder/spi-builder-workspace
    write-file /Users/admin/builder/spi-builder-workspace/.derivedData/Build/Intermediates.noindex/ReflectionView.build/Debug-appletvos/ReflectionView-t.build/Objects-normal/arm64/ReflectionView.SwiftConstValuesFileList
WriteAuxiliaryFile /Users/admin/builder/spi-builder-workspace/.derivedData/Build/Intermediates.noindex/ReflectionView.build/Debug-appletvos/ReflectionView-t.build/Objects-normal/arm64/ReflectionView.LinkFileList (in target 'ReflectionView' from project 'ReflectionView')
    cd /Users/admin/builder/spi-builder-workspace
    write-file /Users/admin/builder/spi-builder-workspace/.derivedData/Build/Intermediates.noindex/ReflectionView.build/Debug-appletvos/ReflectionView-t.build/Objects-normal/arm64/ReflectionView.LinkFileList
WriteAuxiliaryFile /Users/admin/builder/spi-builder-workspace/.derivedData/Build/Intermediates.noindex/ReflectionView.build/Debug-appletvos/ReflectionView-t.build/Objects-normal/arm64/ReflectionView-OutputFileMap.json (in target 'ReflectionView' from project 'ReflectionView')
    cd /Users/admin/builder/spi-builder-workspace
    write-file /Users/admin/builder/spi-builder-workspace/.derivedData/Build/Intermediates.noindex/ReflectionView.build/Debug-appletvos/ReflectionView-t.build/Objects-normal/arm64/ReflectionView-OutputFileMap.json
WriteAuxiliaryFile /Users/admin/builder/spi-builder-workspace/.derivedData/Build/Intermediates.noindex/ReflectionView.build/Debug-appletvos/ReflectionView-t.build/DerivedSources/resource_bundle_accessor.swift (in target 'ReflectionView' from project 'ReflectionView')
    cd /Users/admin/builder/spi-builder-workspace
    write-file /Users/admin/builder/spi-builder-workspace/.derivedData/Build/Intermediates.noindex/ReflectionView.build/Debug-appletvos/ReflectionView-t.build/DerivedSources/resource_bundle_accessor.swift
Copy /Users/admin/builder/spi-builder-workspace/.derivedData/Build/Intermediates.noindex/GeneratedModuleMaps-appletvos/ReflectionView.modulemap /Users/admin/builder/spi-builder-workspace/.derivedData/Build/Intermediates.noindex/ReflectionView.build/Debug-appletvos/ReflectionView-t.build/ReflectionView.modulemap (in target 'ReflectionView' from project 'ReflectionView')
    cd /Users/admin/builder/spi-builder-workspace
    builtin-copy -exclude .DS_Store -exclude CVS -exclude .svn -exclude .git -exclude .hg -resolve-src-symlinks /Users/admin/builder/spi-builder-workspace/.derivedData/Build/Intermediates.noindex/ReflectionView.build/Debug-appletvos/ReflectionView-t.build/ReflectionView.modulemap /Users/admin/builder/spi-builder-workspace/.derivedData/Build/Intermediates.noindex/GeneratedModuleMaps-appletvos
WriteAuxiliaryFile /Users/admin/builder/spi-builder-workspace/.derivedData/Build/Intermediates.noindex/ReflectionView.build/Debug-appletvos/Reflection-t.build/Reflection.modulemap (in target 'Reflection' from project 'ReflectionView')
    cd /Users/admin/builder/spi-builder-workspace
    write-file /Users/admin/builder/spi-builder-workspace/.derivedData/Build/Intermediates.noindex/ReflectionView.build/Debug-appletvos/Reflection-t.build/Reflection.modulemap
WriteAuxiliaryFile /Users/admin/builder/spi-builder-workspace/.derivedData/Build/Intermediates.noindex/ReflectionView.build/Debug-appletvos/Reflection-t.build/Reflection.DependencyStaticMetadataFileList (in target 'Reflection' from project 'ReflectionView')
    cd /Users/admin/builder/spi-builder-workspace
    write-file /Users/admin/builder/spi-builder-workspace/.derivedData/Build/Intermediates.noindex/ReflectionView.build/Debug-appletvos/Reflection-t.build/Reflection.DependencyStaticMetadataFileList
WriteAuxiliaryFile /Users/admin/builder/spi-builder-workspace/.derivedData/Build/Intermediates.noindex/ReflectionView.build/Debug-appletvos/Reflection-t.build/Reflection.DependencyMetadataFileList (in target 'Reflection' from project 'ReflectionView')
    cd /Users/admin/builder/spi-builder-workspace
    write-file /Users/admin/builder/spi-builder-workspace/.derivedData/Build/Intermediates.noindex/ReflectionView.build/Debug-appletvos/Reflection-t.build/Reflection.DependencyMetadataFileList
WriteAuxiliaryFile /Users/admin/builder/spi-builder-workspace/.derivedData/Build/Intermediates.noindex/ReflectionView.build/Debug-appletvos/Reflection-t.build/Objects-normal/arm64/Reflection.LinkFileList (in target 'Reflection' from project 'ReflectionView')
    cd /Users/admin/builder/spi-builder-workspace
    write-file /Users/admin/builder/spi-builder-workspace/.derivedData/Build/Intermediates.noindex/ReflectionView.build/Debug-appletvos/Reflection-t.build/Objects-normal/arm64/Reflection.LinkFileList
WriteAuxiliaryFile /Users/admin/builder/spi-builder-workspace/.derivedData/Build/Intermediates.noindex/ReflectionView.build/Debug-appletvos/Reflection-t.build/Objects-normal/arm64/Reflection.SwiftConstValuesFileList (in target 'Reflection' from project 'ReflectionView')
    cd /Users/admin/builder/spi-builder-workspace
    write-file /Users/admin/builder/spi-builder-workspace/.derivedData/Build/Intermediates.noindex/ReflectionView.build/Debug-appletvos/Reflection-t.build/Objects-normal/arm64/Reflection.SwiftConstValuesFileList
WriteAuxiliaryFile /Users/admin/builder/spi-builder-workspace/.derivedData/Build/Intermediates.noindex/ReflectionView.build/Debug-appletvos/Reflection-t.build/Objects-normal/arm64/Reflection_const_extract_protocols.json (in target 'Reflection' from project 'ReflectionView')
    cd /Users/admin/builder/spi-builder-workspace
    write-file /Users/admin/builder/spi-builder-workspace/.derivedData/Build/Intermediates.noindex/ReflectionView.build/Debug-appletvos/Reflection-t.build/Objects-normal/arm64/Reflection_const_extract_protocols.json
WriteAuxiliaryFile /Users/admin/builder/spi-builder-workspace/.derivedData/Build/Intermediates.noindex/ReflectionView.build/Debug-appletvos/Reflection-t.build/Objects-normal/arm64/Reflection.SwiftFileList (in target 'Reflection' from project 'ReflectionView')
    cd /Users/admin/builder/spi-builder-workspace
    write-file /Users/admin/builder/spi-builder-workspace/.derivedData/Build/Intermediates.noindex/ReflectionView.build/Debug-appletvos/Reflection-t.build/Objects-normal/arm64/Reflection.SwiftFileList
WriteAuxiliaryFile /Users/admin/builder/spi-builder-workspace/.derivedData/Build/Intermediates.noindex/ReflectionView.build/Debug-appletvos/Reflection-t.build/Objects-normal/arm64/Reflection-OutputFileMap.json (in target 'Reflection' from project 'ReflectionView')
    cd /Users/admin/builder/spi-builder-workspace
    write-file /Users/admin/builder/spi-builder-workspace/.derivedData/Build/Intermediates.noindex/ReflectionView.build/Debug-appletvos/Reflection-t.build/Objects-normal/arm64/Reflection-OutputFileMap.json
Copy /Users/admin/builder/spi-builder-workspace/.derivedData/Build/Intermediates.noindex/GeneratedModuleMaps-appletvos/Reflection.modulemap /Users/admin/builder/spi-builder-workspace/.derivedData/Build/Intermediates.noindex/ReflectionView.build/Debug-appletvos/Reflection-t.build/Reflection.modulemap (in target 'Reflection' from project 'ReflectionView')
    cd /Users/admin/builder/spi-builder-workspace
    builtin-copy -exclude .DS_Store -exclude CVS -exclude .svn -exclude .git -exclude .hg -resolve-src-symlinks /Users/admin/builder/spi-builder-workspace/.derivedData/Build/Intermediates.noindex/ReflectionView.build/Debug-appletvos/Reflection-t.build/Reflection.modulemap /Users/admin/builder/spi-builder-workspace/.derivedData/Build/Intermediates.noindex/GeneratedModuleMaps-appletvos
WriteAuxiliaryFile /Users/admin/builder/spi-builder-workspace/.derivedData/Build/Intermediates.noindex/MagicMirror.build/Debug-appletvos/MagicMirror-t.build/MagicMirror.DependencyStaticMetadataFileList (in target 'MagicMirror' from project 'MagicMirror')
    cd /Users/admin/builder/spi-builder-workspace/.dependencies/checkouts/swift-magic-mirror
    write-file /Users/admin/builder/spi-builder-workspace/.derivedData/Build/Intermediates.noindex/MagicMirror.build/Debug-appletvos/MagicMirror-t.build/MagicMirror.DependencyStaticMetadataFileList
WriteAuxiliaryFile /Users/admin/builder/spi-builder-workspace/.derivedData/Build/Intermediates.noindex/MagicMirror.build/Debug-appletvos/MagicMirror-t.build/MagicMirror.DependencyMetadataFileList (in target 'MagicMirror' from project 'MagicMirror')
    cd /Users/admin/builder/spi-builder-workspace/.dependencies/checkouts/swift-magic-mirror
    write-file /Users/admin/builder/spi-builder-workspace/.derivedData/Build/Intermediates.noindex/MagicMirror.build/Debug-appletvos/MagicMirror-t.build/MagicMirror.DependencyMetadataFileList
Copy /Users/admin/builder/spi-builder-workspace/.derivedData/Build/Intermediates.noindex/GeneratedModuleMaps-appletvos/MagicMirror.modulemap /Users/admin/builder/spi-builder-workspace/.derivedData/Build/Intermediates.noindex/MagicMirror.build/Debug-appletvos/MagicMirror-t.build/MagicMirror.modulemap (in target 'MagicMirror' from project 'MagicMirror')
    cd /Users/admin/builder/spi-builder-workspace/.dependencies/checkouts/swift-magic-mirror
    builtin-copy -exclude .DS_Store -exclude CVS -exclude .svn -exclude .git -exclude .hg -resolve-src-symlinks /Users/admin/builder/spi-builder-workspace/.derivedData/Build/Intermediates.noindex/MagicMirror.build/Debug-appletvos/MagicMirror-t.build/MagicMirror.modulemap /Users/admin/builder/spi-builder-workspace/.derivedData/Build/Intermediates.noindex/GeneratedModuleMaps-appletvos
MkDir /Users/admin/builder/spi-builder-workspace/.derivedData/Build/Products/Debug-appletvos/SwiftUIColor_SwiftUIColor.bundle (in target 'SwiftUIColor_SwiftUIColor' from project 'SwiftUIColor')
    cd /Users/admin/builder/spi-builder-workspace/.dependencies/checkouts/SwiftUIColor
    /bin/mkdir -p /Users/admin/builder/spi-builder-workspace/.derivedData/Build/Products/Debug-appletvos/SwiftUIColor_SwiftUIColor.bundle
MkDir /Users/admin/builder/spi-builder-workspace/.derivedData/Build/Products/Debug-appletvos/ReflectionView_ReflectionView.bundle (in target 'ReflectionView_ReflectionView' from project 'ReflectionView')
    cd /Users/admin/builder/spi-builder-workspace
    /bin/mkdir -p /Users/admin/builder/spi-builder-workspace/.derivedData/Build/Products/Debug-appletvos/ReflectionView_ReflectionView.bundle
MkDir /Users/admin/builder/spi-builder-workspace/.derivedData/Build/Intermediates.noindex/SwiftUIColor.build/Debug-appletvos/SwiftUIColor_SwiftUIColor-b.build/assetcatalog_output/thinned (in target 'SwiftUIColor_SwiftUIColor' from project 'SwiftUIColor')
    cd /Users/admin/builder/spi-builder-workspace/.dependencies/checkouts/SwiftUIColor
    /bin/mkdir -p /Users/admin/builder/spi-builder-workspace/.derivedData/Build/Intermediates.noindex/SwiftUIColor.build/Debug-appletvos/SwiftUIColor_SwiftUIColor-b.build/assetcatalog_output/thinned
MkDir /Users/admin/builder/spi-builder-workspace/.derivedData/Build/Intermediates.noindex/SwiftUIColor.build/Debug-appletvos/SwiftUIColor_SwiftUIColor-b.build/assetcatalog_output/unthinned (in target 'SwiftUIColor_SwiftUIColor' from project 'SwiftUIColor')
    cd /Users/admin/builder/spi-builder-workspace/.dependencies/checkouts/SwiftUIColor
    /bin/mkdir -p /Users/admin/builder/spi-builder-workspace/.derivedData/Build/Intermediates.noindex/SwiftUIColor.build/Debug-appletvos/SwiftUIColor_SwiftUIColor-b.build/assetcatalog_output/unthinned
GenerateAssetSymbols /Users/admin/builder/spi-builder-workspace/.dependencies/checkouts/SwiftUIColor/Sources/SwiftUIColor/Assets/Media.xcassets (in target 'SwiftUIColor' from project 'SwiftUIColor')
    cd /Users/admin/builder/spi-builder-workspace/.dependencies/checkouts/SwiftUIColor
    /Applications/Xcode-27.0.0-Release.Candidate.app/Contents/Developer/usr/bin/actool /Users/admin/builder/spi-builder-workspace/.dependencies/checkouts/SwiftUIColor/Sources/SwiftUIColor/Assets/Media.xcassets --compile /Users/admin/builder/spi-builder-workspace/.derivedData/Build/Products/Debug-appletvos --output-format human-readable-text --notices --warnings --export-dependency-info /Users/admin/builder/spi-builder-workspace/.derivedData/Build/Intermediates.noindex/SwiftUIColor.build/Debug-appletvos/SwiftUIColor-t.build/assetcatalog_dependencies --output-partial-info-plist /Users/admin/builder/spi-builder-workspace/.derivedData/Build/Intermediates.noindex/SwiftUIColor.build/Debug-appletvos/SwiftUIColor-t.build/assetcatalog_generated_info.plist --compress-pngs --enable-on-demand-resources NO --development-region en --leaderboard-identifier-prefix SwiftUIColor.game-center.leaderboard. --leaderboard-set-identifier-prefix SwiftUIColor.game-center.leaderboard-set. --target-device tv --minimum-deployment-target 15.0 --platform appletvos --bundle-identifier swiftuicolor.SwiftUIColor --generate-swift-asset-symbol-extensions NO --generate-swift-asset-symbols /Users/admin/builder/spi-builder-workspace/.derivedData/Build/Intermediates.noindex/SwiftUIColor.build/Debug-appletvos/SwiftUIColor-t.build/DerivedSources/GeneratedAssetSymbols.swift --generate-objc-asset-symbols /Users/admin/builder/spi-builder-workspace/.derivedData/Build/Intermediates.noindex/SwiftUIColor.build/Debug-appletvos/SwiftUIColor-t.build/DerivedSources/GeneratedAssetSymbols.h --generate-asset-symbol-index /Users/admin/builder/spi-builder-workspace/.derivedData/Build/Intermediates.noindex/SwiftUIColor.build/Debug-appletvos/SwiftUIColor-t.build/DerivedSources/GeneratedAssetSymbols-Index.plist
/* com.apple.actool.compilation-results */
/Users/admin/builder/spi-builder-workspace/.derivedData/Build/Intermediates.noindex/SwiftUIColor.build/Debug-appletvos/SwiftUIColor-t.build/DerivedSources/GeneratedAssetSymbols-Index.plist
/Users/admin/builder/spi-builder-workspace/.derivedData/Build/Intermediates.noindex/SwiftUIColor.build/Debug-appletvos/SwiftUIColor-t.build/DerivedSources/GeneratedAssetSymbols.h
/Users/admin/builder/spi-builder-workspace/.derivedData/Build/Intermediates.noindex/SwiftUIColor.build/Debug-appletvos/SwiftUIColor-t.build/DerivedSources/GeneratedAssetSymbols.swift
MkDir /Users/admin/builder/spi-builder-workspace/.derivedData/Build/Intermediates.noindex/ReflectionView.build/Debug-appletvos/ReflectionView_ReflectionView-b.build/assetcatalog_output/thinned (in target 'ReflectionView_ReflectionView' from project 'ReflectionView')
    cd /Users/admin/builder/spi-builder-workspace
    /bin/mkdir -p /Users/admin/builder/spi-builder-workspace/.derivedData/Build/Intermediates.noindex/ReflectionView.build/Debug-appletvos/ReflectionView_ReflectionView-b.build/assetcatalog_output/thinned
MkDir /Users/admin/builder/spi-builder-workspace/.derivedData/Build/Intermediates.noindex/ReflectionView.build/Debug-appletvos/ReflectionView_ReflectionView-b.build/assetcatalog_output/unthinned (in target 'ReflectionView_ReflectionView' from project 'ReflectionView')
    cd /Users/admin/builder/spi-builder-workspace
    /bin/mkdir -p /Users/admin/builder/spi-builder-workspace/.derivedData/Build/Intermediates.noindex/ReflectionView.build/Debug-appletvos/ReflectionView_ReflectionView-b.build/assetcatalog_output/unthinned
CompileAssetCatalogVariant thinned /Users/admin/builder/spi-builder-workspace/.derivedData/Build/Products/Debug-appletvos/SwiftUIColor_SwiftUIColor.bundle /Users/admin/builder/spi-builder-workspace/.dependencies/checkouts/SwiftUIColor/Sources/SwiftUIColor/Assets/Media.xcassets (in target 'SwiftUIColor_SwiftUIColor' from project 'SwiftUIColor')
    cd /Users/admin/builder/spi-builder-workspace/.dependencies/checkouts/SwiftUIColor
    /Applications/Xcode-27.0.0-Release.Candidate.app/Contents/Developer/usr/bin/actool /Users/admin/builder/spi-builder-workspace/.dependencies/checkouts/SwiftUIColor/Sources/SwiftUIColor/Assets/Media.xcassets --compile /Users/admin/builder/spi-builder-workspace/.derivedData/Build/Intermediates.noindex/SwiftUIColor.build/Debug-appletvos/SwiftUIColor_SwiftUIColor-b.build/assetcatalog_output/thinned --output-format human-readable-text --notices --warnings --export-dependency-info /Users/admin/builder/spi-builder-workspace/.derivedData/Build/Intermediates.noindex/SwiftUIColor.build/Debug-appletvos/SwiftUIColor_SwiftUIColor-b.build/assetcatalog_dependencies_thinned --output-partial-info-plist /Users/admin/builder/spi-builder-workspace/.derivedData/Build/Intermediates.noindex/SwiftUIColor.build/Debug-appletvos/SwiftUIColor_SwiftUIColor-b.build/assetcatalog_generated_info.plist_thinned --compress-pngs --enable-on-demand-resources NO --development-region en --leaderboard-identifier-prefix SwiftUIColor_SwiftUIColor.game-center.leaderboard. --leaderboard-set-identifier-prefix SwiftUIColor_SwiftUIColor.game-center.leaderboard-set. --target-device tv --minimum-deployment-target 15.0 --platform appletvos
/* com.apple.actool.document.warnings */
/Users/admin/builder/spi-builder-workspace/.dependencies/checkouts/SwiftUIColor/Sources/SwiftUIColor/Assets/Media.xcassets:./visionOS/secondaryLabel.colorset/[][][][][][][][2d][(null)]: warning: The color set "secondaryLabel" has an unassigned child.
/Users/admin/builder/spi-builder-workspace/.dependencies/checkouts/SwiftUIColor/Sources/SwiftUIColor/Assets/Media.xcassets:./visionOS/systemGray2.colorset/[][][][][][][][2d][(null)]: warning: The color set "systemGray2" has an unassigned child.
/Users/admin/builder/spi-builder-workspace/.dependencies/checkouts/SwiftUIColor/Sources/SwiftUIColor/Assets/Media.xcassets:./visionOS/systemGroupedBackground.colorset/[][][][][][][][2d][(null)]: warning: The color set "systemGroupedBackground" has an unassigned child.
/Users/admin/builder/spi-builder-workspace/.dependencies/checkouts/SwiftUIColor/Sources/SwiftUIColor/Assets/Media.xcassets:./visionOS/groupTableViewBackground.colorset/[][][][][][][][2d][(null)]: warning: The color set "groupTableViewBackground" has an unassigned child.
/Users/admin/builder/spi-builder-workspace/.dependencies/checkouts/SwiftUIColor/Sources/SwiftUIColor/Assets/Media.xcassets:./visionOS/systemBlue.colorset/[][][][][][][][2d][(null)]: warning: The color set "systemBlue" has an unassigned child.
/Users/admin/builder/spi-builder-workspace/.dependencies/checkouts/SwiftUIColor/Sources/SwiftUIColor/Assets/Media.xcassets:./visionOS/systemRed.colorset/[][][][][][][][2d][(null)]: warning: The color set "systemRed" has an unassigned child.
/Users/admin/builder/spi-builder-workspace/.dependencies/checkouts/SwiftUIColor/Sources/SwiftUIColor/Assets/Media.xcassets:./visionOS/systemFill.colorset/[][][][][][][][2d][(null)]: warning: The color set "systemFill" has an unassigned child.
/Users/admin/builder/spi-builder-workspace/.dependencies/checkouts/SwiftUIColor/Sources/SwiftUIColor/Assets/Media.xcassets:./visionOS/secondarySystemFill.colorset/[][][][][][][][2d][(null)]: warning: The color set "secondarySystemFill" has an unassigned child.
/Users/admin/builder/spi-builder-workspace/.dependencies/checkouts/SwiftUIColor/Sources/SwiftUIColor/Assets/Media.xcassets:./visionOS/separator.colorset/[][][][][][][][2d][(null)]: warning: The color set "separator" has an unassigned child.
/Users/admin/builder/spi-builder-workspace/.dependencies/checkouts/SwiftUIColor/Sources/SwiftUIColor/Assets/Media.xcassets:./visionOS/systemGray5.colorset/[][][][][][][][2d][(null)]: warning: The color set "systemGray5" has an unassigned child.
/Users/admin/builder/spi-builder-workspace/.dependencies/checkouts/SwiftUIColor/Sources/SwiftUIColor/Assets/Media.xcassets:./visionOS/lightText.colorset/[][][][][][][][2d][(null)]: warning: The color set "lightText" has an unassigned child.
/Users/admin/builder/spi-builder-workspace/.dependencies/checkouts/SwiftUIColor/Sources/SwiftUIColor/Assets/Media.xcassets:./visionOS/systemOrange.colorset/[][][][][][][][2d][(null)]: warning: The color set "systemOrange" has an unassigned child.
/Users/admin/builder/spi-builder-workspace/.dependencies/checkouts/SwiftUIColor/Sources/SwiftUIColor/Assets/Media.xcassets:./visionOS/systemYellow.colorset/[][][][][][][][2d][(null)]: warning: The color set "systemYellow" has an unassigned child.
/Users/admin/builder/spi-builder-workspace/.dependencies/checkouts/SwiftUIColor/Sources/SwiftUIColor/Assets/Media.xcassets:./visionOS/systemIndigo.colorset/[][][][][][][][2d][(null)]: warning: The color set "systemIndigo" has an unassigned child.
/Users/admin/builder/spi-builder-workspace/.dependencies/checkouts/SwiftUIColor/Sources/SwiftUIColor/Assets/Media.xcassets:./visionOS/tertiarySystemGroupedBackground.colorset/[][][][][][][][2d][(null)]: warning: The color set "tertiarySystemGroupedBackground" has an unassigned child.
/Users/admin/builder/spi-builder-workspace/.dependencies/checkouts/SwiftUIColor/Sources/SwiftUIColor/Assets/Media.xcassets:./visionOS/tint.colorset/[][][][][][][][2d][(null)]: warning: The color set "tint" has an unassigned child.
/Users/admin/builder/spi-builder-workspace/.dependencies/checkouts/SwiftUIColor/Sources/SwiftUIColor/Assets/Media.xcassets:./visionOS/systemPurple.colorset/[][][][][][][][2d][(null)]: warning: The color set "systemPurple" has an unassigned child.
/Users/admin/builder/spi-builder-workspace/.dependencies/checkouts/SwiftUIColor/Sources/SwiftUIColor/Assets/Media.xcassets:./visionOS/tertiarySystemBackground.colorset/[][][][][][][][2d][(null)]: warning: The color set "tertiarySystemBackground" has an unassigned child.
/Users/admin/builder/spi-builder-workspace/.dependencies/checkouts/SwiftUIColor/Sources/SwiftUIColor/Assets/Media.xcassets:./visionOS/darkText.colorset/[][][][][][][][2d][(null)]: warning: The color set "darkText" has an unassigned child.
/Users/admin/builder/spi-builder-workspace/.dependencies/checkouts/SwiftUIColor/Sources/SwiftUIColor/Assets/Media.xcassets:./visionOS/secondarySystemGroupedBackground.colorset/[][][][][][][][2d][(null)]: warning: The color set "secondarySystemGroupedBackground" has an unassigned child.
/Users/admin/builder/spi-builder-workspace/.dependencies/checkouts/SwiftUIColor/Sources/SwiftUIColor/Assets/Media.xcassets:./visionOS/systemBackground.colorset/[][][][][][][][2d][(null)]: warning: The color set "systemBackground" has an unassigned child.
/Users/admin/builder/spi-builder-workspace/.dependencies/checkouts/SwiftUIColor/Sources/SwiftUIColor/Assets/Media.xcassets:./visionOS/opaqueSeparator.colorset/[][][][][][][][2d][(null)]: warning: The color set "opaqueSeparator" has an unassigned child.
/Users/admin/builder/spi-builder-workspace/.dependencies/checkouts/SwiftUIColor/Sources/SwiftUIColor/Assets/Media.xcassets:./visionOS/placeholderText.colorset/[][][][][][][][2d][(null)]: warning: The color set "placeholderText" has an unassigned child.
/Users/admin/builder/spi-builder-workspace/.dependencies/checkouts/SwiftUIColor/Sources/SwiftUIColor/Assets/Media.xcassets:./visionOS/systemGray6.colorset/[][][][][][][][2d][(null)]: warning: The color set "systemGray6" has an unassigned child.
/Users/admin/builder/spi-builder-workspace/.dependencies/checkouts/SwiftUIColor/Sources/SwiftUIColor/Assets/Media.xcassets:./visionOS/systemBrown.colorset/[][][][][][][][2d][(null)]: warning: The color set "systemBrown" has an unassigned child.
/Users/admin/builder/spi-builder-workspace/.dependencies/checkouts/SwiftUIColor/Sources/SwiftUIColor/Assets/Media.xcassets:./visionOS/systemGreen.colorset/[][][][][][][][2d][(null)]: warning: The color set "systemGreen" has an unassigned child.
/Users/admin/builder/spi-builder-workspace/.dependencies/checkouts/SwiftUIColor/Sources/SwiftUIColor/Assets/Media.xcassets:./visionOS/systemGray.colorset/[][][][][][][][2d][(null)]: warning: The color set "systemGray" has an unassigned child.
/Users/admin/builder/spi-builder-workspace/.dependencies/checkouts/SwiftUIColor/Sources/SwiftUIColor/Assets/Media.xcassets:./visionOS/systemGray3.colorset/[][][][][][][][2d][(null)]: warning: The color set "systemGray3" has an unassigned child.
/Users/admin/builder/spi-builder-workspace/.dependencies/checkouts/SwiftUIColor/Sources/SwiftUIColor/Assets/Media.xcassets:./visionOS/quaternarySystemFill.colorset/[][][][][][][][2d][(null)]: warning: The color set "quaternarySystemFill" has an unassigned child.
/Users/admin/builder/spi-builder-workspace/.dependencies/checkouts/SwiftUIColor/Sources/SwiftUIColor/Assets/Media.xcassets:./visionOS/systemTeal.colorset/[][][][][][][][2d][(null)]: warning: The color set "systemTeal" has an unassigned child.
/Users/admin/builder/spi-builder-workspace/.dependencies/checkouts/SwiftUIColor/Sources/SwiftUIColor/Assets/Media.xcassets:./visionOS/link.colorset/[][][][][][][][2d][(null)]: warning: The color set "link" has an unassigned child.
/Users/admin/builder/spi-builder-workspace/.dependencies/checkouts/SwiftUIColor/Sources/SwiftUIColor/Assets/Media.xcassets:./visionOS/quaternaryLabel.colorset/[][][][][][][][2d][(null)]: warning: The color set "quaternaryLabel" has an unassigned child.
/Users/admin/builder/spi-builder-workspace/.dependencies/checkouts/SwiftUIColor/Sources/SwiftUIColor/Assets/Media.xcassets:./visionOS/tertiaryLabel.colorset/[][][][][][][][2d][(null)]: warning: The color set "tertiaryLabel" has an unassigned child.
/Users/admin/builder/spi-builder-workspace/.dependencies/checkouts/SwiftUIColor/Sources/SwiftUIColor/Assets/Media.xcassets:./visionOS/label.colorset/[][][][][][][][2d][(null)]: warning: The color set "label" has an unassigned child.
/Users/admin/builder/spi-builder-workspace/.dependencies/checkouts/SwiftUIColor/Sources/SwiftUIColor/Assets/Media.xcassets:./visionOS/secondarySystemBackground.colorset/[][][][][][][][2d][(null)]: warning: The color set "secondarySystemBackground" has an unassigned child.
/Users/admin/builder/spi-builder-workspace/.dependencies/checkouts/SwiftUIColor/Sources/SwiftUIColor/Assets/Media.xcassets:./visionOS/tertiarySystemFill.colorset/[][][][][][][][2d][(null)]: warning: The color set "tertiarySystemFill" has an unassigned child.
/Users/admin/builder/spi-builder-workspace/.dependencies/checkouts/SwiftUIColor/Sources/SwiftUIColor/Assets/Media.xcassets:./visionOS/systemGray4.colorset/[][][][][][][][2d][(null)]: warning: The color set "systemGray4" has an unassigned child.
/Users/admin/builder/spi-builder-workspace/.dependencies/checkouts/SwiftUIColor/Sources/SwiftUIColor/Assets/Media.xcassets:./visionOS/systemPink.colorset/[][][][][][][][2d][(null)]: warning: The color set "systemPink" has an unassigned child.
/* com.apple.actool.compilation-results */
/Users/admin/builder/spi-builder-workspace/.derivedData/Build/Intermediates.noindex/SwiftUIColor.build/Debug-appletvos/SwiftUIColor_SwiftUIColor-b.build/assetcatalog_generated_info.plist_thinned
/Users/admin/builder/spi-builder-workspace/.derivedData/Build/Intermediates.noindex/SwiftUIColor.build/Debug-appletvos/SwiftUIColor_SwiftUIColor-b.build/assetcatalog_output/thinned/Assets.car
CompileAssetCatalogVariant thinned /Users/admin/builder/spi-builder-workspace/.derivedData/Build/Products/Debug-appletvos/ReflectionView_ReflectionView.bundle /Users/admin/builder/spi-builder-workspace/Sources/ReflectionView/Assets/Media.xcassets (in target 'ReflectionView_ReflectionView' from project 'ReflectionView')
    cd /Users/admin/builder/spi-builder-workspace
    /Applications/Xcode-27.0.0-Release.Candidate.app/Contents/Developer/usr/bin/actool /Users/admin/builder/spi-builder-workspace/Sources/ReflectionView/Assets/Media.xcassets --compile /Users/admin/builder/spi-builder-workspace/.derivedData/Build/Intermediates.noindex/ReflectionView.build/Debug-appletvos/ReflectionView_ReflectionView-b.build/assetcatalog_output/thinned --output-format human-readable-text --notices --warnings --export-dependency-info /Users/admin/builder/spi-builder-workspace/.derivedData/Build/Intermediates.noindex/ReflectionView.build/Debug-appletvos/ReflectionView_ReflectionView-b.build/assetcatalog_dependencies_thinned --output-partial-info-plist /Users/admin/builder/spi-builder-workspace/.derivedData/Build/Intermediates.noindex/ReflectionView.build/Debug-appletvos/ReflectionView_ReflectionView-b.build/assetcatalog_generated_info.plist_thinned --compress-pngs --enable-on-demand-resources NO --development-region en --leaderboard-identifier-prefix ReflectionView_ReflectionView.game-center.leaderboard. --leaderboard-set-identifier-prefix ReflectionView_ReflectionView.game-center.leaderboard-set. --target-device tv --minimum-deployment-target 15.0 --platform appletvos
/* com.apple.actool.compilation-results */
/Users/admin/builder/spi-builder-workspace/.derivedData/Build/Intermediates.noindex/ReflectionView.build/Debug-appletvos/ReflectionView_ReflectionView-b.build/assetcatalog_generated_info.plist_thinned
/Users/admin/builder/spi-builder-workspace/.derivedData/Build/Intermediates.noindex/ReflectionView.build/Debug-appletvos/ReflectionView_ReflectionView-b.build/assetcatalog_output/thinned/Assets.car
SwiftDriver MagicMirror normal arm64 com.apple.xcode.tools.swift.compiler (in target 'MagicMirror' from project 'MagicMirror')
    cd /Users/admin/builder/spi-builder-workspace/.swiftpm/xcode
    builtin-SwiftDriver -- /Applications/Xcode-27.0.0-Release.Candidate.app/Contents/Developer/Toolchains/XcodeDefault.xctoolchain/usr/bin/swiftc -parse-as-library -module-name MagicMirror -Onone @/Users/admin/builder/spi-builder-workspace/.derivedData/Build/Intermediates.noindex/MagicMirror.build/Debug-appletvos/MagicMirror-t.build/Objects-normal/arm64/MagicMirror.SwiftFileList -DSWIFT_PACKAGE -DDEBUG -DSWIFT_MODULE_RESOURCE_BUNDLE_UNAVAILABLE -DXcode -plugin-path /Applications/Xcode-27.0.0-Release.Candidate.app/Contents/Developer/Toolchains/XcodeDefault.xctoolchain/usr/lib/swift/host/plugins/testing -enable-experimental-feature DebugDescriptionMacro -sdk /Applications/Xcode-27.0.0-Release.Candidate.app/Contents/Developer/Platforms/AppleTVOS.platform/Developer/SDKs/AppleTVOS27.0.sdk -target arm64-apple-tvos15.0 -g -module-cache-path /Users/admin/builder/spi-builder-workspace/.derivedData/ModuleCache.noindex -Xfrontend -serialize-debugging-options -profile-coverage-mapping -profile-generate -enable-testing -suppress-warnings -index-store-path /Users/admin/builder/spi-builder-workspace/.derivedData/Index.noindex/DataStore -Xcc -D_LIBCPP_HARDENING_MODE\=_LIBCPP_HARDENING_MODE_DEBUG -swift-version 5 -I /Users/admin/builder/spi-builder-workspace/.derivedData/Build/Products/Debug-appletvos -Isystem /Applications/Xcode-27.0.0-Release.Candidate.app/Contents/Developer/Platforms/AppleTVOS.platform/Developer/usr/lib -F /Users/admin/builder/spi-builder-workspace/.derivedData/Build/Products/Debug-appletvos -F /Applications/Xcode-27.0.0-Release.Candidate.app/Contents/Developer/Platforms/AppleTVOS.platform/Developer/Library/Frameworks -F /Applications/Xcode-27.0.0-Release.Candidate.app/Contents/Developer/Platforms/AppleTVOS.platform/Developer/SDKs/AppleTVOS27.0.sdk/Developer/Library/Frameworks -c -j10 -enable-batch-mode -incremental -Xcc -ivfsstatcache -Xcc /Users/admin/builder/spi-builder-workspace/.derivedData/SDKStatCaches.noindex/appletvos27.0-24J360-e829b21a6f8c9b70876ba0858053c044b32bfd8d43560033f8d89884cdb90028.sdkstatcache -output-file-map /Users/admin/builder/spi-builder-workspace/.derivedData/Build/Intermediates.noindex/MagicMirror.build/Debug-appletvos/MagicMirror-t.build/Objects-normal/arm64/MagicMirror-OutputFileMap.json -save-temps -no-color-diagnostics -explicit-module-build -module-cache-path /Users/admin/builder/spi-builder-workspace/.derivedData/Build/Intermediates.noindex/SwiftExplicitPrecompiledModules -clang-scanner-module-cache-path /Users/admin/builder/spi-builder-workspace/.derivedData/ModuleCache.noindex -sdk-module-cache-path /Users/admin/builder/spi-builder-workspace/.derivedData/SDKExplicitPrecompiledModules -emit-dependencies -emit-module -emit-module-path /Users/admin/builder/spi-builder-workspace/.derivedData/Build/Intermediates.noindex/MagicMirror.build/Debug-appletvos/MagicMirror-t.build/Objects-normal/arm64/MagicMirror.swiftmodule -serialize-diagnostics -dependency-scan-serialize-diagnostics-path /Users/admin/builder/spi-builder-workspace/.derivedData/Build/Intermediates.noindex/MagicMirror.build/Debug-appletvos/MagicMirror-t.build/Objects-normal/arm64/MagicMirror-dependency-scan.dia -validate-clang-modules-once -clang-build-session-file /Users/admin/builder/spi-builder-workspace/.derivedData/ModuleCache.noindex/Session.modulevalidation -Xcc -fmodules-prune-interval\=86400 -Xcc -fmodules-prune-after\=345600 -package-name swift_magic_mirror -emit-const-values -const-gather-protocols-list /Users/admin/builder/spi-builder-workspace/.derivedData/Build/Intermediates.noindex/MagicMirror.build/Debug-appletvos/MagicMirror-t.build/Objects-normal/arm64/MagicMirror_const_extract_protocols.json -Xcc -I/Users/admin/builder/spi-builder-workspace/.derivedData/Build/Products/Debug-appletvos/include -Xcc -I/Users/admin/builder/spi-builder-workspace/.derivedData/Build/Intermediates.noindex/MagicMirror.build/Debug-appletvos/MagicMirror-t.build/DerivedSources-normal/arm64 -Xcc -I/Users/admin/builder/spi-builder-workspace/.derivedData/Build/Intermediates.noindex/MagicMirror.build/Debug-appletvos/MagicMirror-t.build/DerivedSources/arm64 -Xcc -I/Users/admin/builder/spi-builder-workspace/.derivedData/Build/Intermediates.noindex/MagicMirror.build/Debug-appletvos/MagicMirror-t.build/DerivedSources -Xcc -DSWIFT_PACKAGE -Xcc -DDEBUG\=1 -emit-objc-header -emit-objc-header-path /Users/admin/builder/spi-builder-workspace/.derivedData/Build/Intermediates.noindex/MagicMirror.build/Debug-appletvos/MagicMirror-t.build/Objects-normal/arm64/MagicMirror-Swift.h -working-directory /Users/admin/builder/spi-builder-workspace/.swiftpm/xcode -experimental-emit-module-separately -disable-cmo
SwiftDriver SwiftUIColor normal arm64 com.apple.xcode.tools.swift.compiler (in target 'SwiftUIColor' from project 'SwiftUIColor')
    cd /Users/admin/builder/spi-builder-workspace/.swiftpm/xcode
    builtin-SwiftDriver -- /Applications/Xcode-27.0.0-Release.Candidate.app/Contents/Developer/Toolchains/XcodeDefault.xctoolchain/usr/bin/swiftc -parse-as-library -module-name SwiftUIColor -Onone @/Users/admin/builder/spi-builder-workspace/.derivedData/Build/Intermediates.noindex/SwiftUIColor.build/Debug-appletvos/SwiftUIColor-t.build/Objects-normal/arm64/SwiftUIColor.SwiftFileList -DSWIFT_PACKAGE -DDEBUG -DSWIFT_MODULE_RESOURCE_BUNDLE_AVAILABLE -DXcode -plugin-path /Applications/Xcode-27.0.0-Release.Candidate.app/Contents/Developer/Toolchains/XcodeDefault.xctoolchain/usr/lib/swift/host/plugins/testing -enable-experimental-feature DebugDescriptionMacro -sdk /Applications/Xcode-27.0.0-Release.Candidate.app/Contents/Developer/Platforms/AppleTVOS.platform/Developer/SDKs/AppleTVOS27.0.sdk -target arm64-apple-tvos15.0 -g -module-cache-path /Users/admin/builder/spi-builder-workspace/.derivedData/ModuleCache.noindex -Xfrontend -serialize-debugging-options -profile-coverage-mapping -profile-generate -enable-testing -suppress-warnings -index-store-path /Users/admin/builder/spi-builder-workspace/.derivedData/Index.noindex/DataStore -Xcc -D_LIBCPP_HARDENING_MODE\=_LIBCPP_HARDENING_MODE_DEBUG -swift-version 5 -I /Users/admin/builder/spi-builder-workspace/.derivedData/Build/Products/Debug-appletvos -Isystem /Applications/Xcode-27.0.0-Release.Candidate.app/Contents/Developer/Platforms/AppleTVOS.platform/Developer/usr/lib -F /Users/admin/builder/spi-builder-workspace/.derivedData/Build/Products/Debug-appletvos -F /Applications/Xcode-27.0.0-Release.Candidate.app/Contents/Developer/Platforms/AppleTVOS.platform/Developer/Library/Frameworks -F /Applications/Xcode-27.0.0-Release.Candidate.app/Contents/Developer/Platforms/AppleTVOS.platform/Developer/SDKs/AppleTVOS27.0.sdk/Developer/Library/Frameworks -c -j10 -enable-batch-mode -incremental -Xcc -ivfsstatcache -Xcc /Users/admin/builder/spi-builder-workspace/.derivedData/SDKStatCaches.noindex/appletvos27.0-24J360-e829b21a6f8c9b70876ba0858053c044b32bfd8d43560033f8d89884cdb90028.sdkstatcache -output-file-map /Users/admin/builder/spi-builder-workspace/.derivedData/Build/Intermediates.noindex/SwiftUIColor.build/Debug-appletvos/SwiftUIColor-t.build/Objects-normal/arm64/SwiftUIColor-OutputFileMap.json -save-temps -no-color-diagnostics -explicit-module-build -module-cache-path /Users/admin/builder/spi-builder-workspace/.derivedData/Build/Intermediates.noindex/SwiftExplicitPrecompiledModules -clang-scanner-module-cache-path /Users/admin/builder/spi-builder-workspace/.derivedData/ModuleCache.noindex -sdk-module-cache-path /Users/admin/builder/spi-builder-workspace/.derivedData/SDKExplicitPrecompiledModules -emit-dependencies -emit-module -emit-module-path /Users/admin/builder/spi-builder-workspace/.derivedData/Build/Intermediates.noindex/SwiftUIColor.build/Debug-appletvos/SwiftUIColor-t.build/Objects-normal/arm64/SwiftUIColor.swiftmodule -serialize-diagnostics -dependency-scan-serialize-diagnostics-path /Users/admin/builder/spi-builder-workspace/.derivedData/Build/Intermediates.noindex/SwiftUIColor.build/Debug-appletvos/SwiftUIColor-t.build/Objects-normal/arm64/SwiftUIColor-dependency-scan.dia -validate-clang-modules-once -clang-build-session-file /Users/admin/builder/spi-builder-workspace/.derivedData/ModuleCache.noindex/Session.modulevalidation -Xcc -fmodules-prune-interval\=86400 -Xcc -fmodules-prune-after\=345600 -emit-const-values -const-gather-protocols-list /Users/admin/builder/spi-builder-workspace/.derivedData/Build/Intermediates.noindex/SwiftUIColor.build/Debug-appletvos/SwiftUIColor-t.build/Objects-normal/arm64/SwiftUIColor_const_extract_protocols.json -Xcc -I/Users/admin/builder/spi-builder-workspace/.derivedData/Build/Products/Debug-appletvos/include -Xcc -I/Users/admin/builder/spi-builder-workspace/.derivedData/Build/Intermediates.noindex/SwiftUIColor.build/Debug-appletvos/SwiftUIColor-t.build/DerivedSources-normal/arm64 -Xcc -I/Users/admin/builder/spi-builder-workspace/.derivedData/Build/Intermediates.noindex/SwiftUIColor.build/Debug-appletvos/SwiftUIColor-t.build/DerivedSources/arm64 -Xcc -I/Users/admin/builder/spi-builder-workspace/.derivedData/Build/Intermediates.noindex/SwiftUIColor.build/Debug-appletvos/SwiftUIColor-t.build/DerivedSources -Xcc -DSWIFT_PACKAGE -Xcc -DDEBUG\=1 -emit-objc-header -emit-objc-header-path /Users/admin/builder/spi-builder-workspace/.derivedData/Build/Intermediates.noindex/SwiftUIColor.build/Debug-appletvos/SwiftUIColor-t.build/Objects-normal/arm64/SwiftUIColor-Swift.h -working-directory /Users/admin/builder/spi-builder-workspace/.swiftpm/xcode -experimental-emit-module-separately -disable-cmo
SwiftExplicitDependencyGeneratePcm arm64 /Users/admin/builder/spi-builder-workspace/.derivedData/SDKExplicitPrecompiledModules/SwiftShims-8N4EXJ4RUJTR8K9OO3CMOH1EP.pcm
SwiftExplicitDependencyGeneratePcm arm64 /Users/admin/builder/spi-builder-workspace/.derivedData/SDKExplicitPrecompiledModules/ptrcheck-2AZ6B5IBYD3RRRTFWN2ONASY3.pcm
SwiftExplicitDependencyGeneratePcm arm64 /Users/admin/builder/spi-builder-workspace/.derivedData/SDKExplicitPrecompiledModules/_Builtin_stddef-9ZJZ6FDEZNKTZU8YLPMFT9RAQ.pcm
SwiftExplicitDependencyGeneratePcm arm64 /Users/admin/builder/spi-builder-workspace/.derivedData/SDKExplicitPrecompiledModules/_Builtin_stdarg-BO2OCAUYVAXDRVQWQ8ISKGNUQ.pcm
SwiftExplicitDependencyGeneratePcm arm64 /Users/admin/builder/spi-builder-workspace/.derivedData/SDKExplicitPrecompiledModules/ptrauth-8X2KEPL7CTRPS40TUB9APHPK6.pcm
SwiftExplicitDependencyGeneratePcm arm64 /Users/admin/builder/spi-builder-workspace/.derivedData/SDKExplicitPrecompiledModules/_SwiftConcurrencyShims-BY5PD8KF1L5KF6F4Q69HE3TJ4.pcm
SwiftExplicitDependencyGeneratePcm arm64 /Users/admin/builder/spi-builder-workspace/.derivedData/SDKExplicitPrecompiledModules/_Builtin_float-8ZJAYZ85YBOAOP52Y9H6IUNP3.pcm
SwiftExplicitDependencyGeneratePcm arm64 /Users/admin/builder/spi-builder-workspace/.derivedData/SDKExplicitPrecompiledModules/_Builtin_stdbool-AHRDH5EKLY6D04C5E42F3VCQI.pcm
SwiftExplicitDependencyGeneratePcm arm64 /Users/admin/builder/spi-builder-workspace/.derivedData/SDKExplicitPrecompiledModules/_AvailabilityInternal-BV2EDDP0MI5QJDDPEEV4D9D3V.pcm
SwiftExplicitDependencyGeneratePcm arm64 /Users/admin/builder/spi-builder-workspace/.derivedData/SDKExplicitPrecompiledModules/_DarwinFoundation1-JOTYMOA1YZCIJ2NON6FQ848O.pcm
SwiftExplicitDependencyGeneratePcm arm64 /Users/admin/builder/spi-builder-workspace/.derivedData/SDKExplicitPrecompiledModules/_DarwinFoundation2-AOGAN1O02NKXRJN5V73AV3V3M.pcm
SwiftExplicitDependencyGeneratePcm arm64 /Users/admin/builder/spi-builder-workspace/.derivedData/SDKExplicitPrecompiledModules/_Builtin_limits-7JU2HP127LIT1X9E2V3D8WZ1.pcm
SwiftExplicitDependencyGeneratePcm arm64 /Users/admin/builder/spi-builder-workspace/.derivedData/SDKExplicitPrecompiledModules/string_h-6EVHP7A717OUS5DMC78F79HWO.pcm
SwiftExplicitDependencyGeneratePcm arm64 /Users/admin/builder/spi-builder-workspace/.derivedData/SDKExplicitPrecompiledModules/sys_types-8GCAV1YMG5UUGHUID3CA20TCH.pcm
SwiftExplicitDependencyGeneratePcm arm64 /Users/admin/builder/spi-builder-workspace/.derivedData/SDKExplicitPrecompiledModules/_Builtin_stdint-6NFTB6IBKS143IVPGT1EKB7HO.pcm
SwiftExplicitDependencyGeneratePcm arm64 /Users/admin/builder/spi-builder-workspace/.derivedData/SDKExplicitPrecompiledModules/DeveloperToolsSupport-B1X8RI63V48AJRTH2RK6JAARV.pcm
SwiftExplicitDependencyGeneratePcm arm64 /Users/admin/builder/spi-builder-workspace/.derivedData/SDKExplicitPrecompiledModules/_Builtin_tgmath-7ULT1EUHDHW4OZPSTT33H6QGE.pcm
SwiftExplicitDependencyGeneratePcm arm64 /Users/admin/builder/spi-builder-workspace/.derivedData/SDKExplicitPrecompiledModules/_Builtin_intrinsics-437O2R2NID4WAQVENR63GR82C.pcm
SwiftExplicitDependencyGeneratePcm arm64 /Users/admin/builder/spi-builder-workspace/.derivedData/SDKExplicitPrecompiledModules/_DarwinFoundation3-8SR3855WDFHQPR6G9GHOI2C07.pcm
SwiftExplicitDependencyGeneratePcm arm64 /Users/admin/builder/spi-builder-workspace/.derivedData/SDKExplicitPrecompiledModules/_Builtin_stdatomic-3YXHN678NGYM3NL9POJ2HVEIF.pcm
LinkAssetCatalog /Users/admin/builder/spi-builder-workspace/Sources/ReflectionView/Assets/Media.xcassets (in target 'ReflectionView_ReflectionView' from project 'ReflectionView')
    cd /Users/admin/builder/spi-builder-workspace
    builtin-linkAssetCatalog --thinned /Users/admin/builder/spi-builder-workspace/.derivedData/Build/Intermediates.noindex/ReflectionView.build/Debug-appletvos/ReflectionView_ReflectionView-b.build/assetcatalog_output/thinned --thinned-dependencies /Users/admin/builder/spi-builder-workspace/.derivedData/Build/Intermediates.noindex/ReflectionView.build/Debug-appletvos/ReflectionView_ReflectionView-b.build/assetcatalog_dependencies_thinned --thinned-info-plist-content /Users/admin/builder/spi-builder-workspace/.derivedData/Build/Intermediates.noindex/ReflectionView.build/Debug-appletvos/ReflectionView_ReflectionView-b.build/assetcatalog_generated_info.plist_thinned --unthinned /Users/admin/builder/spi-builder-workspace/.derivedData/Build/Intermediates.noindex/ReflectionView.build/Debug-appletvos/ReflectionView_ReflectionView-b.build/assetcatalog_output/unthinned --unthinned-dependencies /Users/admin/builder/spi-builder-workspace/.derivedData/Build/Intermediates.noindex/ReflectionView.build/Debug-appletvos/ReflectionView_ReflectionView-b.build/assetcatalog_dependencies_unthinned --unthinned-info-plist-content /Users/admin/builder/spi-builder-workspace/.derivedData/Build/Intermediates.noindex/ReflectionView.build/Debug-appletvos/ReflectionView_ReflectionView-b.build/assetcatalog_generated_info.plist_unthinned --output /Users/admin/builder/spi-builder-workspace/.derivedData/Build/Products/Debug-appletvos/ReflectionView_ReflectionView.bundle --plist-output /Users/admin/builder/spi-builder-workspace/.derivedData/Build/Intermediates.noindex/ReflectionView.build/Debug-appletvos/ReflectionView_ReflectionView-b.build/assetcatalog_generated_info.plist
note: Emplaced /Users/admin/builder/spi-builder-workspace/.derivedData/Build/Products/Debug-appletvos/ReflectionView_ReflectionView.bundle/Assets.car (in target 'ReflectionView_ReflectionView' from project 'ReflectionView')
ProcessInfoPlistFile /Users/admin/builder/spi-builder-workspace/.derivedData/Build/Products/Debug-appletvos/ReflectionView_ReflectionView.bundle/Info.plist /Users/admin/builder/spi-builder-workspace/.derivedData/Build/Intermediates.noindex/ReflectionView.build/Debug-appletvos/ReflectionView_ReflectionView-b.build/empty-ReflectionView_ReflectionView.plist (in target 'ReflectionView_ReflectionView' from project 'ReflectionView')
    cd /Users/admin/builder/spi-builder-workspace
    builtin-infoPlistUtility /Users/admin/builder/spi-builder-workspace/.derivedData/Build/Intermediates.noindex/ReflectionView.build/Debug-appletvos/ReflectionView_ReflectionView-b.build/empty-ReflectionView_ReflectionView.plist -producttype com.apple.product-type.bundle -expandbuildsettings -format binary -platform appletvos -additionalcontentfile /Users/admin/builder/spi-builder-workspace/.derivedData/Build/Intermediates.noindex/ReflectionView.build/Debug-appletvos/ReflectionView_ReflectionView-b.build/assetcatalog_generated_info.plist -o /Users/admin/builder/spi-builder-workspace/.derivedData/Build/Products/Debug-appletvos/ReflectionView_ReflectionView.bundle/Info.plist
RegisterExecutionPolicyException /Users/admin/builder/spi-builder-workspace/.derivedData/Build/Products/Debug-appletvos/ReflectionView_ReflectionView.bundle (in target 'ReflectionView_ReflectionView' from project 'ReflectionView')
    cd /Users/admin/builder/spi-builder-workspace
    builtin-RegisterExecutionPolicyException /Users/admin/builder/spi-builder-workspace/.derivedData/Build/Products/Debug-appletvos/ReflectionView_ReflectionView.bundle
Touch /Users/admin/builder/spi-builder-workspace/.derivedData/Build/Products/Debug-appletvos/ReflectionView_ReflectionView.bundle (in target 'ReflectionView_ReflectionView' from project 'ReflectionView')
    cd /Users/admin/builder/spi-builder-workspace
    /usr/bin/touch -c /Users/admin/builder/spi-builder-workspace/.derivedData/Build/Products/Debug-appletvos/ReflectionView_ReflectionView.bundle
SwiftExplicitDependencyGeneratePcm arm64 /Users/admin/builder/spi-builder-workspace/.derivedData/SDKExplicitPrecompiledModules/_Builtin_inttypes-6X1IQ3QK9KEVKXOK9Y79EW7J3.pcm
SwiftExplicitDependencyGeneratePcm arm64 /Users/admin/builder/spi-builder-workspace/.derivedData/SDKExplicitPrecompiledModules/Darwin-DBSQAVBBPC3D2OMU5ZI2RXMST.pcm
LinkAssetCatalog /Users/admin/builder/spi-builder-workspace/.dependencies/checkouts/SwiftUIColor/Sources/SwiftUIColor/Assets/Media.xcassets (in target 'SwiftUIColor_SwiftUIColor' from project 'SwiftUIColor')
    cd /Users/admin/builder/spi-builder-workspace/.dependencies/checkouts/SwiftUIColor
    builtin-linkAssetCatalog --thinned /Users/admin/builder/spi-builder-workspace/.derivedData/Build/Intermediates.noindex/SwiftUIColor.build/Debug-appletvos/SwiftUIColor_SwiftUIColor-b.build/assetcatalog_output/thinned --thinned-dependencies /Users/admin/builder/spi-builder-workspace/.derivedData/Build/Intermediates.noindex/SwiftUIColor.build/Debug-appletvos/SwiftUIColor_SwiftUIColor-b.build/assetcatalog_dependencies_thinned --thinned-info-plist-content /Users/admin/builder/spi-builder-workspace/.derivedData/Build/Intermediates.noindex/SwiftUIColor.build/Debug-appletvos/SwiftUIColor_SwiftUIColor-b.build/assetcatalog_generated_info.plist_thinned --unthinned /Users/admin/builder/spi-builder-workspace/.derivedData/Build/Intermediates.noindex/SwiftUIColor.build/Debug-appletvos/SwiftUIColor_SwiftUIColor-b.build/assetcatalog_output/unthinned --unthinned-dependencies /Users/admin/builder/spi-builder-workspace/.derivedData/Build/Intermediates.noindex/SwiftUIColor.build/Debug-appletvos/SwiftUIColor_SwiftUIColor-b.build/assetcatalog_dependencies_unthinned --unthinned-info-plist-content /Users/admin/builder/spi-builder-workspace/.derivedData/Build/Intermediates.noindex/SwiftUIColor.build/Debug-appletvos/SwiftUIColor_SwiftUIColor-b.build/assetcatalog_generated_info.plist_unthinned --output /Users/admin/builder/spi-builder-workspace/.derivedData/Build/Products/Debug-appletvos/SwiftUIColor_SwiftUIColor.bundle --plist-output /Users/admin/builder/spi-builder-workspace/.derivedData/Build/Intermediates.noindex/SwiftUIColor.build/Debug-appletvos/SwiftUIColor_SwiftUIColor-b.build/assetcatalog_generated_info.plist
note: Emplaced /Users/admin/builder/spi-builder-workspace/.derivedData/Build/Products/Debug-appletvos/SwiftUIColor_SwiftUIColor.bundle/Assets.car (in target 'SwiftUIColor_SwiftUIColor' from project 'SwiftUIColor')
ProcessInfoPlistFile /Users/admin/builder/spi-builder-workspace/.derivedData/Build/Products/Debug-appletvos/SwiftUIColor_SwiftUIColor.bundle/Info.plist /Users/admin/builder/spi-builder-workspace/.derivedData/Build/Intermediates.noindex/SwiftUIColor.build/Debug-appletvos/SwiftUIColor_SwiftUIColor-b.build/empty-SwiftUIColor_SwiftUIColor.plist (in target 'SwiftUIColor_SwiftUIColor' from project 'SwiftUIColor')
    cd /Users/admin/builder/spi-builder-workspace/.dependencies/checkouts/SwiftUIColor
    builtin-infoPlistUtility /Users/admin/builder/spi-builder-workspace/.derivedData/Build/Intermediates.noindex/SwiftUIColor.build/Debug-appletvos/SwiftUIColor_SwiftUIColor-b.build/empty-SwiftUIColor_SwiftUIColor.plist -producttype com.apple.product-type.bundle -expandbuildsettings -format binary -platform appletvos -additionalcontentfile /Users/admin/builder/spi-builder-workspace/.derivedData/Build/Intermediates.noindex/SwiftUIColor.build/Debug-appletvos/SwiftUIColor_SwiftUIColor-b.build/assetcatalog_generated_info.plist -o /Users/admin/builder/spi-builder-workspace/.derivedData/Build/Products/Debug-appletvos/SwiftUIColor_SwiftUIColor.bundle/Info.plist
RegisterExecutionPolicyException /Users/admin/builder/spi-builder-workspace/.derivedData/Build/Products/Debug-appletvos/SwiftUIColor_SwiftUIColor.bundle (in target 'SwiftUIColor_SwiftUIColor' from project 'SwiftUIColor')
    cd /Users/admin/builder/spi-builder-workspace/.dependencies/checkouts/SwiftUIColor
    builtin-RegisterExecutionPolicyException /Users/admin/builder/spi-builder-workspace/.derivedData/Build/Products/Debug-appletvos/SwiftUIColor_SwiftUIColor.bundle
Touch /Users/admin/builder/spi-builder-workspace/.derivedData/Build/Products/Debug-appletvos/SwiftUIColor_SwiftUIColor.bundle (in target 'SwiftUIColor_SwiftUIColor' from project 'SwiftUIColor')
    cd /Users/admin/builder/spi-builder-workspace/.dependencies/checkouts/SwiftUIColor
    /usr/bin/touch -c /Users/admin/builder/spi-builder-workspace/.derivedData/Build/Products/Debug-appletvos/SwiftUIColor_SwiftUIColor.bundle
SwiftExplicitDependencyGeneratePcm arm64 /Users/admin/builder/spi-builder-workspace/.derivedData/SDKExplicitPrecompiledModules/simd-117QUXEUT3Z7UQCUYWV2UA228.pcm
SwiftExplicitDependencyGeneratePcm arm64 /Users/admin/builder/spi-builder-workspace/.derivedData/SDKExplicitPrecompiledModules/MachO-EH3F5PJCIZG05NO51CEFSZYPW.pcm
SwiftExplicitDependencyGeneratePcm arm64 /Users/admin/builder/spi-builder-workspace/.derivedData/SDKExplicitPrecompiledModules/ObjectiveC-5250FDCE56N8508OR6XUYDKZM.pcm
SwiftExplicitDependencyGeneratePcm arm64 /Users/admin/builder/spi-builder-workspace/.derivedData/SDKExplicitPrecompiledModules/os_object-E2DGZ0SX0TULQHULZRPO6OKNW.pcm
SwiftExplicitDependencyGeneratePcm arm64 /Users/admin/builder/spi-builder-workspace/.derivedData/SDKExplicitPrecompiledModules/os_workgroup-DBUFF7811DKMX7VPBOJPGGF1U.pcm
SwiftExplicitDependencyGeneratePcm arm64 /Users/admin/builder/spi-builder-workspace/.derivedData/SDKExplicitPrecompiledModules/Dispatch-1QL58A0V50C39KVAIC6C38SHL.pcm
SwiftExplicitDependencyGeneratePcm arm64 /Users/admin/builder/spi-builder-workspace/.derivedData/SDKExplicitPrecompiledModules/Spatial-7U8NLEFXSB8BR7PJQGVMF5A4Q.pcm
SwiftExplicitDependencyGeneratePcm arm64 /Users/admin/builder/spi-builder-workspace/.derivedData/SDKExplicitPrecompiledModules/CoreFoundation-7TPJ7ENDC4L1A1ESHYI9TXS0D.pcm
SwiftExplicitDependencyGeneratePcm arm64 /Users/admin/builder/spi-builder-workspace/.derivedData/SDKExplicitPrecompiledModules/XPC-6O2DJFT3QUJ7QKTD3SNUB6PCR.pcm
SwiftExplicitDependencyGeneratePcm arm64 /Users/admin/builder/spi-builder-workspace/.derivedData/SDKExplicitPrecompiledModules/os-3GJI8H0BNAEZPQPQ1V0VVY3FY.pcm
SwiftExplicitDependencyGeneratePcm arm64 /Users/admin/builder/spi-builder-workspace/.derivedData/SDKExplicitPrecompiledModules/CoreGraphics-CWSP3J98S2658BYCVL6RP99T3.pcm
SwiftExplicitDependencyGeneratePcm arm64 /Users/admin/builder/spi-builder-workspace/.derivedData/SDKExplicitPrecompiledModules/CFNetwork-2CUR2VK9S3S3WPFXPNXNUWYGN.pcm
SwiftExplicitDependencyGeneratePcm arm64 /Users/admin/builder/spi-builder-workspace/.derivedData/SDKExplicitPrecompiledModules/CoreAudioTypes-E7EH96HAL3G83QSWLT7VWYIP4.pcm
SwiftExplicitDependencyGeneratePcm arm64 /Users/admin/builder/spi-builder-workspace/.derivedData/SDKExplicitPrecompiledModules/Security-8VMXEKVDA3MHUH9AOTP905DID.pcm
SwiftExplicitDependencyGeneratePcm arm64 /Users/admin/builder/spi-builder-workspace/.derivedData/SDKExplicitPrecompiledModules/CoreAudio-6IR1XRM0Q9YQZMFW89F3H4V3X.pcm
SwiftExplicitDependencyGeneratePcm arm64 /Users/admin/builder/spi-builder-workspace/.derivedData/SDKExplicitPrecompiledModules/Foundation-BSSIP64DIGUKMAYJOG1WPQ78X.pcm
SwiftExplicitDependencyGeneratePcm arm64 /Users/admin/builder/spi-builder-workspace/.derivedData/SDKExplicitPrecompiledModules/ImageIO-88D4CLEBD4CLWQKT78PZ6H1O8.pcm
SwiftExplicitDependencyGeneratePcm arm64 /Users/admin/builder/spi-builder-workspace/.derivedData/SDKExplicitPrecompiledModules/CoreText-59NY7PABM0I4V978161FOC04A.pcm
SwiftExplicitDependencyGeneratePcm arm64 /Users/admin/builder/spi-builder-workspace/.derivedData/SDKExplicitPrecompiledModules/UIUtilities-6ZFJ1AK4H8IBGEBMYQBWGBYLK.pcm
SwiftExplicitDependencyGeneratePcm arm64 /Users/admin/builder/spi-builder-workspace/.derivedData/SDKExplicitPrecompiledModules/CoreTransferable-7V4O8DATEQ9F7SDNTCW8YWLG3.pcm
SwiftExplicitDependencyGeneratePcm arm64 /Users/admin/builder/spi-builder-workspace/.derivedData/SDKExplicitPrecompiledModules/UserNotifications-E9ZW5TH066WIJWH9080RC5NG4.pcm
SwiftExplicitDependencyGeneratePcm arm64 /Users/admin/builder/spi-builder-workspace/.derivedData/SDKExplicitPrecompiledModules/Symbols-B5AU9VM9Y7NU79RLMH13Z4IFM.pcm
SwiftExplicitDependencyGeneratePcm arm64 /Users/admin/builder/spi-builder-workspace/.derivedData/SDKExplicitPrecompiledModules/CoreData-DYMPHH3PH8AX9I1FHA4VFJ675.pcm
SwiftEmitModule normal arm64 Emitting\ module\ for\ MagicMirror (in target 'MagicMirror' from project 'MagicMirror')
SwiftCompile normal arm64 (in target 'MagicMirror' from project 'MagicMirror')
    cd /Users/admin/builder/spi-builder-workspace/.swiftpm/xcode

SwiftExplicitDependencyGeneratePcm arm64 /Users/admin/builder/spi-builder-workspace/.derivedData/SDKExplicitPrecompiledModules/_LocationEssentials-ETSJ65FELPWR8WH8G49R1DF2E.pcm
SwiftExplicitDependencyGeneratePcm arm64 /Users/admin/builder/spi-builder-workspace/.derivedData/SDKExplicitPrecompiledModules/DataDetection-37JIYZ2GWDA1L166PP1D9JKAF.pcm
SwiftExplicitDependencyGeneratePcm arm64 /Users/admin/builder/spi-builder-workspace/.derivedData/SDKExplicitPrecompiledModules/IOSurface-38FJ1CKX9FV2RD97O64Z7QB17.pcm
SwiftExplicitDependencyGeneratePcm arm64 /Users/admin/builder/spi-builder-workspace/.derivedData/SDKExplicitPrecompiledModules/Accessibility-B6BODGZ4MQQTY0PBC4SHRP009.pcm
SwiftExplicitDependencyGeneratePcm arm64 /Users/admin/builder/spi-builder-workspace/.derivedData/SDKExplicitPrecompiledModules/OSLog-7OT6HHTMY0ZFEQJ095LJZ6NLC.pcm
SwiftExplicitDependencyGeneratePcm arm64 /Users/admin/builder/spi-builder-workspace/.derivedData/SDKExplicitPrecompiledModules/UniformTypeIdentifiers-95CC8U42ZA9STP5K6GP9ZVJS5.pcm
SwiftCompile normal arm64 Compiling\ typealias.swift /Users/admin/builder/spi-builder-workspace/.dependencies/checkouts/swift-magic-mirror/Sources/MagicMirror/typealias.swift (in target 'MagicMirror' from project 'MagicMirror')
SwiftCompile normal arm64 /Users/admin/builder/spi-builder-workspace/.dependencies/checkouts/swift-magic-mirror/Sources/MagicMirror/typealias.swift (in target 'MagicMirror' from project 'MagicMirror')
    cd /Users/admin/builder/spi-builder-workspace/.swiftpm/xcode
    builtin-SwiftPerFileCompile typealias.swift
SwiftExplicitDependencyGeneratePcm arm64 /Users/admin/builder/spi-builder-workspace/.derivedData/SDKExplicitPrecompiledModules/CoreLocation-YVXXAOMVX0JH2KO1XTTKTY51.pcm
SwiftCompile normal arm64 Compiling\ MagicMirror.swift /Users/admin/builder/spi-builder-workspace/.dependencies/checkouts/swift-magic-mirror/Sources/MagicMirror/MagicMirror.swift (in target 'MagicMirror' from project 'MagicMirror')
SwiftCompile normal arm64 /Users/admin/builder/spi-builder-workspace/.dependencies/checkouts/swift-magic-mirror/Sources/MagicMirror/MagicMirror.swift (in target 'MagicMirror' from project 'MagicMirror')
    cd /Users/admin/builder/spi-builder-workspace/.swiftpm/xcode
    builtin-SwiftPerFileCompile MagicMirror.swift
SwiftCompile normal arm64 Compiling\ Misc.swift /Users/admin/builder/spi-builder-workspace/.dependencies/checkouts/swift-magic-mirror/Sources/MagicMirror/Misc.swift (in target 'MagicMirror' from project 'MagicMirror')
SwiftCompile normal arm64 /Users/admin/builder/spi-builder-workspace/.dependencies/checkouts/swift-magic-mirror/Sources/MagicMirror/Misc.swift (in target 'MagicMirror' from project 'MagicMirror')
    cd /Users/admin/builder/spi-builder-workspace/.swiftpm/xcode
    builtin-SwiftPerFileCompile Misc.swift
SwiftExplicitDependencyGeneratePcm arm64 /Users/admin/builder/spi-builder-workspace/.derivedData/SDKExplicitPrecompiledModules/OpenGLES-4NY99CNDU9WUNUYEIXSS1QFGE.pcm
SwiftExplicitDependencyGeneratePcm arm64 /Users/admin/builder/spi-builder-workspace/.derivedData/SDKExplicitPrecompiledModules/Metal-2KYBS7IML1SD788M91YV7Q0CC.pcm
SwiftDriverJobDiscovery normal arm64 Emitting module for MagicMirror (in target 'MagicMirror' from project 'MagicMirror')
SwiftDriver\ Compilation\ Requirements MagicMirror normal arm64 com.apple.xcode.tools.swift.compiler (in target 'MagicMirror' from project 'MagicMirror')
    cd /Users/admin/builder/spi-builder-workspace/.swiftpm/xcode
    builtin-Swift-Compilation-Requirements -- /Applications/Xcode-27.0.0-Release.Candidate.app/Contents/Developer/Toolchains/XcodeDefault.xctoolchain/usr/bin/swiftc -parse-as-library -module-name MagicMirror -Onone @/Users/admin/builder/spi-builder-workspace/.derivedData/Build/Intermediates.noindex/MagicMirror.build/Debug-appletvos/MagicMirror-t.build/Objects-normal/arm64/MagicMirror.SwiftFileList -DSWIFT_PACKAGE -DDEBUG -DSWIFT_MODULE_RESOURCE_BUNDLE_UNAVAILABLE -DXcode -plugin-path /Applications/Xcode-27.0.0-Release.Candidate.app/Contents/Developer/Toolchains/XcodeDefault.xctoolchain/usr/lib/swift/host/plugins/testing -enable-experimental-feature DebugDescriptionMacro -sdk /Applications/Xcode-27.0.0-Release.Candidate.app/Contents/Developer/Platforms/AppleTVOS.platform/Developer/SDKs/AppleTVOS27.0.sdk -target arm64-apple-tvos15.0 -g -module-cache-path /Users/admin/builder/spi-builder-workspace/.derivedData/ModuleCache.noindex -Xfrontend -serialize-debugging-options -profile-coverage-mapping -profile-generate -enable-testing -suppress-warnings -index-store-path /Users/admin/builder/spi-builder-workspace/.derivedData/Index.noindex/DataStore -Xcc -D_LIBCPP_HARDENING_MODE\=_LIBCPP_HARDENING_MODE_DEBUG -swift-version 5 -I /Users/admin/builder/spi-builder-workspace/.derivedData/Build/Products/Debug-appletvos -Isystem /Applications/Xcode-27.0.0-Release.Candidate.app/Contents/Developer/Platforms/AppleTVOS.platform/Developer/usr/lib -F /Users/admin/builder/spi-builder-workspace/.derivedData/Build/Products/Debug-appletvos -F /Applications/Xcode-27.0.0-Release.Candidate.app/Contents/Developer/Platforms/AppleTVOS.platform/Developer/Library/Frameworks -F /Applications/Xcode-27.0.0-Release.Candidate.app/Contents/Developer/Platforms/AppleTVOS.platform/Developer/SDKs/AppleTVOS27.0.sdk/Developer/Library/Frameworks -c -j10 -enable-batch-mode -incremental -Xcc -ivfsstatcache -Xcc /Users/admin/builder/spi-builder-workspace/.derivedData/SDKStatCaches.noindex/appletvos27.0-24J360-e829b21a6f8c9b70876ba0858053c044b32bfd8d43560033f8d89884cdb90028.sdkstatcache -output-file-map /Users/admin/builder/spi-builder-workspace/.derivedData/Build/Intermediates.noindex/MagicMirror.build/Debug-appletvos/MagicMirror-t.build/Objects-normal/arm64/MagicMirror-OutputFileMap.json -save-temps -no-color-diagnostics -explicit-module-build -module-cache-path /Users/admin/builder/spi-builder-workspace/.derivedData/Build/Intermediates.noindex/SwiftExplicitPrecompiledModules -clang-scanner-module-cache-path /Users/admin/builder/spi-builder-workspace/.derivedData/ModuleCache.noindex -sdk-module-cache-path /Users/admin/builder/spi-builder-workspace/.derivedData/SDKExplicitPrecompiledModules -emit-dependencies -emit-module -emit-module-path /Users/admin/builder/spi-builder-workspace/.derivedData/Build/Intermediates.noindex/MagicMirror.build/Debug-appletvos/MagicMirror-t.build/Objects-normal/arm64/MagicMirror.swiftmodule -serialize-diagnostics -dependency-scan-serialize-diagnostics-path /Users/admin/builder/spi-builder-workspace/.derivedData/Build/Intermediates.noindex/MagicMirror.build/Debug-appletvos/MagicMirror-t.build/Objects-normal/arm64/MagicMirror-dependency-scan.dia -validate-clang-modules-once -clang-build-session-file /Users/admin/builder/spi-builder-workspace/.derivedData/ModuleCache.noindex/Session.modulevalidation -Xcc -fmodules-prune-interval\=86400 -Xcc -fmodules-prune-after\=345600 -package-name swift_magic_mirror -emit-const-values -const-gather-protocols-list /Users/admin/builder/spi-builder-workspace/.derivedData/Build/Intermediates.noindex/MagicMirror.build/Debug-appletvos/MagicMirror-t.build/Objects-normal/arm64/MagicMirror_const_extract_protocols.json -Xcc -I/Users/admin/builder/spi-builder-workspace/.derivedData/Build/Products/Debug-appletvos/include -Xcc -I/Users/admin/builder/spi-builder-workspace/.derivedData/Build/Intermediates.noindex/MagicMirror.build/Debug-appletvos/MagicMirror-t.build/DerivedSources-normal/arm64 -Xcc -I/Users/admin/builder/spi-builder-workspace/.derivedData/Build/Intermediates.noindex/MagicMirror.build/Debug-appletvos/MagicMirror-t.build/DerivedSources/arm64 -Xcc -I/Users/admin/builder/spi-builder-workspace/.derivedData/Build/Intermediates.noindex/MagicMirror.build/Debug-appletvos/MagicMirror-t.build/DerivedSources -Xcc -DSWIFT_PACKAGE -Xcc -DDEBUG\=1 -emit-objc-header -emit-objc-header-path /Users/admin/builder/spi-builder-workspace/.derivedData/Build/Intermediates.noindex/MagicMirror.build/Debug-appletvos/MagicMirror-t.build/Objects-normal/arm64/MagicMirror-Swift.h -working-directory /Users/admin/builder/spi-builder-workspace/.swiftpm/xcode -experimental-emit-module-separately -disable-cmo
SwiftMergeGeneratedHeaders /Users/admin/builder/spi-builder-workspace/.derivedData/Build/Intermediates.noindex/GeneratedModuleMaps-appletvos/MagicMirror-Swift.h /Users/admin/builder/spi-builder-workspace/.derivedData/Build/Intermediates.noindex/MagicMirror.build/Debug-appletvos/MagicMirror-t.build/Objects-normal/arm64/MagicMirror-Swift.h (in target 'MagicMirror' from project 'MagicMirror')
    cd /Users/admin/builder/spi-builder-workspace/.dependencies/checkouts/swift-magic-mirror
    builtin-swiftHeaderTool -arch arm64 /Users/admin/builder/spi-builder-workspace/.derivedData/Build/Intermediates.noindex/MagicMirror.build/Debug-appletvos/MagicMirror-t.build/Objects-normal/arm64/MagicMirror-Swift.h -o /Users/admin/builder/spi-builder-workspace/.derivedData/Build/Intermediates.noindex/GeneratedModuleMaps-appletvos/MagicMirror-Swift.h
Copy /Users/admin/builder/spi-builder-workspace/.derivedData/Build/Products/Debug-appletvos/MagicMirror.swiftmodule/arm64-apple-tvos.abi.json /Users/admin/builder/spi-builder-workspace/.derivedData/Build/Intermediates.noindex/MagicMirror.build/Debug-appletvos/MagicMirror-t.build/Objects-normal/arm64/MagicMirror.abi.json (in target 'MagicMirror' from project 'MagicMirror')
    cd /Users/admin/builder/spi-builder-workspace/.dependencies/checkouts/swift-magic-mirror
    builtin-copy -exclude .DS_Store -exclude CVS -exclude .svn -exclude .git -exclude .hg -resolve-src-symlinks -rename /Users/admin/builder/spi-builder-workspace/.derivedData/Build/Intermediates.noindex/MagicMirror.build/Debug-appletvos/MagicMirror-t.build/Objects-normal/arm64/MagicMirror.abi.json /Users/admin/builder/spi-builder-workspace/.derivedData/Build/Products/Debug-appletvos/MagicMirror.swiftmodule/arm64-apple-tvos.abi.json
Copy /Users/admin/builder/spi-builder-workspace/.derivedData/Build/Products/Debug-appletvos/MagicMirror.swiftmodule/arm64-apple-tvos.swiftdoc /Users/admin/builder/spi-builder-workspace/.derivedData/Build/Intermediates.noindex/MagicMirror.build/Debug-appletvos/MagicMirror-t.build/Objects-normal/arm64/MagicMirror.swiftdoc (in target 'MagicMirror' from project 'MagicMirror')
    cd /Users/admin/builder/spi-builder-workspace/.dependencies/checkouts/swift-magic-mirror
    builtin-copy -exclude .DS_Store -exclude CVS -exclude .svn -exclude .git -exclude .hg -resolve-src-symlinks -rename /Users/admin/builder/spi-builder-workspace/.derivedData/Build/Intermediates.noindex/MagicMirror.build/Debug-appletvos/MagicMirror-t.build/Objects-normal/arm64/MagicMirror.swiftdoc /Users/admin/builder/spi-builder-workspace/.derivedData/Build/Products/Debug-appletvos/MagicMirror.swiftmodule/arm64-apple-tvos.swiftdoc
Copy /Users/admin/builder/spi-builder-workspace/.derivedData/Build/Products/Debug-appletvos/MagicMirror.swiftmodule/arm64-apple-tvos.swiftmodule /Users/admin/builder/spi-builder-workspace/.derivedData/Build/Intermediates.noindex/MagicMirror.build/Debug-appletvos/MagicMirror-t.build/Objects-normal/arm64/MagicMirror.swiftmodule (in target 'MagicMirror' from project 'MagicMirror')
    cd /Users/admin/builder/spi-builder-workspace/.dependencies/checkouts/swift-magic-mirror
    builtin-copy -exclude .DS_Store -exclude CVS -exclude .svn -exclude .git -exclude .hg -resolve-src-symlinks -rename /Users/admin/builder/spi-builder-workspace/.derivedData/Build/Intermediates.noindex/MagicMirror.build/Debug-appletvos/MagicMirror-t.build/Objects-normal/arm64/MagicMirror.swiftmodule /Users/admin/builder/spi-builder-workspace/.derivedData/Build/Products/Debug-appletvos/MagicMirror.swiftmodule/arm64-apple-tvos.swiftmodule
Copy /Users/admin/builder/spi-builder-workspace/.derivedData/Build/Products/Debug-appletvos/MagicMirror.swiftmodule/Project/arm64-apple-tvos.swiftsourceinfo /Users/admin/builder/spi-builder-workspace/.derivedData/Build/Intermediates.noindex/MagicMirror.build/Debug-appletvos/MagicMirror-t.build/Objects-normal/arm64/MagicMirror.swiftsourceinfo (in target 'MagicMirror' from project 'MagicMirror')
    cd /Users/admin/builder/spi-builder-workspace/.dependencies/checkouts/swift-magic-mirror
    builtin-copy -exclude .DS_Store -exclude CVS -exclude .svn -exclude .git -exclude .hg -resolve-src-symlinks -rename /Users/admin/builder/spi-builder-workspace/.derivedData/Build/Intermediates.noindex/MagicMirror.build/Debug-appletvos/MagicMirror-t.build/Objects-normal/arm64/MagicMirror.swiftsourceinfo /Users/admin/builder/spi-builder-workspace/.derivedData/Build/Products/Debug-appletvos/MagicMirror.swiftmodule/Project/arm64-apple-tvos.swiftsourceinfo
SwiftDriver Reflection normal arm64 com.apple.xcode.tools.swift.compiler (in target 'Reflection' from project 'ReflectionView')
    cd /Users/admin/builder/spi-builder-workspace/.swiftpm/xcode
    builtin-SwiftDriver -- /Applications/Xcode-27.0.0-Release.Candidate.app/Contents/Developer/Toolchains/XcodeDefault.xctoolchain/usr/bin/swiftc -parse-as-library -module-name Reflection -Onone @/Users/admin/builder/spi-builder-workspace/.derivedData/Build/Intermediates.noindex/ReflectionView.build/Debug-appletvos/Reflection-t.build/Objects-normal/arm64/Reflection.SwiftFileList -DSWIFT_PACKAGE -DDEBUG -DSWIFT_MODULE_RESOURCE_BUNDLE_UNAVAILABLE -DXcode -plugin-path /Applications/Xcode-27.0.0-Release.Candidate.app/Contents/Developer/Toolchains/XcodeDefault.xctoolchain/usr/lib/swift/host/plugins/testing -enable-experimental-feature DebugDescriptionMacro -sdk /Applications/Xcode-27.0.0-Release.Candidate.app/Contents/Developer/Platforms/AppleTVOS.platform/Developer/SDKs/AppleTVOS27.0.sdk -target arm64-apple-tvos15.0 -g -module-cache-path /Users/admin/builder/spi-builder-workspace/.derivedData/ModuleCache.noindex -Xfrontend -serialize-debugging-options -profile-coverage-mapping -profile-generate -enable-testing -index-store-path /Users/admin/builder/spi-builder-workspace/.derivedData/Index.noindex/DataStore -Xcc -D_LIBCPP_HARDENING_MODE\=_LIBCPP_HARDENING_MODE_DEBUG -swift-version 5 -I /Users/admin/builder/spi-builder-workspace/.derivedData/Build/Products/Debug-appletvos -Isystem /Applications/Xcode-27.0.0-Release.Candidate.app/Contents/Developer/Platforms/AppleTVOS.platform/Developer/usr/lib -F /Users/admin/builder/spi-builder-workspace/.derivedData/Build/Products/Debug-appletvos/PackageFrameworks -F /Users/admin/builder/spi-builder-workspace/.derivedData/Build/Products/Debug-appletvos -F /Applications/Xcode-27.0.0-Release.Candidate.app/Contents/Developer/Platforms/AppleTVOS.platform/Developer/Library/Frameworks -F /Applications/Xcode-27.0.0-Release.Candidate.app/Contents/Developer/Platforms/AppleTVOS.platform/Developer/SDKs/AppleTVOS27.0.sdk/Developer/Library/Frameworks -c -j10 -enable-batch-mode -incremental -Xcc -ivfsstatcache -Xcc /Users/admin/builder/spi-builder-workspace/.derivedData/SDKStatCaches.noindex/appletvos27.0-24J360-e829b21a6f8c9b70876ba0858053c044b32bfd8d43560033f8d89884cdb90028.sdkstatcache -output-file-map /Users/admin/builder/spi-builder-workspace/.derivedData/Build/Intermediates.noindex/ReflectionView.build/Debug-appletvos/Reflection-t.build/Objects-normal/arm64/Reflection-OutputFileMap.json -save-temps -no-color-diagnostics -explicit-module-build -module-cache-path /Users/admin/builder/spi-builder-workspace/.derivedData/Build/Intermediates.noindex/SwiftExplicitPrecompiledModules -clang-scanner-module-cache-path /Users/admin/builder/spi-builder-workspace/.derivedData/ModuleCache.noindex -sdk-module-cache-path /Users/admin/builder/spi-builder-workspace/.derivedData/SDKExplicitPrecompiledModules -emit-dependencies -emit-module -emit-module-path /Users/admin/builder/spi-builder-workspace/.derivedData/Build/Intermediates.noindex/ReflectionView.build/Debug-appletvos/Reflection-t.build/Objects-normal/arm64/Reflection.swiftmodule -serialize-diagnostics -dependency-scan-serialize-diagnostics-path /Users/admin/builder/spi-builder-workspace/.derivedData/Build/Intermediates.noindex/ReflectionView.build/Debug-appletvos/Reflection-t.build/Objects-normal/arm64/Reflection-dependency-scan.dia -validate-clang-modules-once -clang-build-session-file /Users/admin/builder/spi-builder-workspace/.derivedData/ModuleCache.noindex/Session.modulevalidation -Xcc -fmodules-prune-interval\=86400 -Xcc -fmodules-prune-after\=345600 -package-name spi_builder_workspace -emit-const-values -const-gather-protocols-list /Users/admin/builder/spi-builder-workspace/.derivedData/Build/Intermediates.noindex/ReflectionView.build/Debug-appletvos/Reflection-t.build/Objects-normal/arm64/Reflection_const_extract_protocols.json -Xcc -I/Users/admin/builder/spi-builder-workspace/.derivedData/Build/Products/Debug-appletvos/include -Xcc -I/Users/admin/builder/spi-builder-workspace/.derivedData/Build/Intermediates.noindex/ReflectionView.build/Debug-appletvos/Reflection-t.build/DerivedSources-normal/arm64 -Xcc -I/Users/admin/builder/spi-builder-workspace/.derivedData/Build/Intermediates.noindex/ReflectionView.build/Debug-appletvos/Reflection-t.build/DerivedSources/arm64 -Xcc -I/Users/admin/builder/spi-builder-workspace/.derivedData/Build/Intermediates.noindex/ReflectionView.build/Debug-appletvos/Reflection-t.build/DerivedSources -Xcc -DSWIFT_PACKAGE -Xcc -DDEBUG\=1 -emit-objc-header -emit-objc-header-path /Users/admin/builder/spi-builder-workspace/.derivedData/Build/Intermediates.noindex/ReflectionView.build/Debug-appletvos/Reflection-t.build/Objects-normal/arm64/Reflection-Swift.h -working-directory /Users/admin/builder/spi-builder-workspace/.swiftpm/xcode -experimental-emit-module-separately -disable-cmo
SwiftExplicitDependencyGeneratePcm arm64 /Users/admin/builder/spi-builder-workspace/.derivedData/SDKExplicitPrecompiledModules/CoreVideo-DPU0PB5X0XLSVA2ETRGI6FJBM.pcm
SwiftExplicitDependencyGeneratePcm arm64 /Users/admin/builder/spi-builder-workspace/.derivedData/SDKExplicitPrecompiledModules/CoreMedia-4OUKVT03LV547KZJDPPJRJ4F8.pcm
SwiftExplicitDependencyGeneratePcm arm64 /Users/admin/builder/spi-builder-workspace/.derivedData/SDKExplicitPrecompiledModules/QuartzCore-DJSYAWKXFGVSAK5CQMOB3JSR.pcm
SwiftExplicitDependencyGeneratePcm arm64 /Users/admin/builder/spi-builder-workspace/.derivedData/SDKExplicitPrecompiledModules/CoreImage-7S2AFJ8EIY3DUFYLEAX1JR1QV.pcm
SwiftCompile normal arm64 Compiling\ MagicMirror+.swift /Users/admin/builder/spi-builder-workspace/Sources/Reflection/Extension/MagicMirror+.swift (in target 'Reflection' from project 'ReflectionView')
SwiftCompile normal arm64 /Users/admin/builder/spi-builder-workspace/Sources/Reflection/Extension/MagicMirror+.swift (in target 'Reflection' from project 'ReflectionView')
    cd /Users/admin/builder/spi-builder-workspace/.swiftpm/xcode
    builtin-SwiftPerFileCompile MagicMirror+.swift
SwiftEmitModule normal arm64 Emitting\ module\ for\ Reflection (in target 'Reflection' from project 'ReflectionView')
SwiftCompile normal arm64 (in target 'Reflection' from project 'ReflectionView')
    cd /Users/admin/builder/spi-builder-workspace/.swiftpm/xcode

SwiftCompile normal arm64 Compiling\ Util.swift /Users/admin/builder/spi-builder-workspace/Sources/Reflection/Util.swift (in target 'Reflection' from project 'ReflectionView')
SwiftCompile normal arm64 /Users/admin/builder/spi-builder-workspace/Sources/Reflection/Util.swift (in target 'Reflection' from project 'ReflectionView')
    cd /Users/admin/builder/spi-builder-workspace/.swiftpm/xcode
    builtin-SwiftPerFileCompile Util.swift
SwiftCompile normal arm64 Compiling\ String+.swift /Users/admin/builder/spi-builder-workspace/Sources/Reflection/String+.swift (in target 'Reflection' from project 'ReflectionView')
SwiftCompile normal arm64 /Users/admin/builder/spi-builder-workspace/Sources/Reflection/String+.swift (in target 'Reflection' from project 'ReflectionView')
    cd /Users/admin/builder/spi-builder-workspace/.swiftpm/xcode
    builtin-SwiftPerFileCompile String+.swift
SwiftCompile normal arm64 Compiling\ Reflection.swift /Users/admin/builder/spi-builder-workspace/Sources/Reflection/Reflection.swift (in target 'Reflection' from project 'ReflectionView')
SwiftCompile normal arm64 /Users/admin/builder/spi-builder-workspace/Sources/Reflection/Reflection.swift (in target 'Reflection' from project 'ReflectionView')
    cd /Users/admin/builder/spi-builder-workspace/.swiftpm/xcode
    builtin-SwiftPerFileCompile Reflection.swift
SwiftExplicitDependencyGeneratePcm arm64 /Users/admin/builder/spi-builder-workspace/.derivedData/SDKExplicitPrecompiledModules/SwiftUICore-543QU5V2NHKUFCYFJDKUJ7NYG.pcm
SwiftExplicitDependencyGeneratePcm arm64 /Users/admin/builder/spi-builder-workspace/.derivedData/SDKExplicitPrecompiledModules/UIKit-1TKWN7VC2X6N3ITMRVA2G0EB2.pcm
SwiftDriverJobDiscovery normal arm64 Compiling MagicMirror+.swift (in target 'Reflection' from project 'ReflectionView')
SwiftDriverJobDiscovery normal arm64 Emitting module for Reflection (in target 'Reflection' from project 'ReflectionView')
SwiftDriver\ Compilation\ Requirements Reflection normal arm64 com.apple.xcode.tools.swift.compiler (in target 'Reflection' from project 'ReflectionView')
    cd /Users/admin/builder/spi-builder-workspace/.swiftpm/xcode
    builtin-Swift-Compilation-Requirements -- /Applications/Xcode-27.0.0-Release.Candidate.app/Contents/Developer/Toolchains/XcodeDefault.xctoolchain/usr/bin/swiftc -parse-as-library -module-name Reflection -Onone @/Users/admin/builder/spi-builder-workspace/.derivedData/Build/Intermediates.noindex/ReflectionView.build/Debug-appletvos/Reflection-t.build/Objects-normal/arm64/Reflection.SwiftFileList -DSWIFT_PACKAGE -DDEBUG -DSWIFT_MODULE_RESOURCE_BUNDLE_UNAVAILABLE -DXcode -plugin-path /Applications/Xcode-27.0.0-Release.Candidate.app/Contents/Developer/Toolchains/XcodeDefault.xctoolchain/usr/lib/swift/host/plugins/testing -enable-experimental-feature DebugDescriptionMacro -sdk /Applications/Xcode-27.0.0-Release.Candidate.app/Contents/Developer/Platforms/AppleTVOS.platform/Developer/SDKs/AppleTVOS27.0.sdk -target arm64-apple-tvos15.0 -g -module-cache-path /Users/admin/builder/spi-builder-workspace/.derivedData/ModuleCache.noindex -Xfrontend -serialize-debugging-options -profile-coverage-mapping -profile-generate -enable-testing -index-store-path /Users/admin/builder/spi-builder-workspace/.derivedData/Index.noindex/DataStore -Xcc -D_LIBCPP_HARDENING_MODE\=_LIBCPP_HARDENING_MODE_DEBUG -swift-version 5 -I /Users/admin/builder/spi-builder-workspace/.derivedData/Build/Products/Debug-appletvos -Isystem /Applications/Xcode-27.0.0-Release.Candidate.app/Contents/Developer/Platforms/AppleTVOS.platform/Developer/usr/lib -F /Users/admin/builder/spi-builder-workspace/.derivedData/Build/Products/Debug-appletvos/PackageFrameworks -F /Users/admin/builder/spi-builder-workspace/.derivedData/Build/Products/Debug-appletvos -F /Applications/Xcode-27.0.0-Release.Candidate.app/Contents/Developer/Platforms/AppleTVOS.platform/Developer/Library/Frameworks -F /Applications/Xcode-27.0.0-Release.Candidate.app/Contents/Developer/Platforms/AppleTVOS.platform/Developer/SDKs/AppleTVOS27.0.sdk/Developer/Library/Frameworks -c -j10 -enable-batch-mode -incremental -Xcc -ivfsstatcache -Xcc /Users/admin/builder/spi-builder-workspace/.derivedData/SDKStatCaches.noindex/appletvos27.0-24J360-e829b21a6f8c9b70876ba0858053c044b32bfd8d43560033f8d89884cdb90028.sdkstatcache -output-file-map /Users/admin/builder/spi-builder-workspace/.derivedData/Build/Intermediates.noindex/ReflectionView.build/Debug-appletvos/Reflection-t.build/Objects-normal/arm64/Reflection-OutputFileMap.json -save-temps -no-color-diagnostics -explicit-module-build -module-cache-path /Users/admin/builder/spi-builder-workspace/.derivedData/Build/Intermediates.noindex/SwiftExplicitPrecompiledModules -clang-scanner-module-cache-path /Users/admin/builder/spi-builder-workspace/.derivedData/ModuleCache.noindex -sdk-module-cache-path /Users/admin/builder/spi-builder-workspace/.derivedData/SDKExplicitPrecompiledModules -emit-dependencies -emit-module -emit-module-path /Users/admin/builder/spi-builder-workspace/.derivedData/Build/Intermediates.noindex/ReflectionView.build/Debug-appletvos/Reflection-t.build/Objects-normal/arm64/Reflection.swiftmodule -serialize-diagnostics -dependency-scan-serialize-diagnostics-path /Users/admin/builder/spi-builder-workspace/.derivedData/Build/Intermediates.noindex/ReflectionView.build/Debug-appletvos/Reflection-t.build/Objects-normal/arm64/Reflection-dependency-scan.dia -validate-clang-modules-once -clang-build-session-file /Users/admin/builder/spi-builder-workspace/.derivedData/ModuleCache.noindex/Session.modulevalidation -Xcc -fmodules-prune-interval\=86400 -Xcc -fmodules-prune-after\=345600 -package-name spi_builder_workspace -emit-const-values -const-gather-protocols-list /Users/admin/builder/spi-builder-workspace/.derivedData/Build/Intermediates.noindex/ReflectionView.build/Debug-appletvos/Reflection-t.build/Objects-normal/arm64/Reflection_const_extract_protocols.json -Xcc -I/Users/admin/builder/spi-builder-workspace/.derivedData/Build/Products/Debug-appletvos/include -Xcc -I/Users/admin/builder/spi-builder-workspace/.derivedData/Build/Intermediates.noindex/ReflectionView.build/Debug-appletvos/Reflection-t.build/DerivedSources-normal/arm64 -Xcc -I/Users/admin/builder/spi-builder-workspace/.derivedData/Build/Intermediates.noindex/ReflectionView.build/Debug-appletvos/Reflection-t.build/DerivedSources/arm64 -Xcc -I/Users/admin/builder/spi-builder-workspace/.derivedData/Build/Intermediates.noindex/ReflectionView.build/Debug-appletvos/Reflection-t.build/DerivedSources -Xcc -DSWIFT_PACKAGE -Xcc -DDEBUG\=1 -emit-objc-header -emit-objc-header-path /Users/admin/builder/spi-builder-workspace/.derivedData/Build/Intermediates.noindex/ReflectionView.build/Debug-appletvos/Reflection-t.build/Objects-normal/arm64/Reflection-Swift.h -working-directory /Users/admin/builder/spi-builder-workspace/.swiftpm/xcode -experimental-emit-module-separately -disable-cmo
SwiftMergeGeneratedHeaders /Users/admin/builder/spi-builder-workspace/.derivedData/Build/Intermediates.noindex/GeneratedModuleMaps-appletvos/Reflection-Swift.h /Users/admin/builder/spi-builder-workspace/.derivedData/Build/Intermediates.noindex/ReflectionView.build/Debug-appletvos/Reflection-t.build/Objects-normal/arm64/Reflection-Swift.h (in target 'Reflection' from project 'ReflectionView')
    cd /Users/admin/builder/spi-builder-workspace
    builtin-swiftHeaderTool -arch arm64 /Users/admin/builder/spi-builder-workspace/.derivedData/Build/Intermediates.noindex/ReflectionView.build/Debug-appletvos/Reflection-t.build/Objects-normal/arm64/Reflection-Swift.h -o /Users/admin/builder/spi-builder-workspace/.derivedData/Build/Intermediates.noindex/GeneratedModuleMaps-appletvos/Reflection-Swift.h
Copy /Users/admin/builder/spi-builder-workspace/.derivedData/Build/Products/Debug-appletvos/Reflection.swiftmodule/arm64-apple-tvos.swiftmodule /Users/admin/builder/spi-builder-workspace/.derivedData/Build/Intermediates.noindex/ReflectionView.build/Debug-appletvos/Reflection-t.build/Objects-normal/arm64/Reflection.swiftmodule (in target 'Reflection' from project 'ReflectionView')
    cd /Users/admin/builder/spi-builder-workspace
    builtin-copy -exclude .DS_Store -exclude CVS -exclude .svn -exclude .git -exclude .hg -resolve-src-symlinks -rename /Users/admin/builder/spi-builder-workspace/.derivedData/Build/Intermediates.noindex/ReflectionView.build/Debug-appletvos/Reflection-t.build/Objects-normal/arm64/Reflection.swiftmodule /Users/admin/builder/spi-builder-workspace/.derivedData/Build/Products/Debug-appletvos/Reflection.swiftmodule/arm64-apple-tvos.swiftmodule
Copy /Users/admin/builder/spi-builder-workspace/.derivedData/Build/Products/Debug-appletvos/Reflection.swiftmodule/arm64-apple-tvos.swiftdoc /Users/admin/builder/spi-builder-workspace/.derivedData/Build/Intermediates.noindex/ReflectionView.build/Debug-appletvos/Reflection-t.build/Objects-normal/arm64/Reflection.swiftdoc (in target 'Reflection' from project 'ReflectionView')
    cd /Users/admin/builder/spi-builder-workspace
    builtin-copy -exclude .DS_Store -exclude CVS -exclude .svn -exclude .git -exclude .hg -resolve-src-symlinks -rename /Users/admin/builder/spi-builder-workspace/.derivedData/Build/Intermediates.noindex/ReflectionView.build/Debug-appletvos/Reflection-t.build/Objects-normal/arm64/Reflection.swiftdoc /Users/admin/builder/spi-builder-workspace/.derivedData/Build/Products/Debug-appletvos/Reflection.swiftmodule/arm64-apple-tvos.swiftdoc
Copy /Users/admin/builder/spi-builder-workspace/.derivedData/Build/Products/Debug-appletvos/Reflection.swiftmodule/arm64-apple-tvos.abi.json /Users/admin/builder/spi-builder-workspace/.derivedData/Build/Intermediates.noindex/ReflectionView.build/Debug-appletvos/Reflection-t.build/Objects-normal/arm64/Reflection.abi.json (in target 'Reflection' from project 'ReflectionView')
    cd /Users/admin/builder/spi-builder-workspace
    builtin-copy -exclude .DS_Store -exclude CVS -exclude .svn -exclude .git -exclude .hg -resolve-src-symlinks -rename /Users/admin/builder/spi-builder-workspace/.derivedData/Build/Intermediates.noindex/ReflectionView.build/Debug-appletvos/Reflection-t.build/Objects-normal/arm64/Reflection.abi.json /Users/admin/builder/spi-builder-workspace/.derivedData/Build/Products/Debug-appletvos/Reflection.swiftmodule/arm64-apple-tvos.abi.json
Copy /Users/admin/builder/spi-builder-workspace/.derivedData/Build/Products/Debug-appletvos/Reflection.swiftmodule/Project/arm64-apple-tvos.swiftsourceinfo /Users/admin/builder/spi-builder-workspace/.derivedData/Build/Intermediates.noindex/ReflectionView.build/Debug-appletvos/Reflection-t.build/Objects-normal/arm64/Reflection.swiftsourceinfo (in target 'Reflection' from project 'ReflectionView')
    cd /Users/admin/builder/spi-builder-workspace
    builtin-copy -exclude .DS_Store -exclude CVS -exclude .svn -exclude .git -exclude .hg -resolve-src-symlinks -rename /Users/admin/builder/spi-builder-workspace/.derivedData/Build/Intermediates.noindex/ReflectionView.build/Debug-appletvos/Reflection-t.build/Objects-normal/arm64/Reflection.swiftsourceinfo /Users/admin/builder/spi-builder-workspace/.derivedData/Build/Products/Debug-appletvos/Reflection.swiftmodule/Project/arm64-apple-tvos.swiftsourceinfo
SwiftExplicitDependencyGeneratePcm arm64 /Users/admin/builder/spi-builder-workspace/.derivedData/SDKExplicitPrecompiledModules/SwiftUI-7BV1YDT6IZWW6B8OC6ENV0Y0F.pcm
SwiftEmitModule normal arm64 Emitting\ module\ for\ SwiftUIColor (in target 'SwiftUIColor' from project 'SwiftUIColor')
SwiftCompile normal arm64 (in target 'SwiftUIColor' from project 'SwiftUIColor')
    cd /Users/admin/builder/spi-builder-workspace/.swiftpm/xcode

SwiftCompile normal arm64 Compiling\ PreviewWorkaround.swift /Users/admin/builder/spi-builder-workspace/.dependencies/checkouts/SwiftUIColor/Sources/SwiftUIColor/PreviewWorkaround.swift (in target 'SwiftUIColor' from project 'SwiftUIColor')
SwiftCompile normal arm64 /Users/admin/builder/spi-builder-workspace/.dependencies/checkouts/SwiftUIColor/Sources/SwiftUIColor/PreviewWorkaround.swift (in target 'SwiftUIColor' from project 'SwiftUIColor')
    cd /Users/admin/builder/spi-builder-workspace/.swiftpm/xcode
    builtin-SwiftPerFileCompile PreviewWorkaround.swift
SwiftCompile normal arm64 Compiling\ GeneratedAssetSymbols.swift /Users/admin/builder/spi-builder-workspace/.derivedData/Build/Intermediates.noindex/SwiftUIColor.build/Debug-appletvos/SwiftUIColor-t.build/DerivedSources/GeneratedAssetSymbols.swift (in target 'SwiftUIColor' from project 'SwiftUIColor')
SwiftCompile normal arm64 /Users/admin/builder/spi-builder-workspace/.derivedData/Build/Intermediates.noindex/SwiftUIColor.build/Debug-appletvos/SwiftUIColor-t.build/DerivedSources/GeneratedAssetSymbols.swift (in target 'SwiftUIColor' from project 'SwiftUIColor')
    cd /Users/admin/builder/spi-builder-workspace/.swiftpm/xcode
    builtin-SwiftPerFileCompile GeneratedAssetSymbols.swift
SwiftCompile normal arm64 Compiling\ Color+tvOS.swift /Users/admin/builder/spi-builder-workspace/.dependencies/checkouts/SwiftUIColor/Sources/SwiftUIColor/Color+tvOS.swift (in target 'SwiftUIColor' from project 'SwiftUIColor')
SwiftCompile normal arm64 /Users/admin/builder/spi-builder-workspace/.dependencies/checkouts/SwiftUIColor/Sources/SwiftUIColor/Color+tvOS.swift (in target 'SwiftUIColor' from project 'SwiftUIColor')
    cd /Users/admin/builder/spi-builder-workspace/.swiftpm/xcode
    builtin-SwiftPerFileCompile Color+tvOS.swift
SwiftCompile normal arm64 Compiling\ Color+universal.swift /Users/admin/builder/spi-builder-workspace/.dependencies/checkouts/SwiftUIColor/Sources/SwiftUIColor/Color+universal.swift (in target 'SwiftUIColor' from project 'SwiftUIColor')
SwiftCompile normal arm64 /Users/admin/builder/spi-builder-workspace/.dependencies/checkouts/SwiftUIColor/Sources/SwiftUIColor/Color+universal.swift (in target 'SwiftUIColor' from project 'SwiftUIColor')
    cd /Users/admin/builder/spi-builder-workspace/.swiftpm/xcode
    builtin-SwiftPerFileCompile Color+universal.swift
SwiftDriverJobDiscovery normal arm64 Compiling Util.swift (in target 'Reflection' from project 'ReflectionView')
SwiftCompile normal arm64 Compiling\ Color+visionOS.swift /Users/admin/builder/spi-builder-workspace/.dependencies/checkouts/SwiftUIColor/Sources/SwiftUIColor/Color+visionOS.swift (in target 'SwiftUIColor' from project 'SwiftUIColor')
SwiftCompile normal arm64 /Users/admin/builder/spi-builder-workspace/.dependencies/checkouts/SwiftUIColor/Sources/SwiftUIColor/Color+visionOS.swift (in target 'SwiftUIColor' from project 'SwiftUIColor')
    cd /Users/admin/builder/spi-builder-workspace/.swiftpm/xcode
    builtin-SwiftPerFileCompile Color+visionOS.swift
SwiftDriverJobDiscovery normal arm64 Compiling typealias.swift (in target 'MagicMirror' from project 'MagicMirror')
SwiftCompile normal arm64 Compiling\ Color+macOS.swift /Users/admin/builder/spi-builder-workspace/.dependencies/checkouts/SwiftUIColor/Sources/SwiftUIColor/Color+macOS.swift (in target 'SwiftUIColor' from project 'SwiftUIColor')
SwiftCompile normal arm64 /Users/admin/builder/spi-builder-workspace/.dependencies/checkouts/SwiftUIColor/Sources/SwiftUIColor/Color+macOS.swift (in target 'SwiftUIColor' from project 'SwiftUIColor')
    cd /Users/admin/builder/spi-builder-workspace/.swiftpm/xcode
    builtin-SwiftPerFileCompile Color+macOS.swift
SwiftDriverJobDiscovery normal arm64 Compiling Misc.swift (in target 'MagicMirror' from project 'MagicMirror')
SwiftCompile normal arm64 Compiling\ resource_bundle_accessor.swift /Users/admin/builder/spi-builder-workspace/.derivedData/Build/Intermediates.noindex/SwiftUIColor.build/Debug-appletvos/SwiftUIColor-t.build/DerivedSources/resource_bundle_accessor.swift (in target 'SwiftUIColor' from project 'SwiftUIColor')
SwiftCompile normal arm64 /Users/admin/builder/spi-builder-workspace/.derivedData/Build/Intermediates.noindex/SwiftUIColor.build/Debug-appletvos/SwiftUIColor-t.build/DerivedSources/resource_bundle_accessor.swift (in target 'SwiftUIColor' from project 'SwiftUIColor')
    cd /Users/admin/builder/spi-builder-workspace/.swiftpm/xcode
    builtin-SwiftPerFileCompile resource_bundle_accessor.swift
SwiftDriverJobDiscovery normal arm64 Compiling MagicMirror.swift (in target 'MagicMirror' from project 'MagicMirror')
SwiftCompile normal arm64 Compiling\ Color+iOS.swift /Users/admin/builder/spi-builder-workspace/.dependencies/checkouts/SwiftUIColor/Sources/SwiftUIColor/Color+iOS.swift (in target 'SwiftUIColor' from project 'SwiftUIColor')
SwiftCompile normal arm64 /Users/admin/builder/spi-builder-workspace/.dependencies/checkouts/SwiftUIColor/Sources/SwiftUIColor/Color+iOS.swift (in target 'SwiftUIColor' from project 'SwiftUIColor')
    cd /Users/admin/builder/spi-builder-workspace/.swiftpm/xcode
    builtin-SwiftPerFileCompile Color+iOS.swift
SwiftDriverJobDiscovery normal arm64 Compiling String+.swift (in target 'Reflection' from project 'ReflectionView')
SwiftCompile normal arm64 Compiling\ Color+watchOS.swift /Users/admin/builder/spi-builder-workspace/.dependencies/checkouts/SwiftUIColor/Sources/SwiftUIColor/Color+watchOS.swift (in target 'SwiftUIColor' from project 'SwiftUIColor')
SwiftCompile normal arm64 /Users/admin/builder/spi-builder-workspace/.dependencies/checkouts/SwiftUIColor/Sources/SwiftUIColor/Color+watchOS.swift (in target 'SwiftUIColor' from project 'SwiftUIColor')
    cd /Users/admin/builder/spi-builder-workspace/.swiftpm/xcode
    builtin-SwiftPerFileCompile Color+watchOS.swift
SwiftDriverJobDiscovery normal arm64 Compiling Reflection.swift (in target 'Reflection' from project 'ReflectionView')
SwiftDriver\ Compilation Reflection normal arm64 com.apple.xcode.tools.swift.compiler (in target 'Reflection' from project 'ReflectionView')
    cd /Users/admin/builder/spi-builder-workspace/.swiftpm/xcode
    builtin-Swift-Compilation -- /Applications/Xcode-27.0.0-Release.Candidate.app/Contents/Developer/Toolchains/XcodeDefault.xctoolchain/usr/bin/swiftc -parse-as-library -module-name Reflection -Onone @/Users/admin/builder/spi-builder-workspace/.derivedData/Build/Intermediates.noindex/ReflectionView.build/Debug-appletvos/Reflection-t.build/Objects-normal/arm64/Reflection.SwiftFileList -DSWIFT_PACKAGE -DDEBUG -DSWIFT_MODULE_RESOURCE_BUNDLE_UNAVAILABLE -DXcode -plugin-path /Applications/Xcode-27.0.0-Release.Candidate.app/Contents/Developer/Toolchains/XcodeDefault.xctoolchain/usr/lib/swift/host/plugins/testing -enable-experimental-feature DebugDescriptionMacro -sdk /Applications/Xcode-27.0.0-Release.Candidate.app/Contents/Developer/Platforms/AppleTVOS.platform/Developer/SDKs/AppleTVOS27.0.sdk -target arm64-apple-tvos15.0 -g -module-cache-path /Users/admin/builder/spi-builder-workspace/.derivedData/ModuleCache.noindex -Xfrontend -serialize-debugging-options -profile-coverage-mapping -profile-generate -enable-testing -index-store-path /Users/admin/builder/spi-builder-workspace/.derivedData/Index.noindex/DataStore -Xcc -D_LIBCPP_HARDENING_MODE\=_LIBCPP_HARDENING_MODE_DEBUG -swift-version 5 -I /Users/admin/builder/spi-builder-workspace/.derivedData/Build/Products/Debug-appletvos -Isystem /Applications/Xcode-27.0.0-Release.Candidate.app/Contents/Developer/Platforms/AppleTVOS.platform/Developer/usr/lib -F /Users/admin/builder/spi-builder-workspace/.derivedData/Build/Products/Debug-appletvos/PackageFrameworks -F /Users/admin/builder/spi-builder-workspace/.derivedData/Build/Products/Debug-appletvos -F /Applications/Xcode-27.0.0-Release.Candidate.app/Contents/Developer/Platforms/AppleTVOS.platform/Developer/Library/Frameworks -F /Applications/Xcode-27.0.0-Release.Candidate.app/Contents/Developer/Platforms/AppleTVOS.platform/Developer/SDKs/AppleTVOS27.0.sdk/Developer/Library/Frameworks -c -j10 -enable-batch-mode -incremental -Xcc -ivfsstatcache -Xcc /Users/admin/builder/spi-builder-workspace/.derivedData/SDKStatCaches.noindex/appletvos27.0-24J360-e829b21a6f8c9b70876ba0858053c044b32bfd8d43560033f8d89884cdb90028.sdkstatcache -output-file-map /Users/admin/builder/spi-builder-workspace/.derivedData/Build/Intermediates.noindex/ReflectionView.build/Debug-appletvos/Reflection-t.build/Objects-normal/arm64/Reflection-OutputFileMap.json -save-temps -no-color-diagnostics -explicit-module-build -module-cache-path /Users/admin/builder/spi-builder-workspace/.derivedData/Build/Intermediates.noindex/SwiftExplicitPrecompiledModules -clang-scanner-module-cache-path /Users/admin/builder/spi-builder-workspace/.derivedData/ModuleCache.noindex -sdk-module-cache-path /Users/admin/builder/spi-builder-workspace/.derivedData/SDKExplicitPrecompiledModules -emit-dependencies -emit-module -emit-module-path /Users/admin/builder/spi-builder-workspace/.derivedData/Build/Intermediates.noindex/ReflectionView.build/Debug-appletvos/Reflection-t.build/Objects-normal/arm64/Reflection.swiftmodule -serialize-diagnostics -dependency-scan-serialize-diagnostics-path /Users/admin/builder/spi-builder-workspace/.derivedData/Build/Intermediates.noindex/ReflectionView.build/Debug-appletvos/Reflection-t.build/Objects-normal/arm64/Reflection-dependency-scan.dia -validate-clang-modules-once -clang-build-session-file /Users/admin/builder/spi-builder-workspace/.derivedData/ModuleCache.noindex/Session.modulevalidation -Xcc -fmodules-prune-interval\=86400 -Xcc -fmodules-prune-after\=345600 -package-name spi_builder_workspace -emit-const-values -const-gather-protocols-list /Users/admin/builder/spi-builder-workspace/.derivedData/Build/Intermediates.noindex/ReflectionView.build/Debug-appletvos/Reflection-t.build/Objects-normal/arm64/Reflection_const_extract_protocols.json -Xcc -I/Users/admin/builder/spi-builder-workspace/.derivedData/Build/Products/Debug-appletvos/include -Xcc -I/Users/admin/builder/spi-builder-workspace/.derivedData/Build/Intermediates.noindex/ReflectionView.build/Debug-appletvos/Reflection-t.build/DerivedSources-normal/arm64 -Xcc -I/Users/admin/builder/spi-builder-workspace/.derivedData/Build/Intermediates.noindex/ReflectionView.build/Debug-appletvos/Reflection-t.build/DerivedSources/arm64 -Xcc -I/Users/admin/builder/spi-builder-workspace/.derivedData/Build/Intermediates.noindex/ReflectionView.build/Debug-appletvos/Reflection-t.build/DerivedSources -Xcc -DSWIFT_PACKAGE -Xcc -DDEBUG\=1 -emit-objc-header -emit-objc-header-path /Users/admin/builder/spi-builder-workspace/.derivedData/Build/Intermediates.noindex/ReflectionView.build/Debug-appletvos/Reflection-t.build/Objects-normal/arm64/Reflection-Swift.h -working-directory /Users/admin/builder/spi-builder-workspace/.swiftpm/xcode -experimental-emit-module-separately -disable-cmo
SwiftDriverJobDiscovery normal arm64 Emitting module for SwiftUIColor (in target 'SwiftUIColor' from project 'SwiftUIColor')
SwiftDriver\ Compilation\ Requirements SwiftUIColor normal arm64 com.apple.xcode.tools.swift.compiler (in target 'SwiftUIColor' from project 'SwiftUIColor')
    cd /Users/admin/builder/spi-builder-workspace/.swiftpm/xcode
    builtin-Swift-Compilation-Requirements -- /Applications/Xcode-27.0.0-Release.Candidate.app/Contents/Developer/Toolchains/XcodeDefault.xctoolchain/usr/bin/swiftc -parse-as-library -module-name SwiftUIColor -Onone @/Users/admin/builder/spi-builder-workspace/.derivedData/Build/Intermediates.noindex/SwiftUIColor.build/Debug-appletvos/SwiftUIColor-t.build/Objects-normal/arm64/SwiftUIColor.SwiftFileList -DSWIFT_PACKAGE -DDEBUG -DSWIFT_MODULE_RESOURCE_BUNDLE_AVAILABLE -DXcode -plugin-path /Applications/Xcode-27.0.0-Release.Candidate.app/Contents/Developer/Toolchains/XcodeDefault.xctoolchain/usr/lib/swift/host/plugins/testing -enable-experimental-feature DebugDescriptionMacro -sdk /Applications/Xcode-27.0.0-Release.Candidate.app/Contents/Developer/Platforms/AppleTVOS.platform/Developer/SDKs/AppleTVOS27.0.sdk -target arm64-apple-tvos15.0 -g -module-cache-path /Users/admin/builder/spi-builder-workspace/.derivedData/ModuleCache.noindex -Xfrontend -serialize-debugging-options -profile-coverage-mapping -profile-generate -enable-testing -suppress-warnings -index-store-path /Users/admin/builder/spi-builder-workspace/.derivedData/Index.noindex/DataStore -Xcc -D_LIBCPP_HARDENING_MODE\=_LIBCPP_HARDENING_MODE_DEBUG -swift-version 5 -I /Users/admin/builder/spi-builder-workspace/.derivedData/Build/Products/Debug-appletvos -Isystem /Applications/Xcode-27.0.0-Release.Candidate.app/Contents/Developer/Platforms/AppleTVOS.platform/Developer/usr/lib -F /Users/admin/builder/spi-builder-workspace/.derivedData/Build/Products/Debug-appletvos -F /Applications/Xcode-27.0.0-Release.Candidate.app/Contents/Developer/Platforms/AppleTVOS.platform/Developer/Library/Frameworks -F /Applications/Xcode-27.0.0-Release.Candidate.app/Contents/Developer/Platforms/AppleTVOS.platform/Developer/SDKs/AppleTVOS27.0.sdk/Developer/Library/Frameworks -c -j10 -enable-batch-mode -incremental -Xcc -ivfsstatcache -Xcc /Users/admin/builder/spi-builder-workspace/.derivedData/SDKStatCaches.noindex/appletvos27.0-24J360-e829b21a6f8c9b70876ba0858053c044b32bfd8d43560033f8d89884cdb90028.sdkstatcache -output-file-map /Users/admin/builder/spi-builder-workspace/.derivedData/Build/Intermediates.noindex/SwiftUIColor.build/Debug-appletvos/SwiftUIColor-t.build/Objects-normal/arm64/SwiftUIColor-OutputFileMap.json -save-temps -no-color-diagnostics -explicit-module-build -module-cache-path /Users/admin/builder/spi-builder-workspace/.derivedData/Build/Intermediates.noindex/SwiftExplicitPrecompiledModules -clang-scanner-module-cache-path /Users/admin/builder/spi-builder-workspace/.derivedData/ModuleCache.noindex -sdk-module-cache-path /Users/admin/builder/spi-builder-workspace/.derivedData/SDKExplicitPrecompiledModules -emit-dependencies -emit-module -emit-module-path /Users/admin/builder/spi-builder-workspace/.derivedData/Build/Intermediates.noindex/SwiftUIColor.build/Debug-appletvos/SwiftUIColor-t.build/Objects-normal/arm64/SwiftUIColor.swiftmodule -serialize-diagnostics -dependency-scan-serialize-diagnostics-path /Users/admin/builder/spi-builder-workspace/.derivedData/Build/Intermediates.noindex/SwiftUIColor.build/Debug-appletvos/SwiftUIColor-t.build/Objects-normal/arm64/SwiftUIColor-dependency-scan.dia -validate-clang-modules-once -clang-build-session-file /Users/admin/builder/spi-builder-workspace/.derivedData/ModuleCache.noindex/Session.modulevalidation -Xcc -fmodules-prune-interval\=86400 -Xcc -fmodules-prune-after\=345600 -emit-const-values -const-gather-protocols-list /Users/admin/builder/spi-builder-workspace/.derivedData/Build/Intermediates.noindex/SwiftUIColor.build/Debug-appletvos/SwiftUIColor-t.build/Objects-normal/arm64/SwiftUIColor_const_extract_protocols.json -Xcc -I/Users/admin/builder/spi-builder-workspace/.derivedData/Build/Products/Debug-appletvos/include -Xcc -I/Users/admin/builder/spi-builder-workspace/.derivedData/Build/Intermediates.noindex/SwiftUIColor.build/Debug-appletvos/SwiftUIColor-t.build/DerivedSources-normal/arm64 -Xcc -I/Users/admin/builder/spi-builder-workspace/.derivedData/Build/Intermediates.noindex/SwiftUIColor.build/Debug-appletvos/SwiftUIColor-t.build/DerivedSources/arm64 -Xcc -I/Users/admin/builder/spi-builder-workspace/.derivedData/Build/Intermediates.noindex/SwiftUIColor.build/Debug-appletvos/SwiftUIColor-t.build/DerivedSources -Xcc -DSWIFT_PACKAGE -Xcc -DDEBUG\=1 -emit-objc-header -emit-objc-header-path /Users/admin/builder/spi-builder-workspace/.derivedData/Build/Intermediates.noindex/SwiftUIColor.build/Debug-appletvos/SwiftUIColor-t.build/Objects-normal/arm64/SwiftUIColor-Swift.h -working-directory /Users/admin/builder/spi-builder-workspace/.swiftpm/xcode -experimental-emit-module-separately -disable-cmo
SwiftDriver\ Compilation MagicMirror normal arm64 com.apple.xcode.tools.swift.compiler (in target 'MagicMirror' from project 'MagicMirror')
    cd /Users/admin/builder/spi-builder-workspace/.swiftpm/xcode
    builtin-Swift-Compilation -- /Applications/Xcode-27.0.0-Release.Candidate.app/Contents/Developer/Toolchains/XcodeDefault.xctoolchain/usr/bin/swiftc -parse-as-library -module-name MagicMirror -Onone @/Users/admin/builder/spi-builder-workspace/.derivedData/Build/Intermediates.noindex/MagicMirror.build/Debug-appletvos/MagicMirror-t.build/Objects-normal/arm64/MagicMirror.SwiftFileList -DSWIFT_PACKAGE -DDEBUG -DSWIFT_MODULE_RESOURCE_BUNDLE_UNAVAILABLE -DXcode -plugin-path /Applications/Xcode-27.0.0-Release.Candidate.app/Contents/Developer/Toolchains/XcodeDefault.xctoolchain/usr/lib/swift/host/plugins/testing -enable-experimental-feature DebugDescriptionMacro -sdk /Applications/Xcode-27.0.0-Release.Candidate.app/Contents/Developer/Platforms/AppleTVOS.platform/Developer/SDKs/AppleTVOS27.0.sdk -target arm64-apple-tvos15.0 -g -module-cache-path /Users/admin/builder/spi-builder-workspace/.derivedData/ModuleCache.noindex -Xfrontend -serialize-debugging-options -profile-coverage-mapping -profile-generate -enable-testing -suppress-warnings -index-store-path /Users/admin/builder/spi-builder-workspace/.derivedData/Index.noindex/DataStore -Xcc -D_LIBCPP_HARDENING_MODE\=_LIBCPP_HARDENING_MODE_DEBUG -swift-version 5 -I /Users/admin/builder/spi-builder-workspace/.derivedData/Build/Products/Debug-appletvos -Isystem /Applications/Xcode-27.0.0-Release.Candidate.app/Contents/Developer/Platforms/AppleTVOS.platform/Developer/usr/lib -F /Users/admin/builder/spi-builder-workspace/.derivedData/Build/Products/Debug-appletvos -F /Applications/Xcode-27.0.0-Release.Candidate.app/Contents/Developer/Platforms/AppleTVOS.platform/Developer/Library/Frameworks -F /Applications/Xcode-27.0.0-Release.Candidate.app/Contents/Developer/Platforms/AppleTVOS.platform/Developer/SDKs/AppleTVOS27.0.sdk/Developer/Library/Frameworks -c -j10 -enable-batch-mode -incremental -Xcc -ivfsstatcache -Xcc /Users/admin/builder/spi-builder-workspace/.derivedData/SDKStatCaches.noindex/appletvos27.0-24J360-e829b21a6f8c9b70876ba0858053c044b32bfd8d43560033f8d89884cdb90028.sdkstatcache -output-file-map /Users/admin/builder/spi-builder-workspace/.derivedData/Build/Intermediates.noindex/MagicMirror.build/Debug-appletvos/MagicMirror-t.build/Objects-normal/arm64/MagicMirror-OutputFileMap.json -save-temps -no-color-diagnostics -explicit-module-build -module-cache-path /Users/admin/builder/spi-builder-workspace/.derivedData/Build/Intermediates.noindex/SwiftExplicitPrecompiledModules -clang-scanner-module-cache-path /Users/admin/builder/spi-builder-workspace/.derivedData/ModuleCache.noindex -sdk-module-cache-path /Users/admin/builder/spi-builder-workspace/.derivedData/SDKExplicitPrecompiledModules -emit-dependencies -emit-module -emit-module-path /Users/admin/builder/spi-builder-workspace/.derivedData/Build/Intermediates.noindex/MagicMirror.build/Debug-appletvos/MagicMirror-t.build/Objects-normal/arm64/MagicMirror.swiftmodule -serialize-diagnostics -dependency-scan-serialize-diagnostics-path /Users/admin/builder/spi-builder-workspace/.derivedData/Build/Intermediates.noindex/MagicMirror.build/Debug-appletvos/MagicMirror-t.build/Objects-normal/arm64/MagicMirror-dependency-scan.dia -validate-clang-modules-once -clang-build-session-file /Users/admin/builder/spi-builder-workspace/.derivedData/ModuleCache.noindex/Session.modulevalidation -Xcc -fmodules-prune-interval\=86400 -Xcc -fmodules-prune-after\=345600 -package-name swift_magic_mirror -emit-const-values -const-gather-protocols-list /Users/admin/builder/spi-builder-workspace/.derivedData/Build/Intermediates.noindex/MagicMirror.build/Debug-appletvos/MagicMirror-t.build/Objects-normal/arm64/MagicMirror_const_extract_protocols.json -Xcc -I/Users/admin/builder/spi-builder-workspace/.derivedData/Build/Products/Debug-appletvos/include -Xcc -I/Users/admin/builder/spi-builder-workspace/.derivedData/Build/Intermediates.noindex/MagicMirror.build/Debug-appletvos/MagicMirror-t.build/DerivedSources-normal/arm64 -Xcc -I/Users/admin/builder/spi-builder-workspace/.derivedData/Build/Intermediates.noindex/MagicMirror.build/Debug-appletvos/MagicMirror-t.build/DerivedSources/arm64 -Xcc -I/Users/admin/builder/spi-builder-workspace/.derivedData/Build/Intermediates.noindex/MagicMirror.build/Debug-appletvos/MagicMirror-t.build/DerivedSources -Xcc -DSWIFT_PACKAGE -Xcc -DDEBUG\=1 -emit-objc-header -emit-objc-header-path /Users/admin/builder/spi-builder-workspace/.derivedData/Build/Intermediates.noindex/MagicMirror.build/Debug-appletvos/MagicMirror-t.build/Objects-normal/arm64/MagicMirror-Swift.h -working-directory /Users/admin/builder/spi-builder-workspace/.swiftpm/xcode -experimental-emit-module-separately -disable-cmo
SwiftMergeGeneratedHeaders /Users/admin/builder/spi-builder-workspace/.derivedData/Build/Intermediates.noindex/GeneratedModuleMaps-appletvos/SwiftUIColor-Swift.h /Users/admin/builder/spi-builder-workspace/.derivedData/Build/Intermediates.noindex/SwiftUIColor.build/Debug-appletvos/SwiftUIColor-t.build/Objects-normal/arm64/SwiftUIColor-Swift.h (in target 'SwiftUIColor' from project 'SwiftUIColor')
    cd /Users/admin/builder/spi-builder-workspace/.dependencies/checkouts/SwiftUIColor
    builtin-swiftHeaderTool -arch arm64 /Users/admin/builder/spi-builder-workspace/.derivedData/Build/Intermediates.noindex/SwiftUIColor.build/Debug-appletvos/SwiftUIColor-t.build/Objects-normal/arm64/SwiftUIColor-Swift.h -o /Users/admin/builder/spi-builder-workspace/.derivedData/Build/Intermediates.noindex/GeneratedModuleMaps-appletvos/SwiftUIColor-Swift.h
Copy /Users/admin/builder/spi-builder-workspace/.derivedData/Build/Products/Debug-appletvos/SwiftUIColor.swiftmodule/arm64-apple-tvos.swiftmodule /Users/admin/builder/spi-builder-workspace/.derivedData/Build/Intermediates.noindex/SwiftUIColor.build/Debug-appletvos/SwiftUIColor-t.build/Objects-normal/arm64/SwiftUIColor.swiftmodule (in target 'SwiftUIColor' from project 'SwiftUIColor')
    cd /Users/admin/builder/spi-builder-workspace/.dependencies/checkouts/SwiftUIColor
    builtin-copy -exclude .DS_Store -exclude CVS -exclude .svn -exclude .git -exclude .hg -resolve-src-symlinks -rename /Users/admin/builder/spi-builder-workspace/.derivedData/Build/Intermediates.noindex/SwiftUIColor.build/Debug-appletvos/SwiftUIColor-t.build/Objects-normal/arm64/SwiftUIColor.swiftmodule /Users/admin/builder/spi-builder-workspace/.derivedData/Build/Products/Debug-appletvos/SwiftUIColor.swiftmodule/arm64-apple-tvos.swiftmodule
Copy /Users/admin/builder/spi-builder-workspace/.derivedData/Build/Products/Debug-appletvos/SwiftUIColor.swiftmodule/arm64-apple-tvos.swiftdoc /Users/admin/builder/spi-builder-workspace/.derivedData/Build/Intermediates.noindex/SwiftUIColor.build/Debug-appletvos/SwiftUIColor-t.build/Objects-normal/arm64/SwiftUIColor.swiftdoc (in target 'SwiftUIColor' from project 'SwiftUIColor')
    cd /Users/admin/builder/spi-builder-workspace/.dependencies/checkouts/SwiftUIColor
    builtin-copy -exclude .DS_Store -exclude CVS -exclude .svn -exclude .git -exclude .hg -resolve-src-symlinks -rename /Users/admin/builder/spi-builder-workspace/.derivedData/Build/Intermediates.noindex/SwiftUIColor.build/Debug-appletvos/SwiftUIColor-t.build/Objects-normal/arm64/SwiftUIColor.swiftdoc /Users/admin/builder/spi-builder-workspace/.derivedData/Build/Products/Debug-appletvos/SwiftUIColor.swiftmodule/arm64-apple-tvos.swiftdoc
Copy /Users/admin/builder/spi-builder-workspace/.derivedData/Build/Products/Debug-appletvos/SwiftUIColor.swiftmodule/arm64-apple-tvos.abi.json /Users/admin/builder/spi-builder-workspace/.derivedData/Build/Intermediates.noindex/SwiftUIColor.build/Debug-appletvos/SwiftUIColor-t.build/Objects-normal/arm64/SwiftUIColor.abi.json (in target 'SwiftUIColor' from project 'SwiftUIColor')
    cd /Users/admin/builder/spi-builder-workspace/.dependencies/checkouts/SwiftUIColor
    builtin-copy -exclude .DS_Store -exclude CVS -exclude .svn -exclude .git -exclude .hg -resolve-src-symlinks -rename /Users/admin/builder/spi-builder-workspace/.derivedData/Build/Intermediates.noindex/SwiftUIColor.build/Debug-appletvos/SwiftUIColor-t.build/Objects-normal/arm64/SwiftUIColor.abi.json /Users/admin/builder/spi-builder-workspace/.derivedData/Build/Products/Debug-appletvos/SwiftUIColor.swiftmodule/arm64-apple-tvos.abi.json
Copy /Users/admin/builder/spi-builder-workspace/.derivedData/Build/Products/Debug-appletvos/SwiftUIColor.swiftmodule/Project/arm64-apple-tvos.swiftsourceinfo /Users/admin/builder/spi-builder-workspace/.derivedData/Build/Intermediates.noindex/SwiftUIColor.build/Debug-appletvos/SwiftUIColor-t.build/Objects-normal/arm64/SwiftUIColor.swiftsourceinfo (in target 'SwiftUIColor' from project 'SwiftUIColor')
    cd /Users/admin/builder/spi-builder-workspace/.dependencies/checkouts/SwiftUIColor
    builtin-copy -exclude .DS_Store -exclude CVS -exclude .svn -exclude .git -exclude .hg -resolve-src-symlinks -rename /Users/admin/builder/spi-builder-workspace/.derivedData/Build/Intermediates.noindex/SwiftUIColor.build/Debug-appletvos/SwiftUIColor-t.build/Objects-normal/arm64/SwiftUIColor.swiftsourceinfo /Users/admin/builder/spi-builder-workspace/.derivedData/Build/Products/Debug-appletvos/SwiftUIColor.swiftmodule/Project/arm64-apple-tvos.swiftsourceinfo
Ld /Users/admin/builder/spi-builder-workspace/.derivedData/Build/Products/Debug-appletvos/MagicMirror.o normal (in target 'MagicMirror' from project 'MagicMirror')
    cd /Users/admin/builder/spi-builder-workspace/.dependencies/checkouts/swift-magic-mirror
    /Applications/Xcode-27.0.0-Release.Candidate.app/Contents/Developer/Toolchains/XcodeDefault.xctoolchain/usr/bin/clang -Xlinker -reproducible -target arm64-apple-tvos15.0 -r -isysroot /Applications/Xcode-27.0.0-Release.Candidate.app/Contents/Developer/Platforms/AppleTVOS.platform/Developer/SDKs/AppleTVOS27.0.sdk -O0 -w -Xlinker -no_warn_duplicate_libraries -F/Users/admin/builder/spi-builder-workspace/.derivedData/Build/Intermediates.noindex/EagerLinkingTBDs/Debug-appletvos -F/Users/admin/builder/spi-builder-workspace/.derivedData/Build/Products/Debug-appletvos -iframework /Applications/Xcode-27.0.0-Release.Candidate.app/Contents/Developer/Platforms/AppleTVOS.platform/Developer/Library/Frameworks -iframework /Applications/Xcode-27.0.0-Release.Candidate.app/Contents/Developer/Platforms/AppleTVOS.platform/Developer/SDKs/AppleTVOS27.0.sdk/Developer/Library/Frameworks -filelist /Users/admin/builder/spi-builder-workspace/.derivedData/Build/Intermediates.noindex/MagicMirror.build/Debug-appletvos/MagicMirror-t.build/Objects-normal/arm64/MagicMirror.LinkFileList -nostdlib -Xlinker -object_path_lto -Xlinker /Users/admin/builder/spi-builder-workspace/.derivedData/Build/Intermediates.noindex/MagicMirror.build/Debug-appletvos/MagicMirror-t.build/Objects-normal/arm64/MagicMirror_lto.o -Xlinker -no_deduplicate -Xlinker -debug_variant -Xlinker -dependency_info -Xlinker /Users/admin/builder/spi-builder-workspace/.derivedData/Build/Intermediates.noindex/MagicMirror.build/Debug-appletvos/MagicMirror-t.build/Objects-normal/arm64/MagicMirror_dependency_info.dat -fobjc-link-runtime -L/Applications/Xcode-27.0.0-Release.Candidate.app/Contents/Developer/Toolchains/XcodeDefault.xctoolchain/usr/lib/swift/appletvos -L/usr/lib/swift -Xlinker -add_ast_path -Xlinker /Users/admin/builder/spi-builder-workspace/.derivedData/Build/Intermediates.noindex/MagicMirror.build/Debug-appletvos/MagicMirror-t.build/Objects-normal/arm64/MagicMirror.swiftmodule -o /Users/admin/builder/spi-builder-workspace/.derivedData/Build/Products/Debug-appletvos/MagicMirror.o
ExtractAppIntentsMetadata (in target 'MagicMirror' from project 'MagicMirror')
    cd /Users/admin/builder/spi-builder-workspace/.dependencies/checkouts/swift-magic-mirror
    /Applications/Xcode-27.0.0-Release.Candidate.app/Contents/Developer/Toolchains/XcodeDefault.xctoolchain/usr/bin/appintentsmetadataprocessor --toolchain-dir /var/run/com.apple.security.cryptexd/mnt/com.apple.MobileAsset.MetalToolchain-v27.1.266.1.TvLCAd/Metal.xctoolchain --module-name MagicMirror --sdk-root /Applications/Xcode-27.0.0-Release.Candidate.app/Contents/Developer/Platforms/AppleTVOS.platform/Developer/SDKs/AppleTVOS27.0.sdk --xcode-version 27A266a --platform-family tvOS --deployment-target 15.0 --bundle-identifier swift-magic-mirror.MagicMirror --output /Users/admin/builder/spi-builder-workspace/.derivedData/Build/Products/Debug-appletvos/MagicMirror.appintents --target-triple arm64-apple-tvos15.0 --binary-file /Users/admin/builder/spi-builder-workspace/.derivedData/Build/Products/Debug-appletvos/MagicMirror.o --dependency-file /Users/admin/builder/spi-builder-workspace/.derivedData/Build/Intermediates.noindex/MagicMirror.build/Debug-appletvos/MagicMirror-t.build/Objects-normal/arm64/MagicMirror_dependency_info.dat --stringsdata-file /Users/admin/builder/spi-builder-workspace/.derivedData/Build/Intermediates.noindex/MagicMirror.build/Debug-appletvos/MagicMirror-t.build/Objects-normal/arm64/ExtractedAppShortcutsMetadata.stringsdata --source-file-list /Users/admin/builder/spi-builder-workspace/.derivedData/Build/Intermediates.noindex/MagicMirror.build/Debug-appletvos/MagicMirror-t.build/Objects-normal/arm64/MagicMirror.SwiftFileList --metadata-file-list /Users/admin/builder/spi-builder-workspace/.derivedData/Build/Intermediates.noindex/MagicMirror.build/Debug-appletvos/MagicMirror-t.build/MagicMirror.DependencyMetadataFileList --static-metadata-file-list /Users/admin/builder/spi-builder-workspace/.derivedData/Build/Intermediates.noindex/MagicMirror.build/Debug-appletvos/MagicMirror-t.build/MagicMirror.DependencyStaticMetadataFileList --swift-const-vals-list /Users/admin/builder/spi-builder-workspace/.derivedData/Build/Intermediates.noindex/MagicMirror.build/Debug-appletvos/MagicMirror-t.build/Objects-normal/arm64/MagicMirror.SwiftConstValuesFileList --force --compile-time-extraction --deployment-aware-processing --no-app-shortcuts-localization
2026-09-22 17:48:48.285 appintentsmetadataprocessor[848:4968] Starting appintentsmetadataprocessor export
2026-09-22 17:48:48.404 appintentsmetadataprocessor[848:4968] Extracted no relevant App Intents symbols, skipping writing output
SwiftDriverJobDiscovery normal arm64 Compiling resource_bundle_accessor.swift (in target 'SwiftUIColor' from project 'SwiftUIColor')
GenerateAssetSymbols /Users/admin/builder/spi-builder-workspace/Sources/ReflectionView/Assets/Media.xcassets (in target 'ReflectionView' from project 'ReflectionView')
    cd /Users/admin/builder/spi-builder-workspace
    /Applications/Xcode-27.0.0-Release.Candidate.app/Contents/Developer/usr/bin/actool /Users/admin/builder/spi-builder-workspace/Sources/ReflectionView/Assets/Media.xcassets --compile /Users/admin/builder/spi-builder-workspace/.derivedData/Build/Products/Debug-appletvos --output-format human-readable-text --notices --warnings --export-dependency-info /Users/admin/builder/spi-builder-workspace/.derivedData/Build/Intermediates.noindex/ReflectionView.build/Debug-appletvos/ReflectionView-t.build/assetcatalog_dependencies --output-partial-info-plist /Users/admin/builder/spi-builder-workspace/.derivedData/Build/Intermediates.noindex/ReflectionView.build/Debug-appletvos/ReflectionView-t.build/assetcatalog_generated_info.plist --compress-pngs --enable-on-demand-resources NO --development-region en --leaderboard-identifier-prefix ReflectionView.game-center.leaderboard. --leaderboard-set-identifier-prefix ReflectionView.game-center.leaderboard-set. --target-device tv --minimum-deployment-target 15.0 --platform appletvos --bundle-identifier spi-builder-workspace.ReflectionView --generate-swift-asset-symbol-extensions NO --generate-swift-asset-symbols /Users/admin/builder/spi-builder-workspace/.derivedData/Build/Intermediates.noindex/ReflectionView.build/Debug-appletvos/ReflectionView-t.build/DerivedSources/GeneratedAssetSymbols.swift --generate-objc-asset-symbols /Users/admin/builder/spi-builder-workspace/.derivedData/Build/Intermediates.noindex/ReflectionView.build/Debug-appletvos/ReflectionView-t.build/DerivedSources/GeneratedAssetSymbols.h --generate-asset-symbol-index /Users/admin/builder/spi-builder-workspace/.derivedData/Build/Intermediates.noindex/ReflectionView.build/Debug-appletvos/ReflectionView-t.build/DerivedSources/GeneratedAssetSymbols-Index.plist
/* com.apple.actool.compilation-results */
/Users/admin/builder/spi-builder-workspace/.derivedData/Build/Intermediates.noindex/ReflectionView.build/Debug-appletvos/ReflectionView-t.build/DerivedSources/GeneratedAssetSymbols-Index.plist
/Users/admin/builder/spi-builder-workspace/.derivedData/Build/Intermediates.noindex/ReflectionView.build/Debug-appletvos/ReflectionView-t.build/DerivedSources/GeneratedAssetSymbols.h
/Users/admin/builder/spi-builder-workspace/.derivedData/Build/Intermediates.noindex/ReflectionView.build/Debug-appletvos/ReflectionView-t.build/DerivedSources/GeneratedAssetSymbols.swift
SwiftDriverJobDiscovery normal arm64 Compiling PreviewWorkaround.swift (in target 'SwiftUIColor' from project 'SwiftUIColor')
SwiftDriver ReflectionView normal arm64 com.apple.xcode.tools.swift.compiler (in target 'ReflectionView' from project 'ReflectionView')
    cd /Users/admin/builder/spi-builder-workspace/.swiftpm/xcode
    builtin-SwiftDriver -- /Applications/Xcode-27.0.0-Release.Candidate.app/Contents/Developer/Toolchains/XcodeDefault.xctoolchain/usr/bin/swiftc -parse-as-library -module-name ReflectionView -Onone @/Users/admin/builder/spi-builder-workspace/.derivedData/Build/Intermediates.noindex/ReflectionView.build/Debug-appletvos/ReflectionView-t.build/Objects-normal/arm64/ReflectionView.SwiftFileList -DSWIFT_PACKAGE -DDEBUG -DSWIFT_MODULE_RESOURCE_BUNDLE_AVAILABLE -DXcode -plugin-path /Applications/Xcode-27.0.0-Release.Candidate.app/Contents/Developer/Toolchains/XcodeDefault.xctoolchain/usr/lib/swift/host/plugins/testing -enable-experimental-feature DebugDescriptionMacro -sdk /Applications/Xcode-27.0.0-Release.Candidate.app/Contents/Developer/Platforms/AppleTVOS.platform/Developer/SDKs/AppleTVOS27.0.sdk -target arm64-apple-tvos15.0 -g -module-cache-path /Users/admin/builder/spi-builder-workspace/.derivedData/ModuleCache.noindex -Xfrontend -serialize-debugging-options -profile-coverage-mapping -profile-generate -enable-testing -index-store-path /Users/admin/builder/spi-builder-workspace/.derivedData/Index.noindex/DataStore -Xcc -D_LIBCPP_HARDENING_MODE\=_LIBCPP_HARDENING_MODE_DEBUG -swift-version 5 -I /Users/admin/builder/spi-builder-workspace/.derivedData/Build/Products/Debug-appletvos -Isystem /Applications/Xcode-27.0.0-Release.Candidate.app/Contents/Developer/Platforms/AppleTVOS.platform/Developer/usr/lib -F /Users/admin/builder/spi-builder-workspace/.derivedData/Build/Products/Debug-appletvos/PackageFrameworks -F /Users/admin/builder/spi-builder-workspace/.derivedData/Build/Products/Debug-appletvos -F /Applications/Xcode-27.0.0-Release.Candidate.app/Contents/Developer/Platforms/AppleTVOS.platform/Developer/Library/Frameworks -F /Applications/Xcode-27.0.0-Release.Candidate.app/Contents/Developer/Platforms/AppleTVOS.platform/Developer/SDKs/AppleTVOS27.0.sdk/Developer/Library/Frameworks -c -j10 -enable-batch-mode -incremental -Xcc -ivfsstatcache -Xcc /Users/admin/builder/spi-builder-workspace/.derivedData/SDKStatCaches.noindex/appletvos27.0-24J360-e829b21a6f8c9b70876ba0858053c044b32bfd8d43560033f8d89884cdb90028.sdkstatcache -output-file-map /Users/admin/builder/spi-builder-workspace/.derivedData/Build/Intermediates.noindex/ReflectionView.build/Debug-appletvos/ReflectionView-t.build/Objects-normal/arm64/ReflectionView-OutputFileMap.json -save-temps -no-color-diagnostics -explicit-module-build -module-cache-path /Users/admin/builder/spi-builder-workspace/.derivedData/Build/Intermediates.noindex/SwiftExplicitPrecompiledModules -clang-scanner-module-cache-path /Users/admin/builder/spi-builder-workspace/.derivedData/ModuleCache.noindex -sdk-module-cache-path /Users/admin/builder/spi-builder-workspace/.derivedData/SDKExplicitPrecompiledModules -emit-dependencies -emit-module -emit-module-path /Users/admin/builder/spi-builder-workspace/.derivedData/Build/Intermediates.noindex/ReflectionView.build/Debug-appletvos/ReflectionView-t.build/Objects-normal/arm64/ReflectionView.swiftmodule -serialize-diagnostics -dependency-scan-serialize-diagnostics-path /Users/admin/builder/spi-builder-workspace/.derivedData/Build/Intermediates.noindex/ReflectionView.build/Debug-appletvos/ReflectionView-t.build/Objects-normal/arm64/ReflectionView-dependency-scan.dia -validate-clang-modules-once -clang-build-session-file /Users/admin/builder/spi-builder-workspace/.derivedData/ModuleCache.noindex/Session.modulevalidation -Xcc -fmodules-prune-interval\=86400 -Xcc -fmodules-prune-after\=345600 -package-name spi_builder_workspace -emit-const-values -const-gather-protocols-list /Users/admin/builder/spi-builder-workspace/.derivedData/Build/Intermediates.noindex/ReflectionView.build/Debug-appletvos/ReflectionView-t.build/Objects-normal/arm64/ReflectionView_const_extract_protocols.json -Xcc -I/Users/admin/builder/spi-builder-workspace/.derivedData/Build/Products/Debug-appletvos/include -Xcc -I/Users/admin/builder/spi-builder-workspace/.derivedData/Build/Intermediates.noindex/ReflectionView.build/Debug-appletvos/ReflectionView-t.build/DerivedSources-normal/arm64 -Xcc -I/Users/admin/builder/spi-builder-workspace/.derivedData/Build/Intermediates.noindex/ReflectionView.build/Debug-appletvos/ReflectionView-t.build/DerivedSources/arm64 -Xcc -I/Users/admin/builder/spi-builder-workspace/.derivedData/Build/Intermediates.noindex/ReflectionView.build/Debug-appletvos/ReflectionView-t.build/DerivedSources -Xcc -DSWIFT_PACKAGE -Xcc -DDEBUG\=1 -emit-objc-header -emit-objc-header-path /Users/admin/builder/spi-builder-workspace/.derivedData/Build/Intermediates.noindex/ReflectionView.build/Debug-appletvos/ReflectionView-t.build/Objects-normal/arm64/ReflectionView-Swift.h -working-directory /Users/admin/builder/spi-builder-workspace/.swiftpm/xcode -experimental-emit-module-separately -disable-cmo
Ld /Users/admin/builder/spi-builder-workspace/.derivedData/Build/Products/Debug-appletvos/Reflection.o normal (in target 'Reflection' from project 'ReflectionView')
    cd /Users/admin/builder/spi-builder-workspace
    /Applications/Xcode-27.0.0-Release.Candidate.app/Contents/Developer/Toolchains/XcodeDefault.xctoolchain/usr/bin/clang -Xlinker -reproducible -target arm64-apple-tvos15.0 -r -isysroot /Applications/Xcode-27.0.0-Release.Candidate.app/Contents/Developer/Platforms/AppleTVOS.platform/Developer/SDKs/AppleTVOS27.0.sdk -O0 -Xlinker -no_warn_duplicate_libraries -F/Users/admin/builder/spi-builder-workspace/.derivedData/Build/Intermediates.noindex/EagerLinkingTBDs/Debug-appletvos -F/Users/admin/builder/spi-builder-workspace/.derivedData/Build/Products/Debug-appletvos/PackageFrameworks -F/Users/admin/builder/spi-builder-workspace/.derivedData/Build/Products/Debug-appletvos -iframework /Applications/Xcode-27.0.0-Release.Candidate.app/Contents/Developer/Platforms/AppleTVOS.platform/Developer/Library/Frameworks -iframework /Applications/Xcode-27.0.0-Release.Candidate.app/Contents/Developer/Platforms/AppleTVOS.platform/Developer/SDKs/AppleTVOS27.0.sdk/Developer/Library/Frameworks -filelist /Users/admin/builder/spi-builder-workspace/.derivedData/Build/Intermediates.noindex/ReflectionView.build/Debug-appletvos/Reflection-t.build/Objects-normal/arm64/Reflection.LinkFileList -nostdlib -Xlinker -object_path_lto -Xlinker /Users/admin/builder/spi-builder-workspace/.derivedData/Build/Intermediates.noindex/ReflectionView.build/Debug-appletvos/Reflection-t.build/Objects-normal/arm64/Reflection_lto.o -Xlinker -no_deduplicate -Xlinker -debug_variant -Xlinker -dependency_info -Xlinker /Users/admin/builder/spi-builder-workspace/.derivedData/Build/Intermediates.noindex/ReflectionView.build/Debug-appletvos/Reflection-t.build/Objects-normal/arm64/Reflection_dependency_info.dat -fobjc-link-runtime -L/Applications/Xcode-27.0.0-Release.Candidate.app/Contents/Developer/Toolchains/XcodeDefault.xctoolchain/usr/lib/swift/appletvos -L/usr/lib/swift -Xlinker -add_ast_path -Xlinker /Users/admin/builder/spi-builder-workspace/.derivedData/Build/Intermediates.noindex/ReflectionView.build/Debug-appletvos/Reflection-t.build/Objects-normal/arm64/Reflection.swiftmodule -o /Users/admin/builder/spi-builder-workspace/.derivedData/Build/Products/Debug-appletvos/Reflection.o
ExtractAppIntentsMetadata (in target 'Reflection' from project 'ReflectionView')
    cd /Users/admin/builder/spi-builder-workspace
    /Applications/Xcode-27.0.0-Release.Candidate.app/Contents/Developer/Toolchains/XcodeDefault.xctoolchain/usr/bin/appintentsmetadataprocessor --toolchain-dir /var/run/com.apple.security.cryptexd/mnt/com.apple.MobileAsset.MetalToolchain-v27.1.266.1.TvLCAd/Metal.xctoolchain --module-name Reflection --sdk-root /Applications/Xcode-27.0.0-Release.Candidate.app/Contents/Developer/Platforms/AppleTVOS.platform/Developer/SDKs/AppleTVOS27.0.sdk --xcode-version 27A266a --platform-family tvOS --deployment-target 15.0 --bundle-identifier spi-builder-workspace.Reflection --output /Users/admin/builder/spi-builder-workspace/.derivedData/Build/Products/Debug-appletvos/Reflection.appintents --target-triple arm64-apple-tvos15.0 --binary-file /Users/admin/builder/spi-builder-workspace/.derivedData/Build/Products/Debug-appletvos/Reflection.o --dependency-file /Users/admin/builder/spi-builder-workspace/.derivedData/Build/Intermediates.noindex/ReflectionView.build/Debug-appletvos/Reflection-t.build/Objects-normal/arm64/Reflection_dependency_info.dat --stringsdata-file /Users/admin/builder/spi-builder-workspace/.derivedData/Build/Intermediates.noindex/ReflectionView.build/Debug-appletvos/Reflection-t.build/Objects-normal/arm64/ExtractedAppShortcutsMetadata.stringsdata --source-file-list /Users/admin/builder/spi-builder-workspace/.derivedData/Build/Intermediates.noindex/ReflectionView.build/Debug-appletvos/Reflection-t.build/Objects-normal/arm64/Reflection.SwiftFileList --metadata-file-list /Users/admin/builder/spi-builder-workspace/.derivedData/Build/Intermediates.noindex/ReflectionView.build/Debug-appletvos/Reflection-t.build/Reflection.DependencyMetadataFileList --static-metadata-file-list /Users/admin/builder/spi-builder-workspace/.derivedData/Build/Intermediates.noindex/ReflectionView.build/Debug-appletvos/Reflection-t.build/Reflection.DependencyStaticMetadataFileList --swift-const-vals-list /Users/admin/builder/spi-builder-workspace/.derivedData/Build/Intermediates.noindex/ReflectionView.build/Debug-appletvos/Reflection-t.build/Objects-normal/arm64/Reflection.SwiftConstValuesFileList --force --compile-time-extraction --deployment-aware-processing --no-app-shortcuts-localization
2026-09-22 17:48:48.501 appintentsmetadataprocessor[852:5017] Starting appintentsmetadataprocessor export
2026-09-22 17:48:48.575 appintentsmetadataprocessor[852:5017] Extracted no relevant App Intents symbols, skipping writing output
SwiftCompile normal arm64 Compiling\ GeneratedAssetSymbols.swift /Users/admin/builder/spi-builder-workspace/.derivedData/Build/Intermediates.noindex/ReflectionView.build/Debug-appletvos/ReflectionView-t.build/DerivedSources/GeneratedAssetSymbols.swift (in target 'ReflectionView' from project 'ReflectionView')
SwiftCompile normal arm64 /Users/admin/builder/spi-builder-workspace/.derivedData/Build/Intermediates.noindex/ReflectionView.build/Debug-appletvos/ReflectionView-t.build/DerivedSources/GeneratedAssetSymbols.swift (in target 'ReflectionView' from project 'ReflectionView')
    cd /Users/admin/builder/spi-builder-workspace/.swiftpm/xcode
    builtin-SwiftPerFileCompile GeneratedAssetSymbols.swift
SwiftCompile normal arm64 Compiling\ EnumCaseContent.swift,\ KeyedContent.swift /Users/admin/builder/spi-builder-workspace/Sources/ReflectionView/ContentView/EnumCaseContent.swift /Users/admin/builder/spi-builder-workspace/Sources/ReflectionView/ContentView/KeyedContent.swift (in target 'ReflectionView' from project 'ReflectionView')
/Users/admin/builder/spi-builder-workspace/Sources/ReflectionView/ContentView/EnumCaseContent.swift:72:18: error: 'onTapGesture(count:perform:)' is only available in tvOS 16.0 or newer
 11 | import Reflection
 12 |
 13 | struct EnumCaseContent: View {
    |        `- note: add '@available' attribute to enclosing struct
 14 |     let type: String?
 15 |     let key: String?
    :
 40 |     }
 41 |
 42 |     var body: some View {
    |         `- note: add '@available' attribute to enclosing property
 43 |         if values.isEmpty {
 44 |             simpleCaseView
    :
 70 |                 }
 71 |                 .frame(maxWidth: .infinity, alignment: .leading)
 72 |                 .onTapGesture { withAnimation { isExpanded.toggle() } }
    |                  |- error: 'onTapGesture(count:perform:)' is only available in tvOS 16.0 or newer
    |                  `- note: add 'if #available' version check
 73 |
 74 |                 if isExpanded && !canDisplayOneline {
Failed frontend command:
/Applications/Xcode-27.0.0-Release.Candidate.app/Contents/Developer/Toolchains/XcodeDefault.xctoolchain/usr/bin/swift-frontend -frontend -c /Users/admin/builder/spi-builder-workspace/.derivedData/Build/Intermediates.noindex/ReflectionView.build/Debug-appletvos/ReflectionView-t.build/DerivedSources/resource_bundle_accessor.swift /Users/admin/builder/spi-builder-workspace/Sources/ReflectionView/Component/ItemCountLabel.swift /Users/admin/builder/spi-builder-workspace/Sources/ReflectionView/Config.swift /Users/admin/builder/spi-builder-workspace/Sources/ReflectionView/ContentView/DictContent.swift -primary-file /Users/admin/builder/spi-builder-workspace/Sources/ReflectionView/ContentView/EnumCaseContent.swift -primary-file /Users/admin/builder/spi-builder-workspace/Sources/ReflectionView/ContentView/KeyedContent.swift /Users/admin/builder/spi-builder-workspace/Sources/ReflectionView/ContentView/ListContent.swift /Users/admin/builder/spi-builder-workspace/Sources/ReflectionView/ContentView/NestedContent.swift /Users/admin/builder/spi-builder-workspace/Sources/ReflectionView/ContentView/TypedContent.swift /Users/admin/builder/spi-builder-workspace/Sources/ReflectionView/Extension/View+.swift /Users/admin/builder/spi-builder-workspace/Sources/ReflectionView/ReflectionContentView.swift /Users/admin/builder/spi-builder-workspace/Sources/ReflectionView/ReflectionView.swift /Users/admin/builder/spi-builder-workspace/Sources/ReflectionView/TypeInfoContentView.swift /Users/admin/builder/spi-builder-workspace/Sources/ReflectionView/TypeInfoView.swift /Users/admin/builder/spi-builder-workspace/.derivedData/Build/Intermediates.noindex/ReflectionView.build/Debug-appletvos/ReflectionView-t.build/DerivedSources/GeneratedAssetSymbols.swift -emit-dependencies-path /Users/admin/builder/spi-builder-workspace/.derivedData/Build/Intermediates.noindex/ReflectionView.build/Debug-appletvos/ReflectionView-t.build/Objects-normal/arm64/EnumCaseContent.d -emit-const-values-path /Users/admin/builder/spi-builder-workspace/.derivedData/Build/Intermediates.noindex/ReflectionView.build/Debug-appletvos/ReflectionView-t.build/Objects-normal/arm64/EnumCaseContent.swiftconstvalues -emit-reference-dependencies-path /Users/admin/builder/spi-builder-workspace/.derivedData/Build/Intermediates.noindex/ReflectionView.build/Debug-appletvos/ReflectionView-t.build/Objects-normal/arm64/EnumCaseContent.swiftdeps -serialize-diagnostics-path /Users/admin/builder/spi-builder-workspace/.derivedData/Build/Intermediates.noindex/ReflectionView.build/Debug-appletvos/ReflectionView-t.build/Objects-normal/arm64/EnumCaseContent.dia -emit-dependencies-path /Users/admin/builder/spi-builder-workspace/.derivedData/Build/Intermediates.noindex/ReflectionView.build/Debug-appletvos/ReflectionView-t.build/Objects-normal/arm64/KeyedContent.d -emit-const-values-path /Users/admin/builder/spi-builder-workspace/.derivedData/Build/Intermediates.noindex/ReflectionView.build/Debug-appletvos/ReflectionView-t.build/Objects-normal/arm64/KeyedContent.swiftconstvalues -emit-reference-dependencies-path /Users/admin/builder/spi-builder-workspace/.derivedData/Build/Intermediates.noindex/ReflectionView.build/Debug-appletvos/ReflectionView-t.build/Objects-normal/arm64/KeyedContent.swiftdeps -serialize-diagnostics-path /Users/admin/builder/spi-builder-workspace/.derivedData/Build/Intermediates.noindex/ReflectionView.build/Debug-appletvos/ReflectionView-t.build/Objects-normal/arm64/KeyedContent.dia -target arm64-apple-tvos15.0 -module-can-import-version DeveloperToolsSupport 24.0.24 24.0.24 -module-can-import-version SwiftUI 8.0.84 8.0.84 -module-can-import-version UIKit 9127.0.84.1 9127.0.84 -disable-cross-import-overlay-search -load-resolved-plugin /Applications/Xcode-27.0.0-Release.Candidate.app/Contents/Developer/Platforms/AppleTVOS.platform/Developer/usr/lib/swift/host/plugins/libFoundationMacros.dylib\#/Applications/Xcode-27.0.0-Release.Candidate.app/Contents/Developer/Platforms/AppleTVOS.platform/Developer/usr/bin/swift-plugin-server\#FoundationMacros -load-resolved-plugin /Applications/Xcode-27.0.0-Release.Candidate.app/Contents/Developer/Platforms/AppleTVOS.platform/Developer/usr/lib/swift/host/plugins/libObservationMacros.dylib\#/Applications/Xcode-27.0.0-Release.Candidate.app/Contents/Developer/Platforms/AppleTVOS.platform/Developer/usr/bin/swift-plugin-server\#ObservationMacros -load-resolved-plugin /Applications/Xcode-27.0.0-Release.Candidate.app/Contents/Developer/Platforms/AppleTVOS.platform/Developer/usr/lib/swift/host/plugins/libPreviewsMacros.dylib\#/Applications/Xcode-27.0.0-Release.Candidate.app/Contents/Developer/Platforms/AppleTVOS.platform/Developer/usr/bin/swift-plugin-server\#PreviewsMacros -load-resolved-plugin /Applications/Xcode-27.0.0-Release.Candidate.app/Contents/Developer/Platforms/AppleTVOS.platform/Developer/usr/lib/swift/host/plugins/libSwiftMacros.dylib\#/Applications/Xcode-27.0.0-Release.Candidate.app/Contents/Developer/Platforms/AppleTVOS.platform/Developer/usr/bin/swift-plugin-server\#SwiftMacros -load-resolved-plugin /Applications/Xcode-27.0.0-Release.Candidate.app/Contents/Developer/Platforms/AppleTVOS.platform/Developer/usr/lib/swift/host/plugins/libSwiftUIMacros.dylib\#/Applications/Xcode-27.0.0-Release.Candidate.app/Contents/Developer/Platforms/AppleTVOS.platform/Developer/usr/bin/swift-plugin-server\#SwiftUIMacros -disable-implicit-swift-modules -Xcc -fno-implicit-modules -Xcc -fno-implicit-module-maps -explicit-swift-module-map-file /Users/admin/builder/spi-builder-workspace/.derivedData/Build/Intermediates.noindex/ReflectionView.build/Debug-appletvos/ReflectionView-t.build/Objects-normal/arm64/ReflectionView-dependencies-1.json -Xllvm -aarch64-use-tbi -enable-objc-interop -stack-check -sdk /Applications/Xcode-27.0.0-Release.Candidate.app/Contents/Developer/Platforms/AppleTVOS.platform/Developer/SDKs/AppleTVOS27.0.sdk -I /Users/admin/builder/spi-builder-workspace/.derivedData/Build/Products/Debug-appletvos -Isystem /Applications/Xcode-27.0.0-Release.Candidate.app/Contents/Developer/Platforms/AppleTVOS.platform/Developer/usr/lib -F /Users/admin/builder/spi-builder-workspace/.derivedData/Build/Products/Debug-appletvos/PackageFrameworks -F /Users/admin/builder/spi-builder-workspace/.derivedData/Build/Products/Debug-appletvos -F /Applications/Xcode-27.0.0-Release.Candidate.app/Contents/Developer/Platforms/AppleTVOS.platform/Developer/Library/Frameworks -F /Applications/Xcode-27.0.0-Release.Candidate.app/Contents/Developer/Platforms/AppleTVOS.platform/Developer/SDKs/AppleTVOS27.0.sdk/Developer/Library/Frameworks -module-cache-path /Users/admin/builder/spi-builder-workspace/.derivedData/Build/Intermediates.noindex/SwiftExplicitPrecompiledModules -no-color-diagnostics -Xcc -fno-color-diagnostics -enable-testing -g -debug-info-format\=dwarf -dwarf-version\=4 -profile-generate -profile-coverage-mapping -swift-version 5 -Onone -D SWIFT_PACKAGE -D DEBUG -D SWIFT_MODULE_RESOURCE_BUNDLE_AVAILABLE -D Xcode -serialize-debugging-options -enable-experimental-feature DebugDescriptionMacro -empty-abi-descriptor -validate-clang-modules-once -clang-build-session-file /Users/admin/builder/spi-builder-workspace/.derivedData/ModuleCache.noindex/Session.modulevalidation -Xcc -working-directory -Xcc /Users/admin/builder/spi-builder-workspace/.swiftpm/xcode -enable-anonymous-context-mangled-names -file-compilation-dir /Users/admin/builder/spi-builder-workspace/.swiftpm/xcode -Xcc -D_LIBCPP_HARDENING_MODE\=_LIBCPP_HARDENING_MODE_DEBUG -Xcc -ivfsstatcache -Xcc /Users/admin/builder/spi-builder-workspace/.derivedData/SDKStatCaches.noindex/appletvos27.0-24J360-e829b21a6f8c9b70876ba0858053c044b32bfd8d43560033f8d89884cdb90028.sdkstatcache -Xcc -fmodules-prune-interval\=86400 -Xcc -fmodules-prune-after\=345600 -Xcc -I/Users/admin/builder/spi-builder-workspace/.derivedData/Build/Products/Debug-appletvos/include -Xcc -I/Users/admin/builder/spi-builder-workspace/.derivedData/Build/Intermediates.noindex/ReflectionView.build/Debug-appletvos/ReflectionView-t.build/DerivedSources-normal/arm64 -Xcc -I/Users/admin/builder/spi-builder-workspace/.derivedData/Build/Intermediates.noindex/ReflectionView.build/Debug-appletvos/ReflectionView-t.build/DerivedSources/arm64 -Xcc -I/Users/admin/builder/spi-builder-workspace/.derivedData/Build/Intermediates.noindex/ReflectionView.build/Debug-appletvos/ReflectionView-t.build/DerivedSources -Xcc -DSWIFT_PACKAGE -Xcc -DDEBUG\=1 -no-auto-bridging-header-chaining -module-name ReflectionView -package-name spi_builder_workspace -const-gather-protocols-file /Users/admin/builder/spi-builder-workspace/.derivedData/Build/Intermediates.noindex/ReflectionView.build/Debug-appletvos/ReflectionView-t.build/Objects-normal/arm64/ReflectionView_const_extract_protocols.json -disable-clang-spi -clang-target arm64-apple-tvos27.0 -target-sdk-version 27.0 -target-sdk-name appletvos27.0 -in-process-plugin-server-path /Applications/Xcode-27.0.0-Release.Candidate.app/Contents/Developer/Toolchains/XcodeDefault.xctoolchain/usr/lib/swift/host/libSwiftInProcPluginServer.dylib -parse-as-library -o /Users/admin/builder/spi-builder-workspace/.derivedData/Build/Intermediates.noindex/ReflectionView.build/Debug-appletvos/ReflectionView-t.build/Objects-normal/arm64/EnumCaseContent.o -o /Users/admin/builder/spi-builder-workspace/.derivedData/Build/Intermediates.noindex/ReflectionView.build/Debug-appletvos/ReflectionView-t.build/Objects-normal/arm64/KeyedContent.o -debug-module-path /Users/admin/builder/spi-builder-workspace/.derivedData/Build/Intermediates.noindex/ReflectionView.build/Debug-appletvos/ReflectionView-t.build/Objects-normal/arm64/ReflectionView.swiftmodule -index-unit-output-path /ReflectionView.build/Debug-appletvos/ReflectionView-t.build/Objects-normal/arm64/EnumCaseContent.o -index-unit-output-path /ReflectionView.build/Debug-appletvos/ReflectionView-t.build/Objects-normal/arm64/KeyedContent.o -index-store-path /Users/admin/builder/spi-builder-workspace/.derivedData/Index.noindex/DataStore -index-system-modules
SwiftCompile normal arm64 /Users/admin/builder/spi-builder-workspace/Sources/ReflectionView/ContentView/EnumCaseContent.swift (in target 'ReflectionView' from project 'ReflectionView')
    cd /Users/admin/builder/spi-builder-workspace/.swiftpm/xcode
    builtin-SwiftPerFileCompile EnumCaseContent.swift
SwiftCompile normal arm64 /Users/admin/builder/spi-builder-workspace/Sources/ReflectionView/ContentView/KeyedContent.swift (in target 'ReflectionView' from project 'ReflectionView')
    cd /Users/admin/builder/spi-builder-workspace/.swiftpm/xcode
    builtin-SwiftPerFileCompile KeyedContent.swift
SwiftEmitModule normal arm64 Emitting\ module\ for\ ReflectionView (in target 'ReflectionView' from project 'ReflectionView')
SwiftCompile normal arm64 (in target 'ReflectionView' from project 'ReflectionView')
    cd /Users/admin/builder/spi-builder-workspace/.swiftpm/xcode

SwiftCompile normal arm64 Compiling\ ListContent.swift,\ NestedContent.swift /Users/admin/builder/spi-builder-workspace/Sources/ReflectionView/ContentView/ListContent.swift /Users/admin/builder/spi-builder-workspace/Sources/ReflectionView/ContentView/NestedContent.swift (in target 'ReflectionView' from project 'ReflectionView')
/Users/admin/builder/spi-builder-workspace/Sources/ReflectionView/ContentView/ListContent.swift:59:18: error: 'onTapGesture(count:perform:)' is only available in tvOS 16.0 or newer
 11 | import Reflection
 12 |
 13 | struct ListContent: View {
    |        `- note: add '@available' attribute to enclosing struct
 14 |     let type: String?
 15 |     let key: String?
    :
 34 |     }
 35 |
 36 |     var body: some View {
    |         `- note: add '@available' attribute to enclosing property
 37 |         if elements.isEmpty || (showTypeInfoOnly && !elements.canShowChildTypeInfo) {
 38 |             emptyView
    :
 57 |                 }
 58 |                 .frame(maxWidth: .infinity, alignment: .leading)
 59 |                 .onTapGesture { withAnimation { isExpanded.toggle() } }
    |                  |- error: 'onTapGesture(count:perform:)' is only available in tvOS 16.0 or newer
    |                  `- note: add 'if #available' version check
 60 |                 if isExpanded {
 61 |                     elementsView
SwiftCompile normal arm64 /Users/admin/builder/spi-builder-workspace/Sources/ReflectionView/ContentView/ListContent.swift (in target 'ReflectionView' from project 'ReflectionView')
    cd /Users/admin/builder/spi-builder-workspace/.swiftpm/xcode
    builtin-SwiftPerFileCompile ListContent.swift
SwiftCompile normal arm64 /Users/admin/builder/spi-builder-workspace/Sources/ReflectionView/ContentView/NestedContent.swift (in target 'ReflectionView' from project 'ReflectionView')
    cd /Users/admin/builder/spi-builder-workspace/.swiftpm/xcode
    builtin-SwiftPerFileCompile NestedContent.swift
SwiftDriverJobDiscovery normal arm64 Emitting module for ReflectionView (in target 'ReflectionView' from project 'ReflectionView')
SwiftDriver\ Compilation\ Requirements ReflectionView normal arm64 com.apple.xcode.tools.swift.compiler (in target 'ReflectionView' from project 'ReflectionView')
    cd /Users/admin/builder/spi-builder-workspace/.swiftpm/xcode
    builtin-Swift-Compilation-Requirements -- /Applications/Xcode-27.0.0-Release.Candidate.app/Contents/Developer/Toolchains/XcodeDefault.xctoolchain/usr/bin/swiftc -parse-as-library -module-name ReflectionView -Onone @/Users/admin/builder/spi-builder-workspace/.derivedData/Build/Intermediates.noindex/ReflectionView.build/Debug-appletvos/ReflectionView-t.build/Objects-normal/arm64/ReflectionView.SwiftFileList -DSWIFT_PACKAGE -DDEBUG -DSWIFT_MODULE_RESOURCE_BUNDLE_AVAILABLE -DXcode -plugin-path /Applications/Xcode-27.0.0-Release.Candidate.app/Contents/Developer/Toolchains/XcodeDefault.xctoolchain/usr/lib/swift/host/plugins/testing -enable-experimental-feature DebugDescriptionMacro -sdk /Applications/Xcode-27.0.0-Release.Candidate.app/Contents/Developer/Platforms/AppleTVOS.platform/Developer/SDKs/AppleTVOS27.0.sdk -target arm64-apple-tvos15.0 -g -module-cache-path /Users/admin/builder/spi-builder-workspace/.derivedData/ModuleCache.noindex -Xfrontend -serialize-debugging-options -profile-coverage-mapping -profile-generate -enable-testing -index-store-path /Users/admin/builder/spi-builder-workspace/.derivedData/Index.noindex/DataStore -Xcc -D_LIBCPP_HARDENING_MODE\=_LIBCPP_HARDENING_MODE_DEBUG -swift-version 5 -I /Users/admin/builder/spi-builder-workspace/.derivedData/Build/Products/Debug-appletvos -Isystem /Applications/Xcode-27.0.0-Release.Candidate.app/Contents/Developer/Platforms/AppleTVOS.platform/Developer/usr/lib -F /Users/admin/builder/spi-builder-workspace/.derivedData/Build/Products/Debug-appletvos/PackageFrameworks -F /Users/admin/builder/spi-builder-workspace/.derivedData/Build/Products/Debug-appletvos -F /Applications/Xcode-27.0.0-Release.Candidate.app/Contents/Developer/Platforms/AppleTVOS.platform/Developer/Library/Frameworks -F /Applications/Xcode-27.0.0-Release.Candidate.app/Contents/Developer/Platforms/AppleTVOS.platform/Developer/SDKs/AppleTVOS27.0.sdk/Developer/Library/Frameworks -c -j10 -enable-batch-mode -incremental -Xcc -ivfsstatcache -Xcc /Users/admin/builder/spi-builder-workspace/.derivedData/SDKStatCaches.noindex/appletvos27.0-24J360-e829b21a6f8c9b70876ba0858053c044b32bfd8d43560033f8d89884cdb90028.sdkstatcache -output-file-map /Users/admin/builder/spi-builder-workspace/.derivedData/Build/Intermediates.noindex/ReflectionView.build/Debug-appletvos/ReflectionView-t.build/Objects-normal/arm64/ReflectionView-OutputFileMap.json -save-temps -no-color-diagnostics -explicit-module-build -module-cache-path /Users/admin/builder/spi-builder-workspace/.derivedData/Build/Intermediates.noindex/SwiftExplicitPrecompiledModules -clang-scanner-module-cache-path /Users/admin/builder/spi-builder-workspace/.derivedData/ModuleCache.noindex -sdk-module-cache-path /Users/admin/builder/spi-builder-workspace/.derivedData/SDKExplicitPrecompiledModules -emit-dependencies -emit-module -emit-module-path /Users/admin/builder/spi-builder-workspace/.derivedData/Build/Intermediates.noindex/ReflectionView.build/Debug-appletvos/ReflectionView-t.build/Objects-normal/arm64/ReflectionView.swiftmodule -serialize-diagnostics -dependency-scan-serialize-diagnostics-path /Users/admin/builder/spi-builder-workspace/.derivedData/Build/Intermediates.noindex/ReflectionView.build/Debug-appletvos/ReflectionView-t.build/Objects-normal/arm64/ReflectionView-dependency-scan.dia -validate-clang-modules-once -clang-build-session-file /Users/admin/builder/spi-builder-workspace/.derivedData/ModuleCache.noindex/Session.modulevalidation -Xcc -fmodules-prune-interval\=86400 -Xcc -fmodules-prune-after\=345600 -package-name spi_builder_workspace -emit-const-values -const-gather-protocols-list /Users/admin/builder/spi-builder-workspace/.derivedData/Build/Intermediates.noindex/ReflectionView.build/Debug-appletvos/ReflectionView-t.build/Objects-normal/arm64/ReflectionView_const_extract_protocols.json -Xcc -I/Users/admin/builder/spi-builder-workspace/.derivedData/Build/Products/Debug-appletvos/include -Xcc -I/Users/admin/builder/spi-builder-workspace/.derivedData/Build/Intermediates.noindex/ReflectionView.build/Debug-appletvos/ReflectionView-t.build/DerivedSources-normal/arm64 -Xcc -I/Users/admin/builder/spi-builder-workspace/.derivedData/Build/Intermediates.noindex/ReflectionView.build/Debug-appletvos/ReflectionView-t.build/DerivedSources/arm64 -Xcc -I/Users/admin/builder/spi-builder-workspace/.derivedData/Build/Intermediates.noindex/ReflectionView.build/Debug-appletvos/ReflectionView-t.build/DerivedSources -Xcc -DSWIFT_PACKAGE -Xcc -DDEBUG\=1 -emit-objc-header -emit-objc-header-path /Users/admin/builder/spi-builder-workspace/.derivedData/Build/Intermediates.noindex/ReflectionView.build/Debug-appletvos/ReflectionView-t.build/Objects-normal/arm64/ReflectionView-Swift.h -working-directory /Users/admin/builder/spi-builder-workspace/.swiftpm/xcode -experimental-emit-module-separately -disable-cmo
PruneExplicitPrecompiledModules /Users/admin/builder/spi-builder-workspace/.derivedData/SDKExplicitPrecompiledModules
PruneExplicitPrecompiledModules /Users/admin/builder/spi-builder-workspace/.derivedData/Build/Intermediates.noindex/SwiftExplicitPrecompiledModules
PruneExplicitPrecompiledModules /Users/admin/builder/spi-builder-workspace/.derivedData/Build/Intermediates.noindex/ExplicitPrecompiledModules
2026-09-22 17:48:40.991 xcodebuild[697:4142] [MT] IDERunDestination: Supported platforms for the buildables in the current scheme is empty.
** BUILD FAILED **
The following build commands failed:
	SwiftCompile normal arm64 Compiling\ EnumCaseContent.swift,\ KeyedContent.swift /Users/admin/builder/spi-builder-workspace/Sources/ReflectionView/ContentView/EnumCaseContent.swift /Users/admin/builder/spi-builder-workspace/Sources/ReflectionView/ContentView/KeyedContent.swift (in target 'ReflectionView' from project 'ReflectionView')
	SwiftCompile normal arm64 /Users/admin/builder/spi-builder-workspace/Sources/ReflectionView/ContentView/EnumCaseContent.swift (in target 'ReflectionView' from project 'ReflectionView')
	Building workspace ReflectionView with scheme ReflectionView
(3 failures)
Command line invocation:
    /Applications/Xcode-27.0.0-Release.Candidate.app/Contents/Developer/usr/bin/xcodebuild -IDEClonedSourcePackagesDirPathOverride=/Users/admin/builder/spi-builder-workspace/.dependencies -resolvePackageDependencies
Resolve Package Graph
Resolved source packages:
  ReflectionView: /Users/admin/builder/spi-builder-workspace
  MagicMirror: https://github.com/p-x9/swift-magic-mirror.git @ 0.2.0
  SwiftUIColor: https://github.com/p-x9/SwiftUIColor.git @ 0.6.0
resolved source packages: ReflectionView, MagicMirror, SwiftUIColor
2026-09-22 17:48:50.761 xcodebuild[860:5094] [MT] IDERunDestination: Supported platforms for the buildables in the current scheme is empty.
{
  "dependencies" : [
    {
      "identity" : "swiftuicolor",
      "requirement" : {
        "range" : [
          {
            "lower_bound" : "0.6.0",
            "upper_bound" : "1.0.0"
          }
        ]
      },
      "type" : "sourceControl",
      "url" : "https://github.com/p-x9/SwiftUIColor.git"
    },
    {
      "identity" : "swift-magic-mirror",
      "requirement" : {
        "range" : [
          {
            "lower_bound" : "0.1.0",
            "upper_bound" : "1.0.0"
          }
        ]
      },
      "type" : "sourceControl",
      "url" : "https://github.com/p-x9/swift-magic-mirror.git"
    }
  ],
  "manifest_display_name" : "ReflectionView",
  "name" : "ReflectionView",
  "path" : "/Users/admin/builder/spi-builder-workspace",
  "platforms" : [
    {
      "name" : "ios",
      "version" : "13.0"
    },
    {
      "name" : "macos",
      "version" : "10.15"
    }
  ],
  "products" : [
    {
      "name" : "ReflectionView",
      "targets" : [
        "ReflectionView"
      ],
      "type" : {
        "library" : [
          "automatic"
        ]
      }
    }
  ],
  "targets" : [
    {
      "c99name" : "ReflectionViewTests",
      "module_type" : "SwiftTarget",
      "name" : "ReflectionViewTests",
      "path" : "Tests/ReflectionViewTests",
      "sources" : [
        "ReflectionViewTests.swift"
      ],
      "target_dependencies" : [
        "Reflection",
        "ReflectionView"
      ],
      "type" : "test"
    },
    {
      "c99name" : "ReflectionView",
      "module_type" : "SwiftTarget",
      "name" : "ReflectionView",
      "path" : "Sources/ReflectionView",
      "product_dependencies" : [
        "SwiftUIColor",
        "MagicMirror"
      ],
      "product_memberships" : [
        "ReflectionView"
      ],
      "resources" : [
        {
          "path" : "/Users/admin/builder/spi-builder-workspace/Sources/ReflectionView/Assets/Media.xcassets",
          "rule" : {
            "process" : {
            }
          }
        }
      ],
      "sources" : [
        "Component/ItemCountLabel.swift",
        "Config.swift",
        "ContentView/DictContent.swift",
        "ContentView/EnumCaseContent.swift",
        "ContentView/KeyedContent.swift",
        "ContentView/ListContent.swift",
        "ContentView/NestedContent.swift",
        "ContentView/TypedContent.swift",
        "Extension/View+.swift",
        "ReflectionContentView.swift",
        "ReflectionView.swift",
        "TypeInfoContentView.swift",
        "TypeInfoView.swift"
      ],
      "target_dependencies" : [
        "Reflection"
      ],
      "type" : "library"
    },
    {
      "c99name" : "Reflection",
      "module_type" : "SwiftTarget",
      "name" : "Reflection",
      "path" : "Sources/Reflection",
      "product_dependencies" : [
        "MagicMirror"
      ],
      "product_memberships" : [
        "ReflectionView"
      ],
      "sources" : [
        "Extension/MagicMirror+.swift",
        "Reflection.swift",
        "String+.swift",
        "Util.swift"
      ],
      "type" : "library"
    }
  ],
  "tools_version" : "5.9"
}
{
  "workspace" : {
    "name" : "ReflectionView",
    "schemes" : [
      "ReflectionView"
    ]
  }
}
2026-09-22 17:48:52.008 xcodebuild[868:5157] [MT] IDERunDestination: Supported platforms for the buildables in the current scheme is empty.
Running build ...
env DEVELOPER_DIR=/Applications/Xcode-27.0.0-Release.Candidate.app xcrun xcodebuild -IDEClonedSourcePackagesDirPathOverride=$PWD/.dependencies -skipMacroValidation -skipPackagePluginValidation -derivedDataPath $PWD/.derivedData build -scheme ReflectionView -destination generic/platform=tvOS
Command line invocation:
    /Applications/Xcode-27.0.0-Release.Candidate.app/Contents/Developer/usr/bin/xcodebuild -IDEClonedSourcePackagesDirPathOverride=/Users/admin/builder/spi-builder-workspace/.dependencies -skipMacroValidation -skipPackagePluginValidation -derivedDataPath /Users/admin/builder/spi-builder-workspace/.derivedData build -scheme ReflectionView -destination generic/platform=tvOS
Resolve Package Graph
Resolved source packages:
  ReflectionView: /Users/admin/builder/spi-builder-workspace
  MagicMirror: https://github.com/p-x9/swift-magic-mirror.git @ 0.2.0
  SwiftUIColor: https://github.com/p-x9/SwiftUIColor.git @ 0.6.0
ComputePackagePrebuildTargetDependencyGraph
Prepare packages
CreateBuildRequest
SendProjectDescription
CreateBuildOperation
ComputeTargetDependencyGraph
note: Building targets in dependency order
note: Target dependency graph (9 targets)
    Target 'ReflectionView-product' in project 'ReflectionView'
        ➜ Explicit dependency on target 'ReflectionView' in project 'ReflectionView'
        ➜ Explicit dependency on target 'ReflectionView_ReflectionView' in project 'ReflectionView'
        ➜ Explicit dependency on target 'Reflection' in project 'ReflectionView'
        ➜ Explicit dependency on target 'MagicMirror-product' in project 'MagicMirror'
        ➜ Explicit dependency on target 'SwiftUIColor-product' in project 'SwiftUIColor'
    Target 'ReflectionView' in project 'ReflectionView'
        ➜ Explicit dependency on target 'ReflectionView_ReflectionView' in project 'ReflectionView'
        ➜ Explicit dependency on target 'Reflection' in project 'ReflectionView'
        ➜ Explicit dependency on target 'MagicMirror-product' in project 'MagicMirror'
        ➜ Explicit dependency on target 'SwiftUIColor-product' in project 'SwiftUIColor'
    Target 'SwiftUIColor-product' in project 'SwiftUIColor'
        ➜ Explicit dependency on target 'SwiftUIColor' in project 'SwiftUIColor'
        ➜ Explicit dependency on target 'SwiftUIColor_SwiftUIColor' in project 'SwiftUIColor'
    Target 'SwiftUIColor' in project 'SwiftUIColor'
        ➜ Explicit dependency on target 'SwiftUIColor_SwiftUIColor' in project 'SwiftUIColor'
    Target 'SwiftUIColor_SwiftUIColor' in project 'SwiftUIColor' (no dependencies)
    Target 'Reflection' in project 'ReflectionView'
        ➜ Explicit dependency on target 'MagicMirror-product' in project 'MagicMirror'
    Target 'MagicMirror-product' in project 'MagicMirror'
        ➜ Explicit dependency on target 'MagicMirror' in project 'MagicMirror'
    Target 'MagicMirror' in project 'MagicMirror' (no dependencies)
    Target 'ReflectionView_ReflectionView' in project 'ReflectionView' (no dependencies)
GatherProvisioningInputs
CreateBuildDescription
ClangStatCache /Applications/Xcode-27.0.0-Release.Candidate.app/Contents/Developer/Toolchains/XcodeDefault.xctoolchain/usr/bin/clang-stat-cache /Applications/Xcode-27.0.0-Release.Candidate.app/Contents/Developer/Platforms/AppleTVOS.platform/Developer/SDKs/AppleTVOS27.0.sdk /Users/admin/builder/spi-builder-workspace/.derivedData/SDKStatCaches.noindex/appletvos27.0-24J360-e829b21a6f8c9b70876ba0858053c044b32bfd8d43560033f8d89884cdb90028.sdkstatcache
    cd /Users/admin/builder/spi-builder-workspace/.swiftpm/xcode
    /Applications/Xcode-27.0.0-Release.Candidate.app/Contents/Developer/Toolchains/XcodeDefault.xctoolchain/usr/bin/clang-stat-cache /Applications/Xcode-27.0.0-Release.Candidate.app/Contents/Developer/Platforms/AppleTVOS.platform/Developer/SDKs/AppleTVOS27.0.sdk -o /Users/admin/builder/spi-builder-workspace/.derivedData/SDKStatCaches.noindex/appletvos27.0-24J360-e829b21a6f8c9b70876ba0858053c044b32bfd8d43560033f8d89884cdb90028.sdkstatcache
SwiftDriver SwiftUIColor normal arm64 com.apple.xcode.tools.swift.compiler (in target 'SwiftUIColor' from project 'SwiftUIColor')
    cd /Users/admin/builder/spi-builder-workspace/.swiftpm/xcode
    builtin-SwiftDriver -- /Applications/Xcode-27.0.0-Release.Candidate.app/Contents/Developer/Toolchains/XcodeDefault.xctoolchain/usr/bin/swiftc -parse-as-library -module-name SwiftUIColor -Onone @/Users/admin/builder/spi-builder-workspace/.derivedData/Build/Intermediates.noindex/SwiftUIColor.build/Debug-appletvos/SwiftUIColor-t.build/Objects-normal/arm64/SwiftUIColor.SwiftFileList -DSWIFT_PACKAGE -DDEBUG -DSWIFT_MODULE_RESOURCE_BUNDLE_AVAILABLE -DXcode -plugin-path /Applications/Xcode-27.0.0-Release.Candidate.app/Contents/Developer/Toolchains/XcodeDefault.xctoolchain/usr/lib/swift/host/plugins/testing -enable-experimental-feature DebugDescriptionMacro -sdk /Applications/Xcode-27.0.0-Release.Candidate.app/Contents/Developer/Platforms/AppleTVOS.platform/Developer/SDKs/AppleTVOS27.0.sdk -target arm64-apple-tvos15.0 -g -module-cache-path /Users/admin/builder/spi-builder-workspace/.derivedData/ModuleCache.noindex -Xfrontend -serialize-debugging-options -profile-coverage-mapping -profile-generate -enable-testing -suppress-warnings -index-store-path /Users/admin/builder/spi-builder-workspace/.derivedData/Index.noindex/DataStore -Xcc -D_LIBCPP_HARDENING_MODE\=_LIBCPP_HARDENING_MODE_DEBUG -swift-version 5 -I /Users/admin/builder/spi-builder-workspace/.derivedData/Build/Products/Debug-appletvos -Isystem /Applications/Xcode-27.0.0-Release.Candidate.app/Contents/Developer/Platforms/AppleTVOS.platform/Developer/usr/lib -F /Users/admin/builder/spi-builder-workspace/.derivedData/Build/Products/Debug-appletvos -F /Applications/Xcode-27.0.0-Release.Candidate.app/Contents/Developer/Platforms/AppleTVOS.platform/Developer/Library/Frameworks -F /Applications/Xcode-27.0.0-Release.Candidate.app/Contents/Developer/Platforms/AppleTVOS.platform/Developer/SDKs/AppleTVOS27.0.sdk/Developer/Library/Frameworks -c -j10 -enable-batch-mode -incremental -Xcc -ivfsstatcache -Xcc /Users/admin/builder/spi-builder-workspace/.derivedData/SDKStatCaches.noindex/appletvos27.0-24J360-e829b21a6f8c9b70876ba0858053c044b32bfd8d43560033f8d89884cdb90028.sdkstatcache -output-file-map /Users/admin/builder/spi-builder-workspace/.derivedData/Build/Intermediates.noindex/SwiftUIColor.build/Debug-appletvos/SwiftUIColor-t.build/Objects-normal/arm64/SwiftUIColor-OutputFileMap.json -save-temps -no-color-diagnostics -explicit-module-build -module-cache-path /Users/admin/builder/spi-builder-workspace/.derivedData/Build/Intermediates.noindex/SwiftExplicitPrecompiledModules -clang-scanner-module-cache-path /Users/admin/builder/spi-builder-workspace/.derivedData/ModuleCache.noindex -sdk-module-cache-path /Users/admin/builder/spi-builder-workspace/.derivedData/SDKExplicitPrecompiledModules -emit-dependencies -emit-module -emit-module-path /Users/admin/builder/spi-builder-workspace/.derivedData/Build/Intermediates.noindex/SwiftUIColor.build/Debug-appletvos/SwiftUIColor-t.build/Objects-normal/arm64/SwiftUIColor.swiftmodule -serialize-diagnostics -dependency-scan-serialize-diagnostics-path /Users/admin/builder/spi-builder-workspace/.derivedData/Build/Intermediates.noindex/SwiftUIColor.build/Debug-appletvos/SwiftUIColor-t.build/Objects-normal/arm64/SwiftUIColor-dependency-scan.dia -validate-clang-modules-once -clang-build-session-file /Users/admin/builder/spi-builder-workspace/.derivedData/ModuleCache.noindex/Session.modulevalidation -Xcc -fmodules-prune-interval\=86400 -Xcc -fmodules-prune-after\=345600 -emit-const-values -const-gather-protocols-list /Users/admin/builder/spi-builder-workspace/.derivedData/Build/Intermediates.noindex/SwiftUIColor.build/Debug-appletvos/SwiftUIColor-t.build/Objects-normal/arm64/SwiftUIColor_const_extract_protocols.json -Xcc -I/Users/admin/builder/spi-builder-workspace/.derivedData/Build/Products/Debug-appletvos/include -Xcc -I/Users/admin/builder/spi-builder-workspace/.derivedData/Build/Intermediates.noindex/SwiftUIColor.build/Debug-appletvos/SwiftUIColor-t.build/DerivedSources-normal/arm64 -Xcc -I/Users/admin/builder/spi-builder-workspace/.derivedData/Build/Intermediates.noindex/SwiftUIColor.build/Debug-appletvos/SwiftUIColor-t.build/DerivedSources/arm64 -Xcc -I/Users/admin/builder/spi-builder-workspace/.derivedData/Build/Intermediates.noindex/SwiftUIColor.build/Debug-appletvos/SwiftUIColor-t.build/DerivedSources -Xcc -DSWIFT_PACKAGE -Xcc -DDEBUG\=1 -emit-objc-header -emit-objc-header-path /Users/admin/builder/spi-builder-workspace/.derivedData/Build/Intermediates.noindex/SwiftUIColor.build/Debug-appletvos/SwiftUIColor-t.build/Objects-normal/arm64/SwiftUIColor-Swift.h -working-directory /Users/admin/builder/spi-builder-workspace/.swiftpm/xcode -experimental-emit-module-separately -disable-cmo
SwiftDriver ReflectionView normal arm64 com.apple.xcode.tools.swift.compiler (in target 'ReflectionView' from project 'ReflectionView')
    cd /Users/admin/builder/spi-builder-workspace/.swiftpm/xcode
    builtin-SwiftDriver -- /Applications/Xcode-27.0.0-Release.Candidate.app/Contents/Developer/Toolchains/XcodeDefault.xctoolchain/usr/bin/swiftc -parse-as-library -module-name ReflectionView -Onone @/Users/admin/builder/spi-builder-workspace/.derivedData/Build/Intermediates.noindex/ReflectionView.build/Debug-appletvos/ReflectionView-t.build/Objects-normal/arm64/ReflectionView.SwiftFileList -DSWIFT_PACKAGE -DDEBUG -DSWIFT_MODULE_RESOURCE_BUNDLE_AVAILABLE -DXcode -plugin-path /Applications/Xcode-27.0.0-Release.Candidate.app/Contents/Developer/Toolchains/XcodeDefault.xctoolchain/usr/lib/swift/host/plugins/testing -enable-experimental-feature DebugDescriptionMacro -sdk /Applications/Xcode-27.0.0-Release.Candidate.app/Contents/Developer/Platforms/AppleTVOS.platform/Developer/SDKs/AppleTVOS27.0.sdk -target arm64-apple-tvos15.0 -g -module-cache-path /Users/admin/builder/spi-builder-workspace/.derivedData/ModuleCache.noindex -Xfrontend -serialize-debugging-options -profile-coverage-mapping -profile-generate -enable-testing -index-store-path /Users/admin/builder/spi-builder-workspace/.derivedData/Index.noindex/DataStore -Xcc -D_LIBCPP_HARDENING_MODE\=_LIBCPP_HARDENING_MODE_DEBUG -swift-version 5 -I /Users/admin/builder/spi-builder-workspace/.derivedData/Build/Products/Debug-appletvos -Isystem /Applications/Xcode-27.0.0-Release.Candidate.app/Contents/Developer/Platforms/AppleTVOS.platform/Developer/usr/lib -F /Users/admin/builder/spi-builder-workspace/.derivedData/Build/Products/Debug-appletvos/PackageFrameworks -F /Users/admin/builder/spi-builder-workspace/.derivedData/Build/Products/Debug-appletvos -F /Applications/Xcode-27.0.0-Release.Candidate.app/Contents/Developer/Platforms/AppleTVOS.platform/Developer/Library/Frameworks -F /Applications/Xcode-27.0.0-Release.Candidate.app/Contents/Developer/Platforms/AppleTVOS.platform/Developer/SDKs/AppleTVOS27.0.sdk/Developer/Library/Frameworks -c -j10 -enable-batch-mode -incremental -Xcc -ivfsstatcache -Xcc /Users/admin/builder/spi-builder-workspace/.derivedData/SDKStatCaches.noindex/appletvos27.0-24J360-e829b21a6f8c9b70876ba0858053c044b32bfd8d43560033f8d89884cdb90028.sdkstatcache -output-file-map /Users/admin/builder/spi-builder-workspace/.derivedData/Build/Intermediates.noindex/ReflectionView.build/Debug-appletvos/ReflectionView-t.build/Objects-normal/arm64/ReflectionView-OutputFileMap.json -save-temps -no-color-diagnostics -explicit-module-build -module-cache-path /Users/admin/builder/spi-builder-workspace/.derivedData/Build/Intermediates.noindex/SwiftExplicitPrecompiledModules -clang-scanner-module-cache-path /Users/admin/builder/spi-builder-workspace/.derivedData/ModuleCache.noindex -sdk-module-cache-path /Users/admin/builder/spi-builder-workspace/.derivedData/SDKExplicitPrecompiledModules -emit-dependencies -emit-module -emit-module-path /Users/admin/builder/spi-builder-workspace/.derivedData/Build/Intermediates.noindex/ReflectionView.build/Debug-appletvos/ReflectionView-t.build/Objects-normal/arm64/ReflectionView.swiftmodule -serialize-diagnostics -dependency-scan-serialize-diagnostics-path /Users/admin/builder/spi-builder-workspace/.derivedData/Build/Intermediates.noindex/ReflectionView.build/Debug-appletvos/ReflectionView-t.build/Objects-normal/arm64/ReflectionView-dependency-scan.dia -validate-clang-modules-once -clang-build-session-file /Users/admin/builder/spi-builder-workspace/.derivedData/ModuleCache.noindex/Session.modulevalidation -Xcc -fmodules-prune-interval\=86400 -Xcc -fmodules-prune-after\=345600 -package-name spi_builder_workspace -emit-const-values -const-gather-protocols-list /Users/admin/builder/spi-builder-workspace/.derivedData/Build/Intermediates.noindex/ReflectionView.build/Debug-appletvos/ReflectionView-t.build/Objects-normal/arm64/ReflectionView_const_extract_protocols.json -Xcc -I/Users/admin/builder/spi-builder-workspace/.derivedData/Build/Products/Debug-appletvos/include -Xcc -I/Users/admin/builder/spi-builder-workspace/.derivedData/Build/Intermediates.noindex/ReflectionView.build/Debug-appletvos/ReflectionView-t.build/DerivedSources-normal/arm64 -Xcc -I/Users/admin/builder/spi-builder-workspace/.derivedData/Build/Intermediates.noindex/ReflectionView.build/Debug-appletvos/ReflectionView-t.build/DerivedSources/arm64 -Xcc -I/Users/admin/builder/spi-builder-workspace/.derivedData/Build/Intermediates.noindex/ReflectionView.build/Debug-appletvos/ReflectionView-t.build/DerivedSources -Xcc -DSWIFT_PACKAGE -Xcc -DDEBUG\=1 -emit-objc-header -emit-objc-header-path /Users/admin/builder/spi-builder-workspace/.derivedData/Build/Intermediates.noindex/ReflectionView.build/Debug-appletvos/ReflectionView-t.build/Objects-normal/arm64/ReflectionView-Swift.h -working-directory /Users/admin/builder/spi-builder-workspace/.swiftpm/xcode -experimental-emit-module-separately -disable-cmo
SwiftCompile normal arm64 Compiling\ Color+macOS.swift /Users/admin/builder/spi-builder-workspace/.dependencies/checkouts/SwiftUIColor/Sources/SwiftUIColor/Color+macOS.swift (in target 'SwiftUIColor' from project 'SwiftUIColor')
SwiftCompile normal arm64 /Users/admin/builder/spi-builder-workspace/.dependencies/checkouts/SwiftUIColor/Sources/SwiftUIColor/Color+macOS.swift (in target 'SwiftUIColor' from project 'SwiftUIColor')
    cd /Users/admin/builder/spi-builder-workspace/.swiftpm/xcode
    builtin-SwiftPerFileCompile Color+macOS.swift
SwiftCompile normal arm64 Compiling\ Color+universal.swift /Users/admin/builder/spi-builder-workspace/.dependencies/checkouts/SwiftUIColor/Sources/SwiftUIColor/Color+universal.swift (in target 'SwiftUIColor' from project 'SwiftUIColor')
SwiftCompile normal arm64 /Users/admin/builder/spi-builder-workspace/.dependencies/checkouts/SwiftUIColor/Sources/SwiftUIColor/Color+universal.swift (in target 'SwiftUIColor' from project 'SwiftUIColor')
    cd /Users/admin/builder/spi-builder-workspace/.swiftpm/xcode
    builtin-SwiftPerFileCompile Color+universal.swift
SwiftCompile normal arm64 Compiling\ Color+tvOS.swift /Users/admin/builder/spi-builder-workspace/.dependencies/checkouts/SwiftUIColor/Sources/SwiftUIColor/Color+tvOS.swift (in target 'SwiftUIColor' from project 'SwiftUIColor')
SwiftCompile normal arm64 /Users/admin/builder/spi-builder-workspace/.dependencies/checkouts/SwiftUIColor/Sources/SwiftUIColor/Color+tvOS.swift (in target 'SwiftUIColor' from project 'SwiftUIColor')
    cd /Users/admin/builder/spi-builder-workspace/.swiftpm/xcode
    builtin-SwiftPerFileCompile Color+tvOS.swift
SwiftCompile normal arm64 Compiling\ Color+iOS.swift /Users/admin/builder/spi-builder-workspace/.dependencies/checkouts/SwiftUIColor/Sources/SwiftUIColor/Color+iOS.swift (in target 'SwiftUIColor' from project 'SwiftUIColor')
SwiftCompile normal arm64 /Users/admin/builder/spi-builder-workspace/.dependencies/checkouts/SwiftUIColor/Sources/SwiftUIColor/Color+iOS.swift (in target 'SwiftUIColor' from project 'SwiftUIColor')
    cd /Users/admin/builder/spi-builder-workspace/.swiftpm/xcode
    builtin-SwiftPerFileCompile Color+iOS.swift
SwiftCompile normal arm64 Compiling\ Color+visionOS.swift /Users/admin/builder/spi-builder-workspace/.dependencies/checkouts/SwiftUIColor/Sources/SwiftUIColor/Color+visionOS.swift (in target 'SwiftUIColor' from project 'SwiftUIColor')
SwiftCompile normal arm64 /Users/admin/builder/spi-builder-workspace/.dependencies/checkouts/SwiftUIColor/Sources/SwiftUIColor/Color+visionOS.swift (in target 'SwiftUIColor' from project 'SwiftUIColor')
    cd /Users/admin/builder/spi-builder-workspace/.swiftpm/xcode
    builtin-SwiftPerFileCompile Color+visionOS.swift
SwiftCompile normal arm64 Compiling\ GeneratedAssetSymbols.swift /Users/admin/builder/spi-builder-workspace/.derivedData/Build/Intermediates.noindex/SwiftUIColor.build/Debug-appletvos/SwiftUIColor-t.build/DerivedSources/GeneratedAssetSymbols.swift (in target 'SwiftUIColor' from project 'SwiftUIColor')
SwiftCompile normal arm64 /Users/admin/builder/spi-builder-workspace/.derivedData/Build/Intermediates.noindex/SwiftUIColor.build/Debug-appletvos/SwiftUIColor-t.build/DerivedSources/GeneratedAssetSymbols.swift (in target 'SwiftUIColor' from project 'SwiftUIColor')
    cd /Users/admin/builder/spi-builder-workspace/.swiftpm/xcode
    builtin-SwiftPerFileCompile GeneratedAssetSymbols.swift
SwiftEmitModule normal arm64 Emitting\ module\ for\ SwiftUIColor (in target 'SwiftUIColor' from project 'SwiftUIColor')
SwiftCompile normal arm64 (in target 'SwiftUIColor' from project 'SwiftUIColor')
    cd /Users/admin/builder/spi-builder-workspace/.swiftpm/xcode

SwiftCompile normal arm64 Compiling\ Color+watchOS.swift /Users/admin/builder/spi-builder-workspace/.dependencies/checkouts/SwiftUIColor/Sources/SwiftUIColor/Color+watchOS.swift (in target 'SwiftUIColor' from project 'SwiftUIColor')
SwiftCompile normal arm64 /Users/admin/builder/spi-builder-workspace/.dependencies/checkouts/SwiftUIColor/Sources/SwiftUIColor/Color+watchOS.swift (in target 'SwiftUIColor' from project 'SwiftUIColor')
    cd /Users/admin/builder/spi-builder-workspace/.swiftpm/xcode
    builtin-SwiftPerFileCompile Color+watchOS.swift
SwiftCompile normal arm64 Compiling\ Config.swift,\ DictContent.swift /Users/admin/builder/spi-builder-workspace/Sources/ReflectionView/Config.swift /Users/admin/builder/spi-builder-workspace/Sources/ReflectionView/ContentView/DictContent.swift (in target 'ReflectionView' from project 'ReflectionView')
/Users/admin/builder/spi-builder-workspace/Sources/ReflectionView/ContentView/DictContent.swift:59:18: error: 'onTapGesture(count:perform:)' is only available in tvOS 16.0 or newer
 11 | import Reflection
 12 |
 13 | struct DictContent: View {
    |        `- note: add '@available' attribute to enclosing struct
 14 |     let type: String?
 15 |     let key: String?
    :
 34 |     }
 35 |
 36 |     var body: some View {
    |         `- note: add '@available' attribute to enclosing property
 37 |         if elements.isEmpty || (showTypeInfoOnly && !elements.canShowChildTypeInfo) {
 38 |             emptyView
    :
 57 |                 }
 58 |                 .frame(maxWidth: .infinity, alignment: .leading)
 59 |                 .onTapGesture { withAnimation { isExpanded.toggle() } }
    |                  |- error: 'onTapGesture(count:perform:)' is only available in tvOS 16.0 or newer
    |                  `- note: add 'if #available' version check
 60 |                 if isExpanded {
 61 |                     elementsView
Failed frontend command:
/Applications/Xcode-27.0.0-Release.Candidate.app/Contents/Developer/Toolchains/XcodeDefault.xctoolchain/usr/bin/swift-frontend -frontend -c /Users/admin/builder/spi-builder-workspace/.derivedData/Build/Intermediates.noindex/ReflectionView.build/Debug-appletvos/ReflectionView-t.build/DerivedSources/resource_bundle_accessor.swift /Users/admin/builder/spi-builder-workspace/Sources/ReflectionView/Component/ItemCountLabel.swift -primary-file /Users/admin/builder/spi-builder-workspace/Sources/ReflectionView/Config.swift -primary-file /Users/admin/builder/spi-builder-workspace/Sources/ReflectionView/ContentView/DictContent.swift /Users/admin/builder/spi-builder-workspace/Sources/ReflectionView/ContentView/EnumCaseContent.swift /Users/admin/builder/spi-builder-workspace/Sources/ReflectionView/ContentView/KeyedContent.swift /Users/admin/builder/spi-builder-workspace/Sources/ReflectionView/ContentView/ListContent.swift /Users/admin/builder/spi-builder-workspace/Sources/ReflectionView/ContentView/NestedContent.swift /Users/admin/builder/spi-builder-workspace/Sources/ReflectionView/ContentView/TypedContent.swift /Users/admin/builder/spi-builder-workspace/Sources/ReflectionView/Extension/View+.swift /Users/admin/builder/spi-builder-workspace/Sources/ReflectionView/ReflectionContentView.swift /Users/admin/builder/spi-builder-workspace/Sources/ReflectionView/ReflectionView.swift /Users/admin/builder/spi-builder-workspace/Sources/ReflectionView/TypeInfoContentView.swift /Users/admin/builder/spi-builder-workspace/Sources/ReflectionView/TypeInfoView.swift /Users/admin/builder/spi-builder-workspace/.derivedData/Build/Intermediates.noindex/ReflectionView.build/Debug-appletvos/ReflectionView-t.build/DerivedSources/GeneratedAssetSymbols.swift -emit-dependencies-path /Users/admin/builder/spi-builder-workspace/.derivedData/Build/Intermediates.noindex/ReflectionView.build/Debug-appletvos/ReflectionView-t.build/Objects-normal/arm64/Config.d -emit-const-values-path /Users/admin/builder/spi-builder-workspace/.derivedData/Build/Intermediates.noindex/ReflectionView.build/Debug-appletvos/ReflectionView-t.build/Objects-normal/arm64/Config.swiftconstvalues -emit-reference-dependencies-path /Users/admin/builder/spi-builder-workspace/.derivedData/Build/Intermediates.noindex/ReflectionView.build/Debug-appletvos/ReflectionView-t.build/Objects-normal/arm64/Config.swiftdeps -serialize-diagnostics-path /Users/admin/builder/spi-builder-workspace/.derivedData/Build/Intermediates.noindex/ReflectionView.build/Debug-appletvos/ReflectionView-t.build/Objects-normal/arm64/Config.dia -emit-dependencies-path /Users/admin/builder/spi-builder-workspace/.derivedData/Build/Intermediates.noindex/ReflectionView.build/Debug-appletvos/ReflectionView-t.build/Objects-normal/arm64/DictContent.d -emit-const-values-path /Users/admin/builder/spi-builder-workspace/.derivedData/Build/Intermediates.noindex/ReflectionView.build/Debug-appletvos/ReflectionView-t.build/Objects-normal/arm64/DictContent.swiftconstvalues -emit-reference-dependencies-path /Users/admin/builder/spi-builder-workspace/.derivedData/Build/Intermediates.noindex/ReflectionView.build/Debug-appletvos/ReflectionView-t.build/Objects-normal/arm64/DictContent.swiftdeps -serialize-diagnostics-path /Users/admin/builder/spi-builder-workspace/.derivedData/Build/Intermediates.noindex/ReflectionView.build/Debug-appletvos/ReflectionView-t.build/Objects-normal/arm64/DictContent.dia -target arm64-apple-tvos15.0 -module-can-import-version DeveloperToolsSupport 24.0.24 24.0.24 -module-can-import-version SwiftUI 8.0.84 8.0.84 -module-can-import-version UIKit 9127.0.84.1 9127.0.84 -disable-cross-import-overlay-search -load-resolved-plugin /Applications/Xcode-27.0.0-Release.Candidate.app/Contents/Developer/Platforms/AppleTVOS.platform/Developer/usr/lib/swift/host/plugins/libFoundationMacros.dylib\#/Applications/Xcode-27.0.0-Release.Candidate.app/Contents/Developer/Platforms/AppleTVOS.platform/Developer/usr/bin/swift-plugin-server\#FoundationMacros -load-resolved-plugin /Applications/Xcode-27.0.0-Release.Candidate.app/Contents/Developer/Platforms/AppleTVOS.platform/Developer/usr/lib/swift/host/plugins/libObservationMacros.dylib\#/Applications/Xcode-27.0.0-Release.Candidate.app/Contents/Developer/Platforms/AppleTVOS.platform/Developer/usr/bin/swift-plugin-server\#ObservationMacros -load-resolved-plugin /Applications/Xcode-27.0.0-Release.Candidate.app/Contents/Developer/Platforms/AppleTVOS.platform/Developer/usr/lib/swift/host/plugins/libPreviewsMacros.dylib\#/Applications/Xcode-27.0.0-Release.Candidate.app/Contents/Developer/Platforms/AppleTVOS.platform/Developer/usr/bin/swift-plugin-server\#PreviewsMacros -load-resolved-plugin /Applications/Xcode-27.0.0-Release.Candidate.app/Contents/Developer/Platforms/AppleTVOS.platform/Developer/usr/lib/swift/host/plugins/libSwiftMacros.dylib\#/Applications/Xcode-27.0.0-Release.Candidate.app/Contents/Developer/Platforms/AppleTVOS.platform/Developer/usr/bin/swift-plugin-server\#SwiftMacros -load-resolved-plugin /Applications/Xcode-27.0.0-Release.Candidate.app/Contents/Developer/Platforms/AppleTVOS.platform/Developer/usr/lib/swift/host/plugins/libSwiftUIMacros.dylib\#/Applications/Xcode-27.0.0-Release.Candidate.app/Contents/Developer/Platforms/AppleTVOS.platform/Developer/usr/bin/swift-plugin-server\#SwiftUIMacros -disable-implicit-swift-modules -Xcc -fno-implicit-modules -Xcc -fno-implicit-module-maps -explicit-swift-module-map-file /Users/admin/builder/spi-builder-workspace/.derivedData/Build/Intermediates.noindex/ReflectionView.build/Debug-appletvos/ReflectionView-t.build/Objects-normal/arm64/ReflectionView-dependencies-1.json -Xllvm -aarch64-use-tbi -enable-objc-interop -stack-check -sdk /Applications/Xcode-27.0.0-Release.Candidate.app/Contents/Developer/Platforms/AppleTVOS.platform/Developer/SDKs/AppleTVOS27.0.sdk -I /Users/admin/builder/spi-builder-workspace/.derivedData/Build/Products/Debug-appletvos -Isystem /Applications/Xcode-27.0.0-Release.Candidate.app/Contents/Developer/Platforms/AppleTVOS.platform/Developer/usr/lib -F /Users/admin/builder/spi-builder-workspace/.derivedData/Build/Products/Debug-appletvos/PackageFrameworks -F /Users/admin/builder/spi-builder-workspace/.derivedData/Build/Products/Debug-appletvos -F /Applications/Xcode-27.0.0-Release.Candidate.app/Contents/Developer/Platforms/AppleTVOS.platform/Developer/Library/Frameworks -F /Applications/Xcode-27.0.0-Release.Candidate.app/Contents/Developer/Platforms/AppleTVOS.platform/Developer/SDKs/AppleTVOS27.0.sdk/Developer/Library/Frameworks -module-cache-path /Users/admin/builder/spi-builder-workspace/.derivedData/Build/Intermediates.noindex/SwiftExplicitPrecompiledModules -no-color-diagnostics -Xcc -fno-color-diagnostics -enable-testing -g -debug-info-format\=dwarf -dwarf-version\=4 -profile-generate -profile-coverage-mapping -swift-version 5 -Onone -D SWIFT_PACKAGE -D DEBUG -D SWIFT_MODULE_RESOURCE_BUNDLE_AVAILABLE -D Xcode -serialize-debugging-options -enable-experimental-feature DebugDescriptionMacro -empty-abi-descriptor -validate-clang-modules-once -clang-build-session-file /Users/admin/builder/spi-builder-workspace/.derivedData/ModuleCache.noindex/Session.modulevalidation -Xcc -working-directory -Xcc /Users/admin/builder/spi-builder-workspace/.swiftpm/xcode -enable-anonymous-context-mangled-names -file-compilation-dir /Users/admin/builder/spi-builder-workspace/.swiftpm/xcode -Xcc -D_LIBCPP_HARDENING_MODE\=_LIBCPP_HARDENING_MODE_DEBUG -Xcc -ivfsstatcache -Xcc /Users/admin/builder/spi-builder-workspace/.derivedData/SDKStatCaches.noindex/appletvos27.0-24J360-e829b21a6f8c9b70876ba0858053c044b32bfd8d43560033f8d89884cdb90028.sdkstatcache -Xcc -fmodules-prune-interval\=86400 -Xcc -fmodules-prune-after\=345600 -Xcc -I/Users/admin/builder/spi-builder-workspace/.derivedData/Build/Products/Debug-appletvos/include -Xcc -I/Users/admin/builder/spi-builder-workspace/.derivedData/Build/Intermediates.noindex/ReflectionView.build/Debug-appletvos/ReflectionView-t.build/DerivedSources-normal/arm64 -Xcc -I/Users/admin/builder/spi-builder-workspace/.derivedData/Build/Intermediates.noindex/ReflectionView.build/Debug-appletvos/ReflectionView-t.build/DerivedSources/arm64 -Xcc -I/Users/admin/builder/spi-builder-workspace/.derivedData/Build/Intermediates.noindex/ReflectionView.build/Debug-appletvos/ReflectionView-t.build/DerivedSources -Xcc -DSWIFT_PACKAGE -Xcc -DDEBUG\=1 -no-auto-bridging-header-chaining -module-name ReflectionView -package-name spi_builder_workspace -const-gather-protocols-file /Users/admin/builder/spi-builder-workspace/.derivedData/Build/Intermediates.noindex/ReflectionView.build/Debug-appletvos/ReflectionView-t.build/Objects-normal/arm64/ReflectionView_const_extract_protocols.json -disable-clang-spi -clang-target arm64-apple-tvos27.0 -target-sdk-version 27.0 -target-sdk-name appletvos27.0 -in-process-plugin-server-path /Applications/Xcode-27.0.0-Release.Candidate.app/Contents/Developer/Toolchains/XcodeDefault.xctoolchain/usr/lib/swift/host/libSwiftInProcPluginServer.dylib -parse-as-library -o /Users/admin/builder/spi-builder-workspace/.derivedData/Build/Intermediates.noindex/ReflectionView.build/Debug-appletvos/ReflectionView-t.build/Objects-normal/arm64/Config.o -o /Users/admin/builder/spi-builder-workspace/.derivedData/Build/Intermediates.noindex/ReflectionView.build/Debug-appletvos/ReflectionView-t.build/Objects-normal/arm64/DictContent.o -debug-module-path /Users/admin/builder/spi-builder-workspace/.derivedData/Build/Intermediates.noindex/ReflectionView.build/Debug-appletvos/ReflectionView-t.build/Objects-normal/arm64/ReflectionView.swiftmodule -index-unit-output-path /ReflectionView.build/Debug-appletvos/ReflectionView-t.build/Objects-normal/arm64/Config.o -index-unit-output-path /ReflectionView.build/Debug-appletvos/ReflectionView-t.build/Objects-normal/arm64/DictContent.o -index-store-path /Users/admin/builder/spi-builder-workspace/.derivedData/Index.noindex/DataStore -index-system-modules
SwiftCompile normal arm64 /Users/admin/builder/spi-builder-workspace/Sources/ReflectionView/Config.swift (in target 'ReflectionView' from project 'ReflectionView')
    cd /Users/admin/builder/spi-builder-workspace/.swiftpm/xcode
    builtin-SwiftPerFileCompile Config.swift
SwiftCompile normal arm64 /Users/admin/builder/spi-builder-workspace/Sources/ReflectionView/ContentView/DictContent.swift (in target 'ReflectionView' from project 'ReflectionView')
    cd /Users/admin/builder/spi-builder-workspace/.swiftpm/xcode
    builtin-SwiftPerFileCompile DictContent.swift
SwiftCompile normal arm64 Compiling\ resource_bundle_accessor.swift,\ ItemCountLabel.swift /Users/admin/builder/spi-builder-workspace/.derivedData/Build/Intermediates.noindex/ReflectionView.build/Debug-appletvos/ReflectionView-t.build/DerivedSources/resource_bundle_accessor.swift /Users/admin/builder/spi-builder-workspace/Sources/ReflectionView/Component/ItemCountLabel.swift (in target 'ReflectionView' from project 'ReflectionView')
SwiftCompile normal arm64 /Users/admin/builder/spi-builder-workspace/.derivedData/Build/Intermediates.noindex/ReflectionView.build/Debug-appletvos/ReflectionView-t.build/DerivedSources/resource_bundle_accessor.swift (in target 'ReflectionView' from project 'ReflectionView')
    cd /Users/admin/builder/spi-builder-workspace/.swiftpm/xcode
    builtin-SwiftPerFileCompile resource_bundle_accessor.swift
SwiftCompile normal arm64 /Users/admin/builder/spi-builder-workspace/Sources/ReflectionView/Component/ItemCountLabel.swift (in target 'ReflectionView' from project 'ReflectionView')
    cd /Users/admin/builder/spi-builder-workspace/.swiftpm/xcode
    builtin-SwiftPerFileCompile ItemCountLabel.swift
SwiftEmitModule normal arm64 Emitting\ module\ for\ ReflectionView (in target 'ReflectionView' from project 'ReflectionView')
SwiftCompile normal arm64 (in target 'ReflectionView' from project 'ReflectionView')
    cd /Users/admin/builder/spi-builder-workspace/.swiftpm/xcode

SwiftDriverJobDiscovery normal arm64 Compiling Color+universal.swift (in target 'SwiftUIColor' from project 'SwiftUIColor')
SwiftCompile normal arm64 Compiling\ TypeInfoView.swift /Users/admin/builder/spi-builder-workspace/Sources/ReflectionView/TypeInfoView.swift (in target 'ReflectionView' from project 'ReflectionView')
SwiftCompile normal arm64 /Users/admin/builder/spi-builder-workspace/Sources/ReflectionView/TypeInfoView.swift (in target 'ReflectionView' from project 'ReflectionView')
    cd /Users/admin/builder/spi-builder-workspace/.swiftpm/xcode
    builtin-SwiftPerFileCompile TypeInfoView.swift
SwiftDriverJobDiscovery normal arm64 Compiling resource_bundle_accessor.swift, ItemCountLabel.swift (in target 'ReflectionView' from project 'ReflectionView')
SwiftCompile normal arm64 Compiling\ ReflectionContentView.swift /Users/admin/builder/spi-builder-workspace/Sources/ReflectionView/ReflectionContentView.swift (in target 'ReflectionView' from project 'ReflectionView')
SwiftCompile normal arm64 /Users/admin/builder/spi-builder-workspace/Sources/ReflectionView/ReflectionContentView.swift (in target 'ReflectionView' from project 'ReflectionView')
    cd /Users/admin/builder/spi-builder-workspace/.swiftpm/xcode
    builtin-SwiftPerFileCompile ReflectionContentView.swift
SwiftDriverJobDiscovery normal arm64 Compiling Color+watchOS.swift (in target 'SwiftUIColor' from project 'SwiftUIColor')
SwiftCompile normal arm64 Compiling\ TypedContent.swift,\ View+.swift /Users/admin/builder/spi-builder-workspace/Sources/ReflectionView/ContentView/TypedContent.swift /Users/admin/builder/spi-builder-workspace/Sources/ReflectionView/Extension/View+.swift (in target 'ReflectionView' from project 'ReflectionView')
SwiftCompile normal arm64 /Users/admin/builder/spi-builder-workspace/Sources/ReflectionView/ContentView/TypedContent.swift (in target 'ReflectionView' from project 'ReflectionView')
    cd /Users/admin/builder/spi-builder-workspace/.swiftpm/xcode
    builtin-SwiftPerFileCompile TypedContent.swift
SwiftCompile normal arm64 /Users/admin/builder/spi-builder-workspace/Sources/ReflectionView/Extension/View+.swift (in target 'ReflectionView' from project 'ReflectionView')
    cd /Users/admin/builder/spi-builder-workspace/.swiftpm/xcode
    builtin-SwiftPerFileCompile View+.swift
SwiftDriverJobDiscovery normal arm64 Compiling Color+tvOS.swift (in target 'SwiftUIColor' from project 'SwiftUIColor')
SwiftCompile normal arm64 Compiling\ ReflectionView.swift /Users/admin/builder/spi-builder-workspace/Sources/ReflectionView/ReflectionView.swift (in target 'ReflectionView' from project 'ReflectionView')
SwiftCompile normal arm64 /Users/admin/builder/spi-builder-workspace/Sources/ReflectionView/ReflectionView.swift (in target 'ReflectionView' from project 'ReflectionView')
    cd /Users/admin/builder/spi-builder-workspace/.swiftpm/xcode
    builtin-SwiftPerFileCompile ReflectionView.swift
SwiftDriverJobDiscovery normal arm64 Compiling Color+iOS.swift (in target 'SwiftUIColor' from project 'SwiftUIColor')
SwiftCompile normal arm64 Compiling\ GeneratedAssetSymbols.swift /Users/admin/builder/spi-builder-workspace/.derivedData/Build/Intermediates.noindex/ReflectionView.build/Debug-appletvos/ReflectionView-t.build/DerivedSources/GeneratedAssetSymbols.swift (in target 'ReflectionView' from project 'ReflectionView')
SwiftCompile normal arm64 /Users/admin/builder/spi-builder-workspace/.derivedData/Build/Intermediates.noindex/ReflectionView.build/Debug-appletvos/ReflectionView-t.build/DerivedSources/GeneratedAssetSymbols.swift (in target 'ReflectionView' from project 'ReflectionView')
    cd /Users/admin/builder/spi-builder-workspace/.swiftpm/xcode
    builtin-SwiftPerFileCompile GeneratedAssetSymbols.swift
SwiftDriverJobDiscovery normal arm64 Compiling Color+visionOS.swift (in target 'SwiftUIColor' from project 'SwiftUIColor')
SwiftCompile normal arm64 Compiling\ ListContent.swift,\ NestedContent.swift /Users/admin/builder/spi-builder-workspace/Sources/ReflectionView/ContentView/ListContent.swift /Users/admin/builder/spi-builder-workspace/Sources/ReflectionView/ContentView/NestedContent.swift (in target 'ReflectionView' from project 'ReflectionView')
SwiftCompile normal arm64 /Users/admin/builder/spi-builder-workspace/Sources/ReflectionView/ContentView/ListContent.swift (in target 'ReflectionView' from project 'ReflectionView')
    cd /Users/admin/builder/spi-builder-workspace/.swiftpm/xcode
    builtin-SwiftPerFileCompile ListContent.swift
SwiftCompile normal arm64 /Users/admin/builder/spi-builder-workspace/Sources/ReflectionView/ContentView/NestedContent.swift (in target 'ReflectionView' from project 'ReflectionView')
    cd /Users/admin/builder/spi-builder-workspace/.swiftpm/xcode
    builtin-SwiftPerFileCompile NestedContent.swift
PruneExplicitPrecompiledModules /Users/admin/builder/spi-builder-workspace/.derivedData/Build/Intermediates.noindex/ExplicitPrecompiledModules
PruneExplicitPrecompiledModules /Users/admin/builder/spi-builder-workspace/.derivedData/Build/Intermediates.noindex/SwiftExplicitPrecompiledModules
PruneExplicitPrecompiledModules /Users/admin/builder/spi-builder-workspace/.derivedData/SDKExplicitPrecompiledModules
2026-09-22 17:48:53.026 xcodebuild[869:5180] [MT] IDERunDestination: Supported platforms for the buildables in the current scheme is empty.
** BUILD FAILED **
The following build commands failed:
	SwiftCompile normal arm64 Compiling\ Config.swift,\ DictContent.swift /Users/admin/builder/spi-builder-workspace/Sources/ReflectionView/Config.swift /Users/admin/builder/spi-builder-workspace/Sources/ReflectionView/ContentView/DictContent.swift (in target 'ReflectionView' from project 'ReflectionView')
	SwiftCompile normal arm64 /Users/admin/builder/spi-builder-workspace/Sources/ReflectionView/ContentView/DictContent.swift (in target 'ReflectionView' from project 'ReflectionView')
	Building workspace ReflectionView with scheme ReflectionView
(3 failures)
BUILD FAILURE 6.4 tvOS