The Swift Package Index logo.Swift Package Index

Build Information

Failed to build Measure, reference v0.13.0 (59505f), with Swift 6.4 for Wasm on 27 Sep 2026 21:18:54 UTC.

Build Command

bash -c docker run --pull=always --rm -v "checkouts-54344843-0":/host -w "$PWD" -e JAVA_HOME="/root/.sdkman/candidates/java/current" -e SPI_BUILD="1" -e SPI_PROCESSING="1" registry.gitlab.com/saguaro1/spi-images:wasm-6.4-latest swift build --swift-sdk swift-6.4.x-DEVELOPMENT-SNAPSHOT-2026-09-04-a_wasm 2>&1

Build Log

========================================
RunAll
========================================
Builder version: 5.1.0
Interrupt handler set up.
========================================
Checkout
========================================
Clone URL: https://github.com/measure-sh/measure.git
Reference: v0.13.0
Initialized empty Git repository in /host/spi-builder-workspace/.git/
hint: Using 'master' as the name for the initial branch. This default branch name
hint: is subject to change. To configure the initial branch name to use in all
hint: of your new repositories, which will suppress this warning, call:
hint:
hint: 	git config --global init.defaultBranch <name>
hint:
hint: Names commonly chosen instead of 'master' are 'main', 'trunk' and
hint: 'development'. The just-created branch can be renamed via this command:
hint:
hint: 	git branch -m <name>
From https://github.com/measure-sh/measure
 * tag               v0.13.0    -> FETCH_HEAD
HEAD is now at 59505fd ci: update changelog
Updating files:  76% (3680/4819)
Updating files:  77% (3711/4819)
Updating files:  78% (3759/4819)
Updating files:  79% (3808/4819)
Updating files:  80% (3856/4819)
Updating files:  81% (3904/4819)
Updating files:  82% (3952/4819)
Updating files:  83% (4000/4819)
Updating files:  84% (4048/4819)
Updating files:  85% (4097/4819)
Updating files:  86% (4145/4819)
Updating files:  87% (4193/4819)
Updating files:  88% (4241/4819)
Updating files:  89% (4289/4819)
Updating files:  90% (4338/4819)
Updating files:  91% (4386/4819)
Updating files:  92% (4434/4819)
Updating files:  93% (4482/4819)
Updating files:  94% (4530/4819)
Updating files:  95% (4579/4819)
Updating files:  96% (4627/4819)
Updating files:  97% (4675/4819)
Updating files:  98% (4723/4819)
Updating files:  99% (4771/4819)
Updating files: 100% (4819/4819)
Updating files: 100% (4819/4819), done.
Submodule path 'ios/Sources/MeasureWebP/libwebp': checked out '4fa21912338357f89e4fd51cf2368325b59e9bd9'
Submodule 'ios/Sources/MeasureWebP/libwebp' (https://github.com/webmproject/libwebp.git) registered for path 'ios/Sources/MeasureWebP/libwebp'
Cloning into '/host/spi-builder-workspace/ios/Sources/MeasureWebP/libwebp'...
Cloned https://github.com/measure-sh/measure.git
Revision (git rev-parse @):
59505fd70be0b728c3bb5682865e7145315daf32
SUCCESS checkout https://github.com/measure-sh/measure.git at v0.13.0
========================================
Build
========================================
Selected platform:         wasm
Swift version:             6.4
Building package at path:  $PWD
https://github.com/measure-sh/measure.git
Running build ...
bash -c docker run --pull=always --rm -v "checkouts-54344843-0":/host -w "$PWD" -e JAVA_HOME="/root/.sdkman/candidates/java/current" -e SPI_BUILD="1" -e SPI_PROCESSING="1" registry.gitlab.com/saguaro1/spi-images:wasm-6.4-latest swift build --swift-sdk swift-6.4.x-DEVELOPMENT-SNAPSHOT-2026-09-04-a_wasm 2>&1
wasm-6.4-latest: Pulling from saguaro1/spi-images
Digest: sha256:4328fdb43c680d205c1d6761b1e3267aa38277eefdda9ddfb17b6a0f1a77857a
Status: Image is up to date for registry.gitlab.com/saguaro1/spi-images:wasm-6.4-latest
Fetching https://github.com/kstenerud/KSCrash.git
[1/48631] Fetching kscrash
Fetched https://github.com/kstenerud/KSCrash.git (9.83s)
Computing version for https://github.com/kstenerud/KSCrash.git
Computed https://github.com/kstenerud/KSCrash.git at 2.6.0 (10.11s)
Creating working copy for https://github.com/kstenerud/KSCrash.git
Working copy of https://github.com/kstenerud/KSCrash.git resolved at 2.6.0
warning: 'spi-builder-workspace': found 7 file(s) which are unhandled; explicitly declare them as resources or exclude from the target
    /host/spi-builder-workspace/ios/Tests/MeasureSDKTests/CrashReporter/CrashReports/abort.json
    /host/spi-builder-workspace/ios/Tests/MeasureSDKTests/CrashReporter/CrashReports/backgroundThreadException.json
    /host/spi-builder-workspace/ios/Tests/MeasureSDKTests/Event/CrashReports/flutter_background.json
    /host/spi-builder-workspace/ios/Tests/MeasureSDKTests/Event/CrashReports/flutter_handled.json
    /host/spi-builder-workspace/ios/Tests/MeasureSDKTests/Event/CrashReports/flutter_obfuscated.json
    /host/spi-builder-workspace/ios/Tests/MeasureSDKTests/Event/CrashReports/flutter_unobfuscated.json
    /host/spi-builder-workspace/ios/Tests/MeasureSDKTests/Event/CrashReports/js_fatal.json
Building for debugging...
[Computing dependencies]
[Pre-planning 1 / 333]
[Planning deferred tasks]
warning: no rule to process file '/host/spi-builder-workspace/ios/Sources/MeasureWebP/libwebp/sharpyuv/Makefile.am' of type 'file' for architecture 'wasm32'
warning: no rule to process file '/host/spi-builder-workspace/ios/Sources/MeasureWebP/libwebp/sharpyuv/libsharpyuv.pc.in' of type 'file' for architecture 'wasm32'
warning: no rule to process file '/host/spi-builder-workspace/ios/Sources/MeasureWebP/libwebp/sharpyuv/libsharpyuv.rc' of type 'file' for architecture 'wasm32'
warning: no rule to process file '/host/spi-builder-workspace/ios/Sources/MeasureWebP/libwebp/src/enc/Makefile.am' of type 'file' for architecture 'wasm32'
warning: no rule to process file '/host/spi-builder-workspace/ios/Sources/MeasureWebP/libwebp/src/utils/Makefile.am' of type 'file' for architecture 'wasm32'
warning: no rule to process file '/host/spi-builder-workspace/ios/Sources/MeasureSDK/Swift/XCDataModel/MeasureModel.xcdatamodeld' of type 'wrapper.xcdatamodeld' for architecture 'wasm32'
[62 / 279] MeasureWebP
[86 / 279] MeasureWebP
[108 / 279] MeasureWebP
[134 / 279] MeasureWebP
[164 / 279] MeasureWebP
In file included from <built-in>:1:
/host/spi-builder-workspace/.build/out/Intermediates.noindex/KSCrash.build/Debug-webassembly-wasm32/KSCrashCore-t.build/DerivedSources/resource_bundle_accessor.h:1:9: fatal error: 'Foundation/Foundation.h' file not found
    1 | #import <Foundation/Foundation.h>
      |         ^~~~~~~~~~~~~~~~~~~~~~~~~
1 error generated.
error: CompileC /host/spi-builder-workspace/.build/out/Intermediates.noindex/KSCrash.build/Debug-webassembly-wasm32/KSCrashCore-t.build/Objects-normal/wasm32/resource_bundle_accessor.o /host/spi-builder-workspace/.build/out/Intermediates.noindex/KSCrash.build/Debug-webassembly-wasm32/KSCrashCore-t.build/DerivedSources/resource_bundle_accessor.m normal wasm32 objective-c com.apple.compilers.llvm.clang.1_0.compiler failed with a nonzero exit code. Command line:     cd /host

    Using response file: /host/spi-builder-workspace/.build/out/Intermediates.noindex/KSCrash.build/Debug-webassembly-wasm32/KSCrashCore-t.build/Objects-normal/wasm32/6f95552a3397ee1cec971b90cf334075d5f321c3a3b0689ad55c3d1e24702600-common-args.resp

    /usr/bin/clang -x objective-c -target wasm32-unknown-wasip1 -fmessage-length\=0 -fdiagnostics-show-note-include-stack -fmacro-backtrace-limit\=0 -fcolor-diagnostics -Wno-trigraphs -Wno-missing-field-initializers -Wno-missing-prototypes -Wno-return-type -Wno-implicit-atomic-properties -Wno-objc-interface-ivars -Wno-arc-repeated-use-of-weak -Wno-missing-braces -Wparentheses -Wswitch -Wno-unused-function -Wno-unused-label -Wno-unused-parameter -Wno-unused-variable -Wunused-value -Wno-empty-body -Wno-uninitialized -Wno-unknown-pragmas -w -Wno-shadow -Wno-four-char-constants -Wno-conversion -Wno-constant-conversion -Wno-int-conversion -Wno-bool-conversion -Wno-enum-conversion -Wno-float-conversion -Wno-non-literal-null-conversion -Wno-objc-literal-conversion -Wno-shorten-64-to-32 -Wpointer-sign -Wno-newline-eof -Wno-selector -Wno-strict-selector-match -Wno-undeclared-selector -Wno-deprecated-implementations -Wno-implicit-fallthrough -fstrict-aliasing -Wprotocol -Wdeprecated-declarations -Wno-sign-conversion -Wno-infinite-recursion -Wno-comma -Wno-block-capture-autoreleasing -Wno-strict-prototypes -Wno-semicolon-before-method-body --sysroot /root/.swiftpm/swift-sdks/swift-6.4.x-DEVELOPMENT-SNAPSHOT-2026-09-04-a_wasm.artifactbundle/swift-6.4.x-DEVELOPMENT-SNAPSHOT-2026-09-04-a_wasm/wasm32-unknown-wasip1/WASI.sdk @/host/spi-builder-workspace/.build/out/Intermediates.noindex/KSCrash.build/Debug-webassembly-wasm32/KSCrashCore-t.build/Objects-normal/wasm32/6f95552a3397ee1cec971b90cf334075d5f321c3a3b0689ad55c3d1e24702600-common-args.resp -include /host/spi-builder-workspace/.build/out/Intermediates.noindex/KSCrash.build/Debug-webassembly-wasm32/KSCrashCore-t.build/DerivedSources/resource_bundle_accessor.h -MMD -MT dependencies -MF /host/spi-builder-workspace/.build/out/Intermediates.noindex/KSCrash.build/Debug-webassembly-wasm32/KSCrashCore-t.build/Objects-normal/wasm32/resource_bundle_accessor.d --serialize-diagnostics /host/spi-builder-workspace/.build/out/Intermediates.noindex/KSCrash.build/Debug-webassembly-wasm32/KSCrashCore-t.build/Objects-normal/wasm32/resource_bundle_accessor.dia -c /host/spi-builder-workspace/.build/out/Intermediates.noindex/KSCrash.build/Debug-webassembly-wasm32/KSCrashCore-t.build/DerivedSources/resource_bundle_accessor.m -o /host/spi-builder-workspace/.build/out/Intermediates.noindex/KSCrash.build/Debug-webassembly-wasm32/KSCrashCore-t.build/Objects-normal/wasm32/resource_bundle_accessor.o
In file included from <built-in>:1:
/host/spi-builder-workspace/.build/out/Intermediates.noindex/KSCrash.build/Debug-webassembly-wasm32/KSCrashCore-t.build/DerivedSources/resource_bundle_accessor.h:1:9: fatal error: 'Foundation/Foundation.h' file not found
    1 | #import <Foundation/Foundation.h>
      |         ^~~~~~~~~~~~~~~~~~~~~~~~~
1 error generated.
error: CompileC /host/spi-builder-workspace/.build/out/Intermediates.noindex/KSCrash.build/Debug-webassembly-wasm32/KSCrashCore-t.build/Objects-normal/wasm32/KSUnfairLock.o /host/spi-builder-workspace/.build/checkouts/KSCrash/Sources/KSCrashCore/KSUnfairLock.m normal wasm32 objective-c com.apple.compilers.llvm.clang.1_0.compiler failed with a nonzero exit code. Command line:     cd /host

    Using response file: /host/spi-builder-workspace/.build/out/Intermediates.noindex/KSCrash.build/Debug-webassembly-wasm32/KSCrashCore-t.build/Objects-normal/wasm32/6f95552a3397ee1cec971b90cf334075d5f321c3a3b0689ad55c3d1e24702600-common-args.resp

    /usr/bin/clang -x objective-c -target wasm32-unknown-wasip1 -fmessage-length\=0 -fdiagnostics-show-note-include-stack -fmacro-backtrace-limit\=0 -fcolor-diagnostics -Wno-trigraphs -Wno-missing-field-initializers -Wno-missing-prototypes -Wno-return-type -Wno-implicit-atomic-properties -Wno-objc-interface-ivars -Wno-arc-repeated-use-of-weak -Wno-missing-braces -Wparentheses -Wswitch -Wno-unused-function -Wno-unused-label -Wno-unused-parameter -Wno-unused-variable -Wunused-value -Wno-empty-body -Wno-uninitialized -Wno-unknown-pragmas -w -Wno-shadow -Wno-four-char-constants -Wno-conversion -Wno-constant-conversion -Wno-int-conversion -Wno-bool-conversion -Wno-enum-conversion -Wno-float-conversion -Wno-non-literal-null-conversion -Wno-objc-literal-conversion -Wno-shorten-64-to-32 -Wpointer-sign -Wno-newline-eof -Wno-selector -Wno-strict-selector-match -Wno-undeclared-selector -Wno-deprecated-implementations -Wno-implicit-fallthrough -fstrict-aliasing -Wprotocol -Wdeprecated-declarations -Wno-sign-conversion -Wno-infinite-recursion -Wno-comma -Wno-block-capture-autoreleasing -Wno-strict-prototypes -Wno-semicolon-before-method-body --sysroot /root/.swiftpm/swift-sdks/swift-6.4.x-DEVELOPMENT-SNAPSHOT-2026-09-04-a_wasm.artifactbundle/swift-6.4.x-DEVELOPMENT-SNAPSHOT-2026-09-04-a_wasm/wasm32-unknown-wasip1/WASI.sdk @/host/spi-builder-workspace/.build/out/Intermediates.noindex/KSCrash.build/Debug-webassembly-wasm32/KSCrashCore-t.build/Objects-normal/wasm32/6f95552a3397ee1cec971b90cf334075d5f321c3a3b0689ad55c3d1e24702600-common-args.resp -include /host/spi-builder-workspace/.build/out/Intermediates.noindex/KSCrash.build/Debug-webassembly-wasm32/KSCrashCore-t.build/DerivedSources/resource_bundle_accessor.h -MMD -MT dependencies -MF /host/spi-builder-workspace/.build/out/Intermediates.noindex/KSCrash.build/Debug-webassembly-wasm32/KSCrashCore-t.build/Objects-normal/wasm32/KSUnfairLock.d --serialize-diagnostics /host/spi-builder-workspace/.build/out/Intermediates.noindex/KSCrash.build/Debug-webassembly-wasm32/KSCrashCore-t.build/Objects-normal/wasm32/KSUnfairLock.dia -c /host/spi-builder-workspace/.build/checkouts/KSCrash/Sources/KSCrashCore/KSUnfairLock.m -o /host/spi-builder-workspace/.build/out/Intermediates.noindex/KSCrash.build/Debug-webassembly-wasm32/KSCrashCore-t.build/Objects-normal/wasm32/KSUnfairLock.o
In file included from <built-in>:1:
/host/spi-builder-workspace/.build/out/Intermediates.noindex/KSCrash.build/Debug-webassembly-wasm32/KSCrashRecordingCore-t.build/DerivedSources/resource_bundle_accessor.h:1:9: fatal error: 'Foundation/Foundation.h' file not found
    1 | #import <Foundation/Foundation.h>
      |         ^~~~~~~~~~~~~~~~~~~~~~~~~
1 error generated.
error: CompileC /host/spi-builder-workspace/.build/out/Intermediates.noindex/KSCrash.build/Debug-webassembly-wasm32/KSCrashRecordingCore-t.build/Objects-normal/wasm32/resource_bundle_accessor.o /host/spi-builder-workspace/.build/out/Intermediates.noindex/KSCrash.build/Debug-webassembly-wasm32/KSCrashRecordingCore-t.build/DerivedSources/resource_bundle_accessor.m normal wasm32 objective-c com.apple.compilers.llvm.clang.1_0.compiler failed with a nonzero exit code. Command line:     cd /host

    Using response file: /host/spi-builder-workspace/.build/out/Intermediates.noindex/KSCrash.build/Debug-webassembly-wasm32/KSCrashRecordingCore-t.build/Objects-normal/wasm32/6f95552a3397ee1cec971b90cf334075d5f321c3a3b0689ad55c3d1e24702600-common-args.resp

    /usr/bin/clang -x objective-c -target wasm32-unknown-wasip1 -fmessage-length\=0 -fdiagnostics-show-note-include-stack -fmacro-backtrace-limit\=0 -fcolor-diagnostics -Wno-trigraphs -Wno-missing-field-initializers -Wno-missing-prototypes -Wno-return-type -Wno-implicit-atomic-properties -Wno-objc-interface-ivars -Wno-arc-repeated-use-of-weak -Wno-missing-braces -Wparentheses -Wswitch -Wno-unused-function -Wno-unused-label -Wno-unused-parameter -Wno-unused-variable -Wunused-value -Wno-empty-body -Wno-uninitialized -Wno-unknown-pragmas -w -Wno-shadow -Wno-four-char-constants -Wno-conversion -Wno-constant-conversion -Wno-int-conversion -Wno-bool-conversion -Wno-enum-conversion -Wno-float-conversion -Wno-non-literal-null-conversion -Wno-objc-literal-conversion -Wno-shorten-64-to-32 -Wpointer-sign -Wno-newline-eof -Wno-selector -Wno-strict-selector-match -Wno-undeclared-selector -Wno-deprecated-implementations -Wno-implicit-fallthrough -fstrict-aliasing -Wprotocol -Wdeprecated-declarations -Wno-sign-conversion -Wno-infinite-recursion -Wno-comma -Wno-block-capture-autoreleasing -Wno-strict-prototypes -Wno-semicolon-before-method-body --sysroot /root/.swiftpm/swift-sdks/swift-6.4.x-DEVELOPMENT-SNAPSHOT-2026-09-04-a_wasm.artifactbundle/swift-6.4.x-DEVELOPMENT-SNAPSHOT-2026-09-04-a_wasm/wasm32-unknown-wasip1/WASI.sdk @/host/spi-builder-workspace/.build/out/Intermediates.noindex/KSCrash.build/Debug-webassembly-wasm32/KSCrashRecordingCore-t.build/Objects-normal/wasm32/6f95552a3397ee1cec971b90cf334075d5f321c3a3b0689ad55c3d1e24702600-common-args.resp -include /host/spi-builder-workspace/.build/out/Intermediates.noindex/KSCrash.build/Debug-webassembly-wasm32/KSCrashRecordingCore-t.build/DerivedSources/resource_bundle_accessor.h -MMD -MT dependencies -MF /host/spi-builder-workspace/.build/out/Intermediates.noindex/KSCrash.build/Debug-webassembly-wasm32/KSCrashRecordingCore-t.build/Objects-normal/wasm32/resource_bundle_accessor.d --serialize-diagnostics /host/spi-builder-workspace/.build/out/Intermediates.noindex/KSCrash.build/Debug-webassembly-wasm32/KSCrashRecordingCore-t.build/Objects-normal/wasm32/resource_bundle_accessor.dia -c /host/spi-builder-workspace/.build/out/Intermediates.noindex/KSCrash.build/Debug-webassembly-wasm32/KSCrashRecordingCore-t.build/DerivedSources/resource_bundle_accessor.m -o /host/spi-builder-workspace/.build/out/Intermediates.noindex/KSCrash.build/Debug-webassembly-wasm32/KSCrashRecordingCore-t.build/Objects-normal/wasm32/resource_bundle_accessor.o
error: Build failed
BUILD FAILURE 6.4 wasm