Build Information
Failed to build WWAudioStreamTranscription, reference main (743ade), with Swift 6.1 for Wasm on 3 Sep 2026 11:29:56 UTC.
Build Command
bash -c docker run --pull=always --rm -v "checkouts-54344847-2":/host -w "$PWD" -e JAVA_HOME="/root/.sdkman/candidates/java/current" -e SPI_BUILD="1" -e SPI_PROCESSING="1" registry.gitlab.com/saguaro1/spi-images:wasm-6.1-latest swift build --swift-sdk wasm32-unknown-wasi 2>&1Build Log
========================================
RunAll
========================================
Builder version: 5.0.2
Interrupt handler set up.
========================================
Checkout
========================================
Clone URL: https://github.com/William-Weng/WWAudioStreamTranscription.git
Reference: main
Initialized empty Git repository in /host/spi-builder-workspace/.git/
hint: Using 'master' as the name for the initial branch. This default branch name
hint: is subject to change. To configure the initial branch name to use in all
hint: of your new repositories, which will suppress this warning, call:
hint:
hint: git config --global init.defaultBranch <name>
hint:
hint: Names commonly chosen instead of 'master' are 'main', 'trunk' and
hint: 'development'. The just-created branch can be renamed via this command:
hint:
hint: git branch -m <name>
From https://github.com/William-Weng/WWAudioStreamTranscription
* branch main -> FETCH_HEAD
* [new branch] main -> origin/main
HEAD is now at 743ade8 - addsPunctuation: 是否自動在辨識出的文字中加入標點符號
Cloned https://github.com/William-Weng/WWAudioStreamTranscription.git
Revision (git rev-parse @):
743ade8631cedbde468e899c562665d74641a166
SUCCESS checkout https://github.com/William-Weng/WWAudioStreamTranscription.git at main
========================================
Build
========================================
Selected platform: wasm
Swift version: 6.1
Building package at path: $PWD
https://github.com/William-Weng/WWAudioStreamTranscription.git
https://github.com/William-Weng/WWAudioStreamTranscription.git
WARNING: environment variable SUPPRESS_SWIFT_6_FLAGS is not set
Running build ...
bash -c docker run --pull=always --rm -v "checkouts-54344847-2":/host -w "$PWD" -e JAVA_HOME="/root/.sdkman/candidates/java/current" -e SPI_BUILD="1" -e SPI_PROCESSING="1" registry.gitlab.com/saguaro1/spi-images:wasm-6.1-latest swift build --swift-sdk wasm32-unknown-wasi -Xswiftc -Xfrontend -Xswiftc -stats-output-dir -Xswiftc -Xfrontend -Xswiftc .stats -Xswiftc -strict-concurrency=complete -Xswiftc -enable-upcoming-feature -Xswiftc StrictConcurrency -Xswiftc -enable-upcoming-feature -Xswiftc DisableOutwardActorInference -Xswiftc -enable-upcoming-feature -Xswiftc GlobalActorIsolatedTypesUsability -Xswiftc -enable-upcoming-feature -Xswiftc InferSendableFromCaptures 2>&1
wasm-6.1-latest: Pulling from saguaro1/spi-images
Digest: sha256:290f441d1f5b7bf0dbbe61e8b7514208804cdcb507d57b3c762463ad036298f7
Status: Image is up to date for registry.gitlab.com/saguaro1/spi-images:wasm-6.1-latest
Building for debugging...
[0/3] Write sources
[0/3] Copying Privacy
[2/3] Write swift-version-24593BA9C3E375BF.txt
[4/8] Compiling WWAudioStreamTranscription resource_bundle_accessor.swift
/host/spi-builder-workspace/Sources/WWAudioStreamTranscription/Utility/Model.swift:8:8: error: no such module 'Speech'
6 | //
7 |
8 | import Speech
| `- error: no such module 'Speech'
9 | import AVFoundation
10 |
[5/8] Compiling WWAudioStreamTranscription Model.swift
/host/spi-builder-workspace/Sources/WWAudioStreamTranscription/Utility/Model.swift:8:8: error: no such module 'Speech'
6 | //
7 |
8 | import Speech
| `- error: no such module 'Speech'
9 | import AVFoundation
10 |
[6/8] Compiling WWAudioStreamTranscription WWAudioStreamTranscription.swift
/host/spi-builder-workspace/Sources/WWAudioStreamTranscription/Utility/Model.swift:8:8: error: no such module 'Speech'
6 | //
7 |
8 | import Speech
| `- error: no such module 'Speech'
9 | import AVFoundation
10 |
error: emit-module command failed with exit code 1 (use -v to see invocation)
[7/8] Emitting module WWAudioStreamTranscription
/host/spi-builder-workspace/Sources/WWAudioStreamTranscription/Utility/Model.swift:8:8: error: no such module 'Speech'
6 | //
7 |
8 | import Speech
| `- error: no such module 'Speech'
9 | import AVFoundation
10 |
[8/8] Compiling WWAudioStreamTranscription Error.swift
/host/spi-builder-workspace/Sources/WWAudioStreamTranscription/Utility/Model.swift:8:8: error: no such module 'Speech'
6 | //
7 |
8 | import Speech
| `- error: no such module 'Speech'
9 | import AVFoundation
10 |
Running build ...
bash -c docker run --pull=always --rm -v "checkouts-54344847-2":/host -w "$PWD" -e JAVA_HOME="/root/.sdkman/candidates/java/current" -e SPI_BUILD="1" -e SPI_PROCESSING="1" registry.gitlab.com/saguaro1/spi-images:wasm-6.1-latest swift build --swift-sdk wasm32-unknown-wasi 2>&1
wasm-6.1-latest: Pulling from saguaro1/spi-images
Digest: sha256:290f441d1f5b7bf0dbbe61e8b7514208804cdcb507d57b3c762463ad036298f7
Status: Image is up to date for registry.gitlab.com/saguaro1/spi-images:wasm-6.1-latest
[0/1] Planning build
Building for debugging...
[0/1] Write swift-version-24593BA9C3E375BF.txt
[2/6] Compiling WWAudioStreamTranscription Model.swift
/host/spi-builder-workspace/Sources/WWAudioStreamTranscription/Utility/Model.swift:8:8: error: no such module 'Speech'
6 | //
7 |
8 | import Speech
| `- error: no such module 'Speech'
9 | import AVFoundation
10 |
[3/6] Compiling WWAudioStreamTranscription WWAudioStreamTranscription.swift
/host/spi-builder-workspace/Sources/WWAudioStreamTranscription/Utility/Model.swift:8:8: error: no such module 'Speech'
6 | //
7 |
8 | import Speech
| `- error: no such module 'Speech'
9 | import AVFoundation
10 |
[4/6] Compiling WWAudioStreamTranscription resource_bundle_accessor.swift
/host/spi-builder-workspace/Sources/WWAudioStreamTranscription/Utility/Model.swift:8:8: error: no such module 'Speech'
6 | //
7 |
8 | import Speech
| `- error: no such module 'Speech'
9 | import AVFoundation
10 |
error: emit-module command failed with exit code 1 (use -v to see invocation)
[5/6] Emitting module WWAudioStreamTranscription
/host/spi-builder-workspace/Sources/WWAudioStreamTranscription/Utility/Model.swift:8:8: error: no such module 'Speech'
6 | //
7 |
8 | import Speech
| `- error: no such module 'Speech'
9 | import AVFoundation
10 |
[6/6] Compiling WWAudioStreamTranscription Error.swift
/host/spi-builder-workspace/Sources/WWAudioStreamTranscription/Utility/Model.swift:8:8: error: no such module 'Speech'
6 | //
7 |
8 | import Speech
| `- error: no such module 'Speech'
9 | import AVFoundation
10 |
BUILD FAILURE 6.1 wasm