Build Information
Failed to build swift-jobs-postgres, reference 1.5.0 (93fe75), with Swift 6.2 for Android on 17 Aug 2026 08:38:02 UTC.
Build Command
bash -c docker run --pull=always --rm -v "checkouts-53886770-0":/host -w "$PWD" -e JAVA_HOME="/root/.sdkman/candidates/java/current" -e SPI_BUILD="1" -e SPI_PROCESSING="1" registry.gitlab.com/saguaro1/spi-images:android-6.2-latest swift build --swift-sdk aarch64-unknown-linux-android28 2>&1Build Log
========================================
RunAll
========================================
Builder version: 5.0.1
Interrupt handler set up.
========================================
Checkout
========================================
Clone URL: https://github.com/hummingbird-project/swift-jobs-postgres.git
Reference: 1.5.0
Initialized empty Git repository in /host/spi-builder-workspace/.git/
hint: Using 'master' as the name for the initial branch. This default branch name
hint: is subject to change. To configure the initial branch name to use in all
hint: of your new repositories, which will suppress this warning, call:
hint:
hint: git config --global init.defaultBranch <name>
hint:
hint: Names commonly chosen instead of 'master' are 'main', 'trunk' and
hint: 'development'. The just-created branch can be renamed via this command:
hint:
hint: git branch -m <name>
From https://github.com/hummingbird-project/swift-jobs-postgres
* tag 1.5.0 -> FETCH_HEAD
HEAD is now at 93fe75d Add support doNotRetain flag, add to cleanup jobs (#77)
Cloned https://github.com/hummingbird-project/swift-jobs-postgres.git
Revision (git rev-parse @):
93fe75d3a3b3b731e681c515af1dfd0e9facd2f6
SPI manifest file found: $PWD/.spi.yml
SUCCESS checkout https://github.com/hummingbird-project/swift-jobs-postgres.git at 1.5.0
========================================
Build
========================================
Selected platform: android
Swift version: 6.2
Building package at path: $PWD
https://github.com/hummingbird-project/swift-jobs-postgres.git
Running build ...
bash -c docker run --pull=always --rm -v "checkouts-53886770-0":/host -w "$PWD" -e JAVA_HOME="/root/.sdkman/candidates/java/current" -e SPI_BUILD="1" -e SPI_PROCESSING="1" registry.gitlab.com/saguaro1/spi-images:android-6.2-latest swift build --swift-sdk aarch64-unknown-linux-android28 2>&1
android-6.2-latest: Pulling from saguaro1/spi-images
Digest: sha256:573917aa137cc6f081a4f3d2a0330bac24553e9cd713cd758adf65046f5c6b90
Status: Image is up to date for registry.gitlab.com/saguaro1/spi-images:android-6.2-latest
Fetching https://github.com/hummingbird-project/postgres-migrations.git
Fetching https://github.com/hummingbird-project/swift-jobs.git
Fetching https://github.com/vapor/postgres-nio.git
[1/360] Fetching postgres-migrations
[34/4120] Fetching postgres-migrations, swift-jobs
Fetched https://github.com/hummingbird-project/postgres-migrations.git from cache (0.53s)
Fetched https://github.com/hummingbird-project/swift-jobs.git from cache (0.53s)
[1/14722] Fetching postgres-nio
Fetched https://github.com/vapor/postgres-nio.git from cache (0.87s)
Computing version for https://github.com/hummingbird-project/swift-jobs.git
Computed https://github.com/hummingbird-project/swift-jobs.git at 1.4.0 (1.02s)
Fetching https://github.com/swift-server/swift-service-lifecycle.git
Fetching https://github.com/apple/swift-metrics.git
Fetching https://github.com/swift-extras/swift-extras-base64.git
Fetching https://github.com/apple/swift-nio.git
Fetching https://github.com/apple/swift-distributed-tracing.git
Fetching https://github.com/apple/swift-collections.git
[1/2811] Fetching swift-service-lifecycle
[283/6262] Fetching swift-service-lifecycle, swift-metrics
[430/7095] Fetching swift-service-lifecycle, swift-metrics, swift-extras-base64
Fetched https://github.com/swift-server/swift-service-lifecycle.git from cache (0.51s)
Fetching https://github.com/apple/swift-log.git
[1/26737] Fetching swift-collections
[536/32724] Fetching swift-collections, swift-distributed-tracing
Fetched https://github.com/apple/swift-metrics.git from cache (0.74s)
[27645/40678] Fetching swift-collections, swift-distributed-tracing, swift-log
[27914/126071] Fetching swift-collections, swift-distributed-tracing, swift-log, swift-nio
Fetched https://github.com/apple/swift-log.git from cache (0.51s)
[39556/118117] Fetching swift-collections, swift-distributed-tracing, swift-nio
Fetched https://github.com/swift-extras/swift-extras-base64.git from cache (1.10s)
Fetched https://github.com/apple/swift-distributed-tracing.git from cache (1.10s)
[42962/112130] Fetching swift-collections, swift-nio
Fetched https://github.com/apple/swift-collections.git from cache (1.11s)
[18787/85393] Fetching swift-nio
Fetched https://github.com/apple/swift-nio.git from cache (3.55s)
Computing version for https://github.com/swift-extras/swift-extras-base64.git
Computed https://github.com/swift-extras/swift-extras-base64.git at 1.0.0 (4.41s)
Computing version for https://github.com/apple/swift-distributed-tracing.git
Computed https://github.com/apple/swift-distributed-tracing.git at 1.4.1 (0.15s)
Fetching https://github.com/apple/swift-service-context.git
[1/1311] Fetching swift-service-context
Fetched https://github.com/apple/swift-service-context.git from cache (0.50s)
Computing version for https://github.com/hummingbird-project/postgres-migrations.git
Computed https://github.com/hummingbird-project/postgres-migrations.git at 1.2.0 (0.64s)
Computing version for https://github.com/apple/swift-service-context.git
Computed https://github.com/apple/swift-service-context.git at 1.3.0 (0.14s)
Computing version for https://github.com/vapor/postgres-nio.git
Computed https://github.com/vapor/postgres-nio.git at 1.33.1 (0.15s)
Fetching https://github.com/apple/swift-crypto.git
Fetching https://github.com/apple/swift-atomics.git
Fetching https://github.com/apple/swift-nio-transport-services.git
Fetching https://github.com/apple/swift-nio-ssl.git
[1/1875] Fetching swift-atomics
[1689/4735] Fetching swift-atomics, swift-nio-transport-services
[1877/23057] Fetching swift-atomics, swift-nio-transport-services, swift-crypto
Fetched https://github.com/apple/swift-nio-transport-services.git from cache (0.52s)
Fetched https://github.com/apple/swift-atomics.git from cache (0.52s)
[917/18322] Fetching swift-crypto
[1834/34248] Fetching swift-crypto, swift-nio-ssl
Fetched https://github.com/apple/swift-nio-ssl.git from cache (1.29s)
Fetched https://github.com/apple/swift-crypto.git from cache (1.29s)
Computing version for https://github.com/apple/swift-atomics.git
Computed https://github.com/apple/swift-atomics.git at 1.3.1 (1.44s)
Computing version for https://github.com/swift-server/swift-service-lifecycle.git
Computed https://github.com/swift-server/swift-service-lifecycle.git at 2.11.0 (0.14s)
Fetching https://github.com/apple/swift-async-algorithms.git
[1/6657] Fetching swift-async-algorithms
Fetched https://github.com/apple/swift-async-algorithms.git from cache (0.62s)
Computing version for https://github.com/apple/swift-async-algorithms.git
Computed https://github.com/apple/swift-async-algorithms.git at 1.1.5 (0.82s)
Computing version for https://github.com/apple/swift-collections.git
Computed https://github.com/apple/swift-collections.git at 1.6.0 (0.23s)
Computing version for https://github.com/apple/swift-nio-transport-services.git
Computed https://github.com/apple/swift-nio-transport-services.git at 1.28.0 (0.15s)
Computing version for https://github.com/apple/swift-metrics.git
Computed https://github.com/apple/swift-metrics.git at 2.11.0 (0.14s)
Computing version for https://github.com/apple/swift-log.git
Computed https://github.com/apple/swift-log.git at 1.15.0 (0.15s)
Computing version for https://github.com/apple/swift-nio-ssl.git
Computed https://github.com/apple/swift-nio-ssl.git at 2.37.2 (0.17s)
Computing version for https://github.com/apple/swift-nio.git
Computed https://github.com/apple/swift-nio.git at 2.101.3 (0.33s)
Fetching https://github.com/apple/swift-system.git
[1/6842] Fetching swift-system
Fetched https://github.com/apple/swift-system.git from cache (0.64s)
Computing version for https://github.com/apple/swift-system.git
Computed https://github.com/apple/swift-system.git at 1.8.1 (0.81s)
Computing version for https://github.com/apple/swift-crypto.git
Computed https://github.com/apple/swift-crypto.git at 4.5.1 (1.15s)
Fetching https://github.com/apple/swift-asn1.git
[1/1933] Fetching swift-asn1
Fetched https://github.com/apple/swift-asn1.git from cache (0.52s)
Computing version for https://github.com/apple/swift-asn1.git
Computed https://github.com/apple/swift-asn1.git at 1.7.1 (0.70s)
Creating working copy for https://github.com/swift-server/swift-service-lifecycle.git
Working copy of https://github.com/swift-server/swift-service-lifecycle.git resolved at 2.11.0
Creating working copy for https://github.com/hummingbird-project/postgres-migrations.git
Working copy of https://github.com/hummingbird-project/postgres-migrations.git resolved at 1.2.0
Creating working copy for https://github.com/apple/swift-nio-ssl.git
Working copy of https://github.com/apple/swift-nio-ssl.git resolved at 2.37.2
Creating working copy for https://github.com/apple/swift-nio-transport-services.git
Working copy of https://github.com/apple/swift-nio-transport-services.git resolved at 1.28.0
Creating working copy for https://github.com/hummingbird-project/swift-jobs.git
Working copy of https://github.com/hummingbird-project/swift-jobs.git resolved at 1.4.0
Creating working copy for https://github.com/swift-extras/swift-extras-base64.git
Working copy of https://github.com/swift-extras/swift-extras-base64.git resolved at 1.0.0
Creating working copy for https://github.com/apple/swift-collections.git
Working copy of https://github.com/apple/swift-collections.git resolved at 1.6.0
Creating working copy for https://github.com/apple/swift-service-context.git
Working copy of https://github.com/apple/swift-service-context.git resolved at 1.3.0
Creating working copy for https://github.com/apple/swift-metrics.git
Working copy of https://github.com/apple/swift-metrics.git resolved at 2.11.0
Creating working copy for https://github.com/apple/swift-log.git
Working copy of https://github.com/apple/swift-log.git resolved at 1.15.0
Creating working copy for https://github.com/vapor/postgres-nio.git
Working copy of https://github.com/vapor/postgres-nio.git resolved at 1.33.1
Creating working copy for https://github.com/apple/swift-asn1.git
Working copy of https://github.com/apple/swift-asn1.git resolved at 1.7.1
Creating working copy for https://github.com/apple/swift-nio.git
Working copy of https://github.com/apple/swift-nio.git resolved at 2.101.3
Creating working copy for https://github.com/apple/swift-async-algorithms.git
Working copy of https://github.com/apple/swift-async-algorithms.git resolved at 1.1.5
Creating working copy for https://github.com/apple/swift-distributed-tracing.git
Working copy of https://github.com/apple/swift-distributed-tracing.git resolved at 1.4.1
Creating working copy for https://github.com/apple/swift-system.git
Working copy of https://github.com/apple/swift-system.git resolved at 1.8.1
Creating working copy for https://github.com/apple/swift-atomics.git
Working copy of https://github.com/apple/swift-atomics.git resolved at 1.3.1
Creating working copy for https://github.com/apple/swift-crypto.git
Working copy of https://github.com/apple/swift-crypto.git resolved at 4.5.1
Building for debugging...
[0/865] Write sources
[5/865] Compiling ghash-x86_64-linux.S
[5/865] Write sources
[10/865] Compiling _AtomicsShims.c
[11/865] Write sources
[39/865] Compiling chacha20_poly1305_armv8-linux.S
[40/865] Compiling CXKCPShims shims.c
[41/865] Compiling SimpleFIPS202.c
[42/865] Compiling KeccakSponge.c
[43/865] Compiling KeccakHash.c
[44/865] Compiling CNIOWindows shim.c
[45/865] Compiling CNIOWindows WSAStartup.c
[46/865] Compiling CNIOWASI CNIOWASI.c
[47/865] Compiling CNIOPosix event_loop_id.c
[48/865] Compiling CNIOOpenBSD shim.c
[49/865] Compiling CNIOLinux shim.c
[50/865] Compiling CNIOLinux liburing_shims.c
[51/865] Compiling CNIOFreeBSD shim.c
[52/865] Compiling CNIODarwin shim.c
[53/865] Compiling CNIOBoringSSLShims shims.c
[54/865] Compiling fiat_p256_adx_sqr.S
[55/865] Compiling KeccakP-1600-opt64.c
[56/865] Compiling fiat_p256_adx_mul.S
[57/865] Compiling fiat_curve25519_adx_square.S
[58/865] Compiling fiat_curve25519_adx_mul.S
[59/865] Write swift-version--11D90AFD9DD3AB2.txt
[60/865] Compiling conf.cc
[61/869] Compiling x509_def.cc
[62/869] Compiling x509_d2.cc
[63/869] Compiling x509_ext.cc
[64/891] Compiling ssl_buffer.cc
[65/902] Compiling tls_record.cc
[66/902] Compiling tls_method.cc
[67/923] Compiling tls13_server.cc
[69/928] Emitting module InternalCollectionsUtilities
[70/930] Compiling ServiceContextModule ServiceContextKey.swift
[71/930] Compiling InternalCollectionsUtilities UnsafeBufferPointer+Extras.swift
[72/930] Compiling InternalCollectionsUtilities UnsafeMutableBufferPointer+Extras.swift
[73/930] Compiling InternalCollectionsUtilities _UnsafeBitSet.swift
[74/930] Compiling InternalCollectionsUtilities UnsafeMutableRawBufferPointer+Extras.swift
[75/932] Compiling InternalCollectionsUtilities Integer rank.swift
[76/932] Compiling InternalCollectionsUtilities UInt+first and last set bit.swift
[77/932] Compiling InternalCollectionsUtilities UInt+reversed.swift
[78/932] Compiling CoreMetrics WithMetricsFactory.swift
[79/932] Compiling ExtrasBase64 Base32.swift
[80/932] Compiling SwiftASN1 Errors.swift
[81/932] Compiling InternalCollectionsUtilities _UniqueCollection.swift
[82/932] Compiling _NIOBase64 Base64.swift
[83/932] Emitting module _NIOBase64
[84/932] Compiling InternalCollectionsUtilities String+Padding.swift
[85/932] Compiling InternalCollectionsUtilities _UnsafeBitSet+Index.swift
[86/932] Compiling InternalCollectionsUtilities Debugging.swift
[87/932] Compiling InternalCollectionsUtilities Descriptions.swift
[88/932] Compiling InternalCollectionsUtilities FixedWidthInteger+roundUpToPowerOfTwo.swift
[89/933] Compiling InternalCollectionsUtilities LifetimeOverride.swift
[90/933] Compiling InternalCollectionsUtilities RandomAccessCollection+Offsets.swift
[91/933] Compiling InternalCollectionsUtilities Span+Extras.swift
[92/933] Emitting module _NIODataStructures
[93/933] Compiling _NIODataStructures Heap.swift
[94/933] Compiling CoreMetrics MappingMetricsFactory.swift
[95/933] Compiling Logging LoggingSystem.swift
[97/934] Compiling InternalCollectionsUtilities _UnsafeBitSet+_Word.swift
[100/934] Compiling SwiftASN1 DER.swift
[101/935] Compiling _NIODataStructures PriorityQueue.swift
[102/935] Emitting module ServiceContextModule
[103/935] Compiling ServiceContextModule ServiceContext.swift
[104/935] Compiling _NIODataStructures _TinyArray.swift
[107/940] Wrapping AST for _NIOBase64 for debugging
[109/940] Compiling Logging Logger+Attributes.swift
[112/958] Compiling ConcurrencyHelpers LockedValueBox.swift
[113/969] Compiling OrderedCollections _HashTable+CustomStringConvertible.swift
[114/969] Compiling OrderedCollections _HashTable+Testing.swift
[115/969] Compiling OrderedCollections _HashTable+UnsafeHandle.swift
[116/969] Compiling OrderedCollections _HashTable.swift
[117/969] Compiling OrderedCollections _Hashtable+Header.swift
[118/1039] Compiling Logging Logger.swift
[119/1039] Compiling ContainersPreview OutputSpan+Extras.swift
[120/1039] Compiling ContainersPreview TemporaryAllocation.swift
[121/1039] Compiling ContainersPreview BorrowingIteratorProtocol+Copy.swift
[122/1039] Compiling Logging Logger+With.swift
[123/1039] Compiling ContainersPreview BorrowingSequence+Standard Conformances.swift
[124/1039] Compiling ContainersPreview BorrowingSequence+Utilities.swift
[125/1039] Compiling ContainersPreview BorrowingSequence.swift
[126/1039] Compiling ContainersPreview BidirectionalContainer.swift
[127/1039] Compiling ContainersPreview Container+Filter.swift
[128/1039] Compiling ContainersPreview Container+SpanwiseZip.swift
[129/1039] Compiling ContainersPreview Container.swift
[130/1039] Compiling ContainersPreview ContainerIterator.swift
[131/1039] Compiling ContainersPreview DynamicContainer.swift
[132/1039] Compiling ContainersPreview MutableContainer.swift
[133/1043] Compiling ContainersPreview BorrowingIteratorProtocol+Map.swift
[134/1043] Compiling ContainersPreview BorrowingIteratorProtocol+Reduce.swift
[135/1043] Compiling ContainersPreview BorrowingIteratorProtocol+SpanwiseZip.swift
[136/1043] Compiling ContainersPreview BorrowingIteratorProtocol.swift
[137/1043] Compiling ContainersPreview BorrowingSequence+Algorithms.swift
[138/1043] Compiling Instrumentation NoOpInstrument.swift
[139/1043] Compiling ContainersPreview Producer+Map.swift
[140/1043] Compiling ContainersPreview Producer+Reduce.swift
[141/1043] Compiling ContainersPreview Producer.swift
[142/1043] Compiling ContainersPreview InputSpan.swift
[143/1043] Compiling ContainersPreview MutableRef.swift
[144/1043] Compiling ContainersPreview Drain+Map.swift
[145/1043] Compiling ContainersPreview Drain+Reduce.swift
[146/1043] Compiling ContainersPreview Drain.swift
[147/1043] Compiling ContainersPreview Producer+Collect.swift
[148/1043] Compiling ContainersPreview Producer+Filter.swift
[151/1043] Compiling Instrumentation MultiplexInstrument.swift
[152/1043] Compiling ContainersPreview PermutableContainer.swift
[153/1043] Compiling ContainersPreview RandomAccessContainer.swift
[154/1043] Compiling ContainersPreview RangeExpression2.swift
[155/1043] Compiling ContainersPreview RangeReplaceableContainer.swift
[156/1043] Compiling ContainersPreview Strideable+Limits.swift
[157/1043] Compiling CoreMetrics Metrics.swift
[158/1043] Emitting module ContainersPreview
[159/1043] Compiling ContainersPreview Ref.swift
[160/1043] Compiling ContainersPreview Shared.swift
[161/1043] Compiling ContainersPreview SpanIterator.swift
[162/1043] Compiling ContainersPreview UniqueBox.swift
[166/1043] Compiling ContainersPreview BorrowingIteratorProtocol+ElementsEqual.swift
[167/1043] Compiling ContainersPreview BorrowingIteratorProtocol+Filter.swift
[168/1044] Wrapping AST for _NIODataStructures for debugging
[172/1085] Compiling OrderedCollections OrderedSet+Partial SetAlgebra formSymmetricDifference.swift
[173/1085] Compiling OrderedCollections OrderedSet+Partial SetAlgebra formUnion.swift
[174/1085] Compiling OrderedCollections OrderedSet+Partial SetAlgebra intersection.swift
[175/1085] Compiling OrderedCollections OrderedSet+Partial SetAlgebra isDisjoint.swift
[176/1085] Compiling OrderedCollections OrderedSet+Partial SetAlgebra isEqualSet.swift
[177/1085] Compiling OrderedCollections OrderedSet+Partial SetAlgebra isStrictSubset.swift
[178/1085] Compiling OrderedCollections OrderedSet+Partial SetAlgebra isStrictSuperset.swift
[179/1085] Compiling OrderedCollections OrderedSet+Partial SetAlgebra isSubset.swift
[180/1085] Compiling OrderedCollections OrderedSet+Partial SetAlgebra isSuperset.swift
[181/1085] Compiling OrderedCollections OrderedSet+Partial SetAlgebra subtract.swift
[182/1085] Compiling OrderedCollections OrderedSet+Partial SetAlgebra subtracting.swift
[183/1085] Compiling OrderedCollections OrderedSet+Partial SetAlgebra symmetricDifference.swift
[184/1085] Compiling OrderedCollections OrderedSet+Partial SetAlgebra union.swift
[185/1085] Compiling OrderedCollections OrderedSet+Partial SetAlgebra+Basics.swift
[186/1085] Compiling OrderedCollections OrderedSet+RandomAccessCollection.swift
[187/1085] Compiling OrderedCollections OrderedSet+ReserveCapacity.swift
[188/1092] Emitting module SwiftASN1
[189/1092] Compiling DequeModule Deque+Testing.swift
[190/1092] Compiling DequeModule Deque._Storage.swift
[191/1092] Compiling DequeModule Deque._UnsafeHandle.swift
[192/1092] Compiling DequeModule Deque.swift
[193/1092] Compiling DequeModule _DequeBuffer.swift
[194/1092] Compiling DequeModule _DequeBufferHeader.swift
[195/1092] Compiling DequeModule RigidDeque+Append.swift
[196/1092] Compiling DequeModule RigidDeque+Consumption.swift
[197/1092] Compiling DequeModule RigidDeque+Removals.swift
[198/1092] Compiling DequeModule RigidDeque+Replacements.swift
[199/1092] Compiling DequeModule RigidDeque+Testing.swift
[200/1092] Compiling DequeModule RigidDeque.swift
[201/1092] Compiling DequeModule UniqueDeque+Append.swift
[202/1092] Compiling DequeModule UniqueDeque+Consumption.swift
[207/1097] Compiling DequeModule RigidDeque+Container.swift
[208/1097] Compiling DequeModule RigidDeque+Descriptions.swift
[209/1097] Compiling DequeModule RigidDeque+Equatable.swift
[210/1097] Compiling DequeModule RigidDeque+Experimental.swift
[211/1097] Compiling DequeModule RigidDeque+Hashable.swift
[212/1097] Compiling DequeModule RigidDeque+Initializers.swift
[213/1097] Compiling DequeModule RigidDeque+Insertions.swift
[214/1097] Compiling DequeModule RigidDeque+Prepend.swift
[215/1097] Compiling DequeModule UniqueDeque+Hashable.swift
[216/1097] Compiling DequeModule UniqueDeque+Initializers.swift
[217/1097] Compiling DequeModule UniqueDeque+Insertions.swift
[218/1097] Compiling DequeModule UniqueDeque+Prepend.swift
[219/1097] Compiling DequeModule UniqueDeque+Removals.swift
[220/1097] Compiling DequeModule UniqueDeque+Container.swift
[221/1097] Compiling DequeModule UniqueDeque+Deprecated.swift
[222/1097] Compiling DequeModule UniqueDeque+Descriptions.swift
[223/1097] Compiling DequeModule UniqueDeque+Equatable.swift
[224/1097] Compiling DequeModule UniqueDeque+Experimental.swift
[225/1097] Compiling Logging MetadataProvider.swift
[226/1097] Compiling DequeModule Deque+Equatable.swift
[227/1097] Compiling DequeModule Deque+ExpressibleByArrayLiteral.swift
[228/1097] Compiling Instrumentation InstrumentationSystem.swift
[229/1097] Compiling Instrumentation Instrument.swift
[230/1097] Compiling Instrumentation Locks.swift
[231/1097] Emitting module Instrumentation
[232/1098] Emitting module ConcurrencyHelpers
[233/1098] Compiling ConcurrencyHelpers Lock.swift
[234/1098] Emitting module Logging
[235/1098] Compiling DequeModule Deque+Codable.swift
[236/1098] Compiling DequeModule Deque+Collection.swift
[239/1099] Compiling DequeModule Deque+CustomReflectable.swift
[240/1099] Compiling DequeModule Deque+Descriptions.swift
[243/1099] Compiling DequeModule Deque+Extras.swift
[244/1099] Compiling DequeModule Deque+Hashable.swift
[252/1101] Compiling CoreMetrics Locks.swift
[253/1101] Emitting module CoreMetrics
[254/1102] Wrapping AST for ServiceContextModule for debugging
[262/1113] Wrapping AST for Logging for debugging
[287/1113] Wrapping AST for InternalCollectionsUtilities for debugging
[288/1115] Wrapping AST for SwiftASN1 for debugging
[290/1115] Compiling OrderedCollections OrderedSet+Sendable.swift
[291/1115] Compiling OrderedCollections OrderedSet+SubSequence.swift
[292/1115] Compiling OrderedCollections OrderedSet+Testing.swift
[293/1115] Compiling OrderedCollections OrderedSet+UnorderedView.swift
[294/1115] Compiling OrderedCollections OrderedSet+UnstableInternals.swift
[295/1115] Compiling OrderedCollections OrderedSet.swift
[296/1115] Compiling OrderedCollections _UnsafeBitset.swift
[302/1115] Wrapping AST for Instrumentation for debugging
[303/1115] Wrapping AST for CoreMetrics for debugging
[305/1115] Compiling Tracing InstrumentationSystem+Tracing.swift
[305/1115] Wrapping AST for ContainersPreview for debugging
[306/1115] Wrapping AST for ConcurrencyHelpers for debugging
[308/1115] Emitting module Metrics
[309/1115] Compiling Tracing TracingTime.swift
[310/1115] Compiling Tracing NoOpTracer.swift
[311/1115] Compiling Tracing TracerProtocol.swift
[312/1115] Emitting module Tracing
[313/1115] Compiling Metrics Metrics.swift
[314/1116] Wrapping AST for Metrics for debugging
[316/1116] Compiling Tracing TracerProtocol+Legacy.swift
[317/1116] Compiling Tracing Tracer.swift
[318/1116] Compiling UnixSignals UnixSignal.swift
[319/1116] Emitting module UnixSignals
[320/1116] Compiling UnixSignals UnixSignalsSequence.swift
[322/1117] Compiling Tracing SpanProtocol.swift
[323/1118] Wrapping AST for UnixSignals for debugging
[324/1118] Wrapping AST for Tracing for debugging
[326/1118] Emitting module OrderedCollections
[327/1119] Compiling tls13_client.cc
[328/1119] Compiling tls13_enc.cc
[329/1119] Wrapping AST for OrderedCollections for debugging
[331/1119] Emitting module ExtrasBase64
[332/1119] Compiling ExtrasBase64 Base64.swift
[333/1120] Wrapping AST for ExtrasBase64 for debugging
[334/1120] Compiling tls13_both.cc
[336/1120] Emitting module DequeModule
[336/1120] Compiling t1_enc.cc
[338/1120] Compiling DequeModule UniqueDeque+Replacements.swift
[339/1120] Compiling DequeModule UniqueDeque.swift
[340/1120] Compiling DequeModule _DequeSlot.swift
[341/1120] Compiling DequeModule _UnsafeDequeHandle.swift
[342/1120] Compiling DequeModule _UnsafeDequeSegments.swift
[342/1121] Compiling ssl_x509.cc
[343/1121] Compiling ssl_versions.cc
[345/1121] Wrapping AST for DequeModule for debugging
[346/1121] Compiling ssl_stat.cc
[347/1121] Compiling ssl_transcript.cc
[348/1121] Compiling ssl_session.cc
[349/1121] Compiling ssl_privkey.cc
[350/1121] Compiling ssl_file.cc
[351/1121] Compiling ssl_key_share.cc
[352/1121] Compiling ssl_credential.cc
[353/1121] Compiling ssl_lib.cc
[354/1121] Compiling ssl_cipher.cc
[355/1121] Compiling ssl_cert.cc
[356/1121] Compiling ssl_asn1.cc
[357/1121] Compiling ssl_aead_ctx.cc
[358/1121] Compiling s3_pkt.cc
[359/1121] Compiling s3_lib.cc
[360/1121] Compiling s3_both.cc
[361/1121] Compiling handshake_server.cc
[362/1121] Compiling handshake_client.cc
[363/1121] Compiling handshake.cc
[364/1121] Compiling handoff.cc
[365/1121] Compiling encrypted_client_hello.cc
[365/1121] Compiling dtls_record.cc
[367/1121] Compiling extensions.cc
[368/1121] Compiling md5-x86_64-linux.S
[369/1121] Compiling md5-x86_64-apple.S
[370/1121] Compiling dtls_method.cc
[371/1121] Compiling md5-586-linux.S
[372/1121] Compiling md5-586-apple.S
[373/1121] Compiling chacha20_poly1305_x86_64-linux.S
[374/1121] Compiling chacha20_poly1305_x86_64-apple.S
[375/1121] Compiling chacha20_poly1305_armv8-win.S
[376/1121] Compiling chacha20_poly1305_armv8-apple.S
[377/1121] Compiling chacha-x86_64-linux.S
[378/1121] Compiling chacha-x86_64-apple.S
[379/1121] Compiling chacha-x86-linux.S
[380/1121] Compiling d1_srtp.cc
[381/1121] Compiling chacha-x86-apple.S
[382/1121] Compiling chacha-armv8-win.S
[383/1121] Compiling chacha-armv8-apple.S
[384/1121] Compiling chacha-armv4-linux.S
[385/1121] Compiling chacha-armv8-linux.S
[386/1121] Compiling d1_lib.cc
[387/1121] Compiling d1_pkt.cc
[388/1121] Compiling aes128gcmsiv-x86_64-linux.S
[389/1121] Compiling aes128gcmsiv-x86_64-apple.S
[390/1121] Compiling x86_64-mont5-linux.S
[391/1121] Compiling x86_64-mont5-apple.S
[392/1121] Compiling x86_64-mont-linux.S
[393/1121] Compiling x86-mont-linux.S
[393/1121] Compiling x86_64-mont-apple.S
[395/1121] Compiling x86-mont-apple.S
[396/1121] Compiling vpaes-x86_64-linux.S
[397/1121] Compiling vpaes-x86_64-apple.S
[398/1121] Compiling vpaes-x86-linux.S
[399/1121] Compiling vpaes-x86-apple.S
[400/1121] Compiling vpaes-armv8-win.S
[401/1121] Compiling err_data.cc
[402/1121] Compiling vpaes-armv8-apple.S
[403/1121] Compiling vpaes-armv7-linux.S
[404/1121] Compiling sha512-x86_64-linux.S
[404/1121] Compiling vpaes-armv8-linux.S
[406/1121] Compiling sha512-x86_64-apple.S
[407/1121] Compiling sha512-armv8-win.S
[408/1121] Compiling sha512-armv8-apple.S
[409/1121] Compiling sha512-586-linux.S
[410/1121] Compiling sha512-armv4-linux.S
[411/1121] Compiling sha512-armv8-linux.S
[412/1121] Compiling sha512-586-apple.S
[413/1121] Compiling sha256-x86_64-linux.S
[414/1121] Compiling sha256-x86_64-apple.S
[415/1121] Compiling sha256-armv8-win.S
[416/1121] Compiling sha256-armv8-apple.S
[417/1121] Compiling sha256-armv8-linux.S
[418/1121] Compiling sha256-armv4-linux.S
[419/1121] Compiling sha256-586-linux.S
[420/1121] Compiling sha1-x86_64-linux.S
[421/1121] Compiling sha256-586-apple.S
[422/1121] Compiling sha1-x86_64-apple.S
[423/1121] Compiling sha1-armv8-win.S
[424/1121] Compiling sha1-armv8-apple.S
[425/1121] Compiling sha1-armv4-large-linux.S
[426/1121] Compiling sha1-586-linux.S
[427/1121] Compiling sha1-armv8-linux.S
[428/1121] Compiling sha1-586-apple.S
[429/1121] Compiling rsaz-avx2-linux.S
[430/1121] Compiling rsaz-avx2-apple.S
[431/1121] Compiling rdrand-x86_64-apple.S
[432/1121] Compiling rdrand-x86_64-linux.S
[433/1121] Compiling p256_beeu-x86_64-asm-linux.S
[434/1121] Compiling p256_beeu-x86_64-asm-apple.S
[435/1121] Compiling p256_beeu-armv8-asm-win.S
[436/1121] Compiling p256_beeu-armv8-asm-apple.S
[437/1121] Compiling p256_beeu-armv8-asm-linux.S
[438/1121] Compiling p256-x86_64-asm-linux.S
[439/1121] Compiling p256-x86_64-asm-apple.S
[440/1121] Compiling p256-armv8-asm-win.S
[441/1121] Compiling ghashv8-armv8-win.S
[441/1121] Compiling p256-armv8-asm-apple.S
[443/1121] Compiling p256-armv8-asm-linux.S
[444/1121] Compiling ghashv8-armv8-linux.S
[444/1121] Compiling ghashv8-armv8-apple.S
[446/1121] Compiling ghashv8-armv7-linux.S
[447/1121] Compiling ghash-x86_64-apple.S
[448/1121] Compiling ghash-x86-linux.S
[449/1121] Compiling ghash-x86-apple.S
[450/1121] Compiling ghash-ssse3-x86_64-linux.S
[451/1121] Compiling ghash-ssse3-x86_64-apple.S
[452/1121] Compiling bio_ssl.cc
[453/1121] Compiling ghash-ssse3-x86-linux.S
[454/1121] Compiling ghash-ssse3-x86-apple.S
[455/1121] Compiling ghash-neon-armv8-win.S
[456/1121] Compiling ghash-neon-armv8-linux.S
[457/1121] Compiling ghash-neon-armv8-apple.S
[458/1121] Compiling ghash-armv4-linux.S
[459/1121] Compiling co-586-linux.S
[460/1121] Compiling co-586-apple.S
[461/1121] Compiling bsaes-armv7-linux.S
[462/1121] Compiling bn-armv8-win.S
[463/1121] Compiling bn-armv8-apple.S
[463/1121] Compiling bn-armv8-linux.S
[465/1121] Compiling bn-586-linux.S
[466/1121] Compiling bn-586-apple.S
[467/1121] Compiling armv8-mont-win.S
[468/1121] Compiling armv8-mont-apple.S
[469/1121] Compiling armv4-mont-linux.S
[470/1121] Compiling aesv8-gcm-armv8-win.S
[471/1121] Compiling armv8-mont-linux.S
[472/1121] Compiling aesv8-gcm-armv8-apple.S
[473/1121] Compiling aesv8-gcm-armv8-linux.S
[474/1121] Compiling aesv8-armv8-win.S
[475/1121] Compiling aesv8-armv8-apple.S
[476/1121] Compiling aesv8-armv7-linux.S
[476/1121] Compiling aesv8-armv8-linux.S
[478/1121] Compiling aesni-x86_64-linux.S
[479/1121] Compiling d1_both.cc
[480/1121] Compiling aesni-x86_64-apple.S
[481/1121] Compiling aesni-x86-linux.S
[482/1121] Compiling aesni-gcm-x86_64-linux.S
[483/1121] Compiling aesni-gcm-x86_64-apple.S
[484/1121] Compiling aesni-x86-apple.S
[485/1121] Compiling aes-gcm-avx2-x86_64-linux.S
[486/1121] Compiling aes-gcm-avx2-x86_64-apple.S
[487/1121] Compiling aes-gcm-avx10-x86_64-apple.S
[488/1121] Compiling aes-gcm-avx10-x86_64-linux.S
[489/1121] Compiling x_sig.cc
[490/1121] Compiling x_val.cc
[491/1121] Compiling x_spki.cc
[492/1121] Compiling x_req.cc
[493/1121] Compiling x_x509a.cc
[494/1121] Compiling x_pubkey.cc
[495/1121] Compiling x_name.cc
[496/1121] Compiling x_x509.cc
[497/1121] Compiling x_exten.cc
[498/1121] Compiling x_algor.cc
[499/1121] Compiling x_attrib.cc
[500/1121] Compiling x_crl.cc
[501/1121] Compiling x509spki.cc
[502/1121] Compiling x509rset.cc
[503/1121] Compiling x_all.cc
[504/1121] Compiling x509name.cc
[505/1121] Compiling x509cset.cc
[506/1121] Compiling x509_txt.cc
[507/1121] Compiling x509_vpm.cc
[508/1121] Compiling x509_v3.cc
[509/1121] Compiling x509_set.cc
[510/1121] Compiling x509_trs.cc
[511/1121] Compiling x509_vfy.cc
[512/1121] Compiling x509_req.cc
[513/1121] Compiling x509_obj.cc
[514/1121] Compiling x509.cc
[515/1121] Compiling x509_cmp.cc
[516/1121] Compiling x509_att.cc
[517/1121] Compiling x509_lu.cc
[518/1121] Compiling v3_skey.cc
[519/1121] Compiling v3_purp.cc
[520/1121] Compiling v3_utl.cc
[521/1121] Compiling v3_prn.cc
[522/1121] Compiling v3_pmaps.cc
[523/1121] Compiling v3_ocsp.cc
[524/1121] Compiling v3_pcons.cc
[525/1121] Compiling v3_lib.cc
[526/1121] Compiling v3_int.cc
[527/1121] Compiling v3_ncons.cc
[528/1121] Compiling v3_info.cc
[529/1121] Compiling v3_ia5.cc
[530/1121] Compiling v3_genn.cc
[531/1121] Compiling v3_extku.cc
[532/1121] Compiling v3_enum.cc
[533/1121] Compiling v3_cpols.cc
[534/1121] Compiling v3_crld.cc
[535/1121] Compiling v3_conf.cc
[536/1121] Compiling v3_bitst.cc
[537/1121] Compiling v3_bcons.cc
[538/1121] Compiling v3_akeya.cc
[539/1121] Compiling v3_alt.cc
[540/1121] Compiling v3_akey.cc
[541/1121] Compiling t_x509a.cc
[542/1121] Compiling t_crl.cc
[543/1121] Compiling t_x509.cc
[544/1121] Compiling t_req.cc
[545/1121] Compiling i2d_pr.cc
[546/1121] Compiling rsa_pss.cc
[547/1121] Compiling name_print.cc
[548/1121] Compiling policy.cc
[549/1121] Compiling by_file.cc
[550/1121] Compiling algorithm.cc
[551/1121] Compiling by_dir.cc
[552/1121] Compiling asn1_gen.cc
[553/1121] Compiling a_verify.cc
[554/1121] Compiling thread_win.cc
[555/1121] Compiling thread_pthread.cc
[556/1121] Compiling a_digest.cc
[557/1121] Compiling voprf.cc
[558/1121] Compiling a_sign.cc
[559/1121] Compiling trust_token.cc
[560/1121] Compiling pmbtoken.cc
[561/1121] Compiling thread_none.cc
[562/1121] Compiling thread.cc
[563/1121] Compiling stack.cc
[564/1121] Compiling siphash.cc
[565/1121] Compiling sha512.cc
[566/1121] Compiling sha256.cc
[567/1121] Compiling sha1.cc
[568/1121] Compiling slhdsa.cc
[569/1121] Compiling rsa_print.cc
[570/1121] Compiling spake2plus.cc
[571/1121] Compiling rsa_extra.cc
[572/1121] Compiling rsa_crypt.cc
[573/1121] Compiling refcount.cc
[574/1121] Compiling rc4.cc
[575/1121] Compiling windows.cc
[576/1121] Compiling urandom.cc
[577/1121] Compiling trusty.cc
[578/1121] Compiling rsa_asn1.cc
[579/1121] Compiling rand.cc
[580/1121] Compiling passive.cc
[581/1121] Compiling ios.cc
[582/1121] Compiling poly1305_arm_asm.S
[583/1121] Compiling getentropy.cc
[584/1121] Compiling forkunsafe.cc
[585/1121] Compiling deterministic.cc
[586/1121] Compiling fork_detect.cc
[587/1121] Compiling poly1305_vec.cc
[588/1121] Compiling pool.cc
[589/1121] Compiling poly1305_arm.cc
[590/1121] Compiling poly1305.cc
[591/1121] Compiling pkcs7.cc
[592/1121] Compiling pkcs8.cc
[593/1121] Compiling p5_pbev2.cc
[594/1121] Compiling pkcs8_x509.cc
[595/1121] Compiling pkcs7_x509.cc
[596/1121] Compiling pem_xaux.cc
[597/1121] Compiling pem_x509.cc
[598/1121] Compiling pem_pkey.cc
[599/1121] Compiling pem_pk8.cc
[600/1121] Compiling pem_oth.cc
[601/1121] Compiling mlkem.cc
[602/1121] Compiling pem_info.cc
[603/1121] Compiling pem_lib.cc
[604/1121] Compiling pem_all.cc
[605/1121] Compiling obj_xref.cc
[606/1121] Compiling obj.cc
[607/1121] Compiling mldsa.cc
[608/1121] Compiling poly_rq_mul.S
[609/1121] Compiling fips_shared_support.cc
[610/1121] Compiling md5.cc
[611/1121] Compiling mem.cc
[612/1121] Compiling md4.cc
[613/1121] Compiling lhash.cc
[614/1121] Compiling kyber.cc
[615/1121] Compiling sign.cc
[616/1121] Compiling ex_data.cc
[617/1121] Compiling hrss.cc
[618/1121] Compiling scrypt.cc
[619/1121] Compiling print.cc
[620/1121] Compiling hpke.cc
[621/1121] Compiling pbkdf.cc
[622/1121] Compiling p_x25519.cc
[623/1121] Compiling p_x25519_asn1.cc
[624/1121] Compiling p_rsa_asn1.cc
[625/1121] Compiling p_hkdf.cc
[626/1121] Compiling p_rsa.cc
[627/1121] Compiling p_ed25519.cc
[628/1121] Compiling p_ed25519_asn1.cc
[629/1121] Compiling p_ec_asn1.cc
[630/1121] Compiling p_ec.cc
[631/1121] Compiling p_dh.cc
[632/1121] Compiling p_dh_asn1.cc
[633/1121] Compiling evp_ctx.cc
[634/1121] Compiling p_dsa_asn1.cc
[635/1121] Compiling evp_asn1.cc
[636/1121] Compiling evp.cc
[637/1121] Compiling err.cc
[638/1121] Compiling engine.cc
[639/1121] Compiling ecdh.cc
[640/1121] Compiling ecdsa_asn1.cc
[641/1121] Compiling hash_to_curve.cc
[642/1121] Compiling ec_derive.cc
[643/1121] Compiling dsa.cc
[644/1121] Compiling dsa_asn1.cc
[644/1121] Compiling ec_asn1.cc
[646/1121] Compiling params.cc
[647/1121] Compiling x25519-asm-arm.S
[648/1121] Compiling bcm.cc
[649/1121] Compiling digest_extra.cc
[650/1121] Compiling des.cc
[651/1121] Compiling dh_asn1.cc
[652/1121] Compiling curve25519_64_adx.cc
[653/1121] Compiling cpu_intel.cc
[654/1121] Compiling crypto.cc
[655/1121] Compiling spake25519.cc
[656/1121] Compiling cpu_arm_linux.cc
[657/1121] Compiling curve25519.cc
[658/1121] Compiling cpu_arm_freebsd.cc
[659/1121] Compiling cpu_aarch64_win.cc
[660/1121] Compiling cpu_aarch64_sysreg.cc
[661/1121] Compiling cpu_aarch64_openbsd.cc
[662/1121] Compiling cpu_aarch64_linux.cc
[663/1121] Compiling cpu_aarch64_fuchsia.cc
[664/1121] Compiling cpu_aarch64_apple.cc
[665/1121] Compiling tls_cbc.cc
[666/1121] Compiling get_cipher.cc
[667/1121] Compiling e_tls.cc
[668/1121] Compiling e_rc4.cc
[669/1121] Compiling e_rc2.cc
[670/1121] Compiling e_null.cc
[671/1121] Compiling e_des.cc
[672/1121] Compiling e_chacha20poly1305.cc
[673/1121] Compiling e_aesgcmsiv.cc
[674/1121] Compiling e_aesctrhmac.cc
[675/1121] Compiling derive_key.cc
[676/1121] Compiling chacha.cc
[677/1121] Compiling buf.cc
[678/1121] Compiling unicode.cc
[679/1121] Compiling ber.cc
[680/1121] Compiling cbb.cc
[681/1121] Compiling cbs.cc
[682/1121] Compiling asn1_compat.cc
[683/1121] Compiling convert.cc
[684/1121] Compiling bn_asn1.cc
[685/1121] Compiling blake2.cc
[686/1121] Compiling socket_helper.cc
[686/1121] Compiling socket.cc
[688/1121] Compiling printf.cc
[689/1121] Compiling pair.cc
[690/1121] Compiling hexdump.cc
[691/1121] Compiling file.cc
[692/1121] Compiling fd.cc
[693/1121] Compiling errno.cc
[694/1121] Compiling bio_mem.cc
[695/1121] Compiling connect.cc
[696/1121] Compiling bio.cc
[697/1121] Compiling base64.cc
[698/1121] Compiling tasn_typ.cc
[699/1121] Compiling tasn_utl.cc
[700/1121] Compiling tasn_fre.cc
[701/1121] Compiling tasn_enc.cc
[702/1121] Compiling tasn_new.cc
[703/1121] Compiling posix_time.cc
[704/1121] Compiling f_string.cc
[705/1121] Compiling f_int.cc
[705/1121] Compiling tasn_dec.cc
[707/1121] Compiling asn_pack.cc
[708/1121] Compiling asn1_par.cc
[709/1121] Compiling a_utctm.cc
[710/1121] Compiling asn1_lib.cc
[711/1121] Compiling a_type.cc
[712/1121] Compiling a_time.cc
[713/1121] Compiling a_octet.cc
[714/1121] Compiling a_strnid.cc
[715/1121] Compiling a_strex.cc
[716/1121] Compiling a_object.cc
[717/1121] Compiling a_i2d_fp.cc
[718/1121] Compiling a_dup.cc
[719/1121] Compiling a_mbstr.cc
[720/1121] Compiling a_int.cc
[721/1121] Compiling a_d2i_fp.cc
[722/1121] Compiling a_gentm.cc
[723/1121] Compiling fiat_p256_adx_sqr.S
[724/1121] Compiling fiat_p256_adx_mul.S
[725/1121] Compiling fiat_curve25519_adx_square.S
[726/1121] Compiling fiat_curve25519_adx_mul.S
[727/1121] Compiling md5-x86_64-linux.S
[728/1121] Compiling md5-x86_64-apple.S
[729/1121] Compiling a_bitstr.cc
[730/1121] Compiling md5-586-linux.S
[731/1121] Compiling md5-586-apple.S
[732/1121] Compiling chacha20_poly1305_x86_64-linux.S
[733/1121] Compiling chacha20_poly1305_x86_64-apple.S
[733/1121] Compiling chacha20_poly1305_armv8-win.S
[735/1121] Compiling a_bool.cc
[736/1121] Compiling CCryptoBoringSSLShims shims.c
[737/1121] Compiling chacha20_poly1305_armv8-apple.S
[737/1121] Compiling chacha-x86_64-linux.S
[739/1121] Compiling chacha-x86_64-apple.S
[740/1121] Compiling chacha20_poly1305_armv8-linux.S
[741/1121] Compiling chacha-x86-linux.S
[742/1121] Compiling chacha-x86-apple.S
[743/1121] Compiling chacha-armv8-win.S
[744/1121] Compiling chacha-armv8-apple.S
[745/1121] Compiling chacha-armv4-linux.S
[746/1121] Compiling aes128gcmsiv-x86_64-linux.S
[747/1121] Compiling chacha-armv8-linux.S
[748/1121] Compiling aes128gcmsiv-x86_64-apple.S
[749/1121] Compiling x86_64-mont5-linux.S
[750/1121] Compiling x86_64-mont5-apple.S
[751/1121] Compiling x86_64-mont-linux.S
[752/1121] Compiling x86_64-mont-apple.S
[753/1121] Compiling x86-mont-linux.S
[754/1121] Compiling x86-mont-apple.S
[755/1121] Compiling vpaes-x86_64-apple.S
[756/1121] Compiling vpaes-x86_64-linux.S
[757/1121] Compiling vpaes-x86-linux.S
[758/1121] Compiling vpaes-x86-apple.S
[759/1121] Compiling vpaes-armv8-win.S
[760/1121] Compiling vpaes-armv8-apple.S
[761/1121] Compiling vpaes-armv8-linux.S
[761/1121] Compiling sha512-x86_64-linux.S
[763/1121] Compiling vpaes-armv7-linux.S
[764/1121] Compiling sha512-x86_64-apple.S
[765/1121] Compiling sha512-armv8-win.S
[766/1121] Compiling sha512-armv8-apple.S
[767/1121] Compiling sha512-armv4-linux.S
[768/1121] Compiling sha512-586-linux.S
[769/1121] Compiling sha512-armv8-linux.S
[770/1121] Compiling sha512-586-apple.S
[771/1121] Compiling sha256-x86_64-apple.S
[772/1121] Compiling sha256-x86_64-linux.S
[773/1121] Compiling sha256-armv8-win.S
[774/1121] Compiling err_data.cc
[775/1121] Compiling sha256-armv8-apple.S
[775/1121] Compiling sha256-armv8-linux.S
[777/1121] Compiling sha256-armv4-linux.S
[778/1121] Compiling sha256-586-apple.S
[779/1121] Compiling sha256-586-linux.S
[780/1121] Compiling sha1-x86_64-linux.S
[781/1121] Compiling sha1-x86_64-apple.S
[782/1121] Compiling sha1-armv8-win.S
[783/1121] Compiling sha1-armv8-apple.S
[784/1121] Compiling sha1-armv4-large-linux.S
[785/1121] Compiling sha1-586-linux.S
[786/1121] Compiling sha1-armv8-linux.S
[787/1121] Compiling rsaz-avx2-linux.S
[788/1121] Compiling sha1-586-apple.S
[789/1121] Compiling rsaz-avx2-apple.S
[790/1121] Compiling rdrand-x86_64-apple.S
[791/1121] Compiling rdrand-x86_64-linux.S
[792/1121] Compiling p256_beeu-x86_64-asm-apple.S
[793/1121] Compiling p256_beeu-x86_64-asm-linux.S
[794/1121] Compiling p256_beeu-armv8-asm-win.S
[795/1121] Compiling p256_beeu-armv8-asm-linux.S
[796/1121] Compiling p256_beeu-armv8-asm-apple.S
[797/1121] Compiling p256-x86_64-asm-linux.S
[798/1121] Compiling p256-x86_64-asm-apple.S
[799/1121] Compiling p256-armv8-asm-win.S
[799/1121] Compiling p256-armv8-asm-apple.S
[801/1121] Compiling p256-armv8-asm-linux.S
[802/1121] Compiling ghashv8-armv8-win.S
[803/1121] Compiling ghashv8-armv8-linux.S
[804/1121] Compiling ghashv8-armv8-apple.S
[805/1121] Compiling ghash-x86_64-apple.S
[806/1121] Compiling ghash-x86_64-linux.S
[807/1121] Compiling ghashv8-armv7-linux.S
[808/1121] Compiling ghash-x86-linux.S
[809/1121] Compiling ghash-x86-apple.S
[810/1121] Compiling ghash-ssse3-x86_64-linux.S
[811/1121] Compiling ghash-ssse3-x86-apple.S
[811/1121] Compiling ghash-ssse3-x86_64-apple.S
[813/1121] Compiling ghash-ssse3-x86-linux.S
[814/1121] Compiling ghash-neon-armv8-win.S
[815/1121] Compiling ghash-neon-armv8-linux.S
[816/1121] Compiling ghash-armv4-linux.S
[817/1121] Compiling co-586-linux.S
[817/1121] Compiling ghash-neon-armv8-apple.S
[819/1121] Compiling co-586-apple.S
[820/1121] Compiling bn-armv8-win.S
[821/1121] Compiling bsaes-armv7-linux.S
[822/1121] Compiling bn-armv8-linux.S
[823/1121] Compiling bn-586-linux.S
[824/1121] Compiling bn-armv8-apple.S
[825/1121] Compiling bn-586-apple.S
[826/1121] Compiling armv8-mont-win.S
[827/1121] Compiling armv8-mont-apple.S
[828/1121] Compiling armv8-mont-linux.S
[829/1121] Compiling armv4-mont-linux.S
[830/1121] Compiling aesv8-gcm-armv8-win.S
[831/1121] Compiling aesv8-gcm-armv8-apple.S
[832/1121] Compiling aesv8-gcm-armv8-linux.S
[833/1121] Compiling aesv8-armv8-apple.S
[834/1121] Compiling aesv8-armv8-win.S
[835/1121] Compiling aesv8-armv8-linux.S
[836/1121] Compiling aesv8-armv7-linux.S
[837/1121] Compiling aesni-x86_64-linux.S
[838/1121] Compiling aesni-x86_64-apple.S
[839/1121] Compiling aesni-x86-linux.S
[840/1121] Compiling aesni-x86-apple.S
[841/1121] Compiling aesni-gcm-x86_64-linux.S
[842/1121] Compiling aesni-gcm-x86_64-apple.S
[843/1121] Compiling aes-gcm-avx512-x86_64-linux.S
[844/1121] Compiling aes-gcm-avx512-x86_64-apple.S
[845/1121] Compiling aes-gcm-avx2-x86_64-linux.S
[846/1121] Compiling aes-gcm-avx2-x86_64-apple.S
[847/1121] Compiling xwing.cc
[848/1121] Compiling x_x509a.cc
[849/1121] Compiling x_x509.cc
[850/1121] Compiling x_spki.cc
[851/1121] Compiling x_sig.cc
[852/1121] Compiling x_req.cc
[853/1121] Compiling c-nioatomics.c
[854/1121] Compiling x_pubkey.cc
[855/1121] Compiling x_attrib.cc
[856/1121] Compiling x_name.cc
[857/1121] Compiling x_crl.cc
[858/1121] Compiling x_all.cc
[859/1121] Compiling x_exten.cc
[860/1121] Compiling c-atomics.c
[861/1128] Compiling x_algor.cc
[863/1128] Compiling NIOConcurrencyHelpers NIOThreadPoolWorkAvailable.swift
[864/1128] Compiling NIOConcurrencyHelpers NIOLockedValueBox.swift
[865/1128] Compiling NIOConcurrencyHelpers NIOLock.swift
[865/1128] Compiling x509spki.cc
[867/1128] Compiling NIOConcurrencyHelpers lock.swift
[868/1128] Compiling NIOConcurrencyHelpers atomics.swift
[868/1128] Compiling x509cset.cc
[869/1128] Compiling x509rset.cc
[871/1128] Emitting module NIOConcurrencyHelpers
[872/1128] Compiling NIOConcurrencyHelpers NIOAtomic.swift
[873/1129] Compiling x509_vfy.cc
[874/1129] Compiling x509_vpm.cc
[875/1129] Compiling x509name.cc
[876/1129] Wrapping AST for NIOConcurrencyHelpers for debugging
[877/1129] Compiling x509_v3.cc
[878/1129] Compiling x509_txt.cc
[879/1129] Compiling x509_trs.cc
[880/1129] Compiling x509_set.cc
[881/1129] Compiling x509_obj.cc
[882/1129] Compiling x509_req.cc
[883/1129] Compiling x509_ext.cc
[884/1129] Compiling x509_lu.cc
[885/1129] Compiling x509_def.cc
[886/1129] Compiling x509_d2.cc
[887/1129] Compiling x509_cmp.cc
[888/1129] Compiling x509_att.cc
[889/1129] Compiling x509.cc
[890/1129] Compiling v3_skey.cc
[891/1129] Compiling v3_purp.cc
[892/1129] Compiling v3_utl.cc
[893/1129] Compiling v3_prn.cc
[894/1129] Compiling v3_pmaps.cc
[895/1129] Compiling v3_pcons.cc
[896/1129] Compiling v3_ocsp.cc
[897/1129] Compiling v3_ncons.cc
[898/1129] Compiling v3_lib.cc
[899/1129] Compiling v3_int.cc
[900/1129] Compiling v3_info.cc
[901/1129] Compiling v3_ia5.cc
[902/1129] Compiling v3_genn.cc
[903/1129] Compiling v3_enum.cc
[904/1129] Compiling v3_extku.cc
[905/1129] Compiling v3_cpols.cc
[905/1129] Compiling v3_crld.cc
[907/1129] Compiling v3_conf.cc
[908/1129] Compiling v3_bitst.cc
[909/1129] Compiling v3_bcons.cc
[910/1129] Compiling v3_alt.cc
[911/1129] Compiling v3_akey.cc
[912/1129] Compiling v3_akeya.cc
[913/1129] Compiling t_x509a.cc
[914/1129] Compiling t_x509.cc
[915/1129] Compiling t_req.cc
[916/1129] Compiling t_crl.cc
[917/1129] Compiling rsa_pss.cc
[918/1129] Compiling i2d_pr.cc
[919/1129] Compiling policy.cc
[920/1129] Compiling name_print.cc
[921/1129] Compiling by_file.cc
[922/1129] Compiling algorithm.cc
[923/1129] Compiling by_dir.cc
[923/1129] Compiling asn1_gen.cc
[925/1129] Compiling a_verify.cc
[926/1129] Compiling a_sign.cc
[927/1129] Compiling a_digest.cc
[928/1129] Compiling thread_pthread.cc
[929/1129] Compiling thread_win.cc
[930/1129] Compiling thread_none.cc
[931/1129] Compiling voprf.cc
[932/1129] Compiling trust_token.cc
[933/1129] Compiling thread.cc
[934/1129] Compiling pmbtoken.cc
[935/1129] Compiling stack.cc
[936/1129] Compiling siphash.cc
[937/1129] Compiling sha512.cc
[938/1129] Compiling slhdsa.cc
[939/1129] Compiling sha256.cc
[940/1129] Compiling spake2plus.cc
[941/1129] Compiling sha1.cc
[942/1129] Compiling rsa_print.cc
[943/1129] Compiling rsa_extra.cc
[944/1129] Compiling rsa_crypt.cc
[945/1129] Compiling refcount.cc
[946/1129] Compiling rc4.cc
[947/1129] Compiling windows.cc
[948/1129] Compiling urandom.cc
[949/1129] Compiling trusty.cc
[950/1129] Compiling rand.cc
[951/1129] Compiling rsa_asn1.cc
[952/1129] Compiling passive.cc
[953/1129] Compiling poly1305_arm_asm.S
[954/1129] Compiling ios.cc
[955/1129] Compiling getentropy.cc
[956/1129] Compiling forkunsafe.cc
[957/1129] Compiling deterministic.cc
[958/1129] Compiling fork_detect.cc
[959/1129] Compiling poly1305_vec.cc
[960/1129] Compiling poly1305_arm.cc
[961/1129] Compiling pool.cc
[962/1129] Compiling poly1305.cc
[963/1129] Compiling pkcs7.cc
[964/1129] Compiling pkcs8.cc
[965/1129] Compiling pkcs8_x509.cc
[966/1129] Compiling p5_pbev2.cc
[967/1129] Compiling pkcs7_x509.cc
[968/1129] Compiling pem_xaux.cc
[969/1129] Compiling pem_x509.cc
[970/1129] Compiling pem_pkey.cc
[971/1129] Compiling mlkem.cc
[972/1129] Compiling pem_pk8.cc
[973/1129] Compiling pem_oth.cc
[974/1129] Compiling pem_info.cc
[975/1129] Compiling obj_xref.cc
[976/1129] Compiling pem_lib.cc
[977/1129] Compiling pem_all.cc
[978/1129] Compiling obj.cc
[979/1129] Compiling poly_rq_mul.S
[980/1129] Compiling mldsa.cc
[981/1129] Compiling mem.cc
[982/1129] Compiling fips_shared_support.cc
[983/1129] Compiling lhash.cc
[984/1129] Compiling md5.cc
[985/1129] Compiling md4.cc
[986/1129] Compiling kyber.cc
[987/1129] Compiling fuzzer_mode.cc
[988/1129] Compiling hrss.cc
[989/1129] Compiling ex_data.cc
[990/1129] Compiling hpke.cc
[991/1129] Compiling scrypt.cc
[992/1129] Compiling print.cc
[993/1129] Compiling pbkdf.cc
[994/1129] Compiling sign.cc
[995/1129] Compiling p_x25519_asn1.cc
[996/1129] Compiling p_x25519.cc
[997/1129] Compiling p_rsa_asn1.cc
[998/1129] Compiling p_rsa.cc
[999/1129] Compiling p_ed25519_asn1.cc
[1000/1129] Compiling p_hkdf.cc
[1000/1129] Compiling p_ed25519.cc
[1002/1129] Compiling p_ec.cc
[1003/1129] Compiling p_ec_asn1.cc
[1004/1129] Compiling p_dsa_asn1.cc
[1005/1129] Compiling p_dh_asn1.cc
[1006/1129] Compiling p_dh.cc
[1007/1129] Compiling evp_ctx.cc
[1008/1129] Compiling err.cc
[1009/1129] Compiling evp.cc
[1010/1129] Compiling evp_asn1.cc
[1011/1129] Compiling engine.cc
[1012/1129] Compiling ecdsa_p1363.cc
[1013/1129] Compiling ecdh.cc
[1014/1129] Compiling ec_derive.cc
[1015/1129] Compiling ecdsa_asn1.cc
[1016/1129] Compiling hash_to_curve.cc
[1017/1129] Compiling dsa.cc
[1018/1129] Compiling dsa_asn1.cc
[1019/1129] Compiling ec_asn1.cc
[1020/1129] Compiling params.cc
[1021/1129] Compiling x25519-asm-arm.S
[1022/1129] Compiling digest_extra.cc
[1023/1129] Compiling des.cc
[1024/1129] Compiling curve25519_64_adx.cc
[1025/1129] Compiling dh_asn1.cc
[1026/1129] Compiling crypto.cc
[1027/1129] Compiling spake25519.cc
[1028/1129] Compiling curve25519.cc
[1029/1129] Compiling cpu_intel.cc
[1030/1129] Compiling cpu_arm_linux.cc
[1031/1129] Compiling cpu_arm_freebsd.cc
[1032/1129] Compiling cpu_aarch64_win.cc
[1033/1129] Compiling cpu_aarch64_sysreg.cc
[1034/1129] Compiling cpu_aarch64_openbsd.cc
[1035/1129] Compiling cpu_aarch64_linux.cc
[1036/1129] Compiling cpu_aarch64_fuchsia.cc
[1037/1129] Compiling cpu_aarch64_apple.cc
[1038/1129] Compiling conf.cc
[1039/1129] Compiling tls_cbc.cc
[1040/1129] Compiling get_cipher.cc
[1041/1129] Compiling e_tls.cc
[1042/1129] Compiling e_rc4.cc
[1043/1129] Compiling cms.cc
[1044/1129] Compiling e_rc2.cc
[1045/1129] Compiling e_des.cc
[1046/1129] Compiling e_null.cc
[1047/1129] Compiling e_chacha20poly1305.cc
[1048/1129] Compiling e_aesgcmsiv.cc
[1049/1129] Compiling e_aeseax.cc
[1050/1129] Compiling chacha.cc
[1051/1129] Compiling derive_key.cc
[1052/1129] Compiling e_aesctrhmac.cc
[1053/1129] Compiling unicode.cc
[1054/1129] Compiling sqrt.cc
[1054/1129] Compiling buf.cc
[1056/1129] Compiling asn1_compat.cc
[1057/1129] Compiling cbb.cc
[1058/1129] Compiling cbs.cc
[1059/1129] Compiling ber.cc
[1060/1129] Compiling exponentiation.cc
[1061/1129] Compiling div.cc
[1062/1129] Compiling blake2.cc
[1063/1129] Compiling printf.cc
[1064/1129] Compiling pair.cc
[1065/1129] Compiling bn_asn1.cc
[1066/1129] Compiling convert.cc
[1067/1129] Compiling hexdump.cc
[1068/1129] Compiling file.cc
[1069/1129] Compiling fd.cc
[1070/1129] Compiling errno.cc
[1071/1129] Compiling bio_mem.cc
[1072/1129] Compiling bio.cc
[1073/1129] Compiling base64.cc
[1074/1129] Compiling tasn_typ.cc
[1075/1129] Compiling tasn_utl.cc
[1076/1129] Compiling tasn_fre.cc
[1077/1129] Compiling tasn_enc.cc
[1078/1129] Compiling posix_time.cc
[1079/1129] Compiling tasn_new.cc
[1080/1129] Compiling tasn_dec.cc
[1081/1129] Compiling f_string.cc
[1082/1129] Compiling f_int.cc
[1083/1129] Compiling asn_pack.cc
[1084/1129] Compiling asn1_par.cc
[1085/1129] Compiling bcm.cc
[1086/1129] Compiling asn1_lib.cc
[1087/1129] Compiling a_utctm.cc
[1088/1129] Compiling a_type.cc
[1089/1129] Compiling a_octet.cc
[1090/1129] Compiling a_time.cc
[1091/1129] Compiling a_strnid.cc
[1092/1129] Compiling a_strex.cc
[1093/1129] Compiling a_i2d_fp.cc
[1094/1129] Compiling a_mbstr.cc
[1095/1129] Compiling a_object.cc
[1096/1129] Write sources
[1097/1129] Compiling a_dup.cc
[1098/1129] Write sources
[1099/1129] Compiling a_int.cc
[1100/1129] Compiling a_d2i_fp.cc
[1101/1200] Compiling a_bool.cc
[1102/1200] Compiling a_gentm.cc
[1104/1200] Compiling AsyncAlgorithms AsyncAdjacentPairsSequence.swift
[1105/1200] Compiling AsyncAlgorithms AsyncBufferedByteIterator.swift
[1106/1202] Compiling AsyncAlgorithms DebounceStorage.swift
[1107/1202] Compiling AsyncAlgorithms Dictionary.swift
[1108/1202] Compiling AsyncAlgorithms AsyncDebounceSequence.swift
[1109/1202] Compiling AsyncAlgorithms DebounceStateMachine.swift
[1109/1202] Compiling aes.cc
[1111/1202] Compiling AsyncAlgorithms AsyncThrowingExclusiveReductionsSequence.swift
[1112/1202] Compiling AsyncAlgorithms AsyncThrowingInclusiveReductionsSequence.swift
[1113/1202] Compiling AsyncAlgorithms AsyncTimerSequence.swift
[1114/1202] Compiling AsyncAlgorithms AsyncSyncSequence.swift
[1115/1202] Compiling AsyncAlgorithms AsyncThrottleSequence.swift
[1116/1202] Compiling Atomics IntegerOperations.swift
[1117/1202] Compiling Atomics Unmanaged extensions.swift
[1118/1202] Compiling AsyncAlgorithms AsyncBufferSequence.swift
[1119/1202] Compiling AsyncAlgorithms BoundedBufferStateMachine.swift
[1120/1202] Compiling AsyncAlgorithms BoundedBufferStorage.swift
[1120/1202] Compiling a_bitstr.cc
[1122/1210] Compiling AsyncAlgorithms UnboundedBufferStateMachine.swift
[1123/1210] Compiling AsyncAlgorithms UnboundedBufferStorage.swift
[1124/1210] Compiling AsyncAlgorithms AsyncChannel.swift
[1125/1210] Compiling AsyncAlgorithms AsyncThrowingChannel.swift
[1126/1210] Compiling AsyncAlgorithms ChannelStateMachine.swift
[1127/1210] Compiling AsyncAlgorithms ChannelStorage.swift
[1128/1210] Compiling AsyncAlgorithms AsyncCombineLatest2Sequence.swift
[1129/1217] Compiling CryptoBoringWrapper BoringSSLAEAD.swift
[1138/1217] Emitting module AsyncAlgorithms
[1139/1217] Compiling CryptoBoringWrapper RandomBytes.swift
[1140/1217] Compiling CryptoBoringWrapper CryptoKitErrors_boring.swift
[1141/1217] Emitting module CryptoBoringWrapper
[1142/1217] Emitting module Atomics
[1143/1217] Compiling CryptoBoringWrapper FiniteFieldArithmeticContext.swift
[1144/1217] Compiling CryptoBoringWrapper EllipticCurve.swift
[1145/1217] Compiling CryptoBoringWrapper ArbitraryPrecisionInteger.swift
[1146/1217] Compiling CryptoBoringWrapper EllipticCurvePoint.swift
[1147/1218] Wrapping AST for CryptoBoringWrapper for debugging
[1149/1284] Compiling Crypto HPKE-AEAD.swift
[1150/1284] Compiling Crypto HPKE-Ciphersuite.swift
[1151/1284] Compiling Crypto HPKE-KDF.swift
[1152/1303] Wrapping AST for Atomics for debugging
[1154/1336] Compiling NIOCore NIOAsyncWriter.swift
[1155/1336] Compiling NIOCore CircularBuffer.swift
[1156/1336] Compiling NIOCore Codec.swift
[1157/1336] Compiling NIOCore ConvenienceOptionSupport.swift
[1158/1336] Compiling NIOCore DeadChannel.swift
[1159/1336] Compiling NIOCore DispatchQueue+WithFuture.swift
[1160/1336] Compiling NIOCore EventLoop+Deprecated.swift
[1161/1336] Compiling NIOCore EventLoop+SerialExecutor.swift
[1162/1336] Compiling NIOCore EventLoop.swift
[1163/1336] Compiling Crypto ObjectIdentifier.swift
[1164/1336] Compiling Crypto ECDSASignature.swift
[1165/1336] Compiling Crypto PEMDocument.swift
[1166/1336] Compiling Crypto PKCS8PrivateKey.swift
[1167/1336] Compiling Crypto SEC1PrivateKey.swift
[1168/1336] Compiling Crypto SubjectPublicKeyInfo.swift
[1169/1382] Compiling NIOCore AddressedEnvelope.swift
[1170/1382] Compiling NIOCore AsyncAwaitSupport.swift
[1171/1383] Compiling NIOCore NIOAny.swift
[1172/1383] Compiling NIOCore NIOCloseOnErrorHandler.swift
[1173/1383] Compiling NIOCore NIOCoreSendableMetatype.swift
[1174/1383] Compiling NIOCore NIODecodedAsyncSequence.swift
[1175/1383] Compiling NIOCore NIOLoopBound.swift
[1176/1383] Compiling NIOCore NIOPooledRecvBufferAllocator.swift
[1177/1383] Compiling NIOCore NIOScheduledCallback.swift
[1178/1383] Compiling _ConnectionPoolModule TinyFastSequence.swift
[1179/1383] Compiling NIOCore NIOAsyncSequenceProducer.swift
[1180/1383] Compiling NIOCore NIOAsyncSequenceProducerStrategies.swift
[1181/1383] Compiling NIOCore AsyncChannelInboundStream.swift
[1182/1383] Compiling NIOCore AsyncChannelOutboundWriter.swift
/host/spi-builder-workspace/.build/checkouts/postgres-nio/Sources/ConnectionPoolModule/PoolStateMachine.swift:888:48: error: cannot find 'pow' in scope
886 |
887 | let start = Double(100_000_000)
888 | let backoffNanosecondsDouble = start * pow(1.25, Double(attempts - 1))
| `- error: cannot find 'pow' in scope
889 |
890 | // Cap to 60s _before_ we convert to Int64, to avoid trapping in the Int64 initializer.
/host/spi-builder-workspace/.build/checkouts/postgres-nio/Sources/ConnectionPoolModule/PoolStateMachine.swift:898:74: error: referencing instance method 'randomElement()' on 'ClosedRange' requires that 'Float16' conform to 'SignedInteger'
896 | let jitterRange = (backoffNanoseconds / 100) * 3
897 | // Pick a random element from the range +/- jitter range.
898 | let jitter: Duration = .nanoseconds((-jitterRange...jitterRange).randomElement()!)
| `- error: referencing instance method 'randomElement()' on 'ClosedRange' requires that 'Float16' conform to 'SignedInteger'
899 | let jitteredBackoff = backoff + jitter
900 | return jitteredBackoff
Swift.ClosedRange:1:11: note: requirement from conditional conformance of 'ClosedRange<Float16>' to 'Collection'
1 | extension ClosedRange : Collection, BidirectionalCollection, RandomAccessCollection where Bound : Strideable, Bound.Stride : SignedInteger {
| `- note: requirement from conditional conformance of 'ClosedRange<Float16>' to 'Collection'
2 | public typealias SubSequence = Slice<ClosedRange<Bound>>
3 | @inlinable public var startIndex: ClosedRange<Bound>.Index { get }
/host/spi-builder-workspace/.build/checkouts/postgres-nio/Sources/ConnectionPoolModule/PoolStateMachine.swift:888:48: error: cannot find 'pow' in scope
886 |
887 | let start = Double(100_000_000)
888 | let backoffNanosecondsDouble = start * pow(1.25, Double(attempts - 1))
| `- error: cannot find 'pow' in scope
889 |
890 | // Cap to 60s _before_ we convert to Int64, to avoid trapping in the Int64 initializer.
/host/spi-builder-workspace/.build/checkouts/postgres-nio/Sources/ConnectionPoolModule/PoolStateMachine.swift:898:74: error: referencing instance method 'randomElement()' on 'ClosedRange' requires that 'Float16' conform to 'SignedInteger'
896 | let jitterRange = (backoffNanoseconds / 100) * 3
897 | // Pick a random element from the range +/- jitter range.
898 | let jitter: Duration = .nanoseconds((-jitterRange...jitterRange).randomElement()!)
| `- error: referencing instance method 'randomElement()' on 'ClosedRange' requires that 'Float16' conform to 'SignedInteger'
899 | let jitteredBackoff = backoff + jitter
900 | return jitteredBackoff
Swift.ClosedRange:1:11: note: requirement from conditional conformance of 'ClosedRange<Float16>' to 'Collection'
1 | extension ClosedRange : Collection, BidirectionalCollection, RandomAccessCollection where Bound : Strideable, Bound.Stride : SignedInteger {
| `- note: requirement from conditional conformance of 'ClosedRange<Float16>' to 'Collection'
2 | public typealias SubSequence = Slice<ClosedRange<Bound>>
3 | @inlinable public var startIndex: ClosedRange<Bound>.Index { get }
[1190/1383] Compiling NIOCore NIOSendable.swift
[1191/1383] Compiling NIOCore NIOSplitLinesMessageDecoder.swift
[1192/1383] Compiling NIOCore NIOTransportAccessibleChannelCore.swift
[1193/1383] Compiling NIOCore RecvByteBufferAllocator.swift
[1194/1391] Compiling NIOCore AsyncChannel.swift
[1195/1391] Compiling NIOCore AsyncChannelHandler.swift
[1196/1391] Compiling NIOCore ByteBuffer-multi-int.swift
[1197/1391] Compiling NIOCore ByteBuffer-quicBinaryEncodingStrategy.swift
[1198/1391] Compiling NIOCore ByteBuffer-views.swift
[1199/1391] Compiling NIOCore Channel.swift
[1200/1391] Compiling NIOCore ChannelHandler.swift
[1201/1391] Compiling NIOCore ChannelHandlers.swift
[1202/1391] Compiling NIOCore ChannelInvoker.swift
[1203/1391] Compiling NIOCore ChannelOption.swift
[1204/1391] Compiling NIOCore ChannelPipeline.swift
[1205/1391] Compiling NIOCore IPProtocol.swift
[1206/1391] Compiling NIOCore IntegerBitPacking.swift
[1207/1391] Compiling NIOCore IntegerTypes.swift
[1212/1391] Compiling NIOCore SingleStepByteToMessageDecoder.swift
[1213/1391] Compiling NIOCore SocketAddresses.swift
[1214/1391] Compiling NIOCore SocketOptionProvider.swift
[1215/1391] Compiling NIOCore SystemCallHelpers.swift
[1216/1391] Compiling NIOCore TimeAmount+Duration.swift
[1217/1391] Compiling NIOCore TypeAssistedChannelHandler.swift
[1218/1391] Compiling NIOCore UniversalBootstrapSupport.swift
[1219/1391] Compiling NIOCore Utilities.swift
[1220/1402] Compiling NIOCore FileDescriptor.swift
[1221/1402] Compiling NIOCore FileHandle.swift
[1222/1402] Compiling NIOCore FileRegion.swift
[1223/1402] Compiling NIOCore GlobalSingletons.swift
[1224/1402] Compiling NIOCore IO.swift
[1225/1402] Compiling NIOCore IOData.swift
[1238/1402] Compiling NIOCore Interfaces.swift
[1239/1402] Compiling NIOCore Linux.swift
[1240/1402] Compiling NIOCore MarkedCircularBuffer.swift
[1241/1402] Compiling NIOCore MulticastChannel.swift
[1243/1403] Emitting module _ConnectionPoolModule
[1243/1403] Wrapping AST for AsyncAlgorithms for debugging
[1245/1412] Compiling ServiceLifecycle AsyncCancelOnGracefulShutdownSequence.swift
[1246/1412] Compiling ServiceLifecycle AsyncGracefulShutdownSequence.swift
[1247/1413] Compiling ServiceLifecycle CancellationWaiter.swift
[1248/1413] Compiling ServiceLifecycle ClosureService.swift
[1249/1413] Compiling ServiceLifecycle GracefulShutdown.swift
[1250/1413] Emitting module ServiceLifecycle
[1251/1413] Compiling NIOCore EventLoopFuture+Deprecated.swift
[1252/1413] Compiling NIOCore EventLoopFuture+WithEventLoop.swift
[1253/1413] Compiling NIOCore EventLoopFuture.swift
[1269/1413] Compiling ServiceLifecycle ServiceGroupConfiguration.swift
[1270/1413] Compiling Crypto AES-GCM.swift
[1271/1413] Compiling Crypto AES-GCM_boring.swift
[1272/1413] Compiling Crypto ChaChaPoly_boring.swift
[1273/1413] Compiling Crypto ChaChaPoly.swift
[1274/1413] Compiling Crypto Cipher.swift
[1275/1413] Compiling Crypto Nonces.swift
[1276/1413] Compiling Crypto ASN1.swift
[1277/1413] Compiling Crypto ASN1Any.swift
[1278/1413] Compiling Crypto ASN1BitString.swift
[1279/1413] Compiling Crypto ASN1Boolean.swift
[1280/1413] Compiling Crypto ASN1Identifier.swift
[1281/1413] Compiling Crypto ASN1Integer.swift
[1282/1413] Compiling ServiceLifecycle ServiceRunnerError.swift
[1283/1413] Compiling Crypto Signature.swift
[1284/1413] Compiling Crypto CryptoKitErrors_boring.swift
[1285/1413] Compiling Crypto Optional+withUnsafeBytes_boring.swift
[1286/1413] Compiling Crypto RNG_boring.swift
[1287/1413] Compiling Crypto SafeCompare_boring.swift
[1288/1413] Compiling Crypto Zeroization_boring.swift
[1289/1413] Compiling Crypto _CryptoModuleAnchor.swift
[1290/1413] Compiling Crypto PrettyBytes.swift
[1291/1413] Compiling Crypto SafeCompare.swift
[1292/1413] Compiling Crypto SecureBytes.swift
[1293/1413] Compiling Crypto Zeroization.swift
[1298/1413] Compiling ServiceLifecycle Service.swift
[1304/1413] Compiling NIOCore EventLoopFuture+AssumeIsolated.swift
[1305/1413] Compiling NIOCore NIOThrowingAsyncSequenceProducer.swift
[1306/1413] Compiling NIOCore BSDSocketAPI.swift
[1307/1413] Compiling NIOCore ByteBuffer-aux.swift
[1308/1413] Compiling NIOCore ByteBuffer-binaryEncodedLengthPrefix.swift
[1309/1413] Compiling NIOCore ByteBuffer-conversions.swift
[1310/1413] Compiling NIOCore ByteBuffer-core.swift
[1334/1413] Emitting module Crypto
BUILD FAILURE 6.2 android