Build Information
Failed to build DeepLink, reference v0.1.0 (f25c3d), with Swift 6.4 for visionOS using Xcode 27.0 on 19 Sep 2026 18:16:15 UTC.
Build Command
env DEVELOPER_DIR=/Applications/Xcode-27.0.0-Release.Candidate.app xcrun xcodebuild -IDEClonedSourcePackagesDirPathOverride=$PWD/.dependencies -skipMacroValidation -skipPackagePluginValidation -derivedDataPath $PWD/.derivedData build -scheme DeepLink-Package -destination generic/platform=xrOSBuild Log
CreateUniversalBinary /Users/admin/builder/spi-builder-workspace/.derivedData/Build/Products/Debug/SwiftBasicFormat.o normal arm64\ x86_64 (in target 'SwiftBasicFormat' from project 'swift-syntax')
cd /Users/admin/builder/spi-builder-workspace/.dependencies/checkouts/swift-syntax
/Applications/Xcode-27.0.0-Release.Candidate.app/Contents/Developer/Toolchains/XcodeDefault.xctoolchain/usr/bin/lipo -create /Users/admin/builder/spi-builder-workspace/.derivedData/Build/Intermediates.noindex/swift-syntax.build/Debug/SwiftBasicFormat-t.build/Objects-normal/arm64/Binary/SwiftBasicFormat.o /Users/admin/builder/spi-builder-workspace/.derivedData/Build/Intermediates.noindex/swift-syntax.build/Debug/SwiftBasicFormat-t.build/Objects-normal/x86_64/Binary/SwiftBasicFormat.o -output /Users/admin/builder/spi-builder-workspace/.derivedData/Build/Products/Debug/SwiftBasicFormat.o
ExtractAppIntentsMetadata (in target 'SwiftDiagnostics' from project 'swift-syntax')
cd /Users/admin/builder/spi-builder-workspace/.dependencies/checkouts/swift-syntax
/Applications/Xcode-27.0.0-Release.Candidate.app/Contents/Developer/Toolchains/XcodeDefault.xctoolchain/usr/bin/appintentsmetadataprocessor --toolchain-dir /var/run/com.apple.security.cryptexd/mnt/com.apple.MobileAsset.MetalToolchain-v27.1.266.1.O13LxD/Metal.xctoolchain --module-name SwiftDiagnostics --sdk-root /Applications/Xcode-27.0.0-Release.Candidate.app/Contents/Developer/Platforms/MacOSX.platform/Developer/SDKs/MacOSX27.0.sdk --xcode-version 27A266a --platform-family macOS --deployment-target 12.0 --bundle-identifier swift-syntax.SwiftDiagnostics --output /Users/admin/builder/spi-builder-workspace/.derivedData/Build/Products/Debug/SwiftDiagnostics.appintents --target-triple arm64-apple-macos12.0 --target-triple x86_64-apple-macos12.0 --binary-file /Users/admin/builder/spi-builder-workspace/.derivedData/Build/Products/Debug/SwiftDiagnostics.o --dependency-file /Users/admin/builder/spi-builder-workspace/.derivedData/Build/Intermediates.noindex/swift-syntax.build/Debug/SwiftDiagnostics-t.build/Objects-normal/arm64/SwiftDiagnostics_dependency_info.dat --dependency-file /Users/admin/builder/spi-builder-workspace/.derivedData/Build/Intermediates.noindex/swift-syntax.build/Debug/SwiftDiagnostics-t.build/Objects-normal/x86_64/SwiftDiagnostics_dependency_info.dat --stringsdata-file /Users/admin/builder/spi-builder-workspace/.derivedData/Build/Intermediates.noindex/swift-syntax.build/Debug/SwiftDiagnostics-t.build/Objects-normal/arm64/ExtractedAppShortcutsMetadata.stringsdata --stringsdata-file /Users/admin/builder/spi-builder-workspace/.derivedData/Build/Intermediates.noindex/swift-syntax.build/Debug/SwiftDiagnostics-t.build/Objects-normal/x86_64/ExtractedAppShortcutsMetadata.stringsdata --source-file-list /Users/admin/builder/spi-builder-workspace/.derivedData/Build/Intermediates.noindex/swift-syntax.build/Debug/SwiftDiagnostics-t.build/Objects-normal/arm64/SwiftDiagnostics.SwiftFileList --source-file-list /Users/admin/builder/spi-builder-workspace/.derivedData/Build/Intermediates.noindex/swift-syntax.build/Debug/SwiftDiagnostics-t.build/Objects-normal/x86_64/SwiftDiagnostics.SwiftFileList --metadata-file-list /Users/admin/builder/spi-builder-workspace/.derivedData/Build/Intermediates.noindex/swift-syntax.build/Debug/SwiftDiagnostics-t.build/SwiftDiagnostics.DependencyMetadataFileList --static-metadata-file-list /Users/admin/builder/spi-builder-workspace/.derivedData/Build/Intermediates.noindex/swift-syntax.build/Debug/SwiftDiagnostics-t.build/SwiftDiagnostics.DependencyStaticMetadataFileList --swift-const-vals-list /Users/admin/builder/spi-builder-workspace/.derivedData/Build/Intermediates.noindex/swift-syntax.build/Debug/SwiftDiagnostics-t.build/Objects-normal/arm64/SwiftDiagnostics.SwiftConstValuesFileList --swift-const-vals-list /Users/admin/builder/spi-builder-workspace/.derivedData/Build/Intermediates.noindex/swift-syntax.build/Debug/SwiftDiagnostics-t.build/Objects-normal/x86_64/SwiftDiagnostics.SwiftConstValuesFileList --force --compile-time-extraction --deployment-aware-processing --no-app-shortcuts-localization
2026-09-19 14:15:33.363 appintentsmetadataprocessor[1528:9258] Starting appintentsmetadataprocessor export
2026-09-19 14:15:33.433 appintentsmetadataprocessor[1528:9258] Extracted no relevant App Intents symbols, skipping writing output
ExtractAppIntentsMetadata (in target 'SwiftBasicFormat' from project 'swift-syntax')
cd /Users/admin/builder/spi-builder-workspace/.dependencies/checkouts/swift-syntax
/Applications/Xcode-27.0.0-Release.Candidate.app/Contents/Developer/Toolchains/XcodeDefault.xctoolchain/usr/bin/appintentsmetadataprocessor --toolchain-dir /var/run/com.apple.security.cryptexd/mnt/com.apple.MobileAsset.MetalToolchain-v27.1.266.1.O13LxD/Metal.xctoolchain --module-name SwiftBasicFormat --sdk-root /Applications/Xcode-27.0.0-Release.Candidate.app/Contents/Developer/Platforms/MacOSX.platform/Developer/SDKs/MacOSX27.0.sdk --xcode-version 27A266a --platform-family macOS --deployment-target 12.0 --bundle-identifier swift-syntax.SwiftBasicFormat --output /Users/admin/builder/spi-builder-workspace/.derivedData/Build/Products/Debug/SwiftBasicFormat.appintents --target-triple arm64-apple-macos12.0 --target-triple x86_64-apple-macos12.0 --binary-file /Users/admin/builder/spi-builder-workspace/.derivedData/Build/Products/Debug/SwiftBasicFormat.o --dependency-file /Users/admin/builder/spi-builder-workspace/.derivedData/Build/Intermediates.noindex/swift-syntax.build/Debug/SwiftBasicFormat-t.build/Objects-normal/arm64/SwiftBasicFormat_dependency_info.dat --dependency-file /Users/admin/builder/spi-builder-workspace/.derivedData/Build/Intermediates.noindex/swift-syntax.build/Debug/SwiftBasicFormat-t.build/Objects-normal/x86_64/SwiftBasicFormat_dependency_info.dat --stringsdata-file /Users/admin/builder/spi-builder-workspace/.derivedData/Build/Intermediates.noindex/swift-syntax.build/Debug/SwiftBasicFormat-t.build/Objects-normal/arm64/ExtractedAppShortcutsMetadata.stringsdata --stringsdata-file /Users/admin/builder/spi-builder-workspace/.derivedData/Build/Intermediates.noindex/swift-syntax.build/Debug/SwiftBasicFormat-t.build/Objects-normal/x86_64/ExtractedAppShortcutsMetadata.stringsdata --source-file-list /Users/admin/builder/spi-builder-workspace/.derivedData/Build/Intermediates.noindex/swift-syntax.build/Debug/SwiftBasicFormat-t.build/Objects-normal/arm64/SwiftBasicFormat.SwiftFileList --source-file-list /Users/admin/builder/spi-builder-workspace/.derivedData/Build/Intermediates.noindex/swift-syntax.build/Debug/SwiftBasicFormat-t.build/Objects-normal/x86_64/SwiftBasicFormat.SwiftFileList --metadata-file-list /Users/admin/builder/spi-builder-workspace/.derivedData/Build/Intermediates.noindex/swift-syntax.build/Debug/SwiftBasicFormat-t.build/SwiftBasicFormat.DependencyMetadataFileList --static-metadata-file-list /Users/admin/builder/spi-builder-workspace/.derivedData/Build/Intermediates.noindex/swift-syntax.build/Debug/SwiftBasicFormat-t.build/SwiftBasicFormat.DependencyStaticMetadataFileList --swift-const-vals-list /Users/admin/builder/spi-builder-workspace/.derivedData/Build/Intermediates.noindex/swift-syntax.build/Debug/SwiftBasicFormat-t.build/Objects-normal/arm64/SwiftBasicFormat.SwiftConstValuesFileList --swift-const-vals-list /Users/admin/builder/spi-builder-workspace/.derivedData/Build/Intermediates.noindex/swift-syntax.build/Debug/SwiftBasicFormat-t.build/Objects-normal/x86_64/SwiftBasicFormat.SwiftConstValuesFileList --force --compile-time-extraction --deployment-aware-processing --no-app-shortcuts-localization
2026-09-19 14:15:33.372 appintentsmetadataprocessor[1529:9259] Starting appintentsmetadataprocessor export
2026-09-19 14:15:33.439 appintentsmetadataprocessor[1529:9259] Extracted no relevant App Intents symbols, skipping writing output
CreateUniversalBinary /Users/admin/builder/spi-builder-workspace/.derivedData/Build/Products/Debug/SwiftParser.o normal arm64\ x86_64 (in target 'SwiftParser' from project 'swift-syntax')
cd /Users/admin/builder/spi-builder-workspace/.dependencies/checkouts/swift-syntax
/Applications/Xcode-27.0.0-Release.Candidate.app/Contents/Developer/Toolchains/XcodeDefault.xctoolchain/usr/bin/lipo -create /Users/admin/builder/spi-builder-workspace/.derivedData/Build/Intermediates.noindex/swift-syntax.build/Debug/SwiftParser-t.build/Objects-normal/arm64/Binary/SwiftParser.o /Users/admin/builder/spi-builder-workspace/.derivedData/Build/Intermediates.noindex/swift-syntax.build/Debug/SwiftParser-t.build/Objects-normal/x86_64/Binary/SwiftParser.o -output /Users/admin/builder/spi-builder-workspace/.derivedData/Build/Products/Debug/SwiftParser.o
ExtractAppIntentsMetadata (in target 'SwiftParser' from project 'swift-syntax')
cd /Users/admin/builder/spi-builder-workspace/.dependencies/checkouts/swift-syntax
/Applications/Xcode-27.0.0-Release.Candidate.app/Contents/Developer/Toolchains/XcodeDefault.xctoolchain/usr/bin/appintentsmetadataprocessor --toolchain-dir /var/run/com.apple.security.cryptexd/mnt/com.apple.MobileAsset.MetalToolchain-v27.1.266.1.O13LxD/Metal.xctoolchain --module-name SwiftParser --sdk-root /Applications/Xcode-27.0.0-Release.Candidate.app/Contents/Developer/Platforms/MacOSX.platform/Developer/SDKs/MacOSX27.0.sdk --xcode-version 27A266a --platform-family macOS --deployment-target 12.0 --bundle-identifier swift-syntax.SwiftParser --output /Users/admin/builder/spi-builder-workspace/.derivedData/Build/Products/Debug/SwiftParser.appintents --target-triple arm64-apple-macos12.0 --target-triple x86_64-apple-macos12.0 --binary-file /Users/admin/builder/spi-builder-workspace/.derivedData/Build/Products/Debug/SwiftParser.o --dependency-file /Users/admin/builder/spi-builder-workspace/.derivedData/Build/Intermediates.noindex/swift-syntax.build/Debug/SwiftParser-t.build/Objects-normal/arm64/SwiftParser_dependency_info.dat --dependency-file /Users/admin/builder/spi-builder-workspace/.derivedData/Build/Intermediates.noindex/swift-syntax.build/Debug/SwiftParser-t.build/Objects-normal/x86_64/SwiftParser_dependency_info.dat --stringsdata-file /Users/admin/builder/spi-builder-workspace/.derivedData/Build/Intermediates.noindex/swift-syntax.build/Debug/SwiftParser-t.build/Objects-normal/arm64/ExtractedAppShortcutsMetadata.stringsdata --stringsdata-file /Users/admin/builder/spi-builder-workspace/.derivedData/Build/Intermediates.noindex/swift-syntax.build/Debug/SwiftParser-t.build/Objects-normal/x86_64/ExtractedAppShortcutsMetadata.stringsdata --source-file-list /Users/admin/builder/spi-builder-workspace/.derivedData/Build/Intermediates.noindex/swift-syntax.build/Debug/SwiftParser-t.build/Objects-normal/arm64/SwiftParser.SwiftFileList --source-file-list /Users/admin/builder/spi-builder-workspace/.derivedData/Build/Intermediates.noindex/swift-syntax.build/Debug/SwiftParser-t.build/Objects-normal/x86_64/SwiftParser.SwiftFileList --metadata-file-list /Users/admin/builder/spi-builder-workspace/.derivedData/Build/Intermediates.noindex/swift-syntax.build/Debug/SwiftParser-t.build/SwiftParser.DependencyMetadataFileList --static-metadata-file-list /Users/admin/builder/spi-builder-workspace/.derivedData/Build/Intermediates.noindex/swift-syntax.build/Debug/SwiftParser-t.build/SwiftParser.DependencyStaticMetadataFileList --swift-const-vals-list /Users/admin/builder/spi-builder-workspace/.derivedData/Build/Intermediates.noindex/swift-syntax.build/Debug/SwiftParser-t.build/Objects-normal/arm64/SwiftParser.SwiftConstValuesFileList --swift-const-vals-list /Users/admin/builder/spi-builder-workspace/.derivedData/Build/Intermediates.noindex/swift-syntax.build/Debug/SwiftParser-t.build/Objects-normal/x86_64/SwiftParser.SwiftConstValuesFileList --force --compile-time-extraction --deployment-aware-processing --no-app-shortcuts-localization
2026-09-19 14:15:33.397 appintentsmetadataprocessor[1531:9266] Starting appintentsmetadataprocessor export
2026-09-19 14:15:33.464 appintentsmetadataprocessor[1531:9266] Extracted no relevant App Intents symbols, skipping writing output
Ld /Users/admin/builder/spi-builder-workspace/.derivedData/Build/Intermediates.noindex/swift-syntax.build/Debug/SwiftParserDiagnostics-t.build/Objects-normal/arm64/Binary/SwiftParserDiagnostics.o normal arm64 (in target 'SwiftParserDiagnostics' from project 'swift-syntax')
cd /Users/admin/builder/spi-builder-workspace/.dependencies/checkouts/swift-syntax
/Applications/Xcode-27.0.0-Release.Candidate.app/Contents/Developer/Toolchains/XcodeDefault.xctoolchain/usr/bin/clang -Xlinker -reproducible -target arm64-apple-macos12.0 -r -isysroot /Applications/Xcode-27.0.0-Release.Candidate.app/Contents/Developer/Platforms/MacOSX.platform/Developer/SDKs/MacOSX27.0.sdk -O0 -w -Xlinker -no_warn_duplicate_libraries -F/Users/admin/builder/spi-builder-workspace/.derivedData/Build/Intermediates.noindex/EagerLinkingTBDs/Debug -F/Users/admin/builder/spi-builder-workspace/.derivedData/Build/Products/Debug/PackageFrameworks -F/Users/admin/builder/spi-builder-workspace/.derivedData/Build/Products/Debug -iframework /Applications/Xcode-27.0.0-Release.Candidate.app/Contents/Developer/Platforms/MacOSX.platform/Developer/Library/Frameworks -filelist /Users/admin/builder/spi-builder-workspace/.derivedData/Build/Intermediates.noindex/swift-syntax.build/Debug/SwiftParserDiagnostics-t.build/Objects-normal/arm64/SwiftParserDiagnostics.LinkFileList -nostdlib -Xlinker -object_path_lto -Xlinker /Users/admin/builder/spi-builder-workspace/.derivedData/Build/Intermediates.noindex/swift-syntax.build/Debug/SwiftParserDiagnostics-t.build/Objects-normal/arm64/SwiftParserDiagnostics_lto.o -Xlinker -no_deduplicate -Xlinker -debug_variant -Xlinker -dependency_info -Xlinker /Users/admin/builder/spi-builder-workspace/.derivedData/Build/Intermediates.noindex/swift-syntax.build/Debug/SwiftParserDiagnostics-t.build/Objects-normal/arm64/SwiftParserDiagnostics_dependency_info.dat -fobjc-link-runtime -L/Applications/Xcode-27.0.0-Release.Candidate.app/Contents/Developer/Toolchains/XcodeDefault.xctoolchain/usr/lib/swift/macosx -L/usr/lib/swift -Xlinker -add_ast_path -Xlinker /Users/admin/builder/spi-builder-workspace/.derivedData/Build/Intermediates.noindex/swift-syntax.build/Debug/SwiftParserDiagnostics-t.build/Objects-normal/arm64/SwiftParserDiagnostics.swiftmodule -o /Users/admin/builder/spi-builder-workspace/.derivedData/Build/Intermediates.noindex/swift-syntax.build/Debug/SwiftParserDiagnostics-t.build/Objects-normal/arm64/Binary/SwiftParserDiagnostics.o
Ld /Users/admin/builder/spi-builder-workspace/.derivedData/Build/Intermediates.noindex/swift-syntax.build/Debug/SwiftParserDiagnostics-t.build/Objects-normal/x86_64/Binary/SwiftParserDiagnostics.o normal x86_64 (in target 'SwiftParserDiagnostics' from project 'swift-syntax')
cd /Users/admin/builder/spi-builder-workspace/.dependencies/checkouts/swift-syntax
/Applications/Xcode-27.0.0-Release.Candidate.app/Contents/Developer/Toolchains/XcodeDefault.xctoolchain/usr/bin/clang -Xlinker -reproducible -target x86_64-apple-macos12.0 -r -isysroot /Applications/Xcode-27.0.0-Release.Candidate.app/Contents/Developer/Platforms/MacOSX.platform/Developer/SDKs/MacOSX27.0.sdk -O0 -w -Xlinker -no_warn_duplicate_libraries -F/Users/admin/builder/spi-builder-workspace/.derivedData/Build/Intermediates.noindex/EagerLinkingTBDs/Debug -F/Users/admin/builder/spi-builder-workspace/.derivedData/Build/Products/Debug/PackageFrameworks -F/Users/admin/builder/spi-builder-workspace/.derivedData/Build/Products/Debug -iframework /Applications/Xcode-27.0.0-Release.Candidate.app/Contents/Developer/Platforms/MacOSX.platform/Developer/Library/Frameworks -filelist /Users/admin/builder/spi-builder-workspace/.derivedData/Build/Intermediates.noindex/swift-syntax.build/Debug/SwiftParserDiagnostics-t.build/Objects-normal/x86_64/SwiftParserDiagnostics.LinkFileList -nostdlib -Xlinker -object_path_lto -Xlinker /Users/admin/builder/spi-builder-workspace/.derivedData/Build/Intermediates.noindex/swift-syntax.build/Debug/SwiftParserDiagnostics-t.build/Objects-normal/x86_64/SwiftParserDiagnostics_lto.o -Xlinker -no_deduplicate -Xlinker -debug_variant -Xlinker -dependency_info -Xlinker /Users/admin/builder/spi-builder-workspace/.derivedData/Build/Intermediates.noindex/swift-syntax.build/Debug/SwiftParserDiagnostics-t.build/Objects-normal/x86_64/SwiftParserDiagnostics_dependency_info.dat -fobjc-link-runtime -L/Applications/Xcode-27.0.0-Release.Candidate.app/Contents/Developer/Toolchains/XcodeDefault.xctoolchain/usr/lib/swift/macosx -L/usr/lib/swift -Xlinker -add_ast_path -Xlinker /Users/admin/builder/spi-builder-workspace/.derivedData/Build/Intermediates.noindex/swift-syntax.build/Debug/SwiftParserDiagnostics-t.build/Objects-normal/x86_64/SwiftParserDiagnostics.swiftmodule -o /Users/admin/builder/spi-builder-workspace/.derivedData/Build/Intermediates.noindex/swift-syntax.build/Debug/SwiftParserDiagnostics-t.build/Objects-normal/x86_64/Binary/SwiftParserDiagnostics.o
Ld /Users/admin/builder/spi-builder-workspace/.derivedData/Build/Intermediates.noindex/swift-syntax.build/Debug/SwiftOperators-t.build/Objects-normal/x86_64/Binary/SwiftOperators.o normal x86_64 (in target 'SwiftOperators' from project 'swift-syntax')
cd /Users/admin/builder/spi-builder-workspace/.dependencies/checkouts/swift-syntax
/Applications/Xcode-27.0.0-Release.Candidate.app/Contents/Developer/Toolchains/XcodeDefault.xctoolchain/usr/bin/clang -Xlinker -reproducible -target x86_64-apple-macos12.0 -r -isysroot /Applications/Xcode-27.0.0-Release.Candidate.app/Contents/Developer/Platforms/MacOSX.platform/Developer/SDKs/MacOSX27.0.sdk -O0 -w -Xlinker -no_warn_duplicate_libraries -F/Users/admin/builder/spi-builder-workspace/.derivedData/Build/Intermediates.noindex/EagerLinkingTBDs/Debug -F/Users/admin/builder/spi-builder-workspace/.derivedData/Build/Products/Debug/PackageFrameworks -F/Users/admin/builder/spi-builder-workspace/.derivedData/Build/Products/Debug -iframework /Applications/Xcode-27.0.0-Release.Candidate.app/Contents/Developer/Platforms/MacOSX.platform/Developer/Library/Frameworks -filelist /Users/admin/builder/spi-builder-workspace/.derivedData/Build/Intermediates.noindex/swift-syntax.build/Debug/SwiftOperators-t.build/Objects-normal/x86_64/SwiftOperators.LinkFileList -nostdlib -Xlinker -object_path_lto -Xlinker /Users/admin/builder/spi-builder-workspace/.derivedData/Build/Intermediates.noindex/swift-syntax.build/Debug/SwiftOperators-t.build/Objects-normal/x86_64/SwiftOperators_lto.o -Xlinker -no_deduplicate -Xlinker -debug_variant -Xlinker -dependency_info -Xlinker /Users/admin/builder/spi-builder-workspace/.derivedData/Build/Intermediates.noindex/swift-syntax.build/Debug/SwiftOperators-t.build/Objects-normal/x86_64/SwiftOperators_dependency_info.dat -fobjc-link-runtime -L/Applications/Xcode-27.0.0-Release.Candidate.app/Contents/Developer/Toolchains/XcodeDefault.xctoolchain/usr/lib/swift/macosx -L/usr/lib/swift -Xlinker -add_ast_path -Xlinker /Users/admin/builder/spi-builder-workspace/.derivedData/Build/Intermediates.noindex/swift-syntax.build/Debug/SwiftOperators-t.build/Objects-normal/x86_64/SwiftOperators.swiftmodule -o /Users/admin/builder/spi-builder-workspace/.derivedData/Build/Intermediates.noindex/swift-syntax.build/Debug/SwiftOperators-t.build/Objects-normal/x86_64/Binary/SwiftOperators.o
Ld /Users/admin/builder/spi-builder-workspace/.derivedData/Build/Intermediates.noindex/swift-syntax.build/Debug/SwiftOperators-t.build/Objects-normal/arm64/Binary/SwiftOperators.o normal arm64 (in target 'SwiftOperators' from project 'swift-syntax')
cd /Users/admin/builder/spi-builder-workspace/.dependencies/checkouts/swift-syntax
/Applications/Xcode-27.0.0-Release.Candidate.app/Contents/Developer/Toolchains/XcodeDefault.xctoolchain/usr/bin/clang -Xlinker -reproducible -target arm64-apple-macos12.0 -r -isysroot /Applications/Xcode-27.0.0-Release.Candidate.app/Contents/Developer/Platforms/MacOSX.platform/Developer/SDKs/MacOSX27.0.sdk -O0 -w -Xlinker -no_warn_duplicate_libraries -F/Users/admin/builder/spi-builder-workspace/.derivedData/Build/Intermediates.noindex/EagerLinkingTBDs/Debug -F/Users/admin/builder/spi-builder-workspace/.derivedData/Build/Products/Debug/PackageFrameworks -F/Users/admin/builder/spi-builder-workspace/.derivedData/Build/Products/Debug -iframework /Applications/Xcode-27.0.0-Release.Candidate.app/Contents/Developer/Platforms/MacOSX.platform/Developer/Library/Frameworks -filelist /Users/admin/builder/spi-builder-workspace/.derivedData/Build/Intermediates.noindex/swift-syntax.build/Debug/SwiftOperators-t.build/Objects-normal/arm64/SwiftOperators.LinkFileList -nostdlib -Xlinker -object_path_lto -Xlinker /Users/admin/builder/spi-builder-workspace/.derivedData/Build/Intermediates.noindex/swift-syntax.build/Debug/SwiftOperators-t.build/Objects-normal/arm64/SwiftOperators_lto.o -Xlinker -no_deduplicate -Xlinker -debug_variant -Xlinker -dependency_info -Xlinker /Users/admin/builder/spi-builder-workspace/.derivedData/Build/Intermediates.noindex/swift-syntax.build/Debug/SwiftOperators-t.build/Objects-normal/arm64/SwiftOperators_dependency_info.dat -fobjc-link-runtime -L/Applications/Xcode-27.0.0-Release.Candidate.app/Contents/Developer/Toolchains/XcodeDefault.xctoolchain/usr/lib/swift/macosx -L/usr/lib/swift -Xlinker -add_ast_path -Xlinker /Users/admin/builder/spi-builder-workspace/.derivedData/Build/Intermediates.noindex/swift-syntax.build/Debug/SwiftOperators-t.build/Objects-normal/arm64/SwiftOperators.swiftmodule -o /Users/admin/builder/spi-builder-workspace/.derivedData/Build/Intermediates.noindex/swift-syntax.build/Debug/SwiftOperators-t.build/Objects-normal/arm64/Binary/SwiftOperators.o
CreateUniversalBinary /Users/admin/builder/spi-builder-workspace/.derivedData/Build/Products/Debug/SwiftOperators.o normal arm64\ x86_64 (in target 'SwiftOperators' from project 'swift-syntax')
cd /Users/admin/builder/spi-builder-workspace/.dependencies/checkouts/swift-syntax
/Applications/Xcode-27.0.0-Release.Candidate.app/Contents/Developer/Toolchains/XcodeDefault.xctoolchain/usr/bin/lipo -create /Users/admin/builder/spi-builder-workspace/.derivedData/Build/Intermediates.noindex/swift-syntax.build/Debug/SwiftOperators-t.build/Objects-normal/arm64/Binary/SwiftOperators.o /Users/admin/builder/spi-builder-workspace/.derivedData/Build/Intermediates.noindex/swift-syntax.build/Debug/SwiftOperators-t.build/Objects-normal/x86_64/Binary/SwiftOperators.o -output /Users/admin/builder/spi-builder-workspace/.derivedData/Build/Products/Debug/SwiftOperators.o
CreateUniversalBinary /Users/admin/builder/spi-builder-workspace/.derivedData/Build/Products/Debug/SwiftParserDiagnostics.o normal arm64\ x86_64 (in target 'SwiftParserDiagnostics' from project 'swift-syntax')
cd /Users/admin/builder/spi-builder-workspace/.dependencies/checkouts/swift-syntax
/Applications/Xcode-27.0.0-Release.Candidate.app/Contents/Developer/Toolchains/XcodeDefault.xctoolchain/usr/bin/lipo -create /Users/admin/builder/spi-builder-workspace/.derivedData/Build/Intermediates.noindex/swift-syntax.build/Debug/SwiftParserDiagnostics-t.build/Objects-normal/arm64/Binary/SwiftParserDiagnostics.o /Users/admin/builder/spi-builder-workspace/.derivedData/Build/Intermediates.noindex/swift-syntax.build/Debug/SwiftParserDiagnostics-t.build/Objects-normal/x86_64/Binary/SwiftParserDiagnostics.o -output /Users/admin/builder/spi-builder-workspace/.derivedData/Build/Products/Debug/SwiftParserDiagnostics.o
ExtractAppIntentsMetadata (in target 'SwiftOperators' from project 'swift-syntax')
cd /Users/admin/builder/spi-builder-workspace/.dependencies/checkouts/swift-syntax
/Applications/Xcode-27.0.0-Release.Candidate.app/Contents/Developer/Toolchains/XcodeDefault.xctoolchain/usr/bin/appintentsmetadataprocessor --toolchain-dir /var/run/com.apple.security.cryptexd/mnt/com.apple.MobileAsset.MetalToolchain-v27.1.266.1.O13LxD/Metal.xctoolchain --module-name SwiftOperators --sdk-root /Applications/Xcode-27.0.0-Release.Candidate.app/Contents/Developer/Platforms/MacOSX.platform/Developer/SDKs/MacOSX27.0.sdk --xcode-version 27A266a --platform-family macOS --deployment-target 12.0 --bundle-identifier swift-syntax.SwiftOperators --output /Users/admin/builder/spi-builder-workspace/.derivedData/Build/Products/Debug/SwiftOperators.appintents --target-triple arm64-apple-macos12.0 --target-triple x86_64-apple-macos12.0 --binary-file /Users/admin/builder/spi-builder-workspace/.derivedData/Build/Products/Debug/SwiftOperators.o --dependency-file /Users/admin/builder/spi-builder-workspace/.derivedData/Build/Intermediates.noindex/swift-syntax.build/Debug/SwiftOperators-t.build/Objects-normal/arm64/SwiftOperators_dependency_info.dat --dependency-file /Users/admin/builder/spi-builder-workspace/.derivedData/Build/Intermediates.noindex/swift-syntax.build/Debug/SwiftOperators-t.build/Objects-normal/x86_64/SwiftOperators_dependency_info.dat --stringsdata-file /Users/admin/builder/spi-builder-workspace/.derivedData/Build/Intermediates.noindex/swift-syntax.build/Debug/SwiftOperators-t.build/Objects-normal/arm64/ExtractedAppShortcutsMetadata.stringsdata --stringsdata-file /Users/admin/builder/spi-builder-workspace/.derivedData/Build/Intermediates.noindex/swift-syntax.build/Debug/SwiftOperators-t.build/Objects-normal/x86_64/ExtractedAppShortcutsMetadata.stringsdata --source-file-list /Users/admin/builder/spi-builder-workspace/.derivedData/Build/Intermediates.noindex/swift-syntax.build/Debug/SwiftOperators-t.build/Objects-normal/arm64/SwiftOperators.SwiftFileList --source-file-list /Users/admin/builder/spi-builder-workspace/.derivedData/Build/Intermediates.noindex/swift-syntax.build/Debug/SwiftOperators-t.build/Objects-normal/x86_64/SwiftOperators.SwiftFileList --metadata-file-list /Users/admin/builder/spi-builder-workspace/.derivedData/Build/Intermediates.noindex/swift-syntax.build/Debug/SwiftOperators-t.build/SwiftOperators.DependencyMetadataFileList --static-metadata-file-list /Users/admin/builder/spi-builder-workspace/.derivedData/Build/Intermediates.noindex/swift-syntax.build/Debug/SwiftOperators-t.build/SwiftOperators.DependencyStaticMetadataFileList --swift-const-vals-list /Users/admin/builder/spi-builder-workspace/.derivedData/Build/Intermediates.noindex/swift-syntax.build/Debug/SwiftOperators-t.build/Objects-normal/arm64/SwiftOperators.SwiftConstValuesFileList --swift-const-vals-list /Users/admin/builder/spi-builder-workspace/.derivedData/Build/Intermediates.noindex/swift-syntax.build/Debug/SwiftOperators-t.build/Objects-normal/x86_64/SwiftOperators.SwiftConstValuesFileList --force --compile-time-extraction --deployment-aware-processing --no-app-shortcuts-localization
2026-09-19 14:15:33.537 appintentsmetadataprocessor[1542:9319] Starting appintentsmetadataprocessor export
2026-09-19 14:15:33.602 appintentsmetadataprocessor[1542:9319] Extracted no relevant App Intents symbols, skipping writing output
ExtractAppIntentsMetadata (in target 'SwiftParserDiagnostics' from project 'swift-syntax')
cd /Users/admin/builder/spi-builder-workspace/.dependencies/checkouts/swift-syntax
/Applications/Xcode-27.0.0-Release.Candidate.app/Contents/Developer/Toolchains/XcodeDefault.xctoolchain/usr/bin/appintentsmetadataprocessor --toolchain-dir /var/run/com.apple.security.cryptexd/mnt/com.apple.MobileAsset.MetalToolchain-v27.1.266.1.O13LxD/Metal.xctoolchain --module-name SwiftParserDiagnostics --sdk-root /Applications/Xcode-27.0.0-Release.Candidate.app/Contents/Developer/Platforms/MacOSX.platform/Developer/SDKs/MacOSX27.0.sdk --xcode-version 27A266a --platform-family macOS --deployment-target 12.0 --bundle-identifier swift-syntax.SwiftParserDiagnostics --output /Users/admin/builder/spi-builder-workspace/.derivedData/Build/Products/Debug/SwiftParserDiagnostics.appintents --target-triple arm64-apple-macos12.0 --target-triple x86_64-apple-macos12.0 --binary-file /Users/admin/builder/spi-builder-workspace/.derivedData/Build/Products/Debug/SwiftParserDiagnostics.o --dependency-file /Users/admin/builder/spi-builder-workspace/.derivedData/Build/Intermediates.noindex/swift-syntax.build/Debug/SwiftParserDiagnostics-t.build/Objects-normal/arm64/SwiftParserDiagnostics_dependency_info.dat --dependency-file /Users/admin/builder/spi-builder-workspace/.derivedData/Build/Intermediates.noindex/swift-syntax.build/Debug/SwiftParserDiagnostics-t.build/Objects-normal/x86_64/SwiftParserDiagnostics_dependency_info.dat --stringsdata-file /Users/admin/builder/spi-builder-workspace/.derivedData/Build/Intermediates.noindex/swift-syntax.build/Debug/SwiftParserDiagnostics-t.build/Objects-normal/arm64/ExtractedAppShortcutsMetadata.stringsdata --stringsdata-file /Users/admin/builder/spi-builder-workspace/.derivedData/Build/Intermediates.noindex/swift-syntax.build/Debug/SwiftParserDiagnostics-t.build/Objects-normal/x86_64/ExtractedAppShortcutsMetadata.stringsdata --source-file-list /Users/admin/builder/spi-builder-workspace/.derivedData/Build/Intermediates.noindex/swift-syntax.build/Debug/SwiftParserDiagnostics-t.build/Objects-normal/arm64/SwiftParserDiagnostics.SwiftFileList --source-file-list /Users/admin/builder/spi-builder-workspace/.derivedData/Build/Intermediates.noindex/swift-syntax.build/Debug/SwiftParserDiagnostics-t.build/Objects-normal/x86_64/SwiftParserDiagnostics.SwiftFileList --metadata-file-list /Users/admin/builder/spi-builder-workspace/.derivedData/Build/Intermediates.noindex/swift-syntax.build/Debug/SwiftParserDiagnostics-t.build/SwiftParserDiagnostics.DependencyMetadataFileList --static-metadata-file-list /Users/admin/builder/spi-builder-workspace/.derivedData/Build/Intermediates.noindex/swift-syntax.build/Debug/SwiftParserDiagnostics-t.build/SwiftParserDiagnostics.DependencyStaticMetadataFileList --swift-const-vals-list /Users/admin/builder/spi-builder-workspace/.derivedData/Build/Intermediates.noindex/swift-syntax.build/Debug/SwiftParserDiagnostics-t.build/Objects-normal/arm64/SwiftParserDiagnostics.SwiftConstValuesFileList --swift-const-vals-list /Users/admin/builder/spi-builder-workspace/.derivedData/Build/Intermediates.noindex/swift-syntax.build/Debug/SwiftParserDiagnostics-t.build/Objects-normal/x86_64/SwiftParserDiagnostics.SwiftConstValuesFileList --force --compile-time-extraction --deployment-aware-processing --no-app-shortcuts-localization
2026-09-19 14:15:33.547 appintentsmetadataprocessor[1543:9320] Starting appintentsmetadataprocessor export
2026-09-19 14:15:33.612 appintentsmetadataprocessor[1543:9320] Extracted no relevant App Intents symbols, skipping writing output
Ld /Users/admin/builder/spi-builder-workspace/.derivedData/Build/Intermediates.noindex/swift-syntax.build/Debug/SwiftSyntaxBuilder-t.build/Objects-normal/x86_64/Binary/SwiftSyntaxBuilder.o normal x86_64 (in target 'SwiftSyntaxBuilder' from project 'swift-syntax')
cd /Users/admin/builder/spi-builder-workspace/.dependencies/checkouts/swift-syntax
/Applications/Xcode-27.0.0-Release.Candidate.app/Contents/Developer/Toolchains/XcodeDefault.xctoolchain/usr/bin/clang -Xlinker -reproducible -target x86_64-apple-macos12.0 -r -isysroot /Applications/Xcode-27.0.0-Release.Candidate.app/Contents/Developer/Platforms/MacOSX.platform/Developer/SDKs/MacOSX27.0.sdk -O0 -w -Xlinker -no_warn_duplicate_libraries -F/Users/admin/builder/spi-builder-workspace/.derivedData/Build/Intermediates.noindex/EagerLinkingTBDs/Debug -F/Users/admin/builder/spi-builder-workspace/.derivedData/Build/Products/Debug/PackageFrameworks -F/Users/admin/builder/spi-builder-workspace/.derivedData/Build/Products/Debug -iframework /Applications/Xcode-27.0.0-Release.Candidate.app/Contents/Developer/Platforms/MacOSX.platform/Developer/Library/Frameworks -filelist /Users/admin/builder/spi-builder-workspace/.derivedData/Build/Intermediates.noindex/swift-syntax.build/Debug/SwiftSyntaxBuilder-t.build/Objects-normal/x86_64/SwiftSyntaxBuilder.LinkFileList -nostdlib -Xlinker -object_path_lto -Xlinker /Users/admin/builder/spi-builder-workspace/.derivedData/Build/Intermediates.noindex/swift-syntax.build/Debug/SwiftSyntaxBuilder-t.build/Objects-normal/x86_64/SwiftSyntaxBuilder_lto.o -Xlinker -no_deduplicate -Xlinker -debug_variant -Xlinker -dependency_info -Xlinker /Users/admin/builder/spi-builder-workspace/.derivedData/Build/Intermediates.noindex/swift-syntax.build/Debug/SwiftSyntaxBuilder-t.build/Objects-normal/x86_64/SwiftSyntaxBuilder_dependency_info.dat -fobjc-link-runtime -L/Applications/Xcode-27.0.0-Release.Candidate.app/Contents/Developer/Toolchains/XcodeDefault.xctoolchain/usr/lib/swift/macosx -L/usr/lib/swift -Xlinker -add_ast_path -Xlinker /Users/admin/builder/spi-builder-workspace/.derivedData/Build/Intermediates.noindex/swift-syntax.build/Debug/SwiftSyntaxBuilder-t.build/Objects-normal/x86_64/SwiftSyntaxBuilder.swiftmodule -o /Users/admin/builder/spi-builder-workspace/.derivedData/Build/Intermediates.noindex/swift-syntax.build/Debug/SwiftSyntaxBuilder-t.build/Objects-normal/x86_64/Binary/SwiftSyntaxBuilder.o
Ld /Users/admin/builder/spi-builder-workspace/.derivedData/Build/Intermediates.noindex/swift-syntax.build/Debug/SwiftSyntaxBuilder-t.build/Objects-normal/arm64/Binary/SwiftSyntaxBuilder.o normal arm64 (in target 'SwiftSyntaxBuilder' from project 'swift-syntax')
cd /Users/admin/builder/spi-builder-workspace/.dependencies/checkouts/swift-syntax
/Applications/Xcode-27.0.0-Release.Candidate.app/Contents/Developer/Toolchains/XcodeDefault.xctoolchain/usr/bin/clang -Xlinker -reproducible -target arm64-apple-macos12.0 -r -isysroot /Applications/Xcode-27.0.0-Release.Candidate.app/Contents/Developer/Platforms/MacOSX.platform/Developer/SDKs/MacOSX27.0.sdk -O0 -w -Xlinker -no_warn_duplicate_libraries -F/Users/admin/builder/spi-builder-workspace/.derivedData/Build/Intermediates.noindex/EagerLinkingTBDs/Debug -F/Users/admin/builder/spi-builder-workspace/.derivedData/Build/Products/Debug/PackageFrameworks -F/Users/admin/builder/spi-builder-workspace/.derivedData/Build/Products/Debug -iframework /Applications/Xcode-27.0.0-Release.Candidate.app/Contents/Developer/Platforms/MacOSX.platform/Developer/Library/Frameworks -filelist /Users/admin/builder/spi-builder-workspace/.derivedData/Build/Intermediates.noindex/swift-syntax.build/Debug/SwiftSyntaxBuilder-t.build/Objects-normal/arm64/SwiftSyntaxBuilder.LinkFileList -nostdlib -Xlinker -object_path_lto -Xlinker /Users/admin/builder/spi-builder-workspace/.derivedData/Build/Intermediates.noindex/swift-syntax.build/Debug/SwiftSyntaxBuilder-t.build/Objects-normal/arm64/SwiftSyntaxBuilder_lto.o -Xlinker -no_deduplicate -Xlinker -debug_variant -Xlinker -dependency_info -Xlinker /Users/admin/builder/spi-builder-workspace/.derivedData/Build/Intermediates.noindex/swift-syntax.build/Debug/SwiftSyntaxBuilder-t.build/Objects-normal/arm64/SwiftSyntaxBuilder_dependency_info.dat -fobjc-link-runtime -L/Applications/Xcode-27.0.0-Release.Candidate.app/Contents/Developer/Toolchains/XcodeDefault.xctoolchain/usr/lib/swift/macosx -L/usr/lib/swift -Xlinker -add_ast_path -Xlinker /Users/admin/builder/spi-builder-workspace/.derivedData/Build/Intermediates.noindex/swift-syntax.build/Debug/SwiftSyntaxBuilder-t.build/Objects-normal/arm64/SwiftSyntaxBuilder.swiftmodule -o /Users/admin/builder/spi-builder-workspace/.derivedData/Build/Intermediates.noindex/swift-syntax.build/Debug/SwiftSyntaxBuilder-t.build/Objects-normal/arm64/Binary/SwiftSyntaxBuilder.o
CreateUniversalBinary /Users/admin/builder/spi-builder-workspace/.derivedData/Build/Products/Debug/SwiftSyntaxBuilder.o normal arm64\ x86_64 (in target 'SwiftSyntaxBuilder' from project 'swift-syntax')
cd /Users/admin/builder/spi-builder-workspace/.dependencies/checkouts/swift-syntax
/Applications/Xcode-27.0.0-Release.Candidate.app/Contents/Developer/Toolchains/XcodeDefault.xctoolchain/usr/bin/lipo -create /Users/admin/builder/spi-builder-workspace/.derivedData/Build/Intermediates.noindex/swift-syntax.build/Debug/SwiftSyntaxBuilder-t.build/Objects-normal/arm64/Binary/SwiftSyntaxBuilder.o /Users/admin/builder/spi-builder-workspace/.derivedData/Build/Intermediates.noindex/swift-syntax.build/Debug/SwiftSyntaxBuilder-t.build/Objects-normal/x86_64/Binary/SwiftSyntaxBuilder.o -output /Users/admin/builder/spi-builder-workspace/.derivedData/Build/Products/Debug/SwiftSyntaxBuilder.o
ExtractAppIntentsMetadata (in target 'SwiftSyntaxBuilder' from project 'swift-syntax')
cd /Users/admin/builder/spi-builder-workspace/.dependencies/checkouts/swift-syntax
/Applications/Xcode-27.0.0-Release.Candidate.app/Contents/Developer/Toolchains/XcodeDefault.xctoolchain/usr/bin/appintentsmetadataprocessor --toolchain-dir /var/run/com.apple.security.cryptexd/mnt/com.apple.MobileAsset.MetalToolchain-v27.1.266.1.O13LxD/Metal.xctoolchain --module-name SwiftSyntaxBuilder --sdk-root /Applications/Xcode-27.0.0-Release.Candidate.app/Contents/Developer/Platforms/MacOSX.platform/Developer/SDKs/MacOSX27.0.sdk --xcode-version 27A266a --platform-family macOS --deployment-target 12.0 --bundle-identifier swift-syntax.SwiftSyntaxBuilder --output /Users/admin/builder/spi-builder-workspace/.derivedData/Build/Products/Debug/SwiftSyntaxBuilder.appintents --target-triple arm64-apple-macos12.0 --target-triple x86_64-apple-macos12.0 --binary-file /Users/admin/builder/spi-builder-workspace/.derivedData/Build/Products/Debug/SwiftSyntaxBuilder.o --dependency-file /Users/admin/builder/spi-builder-workspace/.derivedData/Build/Intermediates.noindex/swift-syntax.build/Debug/SwiftSyntaxBuilder-t.build/Objects-normal/arm64/SwiftSyntaxBuilder_dependency_info.dat --dependency-file /Users/admin/builder/spi-builder-workspace/.derivedData/Build/Intermediates.noindex/swift-syntax.build/Debug/SwiftSyntaxBuilder-t.build/Objects-normal/x86_64/SwiftSyntaxBuilder_dependency_info.dat --stringsdata-file /Users/admin/builder/spi-builder-workspace/.derivedData/Build/Intermediates.noindex/swift-syntax.build/Debug/SwiftSyntaxBuilder-t.build/Objects-normal/arm64/ExtractedAppShortcutsMetadata.stringsdata --stringsdata-file /Users/admin/builder/spi-builder-workspace/.derivedData/Build/Intermediates.noindex/swift-syntax.build/Debug/SwiftSyntaxBuilder-t.build/Objects-normal/x86_64/ExtractedAppShortcutsMetadata.stringsdata --source-file-list /Users/admin/builder/spi-builder-workspace/.derivedData/Build/Intermediates.noindex/swift-syntax.build/Debug/SwiftSyntaxBuilder-t.build/Objects-normal/arm64/SwiftSyntaxBuilder.SwiftFileList --source-file-list /Users/admin/builder/spi-builder-workspace/.derivedData/Build/Intermediates.noindex/swift-syntax.build/Debug/SwiftSyntaxBuilder-t.build/Objects-normal/x86_64/SwiftSyntaxBuilder.SwiftFileList --metadata-file-list /Users/admin/builder/spi-builder-workspace/.derivedData/Build/Intermediates.noindex/swift-syntax.build/Debug/SwiftSyntaxBuilder-t.build/SwiftSyntaxBuilder.DependencyMetadataFileList --static-metadata-file-list /Users/admin/builder/spi-builder-workspace/.derivedData/Build/Intermediates.noindex/swift-syntax.build/Debug/SwiftSyntaxBuilder-t.build/SwiftSyntaxBuilder.DependencyStaticMetadataFileList --swift-const-vals-list /Users/admin/builder/spi-builder-workspace/.derivedData/Build/Intermediates.noindex/swift-syntax.build/Debug/SwiftSyntaxBuilder-t.build/Objects-normal/arm64/SwiftSyntaxBuilder.SwiftConstValuesFileList --swift-const-vals-list /Users/admin/builder/spi-builder-workspace/.derivedData/Build/Intermediates.noindex/swift-syntax.build/Debug/SwiftSyntaxBuilder-t.build/Objects-normal/x86_64/SwiftSyntaxBuilder.SwiftConstValuesFileList --force --compile-time-extraction --deployment-aware-processing --no-app-shortcuts-localization
2026-09-19 14:15:33.683 appintentsmetadataprocessor[1549:9349] Starting appintentsmetadataprocessor export
2026-09-19 14:15:33.745 appintentsmetadataprocessor[1549:9349] Extracted no relevant App Intents symbols, skipping writing output
Ld /Users/admin/builder/spi-builder-workspace/.derivedData/Build/Intermediates.noindex/swift-syntax.build/Debug/SwiftIfConfig-t.build/Objects-normal/x86_64/Binary/SwiftIfConfig.o normal x86_64 (in target 'SwiftIfConfig' from project 'swift-syntax')
cd /Users/admin/builder/spi-builder-workspace/.dependencies/checkouts/swift-syntax
/Applications/Xcode-27.0.0-Release.Candidate.app/Contents/Developer/Toolchains/XcodeDefault.xctoolchain/usr/bin/clang -Xlinker -reproducible -target x86_64-apple-macos12.0 -r -isysroot /Applications/Xcode-27.0.0-Release.Candidate.app/Contents/Developer/Platforms/MacOSX.platform/Developer/SDKs/MacOSX27.0.sdk -O0 -w -Xlinker -no_warn_duplicate_libraries -F/Users/admin/builder/spi-builder-workspace/.derivedData/Build/Intermediates.noindex/EagerLinkingTBDs/Debug -F/Users/admin/builder/spi-builder-workspace/.derivedData/Build/Products/Debug/PackageFrameworks -F/Users/admin/builder/spi-builder-workspace/.derivedData/Build/Products/Debug -iframework /Applications/Xcode-27.0.0-Release.Candidate.app/Contents/Developer/Platforms/MacOSX.platform/Developer/Library/Frameworks -filelist /Users/admin/builder/spi-builder-workspace/.derivedData/Build/Intermediates.noindex/swift-syntax.build/Debug/SwiftIfConfig-t.build/Objects-normal/x86_64/SwiftIfConfig.LinkFileList -nostdlib -Xlinker -object_path_lto -Xlinker /Users/admin/builder/spi-builder-workspace/.derivedData/Build/Intermediates.noindex/swift-syntax.build/Debug/SwiftIfConfig-t.build/Objects-normal/x86_64/SwiftIfConfig_lto.o -Xlinker -no_deduplicate -Xlinker -debug_variant -Xlinker -dependency_info -Xlinker /Users/admin/builder/spi-builder-workspace/.derivedData/Build/Intermediates.noindex/swift-syntax.build/Debug/SwiftIfConfig-t.build/Objects-normal/x86_64/SwiftIfConfig_dependency_info.dat -fobjc-link-runtime -L/Applications/Xcode-27.0.0-Release.Candidate.app/Contents/Developer/Toolchains/XcodeDefault.xctoolchain/usr/lib/swift/macosx -L/usr/lib/swift -Xlinker -add_ast_path -Xlinker /Users/admin/builder/spi-builder-workspace/.derivedData/Build/Intermediates.noindex/swift-syntax.build/Debug/SwiftIfConfig-t.build/Objects-normal/x86_64/SwiftIfConfig.swiftmodule -o /Users/admin/builder/spi-builder-workspace/.derivedData/Build/Intermediates.noindex/swift-syntax.build/Debug/SwiftIfConfig-t.build/Objects-normal/x86_64/Binary/SwiftIfConfig.o
Ld /Users/admin/builder/spi-builder-workspace/.derivedData/Build/Intermediates.noindex/swift-syntax.build/Debug/SwiftIfConfig-t.build/Objects-normal/arm64/Binary/SwiftIfConfig.o normal arm64 (in target 'SwiftIfConfig' from project 'swift-syntax')
cd /Users/admin/builder/spi-builder-workspace/.dependencies/checkouts/swift-syntax
/Applications/Xcode-27.0.0-Release.Candidate.app/Contents/Developer/Toolchains/XcodeDefault.xctoolchain/usr/bin/clang -Xlinker -reproducible -target arm64-apple-macos12.0 -r -isysroot /Applications/Xcode-27.0.0-Release.Candidate.app/Contents/Developer/Platforms/MacOSX.platform/Developer/SDKs/MacOSX27.0.sdk -O0 -w -Xlinker -no_warn_duplicate_libraries -F/Users/admin/builder/spi-builder-workspace/.derivedData/Build/Intermediates.noindex/EagerLinkingTBDs/Debug -F/Users/admin/builder/spi-builder-workspace/.derivedData/Build/Products/Debug/PackageFrameworks -F/Users/admin/builder/spi-builder-workspace/.derivedData/Build/Products/Debug -iframework /Applications/Xcode-27.0.0-Release.Candidate.app/Contents/Developer/Platforms/MacOSX.platform/Developer/Library/Frameworks -filelist /Users/admin/builder/spi-builder-workspace/.derivedData/Build/Intermediates.noindex/swift-syntax.build/Debug/SwiftIfConfig-t.build/Objects-normal/arm64/SwiftIfConfig.LinkFileList -nostdlib -Xlinker -object_path_lto -Xlinker /Users/admin/builder/spi-builder-workspace/.derivedData/Build/Intermediates.noindex/swift-syntax.build/Debug/SwiftIfConfig-t.build/Objects-normal/arm64/SwiftIfConfig_lto.o -Xlinker -no_deduplicate -Xlinker -debug_variant -Xlinker -dependency_info -Xlinker /Users/admin/builder/spi-builder-workspace/.derivedData/Build/Intermediates.noindex/swift-syntax.build/Debug/SwiftIfConfig-t.build/Objects-normal/arm64/SwiftIfConfig_dependency_info.dat -fobjc-link-runtime -L/Applications/Xcode-27.0.0-Release.Candidate.app/Contents/Developer/Toolchains/XcodeDefault.xctoolchain/usr/lib/swift/macosx -L/usr/lib/swift -Xlinker -add_ast_path -Xlinker /Users/admin/builder/spi-builder-workspace/.derivedData/Build/Intermediates.noindex/swift-syntax.build/Debug/SwiftIfConfig-t.build/Objects-normal/arm64/SwiftIfConfig.swiftmodule -o /Users/admin/builder/spi-builder-workspace/.derivedData/Build/Intermediates.noindex/swift-syntax.build/Debug/SwiftIfConfig-t.build/Objects-normal/arm64/Binary/SwiftIfConfig.o
CreateUniversalBinary /Users/admin/builder/spi-builder-workspace/.derivedData/Build/Products/Debug/SwiftIfConfig.o normal arm64\ x86_64 (in target 'SwiftIfConfig' from project 'swift-syntax')
cd /Users/admin/builder/spi-builder-workspace/.dependencies/checkouts/swift-syntax
/Applications/Xcode-27.0.0-Release.Candidate.app/Contents/Developer/Toolchains/XcodeDefault.xctoolchain/usr/bin/lipo -create /Users/admin/builder/spi-builder-workspace/.derivedData/Build/Intermediates.noindex/swift-syntax.build/Debug/SwiftIfConfig-t.build/Objects-normal/arm64/Binary/SwiftIfConfig.o /Users/admin/builder/spi-builder-workspace/.derivedData/Build/Intermediates.noindex/swift-syntax.build/Debug/SwiftIfConfig-t.build/Objects-normal/x86_64/Binary/SwiftIfConfig.o -output /Users/admin/builder/spi-builder-workspace/.derivedData/Build/Products/Debug/SwiftIfConfig.o
ExtractAppIntentsMetadata (in target 'SwiftIfConfig' from project 'swift-syntax')
cd /Users/admin/builder/spi-builder-workspace/.dependencies/checkouts/swift-syntax
/Applications/Xcode-27.0.0-Release.Candidate.app/Contents/Developer/Toolchains/XcodeDefault.xctoolchain/usr/bin/appintentsmetadataprocessor --toolchain-dir /var/run/com.apple.security.cryptexd/mnt/com.apple.MobileAsset.MetalToolchain-v27.1.266.1.O13LxD/Metal.xctoolchain --module-name SwiftIfConfig --sdk-root /Applications/Xcode-27.0.0-Release.Candidate.app/Contents/Developer/Platforms/MacOSX.platform/Developer/SDKs/MacOSX27.0.sdk --xcode-version 27A266a --platform-family macOS --deployment-target 12.0 --bundle-identifier swift-syntax.SwiftIfConfig --output /Users/admin/builder/spi-builder-workspace/.derivedData/Build/Products/Debug/SwiftIfConfig.appintents --target-triple arm64-apple-macos12.0 --target-triple x86_64-apple-macos12.0 --binary-file /Users/admin/builder/spi-builder-workspace/.derivedData/Build/Products/Debug/SwiftIfConfig.o --dependency-file /Users/admin/builder/spi-builder-workspace/.derivedData/Build/Intermediates.noindex/swift-syntax.build/Debug/SwiftIfConfig-t.build/Objects-normal/arm64/SwiftIfConfig_dependency_info.dat --dependency-file /Users/admin/builder/spi-builder-workspace/.derivedData/Build/Intermediates.noindex/swift-syntax.build/Debug/SwiftIfConfig-t.build/Objects-normal/x86_64/SwiftIfConfig_dependency_info.dat --stringsdata-file /Users/admin/builder/spi-builder-workspace/.derivedData/Build/Intermediates.noindex/swift-syntax.build/Debug/SwiftIfConfig-t.build/Objects-normal/arm64/ExtractedAppShortcutsMetadata.stringsdata --stringsdata-file /Users/admin/builder/spi-builder-workspace/.derivedData/Build/Intermediates.noindex/swift-syntax.build/Debug/SwiftIfConfig-t.build/Objects-normal/x86_64/ExtractedAppShortcutsMetadata.stringsdata --source-file-list /Users/admin/builder/spi-builder-workspace/.derivedData/Build/Intermediates.noindex/swift-syntax.build/Debug/SwiftIfConfig-t.build/Objects-normal/arm64/SwiftIfConfig.SwiftFileList --source-file-list /Users/admin/builder/spi-builder-workspace/.derivedData/Build/Intermediates.noindex/swift-syntax.build/Debug/SwiftIfConfig-t.build/Objects-normal/x86_64/SwiftIfConfig.SwiftFileList --metadata-file-list /Users/admin/builder/spi-builder-workspace/.derivedData/Build/Intermediates.noindex/swift-syntax.build/Debug/SwiftIfConfig-t.build/SwiftIfConfig.DependencyMetadataFileList --static-metadata-file-list /Users/admin/builder/spi-builder-workspace/.derivedData/Build/Intermediates.noindex/swift-syntax.build/Debug/SwiftIfConfig-t.build/SwiftIfConfig.DependencyStaticMetadataFileList --swift-const-vals-list /Users/admin/builder/spi-builder-workspace/.derivedData/Build/Intermediates.noindex/swift-syntax.build/Debug/SwiftIfConfig-t.build/Objects-normal/arm64/SwiftIfConfig.SwiftConstValuesFileList --swift-const-vals-list /Users/admin/builder/spi-builder-workspace/.derivedData/Build/Intermediates.noindex/swift-syntax.build/Debug/SwiftIfConfig-t.build/Objects-normal/x86_64/SwiftIfConfig.SwiftConstValuesFileList --force --compile-time-extraction --deployment-aware-processing --no-app-shortcuts-localization
2026-09-19 14:15:33.807 appintentsmetadataprocessor[1555:9375] Starting appintentsmetadataprocessor export
2026-09-19 14:15:33.871 appintentsmetadataprocessor[1555:9375] Extracted no relevant App Intents symbols, skipping writing output
Ld /Users/admin/builder/spi-builder-workspace/.derivedData/Build/Intermediates.noindex/swift-syntax.build/Debug/SwiftSyntaxMacros-t.build/Objects-normal/arm64/Binary/SwiftSyntaxMacros.o normal arm64 (in target 'SwiftSyntaxMacros' from project 'swift-syntax')
cd /Users/admin/builder/spi-builder-workspace/.dependencies/checkouts/swift-syntax
/Applications/Xcode-27.0.0-Release.Candidate.app/Contents/Developer/Toolchains/XcodeDefault.xctoolchain/usr/bin/clang -Xlinker -reproducible -target arm64-apple-macos12.0 -r -isysroot /Applications/Xcode-27.0.0-Release.Candidate.app/Contents/Developer/Platforms/MacOSX.platform/Developer/SDKs/MacOSX27.0.sdk -O0 -w -Xlinker -no_warn_duplicate_libraries -F/Users/admin/builder/spi-builder-workspace/.derivedData/Build/Intermediates.noindex/EagerLinkingTBDs/Debug -F/Users/admin/builder/spi-builder-workspace/.derivedData/Build/Products/Debug/PackageFrameworks -F/Users/admin/builder/spi-builder-workspace/.derivedData/Build/Products/Debug -iframework /Applications/Xcode-27.0.0-Release.Candidate.app/Contents/Developer/Platforms/MacOSX.platform/Developer/Library/Frameworks -filelist /Users/admin/builder/spi-builder-workspace/.derivedData/Build/Intermediates.noindex/swift-syntax.build/Debug/SwiftSyntaxMacros-t.build/Objects-normal/arm64/SwiftSyntaxMacros.LinkFileList -nostdlib -Xlinker -object_path_lto -Xlinker /Users/admin/builder/spi-builder-workspace/.derivedData/Build/Intermediates.noindex/swift-syntax.build/Debug/SwiftSyntaxMacros-t.build/Objects-normal/arm64/SwiftSyntaxMacros_lto.o -Xlinker -no_deduplicate -Xlinker -debug_variant -Xlinker -dependency_info -Xlinker /Users/admin/builder/spi-builder-workspace/.derivedData/Build/Intermediates.noindex/swift-syntax.build/Debug/SwiftSyntaxMacros-t.build/Objects-normal/arm64/SwiftSyntaxMacros_dependency_info.dat -fobjc-link-runtime -L/Applications/Xcode-27.0.0-Release.Candidate.app/Contents/Developer/Toolchains/XcodeDefault.xctoolchain/usr/lib/swift/macosx -L/usr/lib/swift -Xlinker -add_ast_path -Xlinker /Users/admin/builder/spi-builder-workspace/.derivedData/Build/Intermediates.noindex/swift-syntax.build/Debug/SwiftSyntaxMacros-t.build/Objects-normal/arm64/SwiftSyntaxMacros.swiftmodule -o /Users/admin/builder/spi-builder-workspace/.derivedData/Build/Intermediates.noindex/swift-syntax.build/Debug/SwiftSyntaxMacros-t.build/Objects-normal/arm64/Binary/SwiftSyntaxMacros.o
Ld /Users/admin/builder/spi-builder-workspace/.derivedData/Build/Intermediates.noindex/swift-syntax.build/Debug/SwiftSyntaxMacros-t.build/Objects-normal/x86_64/Binary/SwiftSyntaxMacros.o normal x86_64 (in target 'SwiftSyntaxMacros' from project 'swift-syntax')
cd /Users/admin/builder/spi-builder-workspace/.dependencies/checkouts/swift-syntax
/Applications/Xcode-27.0.0-Release.Candidate.app/Contents/Developer/Toolchains/XcodeDefault.xctoolchain/usr/bin/clang -Xlinker -reproducible -target x86_64-apple-macos12.0 -r -isysroot /Applications/Xcode-27.0.0-Release.Candidate.app/Contents/Developer/Platforms/MacOSX.platform/Developer/SDKs/MacOSX27.0.sdk -O0 -w -Xlinker -no_warn_duplicate_libraries -F/Users/admin/builder/spi-builder-workspace/.derivedData/Build/Intermediates.noindex/EagerLinkingTBDs/Debug -F/Users/admin/builder/spi-builder-workspace/.derivedData/Build/Products/Debug/PackageFrameworks -F/Users/admin/builder/spi-builder-workspace/.derivedData/Build/Products/Debug -iframework /Applications/Xcode-27.0.0-Release.Candidate.app/Contents/Developer/Platforms/MacOSX.platform/Developer/Library/Frameworks -filelist /Users/admin/builder/spi-builder-workspace/.derivedData/Build/Intermediates.noindex/swift-syntax.build/Debug/SwiftSyntaxMacros-t.build/Objects-normal/x86_64/SwiftSyntaxMacros.LinkFileList -nostdlib -Xlinker -object_path_lto -Xlinker /Users/admin/builder/spi-builder-workspace/.derivedData/Build/Intermediates.noindex/swift-syntax.build/Debug/SwiftSyntaxMacros-t.build/Objects-normal/x86_64/SwiftSyntaxMacros_lto.o -Xlinker -no_deduplicate -Xlinker -debug_variant -Xlinker -dependency_info -Xlinker /Users/admin/builder/spi-builder-workspace/.derivedData/Build/Intermediates.noindex/swift-syntax.build/Debug/SwiftSyntaxMacros-t.build/Objects-normal/x86_64/SwiftSyntaxMacros_dependency_info.dat -fobjc-link-runtime -L/Applications/Xcode-27.0.0-Release.Candidate.app/Contents/Developer/Toolchains/XcodeDefault.xctoolchain/usr/lib/swift/macosx -L/usr/lib/swift -Xlinker -add_ast_path -Xlinker /Users/admin/builder/spi-builder-workspace/.derivedData/Build/Intermediates.noindex/swift-syntax.build/Debug/SwiftSyntaxMacros-t.build/Objects-normal/x86_64/SwiftSyntaxMacros.swiftmodule -o /Users/admin/builder/spi-builder-workspace/.derivedData/Build/Intermediates.noindex/swift-syntax.build/Debug/SwiftSyntaxMacros-t.build/Objects-normal/x86_64/Binary/SwiftSyntaxMacros.o
CreateUniversalBinary /Users/admin/builder/spi-builder-workspace/.derivedData/Build/Products/Debug/SwiftSyntaxMacros.o normal arm64\ x86_64 (in target 'SwiftSyntaxMacros' from project 'swift-syntax')
cd /Users/admin/builder/spi-builder-workspace/.dependencies/checkouts/swift-syntax
/Applications/Xcode-27.0.0-Release.Candidate.app/Contents/Developer/Toolchains/XcodeDefault.xctoolchain/usr/bin/lipo -create /Users/admin/builder/spi-builder-workspace/.derivedData/Build/Intermediates.noindex/swift-syntax.build/Debug/SwiftSyntaxMacros-t.build/Objects-normal/arm64/Binary/SwiftSyntaxMacros.o /Users/admin/builder/spi-builder-workspace/.derivedData/Build/Intermediates.noindex/swift-syntax.build/Debug/SwiftSyntaxMacros-t.build/Objects-normal/x86_64/Binary/SwiftSyntaxMacros.o -output /Users/admin/builder/spi-builder-workspace/.derivedData/Build/Products/Debug/SwiftSyntaxMacros.o
ExtractAppIntentsMetadata (in target 'SwiftSyntaxMacros' from project 'swift-syntax')
cd /Users/admin/builder/spi-builder-workspace/.dependencies/checkouts/swift-syntax
/Applications/Xcode-27.0.0-Release.Candidate.app/Contents/Developer/Toolchains/XcodeDefault.xctoolchain/usr/bin/appintentsmetadataprocessor --toolchain-dir /var/run/com.apple.security.cryptexd/mnt/com.apple.MobileAsset.MetalToolchain-v27.1.266.1.O13LxD/Metal.xctoolchain --module-name SwiftSyntaxMacros --sdk-root /Applications/Xcode-27.0.0-Release.Candidate.app/Contents/Developer/Platforms/MacOSX.platform/Developer/SDKs/MacOSX27.0.sdk --xcode-version 27A266a --platform-family macOS --deployment-target 12.0 --bundle-identifier swift-syntax.SwiftSyntaxMacros --output /Users/admin/builder/spi-builder-workspace/.derivedData/Build/Products/Debug/SwiftSyntaxMacros.appintents --target-triple arm64-apple-macos12.0 --target-triple x86_64-apple-macos12.0 --binary-file /Users/admin/builder/spi-builder-workspace/.derivedData/Build/Products/Debug/SwiftSyntaxMacros.o --dependency-file /Users/admin/builder/spi-builder-workspace/.derivedData/Build/Intermediates.noindex/swift-syntax.build/Debug/SwiftSyntaxMacros-t.build/Objects-normal/arm64/SwiftSyntaxMacros_dependency_info.dat --dependency-file /Users/admin/builder/spi-builder-workspace/.derivedData/Build/Intermediates.noindex/swift-syntax.build/Debug/SwiftSyntaxMacros-t.build/Objects-normal/x86_64/SwiftSyntaxMacros_dependency_info.dat --stringsdata-file /Users/admin/builder/spi-builder-workspace/.derivedData/Build/Intermediates.noindex/swift-syntax.build/Debug/SwiftSyntaxMacros-t.build/Objects-normal/arm64/ExtractedAppShortcutsMetadata.stringsdata --stringsdata-file /Users/admin/builder/spi-builder-workspace/.derivedData/Build/Intermediates.noindex/swift-syntax.build/Debug/SwiftSyntaxMacros-t.build/Objects-normal/x86_64/ExtractedAppShortcutsMetadata.stringsdata --source-file-list /Users/admin/builder/spi-builder-workspace/.derivedData/Build/Intermediates.noindex/swift-syntax.build/Debug/SwiftSyntaxMacros-t.build/Objects-normal/arm64/SwiftSyntaxMacros.SwiftFileList --source-file-list /Users/admin/builder/spi-builder-workspace/.derivedData/Build/Intermediates.noindex/swift-syntax.build/Debug/SwiftSyntaxMacros-t.build/Objects-normal/x86_64/SwiftSyntaxMacros.SwiftFileList --metadata-file-list /Users/admin/builder/spi-builder-workspace/.derivedData/Build/Intermediates.noindex/swift-syntax.build/Debug/SwiftSyntaxMacros-t.build/SwiftSyntaxMacros.DependencyMetadataFileList --static-metadata-file-list /Users/admin/builder/spi-builder-workspace/.derivedData/Build/Intermediates.noindex/swift-syntax.build/Debug/SwiftSyntaxMacros-t.build/SwiftSyntaxMacros.DependencyStaticMetadataFileList --swift-const-vals-list /Users/admin/builder/spi-builder-workspace/.derivedData/Build/Intermediates.noindex/swift-syntax.build/Debug/SwiftSyntaxMacros-t.build/Objects-normal/arm64/SwiftSyntaxMacros.SwiftConstValuesFileList --swift-const-vals-list /Users/admin/builder/spi-builder-workspace/.derivedData/Build/Intermediates.noindex/swift-syntax.build/Debug/SwiftSyntaxMacros-t.build/Objects-normal/x86_64/SwiftSyntaxMacros.SwiftConstValuesFileList --force --compile-time-extraction --deployment-aware-processing --no-app-shortcuts-localization
2026-09-19 14:15:33.926 appintentsmetadataprocessor[1561:9402] Starting appintentsmetadataprocessor export
2026-09-19 14:15:33.984 appintentsmetadataprocessor[1561:9402] Extracted no relevant App Intents symbols, skipping writing output
Ld /Users/admin/builder/spi-builder-workspace/.derivedData/Build/Intermediates.noindex/swift-syntax.build/Debug/SwiftSyntaxMacroExpansion-t.build/Objects-normal/x86_64/Binary/SwiftSyntaxMacroExpansion.o normal x86_64 (in target 'SwiftSyntaxMacroExpansion' from project 'swift-syntax')
cd /Users/admin/builder/spi-builder-workspace/.dependencies/checkouts/swift-syntax
/Applications/Xcode-27.0.0-Release.Candidate.app/Contents/Developer/Toolchains/XcodeDefault.xctoolchain/usr/bin/clang -Xlinker -reproducible -target x86_64-apple-macos12.0 -r -isysroot /Applications/Xcode-27.0.0-Release.Candidate.app/Contents/Developer/Platforms/MacOSX.platform/Developer/SDKs/MacOSX27.0.sdk -O0 -w -Xlinker -no_warn_duplicate_libraries -F/Users/admin/builder/spi-builder-workspace/.derivedData/Build/Intermediates.noindex/EagerLinkingTBDs/Debug -F/Users/admin/builder/spi-builder-workspace/.derivedData/Build/Products/Debug/PackageFrameworks -F/Users/admin/builder/spi-builder-workspace/.derivedData/Build/Products/Debug -iframework /Applications/Xcode-27.0.0-Release.Candidate.app/Contents/Developer/Platforms/MacOSX.platform/Developer/Library/Frameworks -filelist /Users/admin/builder/spi-builder-workspace/.derivedData/Build/Intermediates.noindex/swift-syntax.build/Debug/SwiftSyntaxMacroExpansion-t.build/Objects-normal/x86_64/SwiftSyntaxMacroExpansion.LinkFileList -nostdlib -Xlinker -object_path_lto -Xlinker /Users/admin/builder/spi-builder-workspace/.derivedData/Build/Intermediates.noindex/swift-syntax.build/Debug/SwiftSyntaxMacroExpansion-t.build/Objects-normal/x86_64/SwiftSyntaxMacroExpansion_lto.o -Xlinker -no_deduplicate -Xlinker -debug_variant -Xlinker -dependency_info -Xlinker /Users/admin/builder/spi-builder-workspace/.derivedData/Build/Intermediates.noindex/swift-syntax.build/Debug/SwiftSyntaxMacroExpansion-t.build/Objects-normal/x86_64/SwiftSyntaxMacroExpansion_dependency_info.dat -fobjc-link-runtime -L/Applications/Xcode-27.0.0-Release.Candidate.app/Contents/Developer/Toolchains/XcodeDefault.xctoolchain/usr/lib/swift/macosx -L/usr/lib/swift -Xlinker -add_ast_path -Xlinker /Users/admin/builder/spi-builder-workspace/.derivedData/Build/Intermediates.noindex/swift-syntax.build/Debug/SwiftSyntaxMacroExpansion-t.build/Objects-normal/x86_64/SwiftSyntaxMacroExpansion.swiftmodule -o /Users/admin/builder/spi-builder-workspace/.derivedData/Build/Intermediates.noindex/swift-syntax.build/Debug/SwiftSyntaxMacroExpansion-t.build/Objects-normal/x86_64/Binary/SwiftSyntaxMacroExpansion.o
Ld /Users/admin/builder/spi-builder-workspace/.derivedData/Build/Intermediates.noindex/swift-syntax.build/Debug/SwiftSyntaxMacroExpansion-t.build/Objects-normal/arm64/Binary/SwiftSyntaxMacroExpansion.o normal arm64 (in target 'SwiftSyntaxMacroExpansion' from project 'swift-syntax')
cd /Users/admin/builder/spi-builder-workspace/.dependencies/checkouts/swift-syntax
/Applications/Xcode-27.0.0-Release.Candidate.app/Contents/Developer/Toolchains/XcodeDefault.xctoolchain/usr/bin/clang -Xlinker -reproducible -target arm64-apple-macos12.0 -r -isysroot /Applications/Xcode-27.0.0-Release.Candidate.app/Contents/Developer/Platforms/MacOSX.platform/Developer/SDKs/MacOSX27.0.sdk -O0 -w -Xlinker -no_warn_duplicate_libraries -F/Users/admin/builder/spi-builder-workspace/.derivedData/Build/Intermediates.noindex/EagerLinkingTBDs/Debug -F/Users/admin/builder/spi-builder-workspace/.derivedData/Build/Products/Debug/PackageFrameworks -F/Users/admin/builder/spi-builder-workspace/.derivedData/Build/Products/Debug -iframework /Applications/Xcode-27.0.0-Release.Candidate.app/Contents/Developer/Platforms/MacOSX.platform/Developer/Library/Frameworks -filelist /Users/admin/builder/spi-builder-workspace/.derivedData/Build/Intermediates.noindex/swift-syntax.build/Debug/SwiftSyntaxMacroExpansion-t.build/Objects-normal/arm64/SwiftSyntaxMacroExpansion.LinkFileList -nostdlib -Xlinker -object_path_lto -Xlinker /Users/admin/builder/spi-builder-workspace/.derivedData/Build/Intermediates.noindex/swift-syntax.build/Debug/SwiftSyntaxMacroExpansion-t.build/Objects-normal/arm64/SwiftSyntaxMacroExpansion_lto.o -Xlinker -no_deduplicate -Xlinker -debug_variant -Xlinker -dependency_info -Xlinker /Users/admin/builder/spi-builder-workspace/.derivedData/Build/Intermediates.noindex/swift-syntax.build/Debug/SwiftSyntaxMacroExpansion-t.build/Objects-normal/arm64/SwiftSyntaxMacroExpansion_dependency_info.dat -fobjc-link-runtime -L/Applications/Xcode-27.0.0-Release.Candidate.app/Contents/Developer/Toolchains/XcodeDefault.xctoolchain/usr/lib/swift/macosx -L/usr/lib/swift -Xlinker -add_ast_path -Xlinker /Users/admin/builder/spi-builder-workspace/.derivedData/Build/Intermediates.noindex/swift-syntax.build/Debug/SwiftSyntaxMacroExpansion-t.build/Objects-normal/arm64/SwiftSyntaxMacroExpansion.swiftmodule -o /Users/admin/builder/spi-builder-workspace/.derivedData/Build/Intermediates.noindex/swift-syntax.build/Debug/SwiftSyntaxMacroExpansion-t.build/Objects-normal/arm64/Binary/SwiftSyntaxMacroExpansion.o
CreateUniversalBinary /Users/admin/builder/spi-builder-workspace/.derivedData/Build/Products/Debug/SwiftSyntaxMacroExpansion.o normal arm64\ x86_64 (in target 'SwiftSyntaxMacroExpansion' from project 'swift-syntax')
cd /Users/admin/builder/spi-builder-workspace/.dependencies/checkouts/swift-syntax
/Applications/Xcode-27.0.0-Release.Candidate.app/Contents/Developer/Toolchains/XcodeDefault.xctoolchain/usr/bin/lipo -create /Users/admin/builder/spi-builder-workspace/.derivedData/Build/Intermediates.noindex/swift-syntax.build/Debug/SwiftSyntaxMacroExpansion-t.build/Objects-normal/arm64/Binary/SwiftSyntaxMacroExpansion.o /Users/admin/builder/spi-builder-workspace/.derivedData/Build/Intermediates.noindex/swift-syntax.build/Debug/SwiftSyntaxMacroExpansion-t.build/Objects-normal/x86_64/Binary/SwiftSyntaxMacroExpansion.o -output /Users/admin/builder/spi-builder-workspace/.derivedData/Build/Products/Debug/SwiftSyntaxMacroExpansion.o
ExtractAppIntentsMetadata (in target 'SwiftSyntaxMacroExpansion' from project 'swift-syntax')
cd /Users/admin/builder/spi-builder-workspace/.dependencies/checkouts/swift-syntax
/Applications/Xcode-27.0.0-Release.Candidate.app/Contents/Developer/Toolchains/XcodeDefault.xctoolchain/usr/bin/appintentsmetadataprocessor --toolchain-dir /var/run/com.apple.security.cryptexd/mnt/com.apple.MobileAsset.MetalToolchain-v27.1.266.1.O13LxD/Metal.xctoolchain --module-name SwiftSyntaxMacroExpansion --sdk-root /Applications/Xcode-27.0.0-Release.Candidate.app/Contents/Developer/Platforms/MacOSX.platform/Developer/SDKs/MacOSX27.0.sdk --xcode-version 27A266a --platform-family macOS --deployment-target 12.0 --bundle-identifier swift-syntax.SwiftSyntaxMacroExpansion --output /Users/admin/builder/spi-builder-workspace/.derivedData/Build/Products/Debug/SwiftSyntaxMacroExpansion.appintents --target-triple arm64-apple-macos12.0 --target-triple x86_64-apple-macos12.0 --binary-file /Users/admin/builder/spi-builder-workspace/.derivedData/Build/Products/Debug/SwiftSyntaxMacroExpansion.o --dependency-file /Users/admin/builder/spi-builder-workspace/.derivedData/Build/Intermediates.noindex/swift-syntax.build/Debug/SwiftSyntaxMacroExpansion-t.build/Objects-normal/arm64/SwiftSyntaxMacroExpansion_dependency_info.dat --dependency-file /Users/admin/builder/spi-builder-workspace/.derivedData/Build/Intermediates.noindex/swift-syntax.build/Debug/SwiftSyntaxMacroExpansion-t.build/Objects-normal/x86_64/SwiftSyntaxMacroExpansion_dependency_info.dat --stringsdata-file /Users/admin/builder/spi-builder-workspace/.derivedData/Build/Intermediates.noindex/swift-syntax.build/Debug/SwiftSyntaxMacroExpansion-t.build/Objects-normal/arm64/ExtractedAppShortcutsMetadata.stringsdata --stringsdata-file /Users/admin/builder/spi-builder-workspace/.derivedData/Build/Intermediates.noindex/swift-syntax.build/Debug/SwiftSyntaxMacroExpansion-t.build/Objects-normal/x86_64/ExtractedAppShortcutsMetadata.stringsdata --source-file-list /Users/admin/builder/spi-builder-workspace/.derivedData/Build/Intermediates.noindex/swift-syntax.build/Debug/SwiftSyntaxMacroExpansion-t.build/Objects-normal/arm64/SwiftSyntaxMacroExpansion.SwiftFileList --source-file-list /Users/admin/builder/spi-builder-workspace/.derivedData/Build/Intermediates.noindex/swift-syntax.build/Debug/SwiftSyntaxMacroExpansion-t.build/Objects-normal/x86_64/SwiftSyntaxMacroExpansion.SwiftFileList --metadata-file-list /Users/admin/builder/spi-builder-workspace/.derivedData/Build/Intermediates.noindex/swift-syntax.build/Debug/SwiftSyntaxMacroExpansion-t.build/SwiftSyntaxMacroExpansion.DependencyMetadataFileList --static-metadata-file-list /Users/admin/builder/spi-builder-workspace/.derivedData/Build/Intermediates.noindex/swift-syntax.build/Debug/SwiftSyntaxMacroExpansion-t.build/SwiftSyntaxMacroExpansion.DependencyStaticMetadataFileList --swift-const-vals-list /Users/admin/builder/spi-builder-workspace/.derivedData/Build/Intermediates.noindex/swift-syntax.build/Debug/SwiftSyntaxMacroExpansion-t.build/Objects-normal/arm64/SwiftSyntaxMacroExpansion.SwiftConstValuesFileList --swift-const-vals-list /Users/admin/builder/spi-builder-workspace/.derivedData/Build/Intermediates.noindex/swift-syntax.build/Debug/SwiftSyntaxMacroExpansion-t.build/Objects-normal/x86_64/SwiftSyntaxMacroExpansion.SwiftConstValuesFileList --force --compile-time-extraction --deployment-aware-processing --no-app-shortcuts-localization
2026-09-19 14:15:34.048 appintentsmetadataprocessor[1567:9428] Starting appintentsmetadataprocessor export
2026-09-19 14:15:34.108 appintentsmetadataprocessor[1567:9428] Extracted no relevant App Intents symbols, skipping writing output
Ld /Users/admin/builder/spi-builder-workspace/.derivedData/Build/Intermediates.noindex/swift-syntax.build/Debug/SwiftCompilerPluginMessageHandling-t.build/Objects-normal/x86_64/Binary/SwiftCompilerPluginMessageHandling.o normal x86_64 (in target 'SwiftCompilerPluginMessageHandling' from project 'swift-syntax')
cd /Users/admin/builder/spi-builder-workspace/.dependencies/checkouts/swift-syntax
/Applications/Xcode-27.0.0-Release.Candidate.app/Contents/Developer/Toolchains/XcodeDefault.xctoolchain/usr/bin/clang -Xlinker -reproducible -target x86_64-apple-macos12.0 -r -isysroot /Applications/Xcode-27.0.0-Release.Candidate.app/Contents/Developer/Platforms/MacOSX.platform/Developer/SDKs/MacOSX27.0.sdk -O0 -w -Xlinker -no_warn_duplicate_libraries -F/Users/admin/builder/spi-builder-workspace/.derivedData/Build/Intermediates.noindex/EagerLinkingTBDs/Debug -F/Users/admin/builder/spi-builder-workspace/.derivedData/Build/Products/Debug/PackageFrameworks -F/Users/admin/builder/spi-builder-workspace/.derivedData/Build/Products/Debug -iframework /Applications/Xcode-27.0.0-Release.Candidate.app/Contents/Developer/Platforms/MacOSX.platform/Developer/Library/Frameworks -filelist /Users/admin/builder/spi-builder-workspace/.derivedData/Build/Intermediates.noindex/swift-syntax.build/Debug/SwiftCompilerPluginMessageHandling-t.build/Objects-normal/x86_64/SwiftCompilerPluginMessageHandling.LinkFileList -nostdlib -Xlinker -object_path_lto -Xlinker /Users/admin/builder/spi-builder-workspace/.derivedData/Build/Intermediates.noindex/swift-syntax.build/Debug/SwiftCompilerPluginMessageHandling-t.build/Objects-normal/x86_64/SwiftCompilerPluginMessageHandling_lto.o -Xlinker -no_deduplicate -Xlinker -debug_variant -Xlinker -dependency_info -Xlinker /Users/admin/builder/spi-builder-workspace/.derivedData/Build/Intermediates.noindex/swift-syntax.build/Debug/SwiftCompilerPluginMessageHandling-t.build/Objects-normal/x86_64/SwiftCompilerPluginMessageHandling_dependency_info.dat -fobjc-link-runtime -L/Applications/Xcode-27.0.0-Release.Candidate.app/Contents/Developer/Toolchains/XcodeDefault.xctoolchain/usr/lib/swift/macosx -L/usr/lib/swift -Xlinker -add_ast_path -Xlinker /Users/admin/builder/spi-builder-workspace/.derivedData/Build/Intermediates.noindex/swift-syntax.build/Debug/SwiftCompilerPluginMessageHandling-t.build/Objects-normal/x86_64/SwiftCompilerPluginMessageHandling.swiftmodule -o /Users/admin/builder/spi-builder-workspace/.derivedData/Build/Intermediates.noindex/swift-syntax.build/Debug/SwiftCompilerPluginMessageHandling-t.build/Objects-normal/x86_64/Binary/SwiftCompilerPluginMessageHandling.o
Ld /Users/admin/builder/spi-builder-workspace/.derivedData/Build/Intermediates.noindex/swift-syntax.build/Debug/SwiftCompilerPluginMessageHandling-t.build/Objects-normal/arm64/Binary/SwiftCompilerPluginMessageHandling.o normal arm64 (in target 'SwiftCompilerPluginMessageHandling' from project 'swift-syntax')
cd /Users/admin/builder/spi-builder-workspace/.dependencies/checkouts/swift-syntax
/Applications/Xcode-27.0.0-Release.Candidate.app/Contents/Developer/Toolchains/XcodeDefault.xctoolchain/usr/bin/clang -Xlinker -reproducible -target arm64-apple-macos12.0 -r -isysroot /Applications/Xcode-27.0.0-Release.Candidate.app/Contents/Developer/Platforms/MacOSX.platform/Developer/SDKs/MacOSX27.0.sdk -O0 -w -Xlinker -no_warn_duplicate_libraries -F/Users/admin/builder/spi-builder-workspace/.derivedData/Build/Intermediates.noindex/EagerLinkingTBDs/Debug -F/Users/admin/builder/spi-builder-workspace/.derivedData/Build/Products/Debug/PackageFrameworks -F/Users/admin/builder/spi-builder-workspace/.derivedData/Build/Products/Debug -iframework /Applications/Xcode-27.0.0-Release.Candidate.app/Contents/Developer/Platforms/MacOSX.platform/Developer/Library/Frameworks -filelist /Users/admin/builder/spi-builder-workspace/.derivedData/Build/Intermediates.noindex/swift-syntax.build/Debug/SwiftCompilerPluginMessageHandling-t.build/Objects-normal/arm64/SwiftCompilerPluginMessageHandling.LinkFileList -nostdlib -Xlinker -object_path_lto -Xlinker /Users/admin/builder/spi-builder-workspace/.derivedData/Build/Intermediates.noindex/swift-syntax.build/Debug/SwiftCompilerPluginMessageHandling-t.build/Objects-normal/arm64/SwiftCompilerPluginMessageHandling_lto.o -Xlinker -no_deduplicate -Xlinker -debug_variant -Xlinker -dependency_info -Xlinker /Users/admin/builder/spi-builder-workspace/.derivedData/Build/Intermediates.noindex/swift-syntax.build/Debug/SwiftCompilerPluginMessageHandling-t.build/Objects-normal/arm64/SwiftCompilerPluginMessageHandling_dependency_info.dat -fobjc-link-runtime -L/Applications/Xcode-27.0.0-Release.Candidate.app/Contents/Developer/Toolchains/XcodeDefault.xctoolchain/usr/lib/swift/macosx -L/usr/lib/swift -Xlinker -add_ast_path -Xlinker /Users/admin/builder/spi-builder-workspace/.derivedData/Build/Intermediates.noindex/swift-syntax.build/Debug/SwiftCompilerPluginMessageHandling-t.build/Objects-normal/arm64/SwiftCompilerPluginMessageHandling.swiftmodule -o /Users/admin/builder/spi-builder-workspace/.derivedData/Build/Intermediates.noindex/swift-syntax.build/Debug/SwiftCompilerPluginMessageHandling-t.build/Objects-normal/arm64/Binary/SwiftCompilerPluginMessageHandling.o
CreateUniversalBinary /Users/admin/builder/spi-builder-workspace/.derivedData/Build/Products/Debug/SwiftCompilerPluginMessageHandling.o normal arm64\ x86_64 (in target 'SwiftCompilerPluginMessageHandling' from project 'swift-syntax')
cd /Users/admin/builder/spi-builder-workspace/.dependencies/checkouts/swift-syntax
/Applications/Xcode-27.0.0-Release.Candidate.app/Contents/Developer/Toolchains/XcodeDefault.xctoolchain/usr/bin/lipo -create /Users/admin/builder/spi-builder-workspace/.derivedData/Build/Intermediates.noindex/swift-syntax.build/Debug/SwiftCompilerPluginMessageHandling-t.build/Objects-normal/arm64/Binary/SwiftCompilerPluginMessageHandling.o /Users/admin/builder/spi-builder-workspace/.derivedData/Build/Intermediates.noindex/swift-syntax.build/Debug/SwiftCompilerPluginMessageHandling-t.build/Objects-normal/x86_64/Binary/SwiftCompilerPluginMessageHandling.o -output /Users/admin/builder/spi-builder-workspace/.derivedData/Build/Products/Debug/SwiftCompilerPluginMessageHandling.o
ExtractAppIntentsMetadata (in target 'SwiftCompilerPluginMessageHandling' from project 'swift-syntax')
cd /Users/admin/builder/spi-builder-workspace/.dependencies/checkouts/swift-syntax
/Applications/Xcode-27.0.0-Release.Candidate.app/Contents/Developer/Toolchains/XcodeDefault.xctoolchain/usr/bin/appintentsmetadataprocessor --toolchain-dir /var/run/com.apple.security.cryptexd/mnt/com.apple.MobileAsset.MetalToolchain-v27.1.266.1.O13LxD/Metal.xctoolchain --module-name SwiftCompilerPluginMessageHandling --sdk-root /Applications/Xcode-27.0.0-Release.Candidate.app/Contents/Developer/Platforms/MacOSX.platform/Developer/SDKs/MacOSX27.0.sdk --xcode-version 27A266a --platform-family macOS --deployment-target 12.0 --bundle-identifier swift-syntax.SwiftCompilerPluginMessageHandling --output /Users/admin/builder/spi-builder-workspace/.derivedData/Build/Products/Debug/SwiftCompilerPluginMessageHandling.appintents --target-triple arm64-apple-macos12.0 --target-triple x86_64-apple-macos12.0 --binary-file /Users/admin/builder/spi-builder-workspace/.derivedData/Build/Products/Debug/SwiftCompilerPluginMessageHandling.o --dependency-file /Users/admin/builder/spi-builder-workspace/.derivedData/Build/Intermediates.noindex/swift-syntax.build/Debug/SwiftCompilerPluginMessageHandling-t.build/Objects-normal/arm64/SwiftCompilerPluginMessageHandling_dependency_info.dat --dependency-file /Users/admin/builder/spi-builder-workspace/.derivedData/Build/Intermediates.noindex/swift-syntax.build/Debug/SwiftCompilerPluginMessageHandling-t.build/Objects-normal/x86_64/SwiftCompilerPluginMessageHandling_dependency_info.dat --stringsdata-file /Users/admin/builder/spi-builder-workspace/.derivedData/Build/Intermediates.noindex/swift-syntax.build/Debug/SwiftCompilerPluginMessageHandling-t.build/Objects-normal/arm64/ExtractedAppShortcutsMetadata.stringsdata --stringsdata-file /Users/admin/builder/spi-builder-workspace/.derivedData/Build/Intermediates.noindex/swift-syntax.build/Debug/SwiftCompilerPluginMessageHandling-t.build/Objects-normal/x86_64/ExtractedAppShortcutsMetadata.stringsdata --source-file-list /Users/admin/builder/spi-builder-workspace/.derivedData/Build/Intermediates.noindex/swift-syntax.build/Debug/SwiftCompilerPluginMessageHandling-t.build/Objects-normal/arm64/SwiftCompilerPluginMessageHandling.SwiftFileList --source-file-list /Users/admin/builder/spi-builder-workspace/.derivedData/Build/Intermediates.noindex/swift-syntax.build/Debug/SwiftCompilerPluginMessageHandling-t.build/Objects-normal/x86_64/SwiftCompilerPluginMessageHandling.SwiftFileList --metadata-file-list /Users/admin/builder/spi-builder-workspace/.derivedData/Build/Intermediates.noindex/swift-syntax.build/Debug/SwiftCompilerPluginMessageHandling-t.build/SwiftCompilerPluginMessageHandling.DependencyMetadataFileList --static-metadata-file-list /Users/admin/builder/spi-builder-workspace/.derivedData/Build/Intermediates.noindex/swift-syntax.build/Debug/SwiftCompilerPluginMessageHandling-t.build/SwiftCompilerPluginMessageHandling.DependencyStaticMetadataFileList --swift-const-vals-list /Users/admin/builder/spi-builder-workspace/.derivedData/Build/Intermediates.noindex/swift-syntax.build/Debug/SwiftCompilerPluginMessageHandling-t.build/Objects-normal/arm64/SwiftCompilerPluginMessageHandling.SwiftConstValuesFileList --swift-const-vals-list /Users/admin/builder/spi-builder-workspace/.derivedData/Build/Intermediates.noindex/swift-syntax.build/Debug/SwiftCompilerPluginMessageHandling-t.build/Objects-normal/x86_64/SwiftCompilerPluginMessageHandling.SwiftConstValuesFileList --force --compile-time-extraction --deployment-aware-processing --no-app-shortcuts-localization
2026-09-19 14:15:34.176 appintentsmetadataprocessor[1573:9455] Starting appintentsmetadataprocessor export
2026-09-19 14:15:34.238 appintentsmetadataprocessor[1573:9455] Extracted no relevant App Intents symbols, skipping writing output
Ld /Users/admin/builder/spi-builder-workspace/.derivedData/Build/Intermediates.noindex/swift-syntax.build/Debug/SwiftCompilerPlugin-t.build/Objects-normal/x86_64/Binary/SwiftCompilerPlugin.o normal x86_64 (in target 'SwiftCompilerPlugin' from project 'swift-syntax')
cd /Users/admin/builder/spi-builder-workspace/.dependencies/checkouts/swift-syntax
/Applications/Xcode-27.0.0-Release.Candidate.app/Contents/Developer/Toolchains/XcodeDefault.xctoolchain/usr/bin/clang -Xlinker -reproducible -target x86_64-apple-macos12.0 -r -isysroot /Applications/Xcode-27.0.0-Release.Candidate.app/Contents/Developer/Platforms/MacOSX.platform/Developer/SDKs/MacOSX27.0.sdk -O0 -w -Xlinker -no_warn_duplicate_libraries -F/Users/admin/builder/spi-builder-workspace/.derivedData/Build/Intermediates.noindex/EagerLinkingTBDs/Debug -F/Users/admin/builder/spi-builder-workspace/.derivedData/Build/Products/Debug/PackageFrameworks -F/Users/admin/builder/spi-builder-workspace/.derivedData/Build/Products/Debug -iframework /Applications/Xcode-27.0.0-Release.Candidate.app/Contents/Developer/Platforms/MacOSX.platform/Developer/Library/Frameworks -filelist /Users/admin/builder/spi-builder-workspace/.derivedData/Build/Intermediates.noindex/swift-syntax.build/Debug/SwiftCompilerPlugin-t.build/Objects-normal/x86_64/SwiftCompilerPlugin.LinkFileList -nostdlib -Xlinker -object_path_lto -Xlinker /Users/admin/builder/spi-builder-workspace/.derivedData/Build/Intermediates.noindex/swift-syntax.build/Debug/SwiftCompilerPlugin-t.build/Objects-normal/x86_64/SwiftCompilerPlugin_lto.o -Xlinker -no_deduplicate -Xlinker -debug_variant -Xlinker -dependency_info -Xlinker /Users/admin/builder/spi-builder-workspace/.derivedData/Build/Intermediates.noindex/swift-syntax.build/Debug/SwiftCompilerPlugin-t.build/Objects-normal/x86_64/SwiftCompilerPlugin_dependency_info.dat -fobjc-link-runtime -L/Applications/Xcode-27.0.0-Release.Candidate.app/Contents/Developer/Toolchains/XcodeDefault.xctoolchain/usr/lib/swift/macosx -L/usr/lib/swift -Xlinker -add_ast_path -Xlinker /Users/admin/builder/spi-builder-workspace/.derivedData/Build/Intermediates.noindex/swift-syntax.build/Debug/SwiftCompilerPlugin-t.build/Objects-normal/x86_64/SwiftCompilerPlugin.swiftmodule -o /Users/admin/builder/spi-builder-workspace/.derivedData/Build/Intermediates.noindex/swift-syntax.build/Debug/SwiftCompilerPlugin-t.build/Objects-normal/x86_64/Binary/SwiftCompilerPlugin.o
Ld /Users/admin/builder/spi-builder-workspace/.derivedData/Build/Intermediates.noindex/swift-syntax.build/Debug/SwiftCompilerPlugin-t.build/Objects-normal/arm64/Binary/SwiftCompilerPlugin.o normal arm64 (in target 'SwiftCompilerPlugin' from project 'swift-syntax')
cd /Users/admin/builder/spi-builder-workspace/.dependencies/checkouts/swift-syntax
/Applications/Xcode-27.0.0-Release.Candidate.app/Contents/Developer/Toolchains/XcodeDefault.xctoolchain/usr/bin/clang -Xlinker -reproducible -target arm64-apple-macos12.0 -r -isysroot /Applications/Xcode-27.0.0-Release.Candidate.app/Contents/Developer/Platforms/MacOSX.platform/Developer/SDKs/MacOSX27.0.sdk -O0 -w -Xlinker -no_warn_duplicate_libraries -F/Users/admin/builder/spi-builder-workspace/.derivedData/Build/Intermediates.noindex/EagerLinkingTBDs/Debug -F/Users/admin/builder/spi-builder-workspace/.derivedData/Build/Products/Debug/PackageFrameworks -F/Users/admin/builder/spi-builder-workspace/.derivedData/Build/Products/Debug -iframework /Applications/Xcode-27.0.0-Release.Candidate.app/Contents/Developer/Platforms/MacOSX.platform/Developer/Library/Frameworks -filelist /Users/admin/builder/spi-builder-workspace/.derivedData/Build/Intermediates.noindex/swift-syntax.build/Debug/SwiftCompilerPlugin-t.build/Objects-normal/arm64/SwiftCompilerPlugin.LinkFileList -nostdlib -Xlinker -object_path_lto -Xlinker /Users/admin/builder/spi-builder-workspace/.derivedData/Build/Intermediates.noindex/swift-syntax.build/Debug/SwiftCompilerPlugin-t.build/Objects-normal/arm64/SwiftCompilerPlugin_lto.o -Xlinker -no_deduplicate -Xlinker -debug_variant -Xlinker -dependency_info -Xlinker /Users/admin/builder/spi-builder-workspace/.derivedData/Build/Intermediates.noindex/swift-syntax.build/Debug/SwiftCompilerPlugin-t.build/Objects-normal/arm64/SwiftCompilerPlugin_dependency_info.dat -fobjc-link-runtime -L/Applications/Xcode-27.0.0-Release.Candidate.app/Contents/Developer/Toolchains/XcodeDefault.xctoolchain/usr/lib/swift/macosx -L/usr/lib/swift -Xlinker -add_ast_path -Xlinker /Users/admin/builder/spi-builder-workspace/.derivedData/Build/Intermediates.noindex/swift-syntax.build/Debug/SwiftCompilerPlugin-t.build/Objects-normal/arm64/SwiftCompilerPlugin.swiftmodule -o /Users/admin/builder/spi-builder-workspace/.derivedData/Build/Intermediates.noindex/swift-syntax.build/Debug/SwiftCompilerPlugin-t.build/Objects-normal/arm64/Binary/SwiftCompilerPlugin.o
CreateUniversalBinary /Users/admin/builder/spi-builder-workspace/.derivedData/Build/Products/Debug/SwiftCompilerPlugin.o normal arm64\ x86_64 (in target 'SwiftCompilerPlugin' from project 'swift-syntax')
cd /Users/admin/builder/spi-builder-workspace/.dependencies/checkouts/swift-syntax
/Applications/Xcode-27.0.0-Release.Candidate.app/Contents/Developer/Toolchains/XcodeDefault.xctoolchain/usr/bin/lipo -create /Users/admin/builder/spi-builder-workspace/.derivedData/Build/Intermediates.noindex/swift-syntax.build/Debug/SwiftCompilerPlugin-t.build/Objects-normal/arm64/Binary/SwiftCompilerPlugin.o /Users/admin/builder/spi-builder-workspace/.derivedData/Build/Intermediates.noindex/swift-syntax.build/Debug/SwiftCompilerPlugin-t.build/Objects-normal/x86_64/Binary/SwiftCompilerPlugin.o -output /Users/admin/builder/spi-builder-workspace/.derivedData/Build/Products/Debug/SwiftCompilerPlugin.o
ExtractAppIntentsMetadata (in target 'SwiftCompilerPlugin' from project 'swift-syntax')
cd /Users/admin/builder/spi-builder-workspace/.dependencies/checkouts/swift-syntax
/Applications/Xcode-27.0.0-Release.Candidate.app/Contents/Developer/Toolchains/XcodeDefault.xctoolchain/usr/bin/appintentsmetadataprocessor --toolchain-dir /var/run/com.apple.security.cryptexd/mnt/com.apple.MobileAsset.MetalToolchain-v27.1.266.1.O13LxD/Metal.xctoolchain --module-name SwiftCompilerPlugin --sdk-root /Applications/Xcode-27.0.0-Release.Candidate.app/Contents/Developer/Platforms/MacOSX.platform/Developer/SDKs/MacOSX27.0.sdk --xcode-version 27A266a --platform-family macOS --deployment-target 12.0 --bundle-identifier swift-syntax.SwiftCompilerPlugin --output /Users/admin/builder/spi-builder-workspace/.derivedData/Build/Products/Debug/SwiftCompilerPlugin.appintents --target-triple arm64-apple-macos12.0 --target-triple x86_64-apple-macos12.0 --binary-file /Users/admin/builder/spi-builder-workspace/.derivedData/Build/Products/Debug/SwiftCompilerPlugin.o --dependency-file /Users/admin/builder/spi-builder-workspace/.derivedData/Build/Intermediates.noindex/swift-syntax.build/Debug/SwiftCompilerPlugin-t.build/Objects-normal/arm64/SwiftCompilerPlugin_dependency_info.dat --dependency-file /Users/admin/builder/spi-builder-workspace/.derivedData/Build/Intermediates.noindex/swift-syntax.build/Debug/SwiftCompilerPlugin-t.build/Objects-normal/x86_64/SwiftCompilerPlugin_dependency_info.dat --stringsdata-file /Users/admin/builder/spi-builder-workspace/.derivedData/Build/Intermediates.noindex/swift-syntax.build/Debug/SwiftCompilerPlugin-t.build/Objects-normal/arm64/ExtractedAppShortcutsMetadata.stringsdata --stringsdata-file /Users/admin/builder/spi-builder-workspace/.derivedData/Build/Intermediates.noindex/swift-syntax.build/Debug/SwiftCompilerPlugin-t.build/Objects-normal/x86_64/ExtractedAppShortcutsMetadata.stringsdata --source-file-list /Users/admin/builder/spi-builder-workspace/.derivedData/Build/Intermediates.noindex/swift-syntax.build/Debug/SwiftCompilerPlugin-t.build/Objects-normal/arm64/SwiftCompilerPlugin.SwiftFileList --source-file-list /Users/admin/builder/spi-builder-workspace/.derivedData/Build/Intermediates.noindex/swift-syntax.build/Debug/SwiftCompilerPlugin-t.build/Objects-normal/x86_64/SwiftCompilerPlugin.SwiftFileList --metadata-file-list /Users/admin/builder/spi-builder-workspace/.derivedData/Build/Intermediates.noindex/swift-syntax.build/Debug/SwiftCompilerPlugin-t.build/SwiftCompilerPlugin.DependencyMetadataFileList --static-metadata-file-list /Users/admin/builder/spi-builder-workspace/.derivedData/Build/Intermediates.noindex/swift-syntax.build/Debug/SwiftCompilerPlugin-t.build/SwiftCompilerPlugin.DependencyStaticMetadataFileList --swift-const-vals-list /Users/admin/builder/spi-builder-workspace/.derivedData/Build/Intermediates.noindex/swift-syntax.build/Debug/SwiftCompilerPlugin-t.build/Objects-normal/arm64/SwiftCompilerPlugin.SwiftConstValuesFileList --swift-const-vals-list /Users/admin/builder/spi-builder-workspace/.derivedData/Build/Intermediates.noindex/swift-syntax.build/Debug/SwiftCompilerPlugin-t.build/Objects-normal/x86_64/SwiftCompilerPlugin.SwiftConstValuesFileList --force --compile-time-extraction --deployment-aware-processing --no-app-shortcuts-localization
2026-09-19 14:15:34.293 appintentsmetadataprocessor[1579:9482] Starting appintentsmetadataprocessor export
2026-09-19 14:15:34.355 appintentsmetadataprocessor[1579:9482] Extracted no relevant App Intents symbols, skipping writing output
WriteAuxiliaryFile /Users/admin/builder/spi-builder-workspace/.derivedData/Build/Intermediates.noindex/DeepLink.build/Debug/DeepLinkPlugin-t.build/DeepLinkPlugin.DependencyStaticMetadataFileList (in target 'DeepLinkPlugin' from project 'DeepLink')
cd /Users/admin/builder/spi-builder-workspace
write-file /Users/admin/builder/spi-builder-workspace/.derivedData/Build/Intermediates.noindex/DeepLink.build/Debug/DeepLinkPlugin-t.build/DeepLinkPlugin.DependencyStaticMetadataFileList
WriteAuxiliaryFile /Users/admin/builder/spi-builder-workspace/.derivedData/Build/Intermediates.noindex/DeepLink.build/Debug/DeepLinkPlugin-t.build/DeepLinkPlugin.DependencyMetadataFileList (in target 'DeepLinkPlugin' from project 'DeepLink')
cd /Users/admin/builder/spi-builder-workspace
write-file /Users/admin/builder/spi-builder-workspace/.derivedData/Build/Intermediates.noindex/DeepLink.build/Debug/DeepLinkPlugin-t.build/DeepLinkPlugin.DependencyMetadataFileList
WriteAuxiliaryFile /Users/admin/builder/spi-builder-workspace/.derivedData/Build/Intermediates.noindex/DeepLink.build/Debug/DeepLinkPlugin-t.build/Objects-normal/arm64/DeepLinkPlugin_const_extract_protocols.json (in target 'DeepLinkPlugin' from project 'DeepLink')
cd /Users/admin/builder/spi-builder-workspace
write-file /Users/admin/builder/spi-builder-workspace/.derivedData/Build/Intermediates.noindex/DeepLink.build/Debug/DeepLinkPlugin-t.build/Objects-normal/arm64/DeepLinkPlugin_const_extract_protocols.json
WriteAuxiliaryFile /Users/admin/builder/spi-builder-workspace/.derivedData/Build/Intermediates.noindex/DeepLink.build/Debug/DeepLinkPlugin-t.build/Objects-normal/arm64/DeepLinkPlugin.LinkFileList (in target 'DeepLinkPlugin' from project 'DeepLink')
cd /Users/admin/builder/spi-builder-workspace
write-file /Users/admin/builder/spi-builder-workspace/.derivedData/Build/Intermediates.noindex/DeepLink.build/Debug/DeepLinkPlugin-t.build/Objects-normal/arm64/DeepLinkPlugin.LinkFileList
WriteAuxiliaryFile /Users/admin/builder/spi-builder-workspace/.derivedData/Build/Intermediates.noindex/DeepLink.build/Debug/DeepLinkPlugin-t.build/Objects-normal/arm64/DeepLinkPlugin-OutputFileMap.json (in target 'DeepLinkPlugin' from project 'DeepLink')
cd /Users/admin/builder/spi-builder-workspace
write-file /Users/admin/builder/spi-builder-workspace/.derivedData/Build/Intermediates.noindex/DeepLink.build/Debug/DeepLinkPlugin-t.build/Objects-normal/arm64/DeepLinkPlugin-OutputFileMap.json
WriteAuxiliaryFile /Users/admin/builder/spi-builder-workspace/.derivedData/Build/Intermediates.noindex/DeepLink.build/Debug/DeepLinkPlugin-t.build/Objects-normal/arm64/DeepLinkPlugin.SwiftFileList (in target 'DeepLinkPlugin' from project 'DeepLink')
cd /Users/admin/builder/spi-builder-workspace
write-file /Users/admin/builder/spi-builder-workspace/.derivedData/Build/Intermediates.noindex/DeepLink.build/Debug/DeepLinkPlugin-t.build/Objects-normal/arm64/DeepLinkPlugin.SwiftFileList
SwiftDriver DeepLinkPlugin normal arm64 com.apple.xcode.tools.swift.compiler (in target 'DeepLinkPlugin' from project 'DeepLink')
cd /Users/admin/builder/spi-builder-workspace/.swiftpm/xcode
builtin-SwiftDriver -- /Applications/Xcode-27.0.0-Release.Candidate.app/Contents/Developer/Toolchains/XcodeDefault.xctoolchain/usr/bin/swiftc -parse-as-library -module-name DeepLinkPlugin -Onone @/Users/admin/builder/spi-builder-workspace/.derivedData/Build/Intermediates.noindex/DeepLink.build/Debug/DeepLinkPlugin-t.build/Objects-normal/arm64/DeepLinkPlugin.SwiftFileList -DSWIFT_PACKAGE -DDEBUG -Xcc -fmodule-map-file\=/Users/admin/builder/spi-builder-workspace/.dependencies/checkouts/swift-syntax/Sources/_SwiftSyntaxCShims/include/module.modulemap -DXcode -enable-experimental-feature StrictConcurrency -plugin-path /Applications/Xcode-27.0.0-Release.Candidate.app/Contents/Developer/Toolchains/XcodeDefault.xctoolchain/usr/lib/swift/host/plugins/testing -enable-experimental-feature DebugDescriptionMacro -sdk /Applications/Xcode-27.0.0-Release.Candidate.app/Contents/Developer/Platforms/MacOSX.platform/Developer/SDKs/MacOSX27.0.sdk -target arm64-apple-macos12.0 -g -module-cache-path /Users/admin/builder/spi-builder-workspace/.derivedData/ModuleCache.noindex -Xfrontend -serialize-debugging-options -profile-coverage-mapping -profile-generate -enable-testing -index-store-path /Users/admin/builder/spi-builder-workspace/.derivedData/Index.noindex/DataStore -Xcc -D_LIBCPP_HARDENING_MODE\=_LIBCPP_HARDENING_MODE_DEBUG -swift-version 5 -I /Users/admin/builder/spi-builder-workspace/.derivedData/Build/Products/Debug -Isystem /Applications/Xcode-27.0.0-Release.Candidate.app/Contents/Developer/Platforms/MacOSX.platform/Developer/usr/lib -F /Users/admin/builder/spi-builder-workspace/.derivedData/Build/Products/Debug/PackageFrameworks -F /Users/admin/builder/spi-builder-workspace/.derivedData/Build/Products/Debug -F /Applications/Xcode-27.0.0-Release.Candidate.app/Contents/Developer/Platforms/MacOSX.platform/Developer/Library/Frameworks -c -j10 -enable-batch-mode -incremental -Xcc -ivfsstatcache -Xcc /Users/admin/builder/spi-builder-workspace/.derivedData/SDKStatCaches.noindex/macosx27.0-26A425-e829b21a6f8c9b70876ba0858053c0446a22442a12e9d48fe1a705f55a1adfc4.sdkstatcache -output-file-map /Users/admin/builder/spi-builder-workspace/.derivedData/Build/Intermediates.noindex/DeepLink.build/Debug/DeepLinkPlugin-t.build/Objects-normal/arm64/DeepLinkPlugin-OutputFileMap.json -save-temps -no-color-diagnostics -explicit-module-build -module-cache-path /Users/admin/builder/spi-builder-workspace/.derivedData/Build/Intermediates.noindex/SwiftExplicitPrecompiledModules -clang-scanner-module-cache-path /Users/admin/builder/spi-builder-workspace/.derivedData/ModuleCache.noindex -sdk-module-cache-path /Users/admin/builder/spi-builder-workspace/.derivedData/SDKExplicitPrecompiledModules -emit-dependencies -emit-module -emit-module-path /Users/admin/builder/spi-builder-workspace/.derivedData/Build/Intermediates.noindex/DeepLink.build/Debug/DeepLinkPlugin-t.build/Objects-normal/arm64/DeepLinkPlugin.swiftmodule -serialize-diagnostics -dependency-scan-serialize-diagnostics-path /Users/admin/builder/spi-builder-workspace/.derivedData/Build/Intermediates.noindex/DeepLink.build/Debug/DeepLinkPlugin-t.build/Objects-normal/arm64/DeepLinkPlugin-dependency-scan.dia -validate-clang-modules-once -clang-build-session-file /Users/admin/builder/spi-builder-workspace/.derivedData/ModuleCache.noindex/Session.modulevalidation -Xcc -fmodules-prune-interval\=86400 -Xcc -fmodules-prune-after\=345600 -package-name spi_builder_workspace -emit-const-values -const-gather-protocols-list /Users/admin/builder/spi-builder-workspace/.derivedData/Build/Intermediates.noindex/DeepLink.build/Debug/DeepLinkPlugin-t.build/Objects-normal/arm64/DeepLinkPlugin_const_extract_protocols.json -Xcc -I/Users/admin/builder/spi-builder-workspace/.dependencies/checkouts/swift-syntax/Sources/_SwiftSyntaxCShims/include -Xcc -I/Users/admin/builder/spi-builder-workspace/.derivedData/Build/Products/Debug/include -Xcc -I/Users/admin/builder/spi-builder-workspace/.derivedData/Build/Intermediates.noindex/DeepLink.build/Debug/DeepLinkPlugin-t.build/DerivedSources-normal/arm64 -Xcc -I/Users/admin/builder/spi-builder-workspace/.derivedData/Build/Intermediates.noindex/DeepLink.build/Debug/DeepLinkPlugin-t.build/DerivedSources/arm64 -Xcc -I/Users/admin/builder/spi-builder-workspace/.derivedData/Build/Intermediates.noindex/DeepLink.build/Debug/DeepLinkPlugin-t.build/DerivedSources -Xcc -DSWIFT_PACKAGE -Xcc -DDEBUG\=1 -working-directory /Users/admin/builder/spi-builder-workspace/.swiftpm/xcode -experimental-emit-module-separately -disable-cmo
/Users/admin/builder/spi-builder-workspace/Sources/DeepLinkPlugin/TypedStringURLComponent.swift:14:18: warning: TODO: Fix when multiple protocols are provided (in target 'DeepLinkPlugin' from project 'DeepLink')
SwiftExplicitDependencyGeneratePcm arm64 /Users/admin/builder/spi-builder-workspace/.derivedData/SDKExplicitPrecompiledModules/ptrcheck-DHLCBWKPNUZOYTPJ1J3QVTCXK.pcm
SwiftExplicitDependencyGeneratePcm arm64 /Users/admin/builder/spi-builder-workspace/.derivedData/SDKExplicitPrecompiledModules/_Builtin_float-105CRCDRP90FQCQO5ZX1LHV7H.pcm
SwiftExplicitDependencyGeneratePcm arm64 /Users/admin/builder/spi-builder-workspace/.derivedData/SDKExplicitPrecompiledModules/_Builtin_stddef-3GI9GOKXSW3QCTFOI1USFLDZO.pcm
SwiftExplicitDependencyGeneratePcm arm64 /Users/admin/builder/spi-builder-workspace/.derivedData/SDKExplicitPrecompiledModules/_Builtin_stdbool-KYV2HKP8IKLKMKQS9DGA2GUQ.pcm
SwiftExplicitDependencyGeneratePcm arm64 /Users/admin/builder/spi-builder-workspace/.derivedData/SDKExplicitPrecompiledModules/_Builtin_stdarg-7CFWA9OSW5N24E7PG4ZOCF1VH.pcm
SwiftExplicitDependencyGeneratePcm arm64 /Users/admin/builder/spi-builder-workspace/.derivedData/SDKExplicitPrecompiledModules/ptrauth-2W92ZJRLNJU99RJUQGGJG3OC3.pcm
SwiftExplicitDependencyGeneratePcm arm64 /Users/admin/builder/spi-builder-workspace/.derivedData/SDKExplicitPrecompiledModules/_AvailabilityInternal-CJTV5E7EL3MWRA437DUFPBVN2.pcm
SwiftExplicitDependencyGeneratePcm arm64 /Users/admin/builder/spi-builder-workspace/.derivedData/SDKExplicitPrecompiledModules/_SwiftConcurrencyShims-BLUUWKI6AGMD7TJ4RGYS7DP6T.pcm
SwiftExplicitDependencyGeneratePcm arm64 /Users/admin/builder/spi-builder-workspace/.derivedData/SDKExplicitPrecompiledModules/SwiftShims-C4V0DQ62WSTCYBYGILXXGQNO3.pcm
SwiftExplicitDependencyGeneratePcm arm64 /Users/admin/builder/spi-builder-workspace/.derivedData/SDKExplicitPrecompiledModules/_DarwinFoundation1-7PRJIG163YE9KSKYA3BS35ZZP.pcm
SwiftExplicitDependencyGeneratePcm arm64 /Users/admin/builder/spi-builder-workspace/.derivedData/SDKExplicitPrecompiledModules/_Builtin_limits-AXGUGXBFPC0I7QDLJFB0K341Y.pcm
SwiftExplicitDependencyGeneratePcm arm64 /Users/admin/builder/spi-builder-workspace/.derivedData/SDKExplicitPrecompiledModules/_DarwinFoundation2-94WUUGE4H5R03OWXE0QFZX1DN.pcm
SwiftExplicitDependencyGeneratePcm arm64 /Users/admin/builder/spi-builder-workspace/.derivedData/SDKExplicitPrecompiledModules/_Builtin_stdint-22CBBOK8BNSF0UELDCAXSHGB.pcm
SwiftExplicitDependencyGeneratePcm arm64 /Users/admin/builder/spi-builder-workspace/.derivedData/SDKExplicitPrecompiledModules/string_h-10WPXBF3YFYMX5HUAW06LSABR.pcm
SwiftExplicitDependencyGeneratePcm arm64 /Users/admin/builder/spi-builder-workspace/.derivedData/SDKExplicitPrecompiledModules/sys_types-F4RNCN6UR5R5OWTLTOUM7TN3E.pcm
SwiftExplicitDependencyGeneratePcm arm64 /Users/admin/builder/spi-builder-workspace/.derivedData/SDKExplicitPrecompiledModules/_Builtin_stdatomic-8LN7S35C6I48KJOCW7VPXX04X.pcm
SwiftExplicitDependencyGeneratePcm arm64 /Users/admin/builder/spi-builder-workspace/.derivedData/SDKExplicitPrecompiledModules/libDER-5RCYOD0PCUUY2UGMBNE9LI8N9.pcm
SwiftExplicitDependencyGeneratePcm arm64 /Users/admin/builder/spi-builder-workspace/.derivedData/SDKExplicitPrecompiledModules/_DarwinFoundation3-32PO5Q4RCB6WXH5VFO3HA3AVS.pcm
SwiftExplicitDependencyGeneratePcm arm64 /Users/admin/builder/spi-builder-workspace/.derivedData/Build/Intermediates.noindex/SwiftExplicitPrecompiledModules/_SwiftSyntaxCShims-2QTB1OKFQBGHP8A5205JAEZJX.pcm
SwiftExplicitDependencyGeneratePcm arm64 /Users/admin/builder/spi-builder-workspace/.derivedData/SDKExplicitPrecompiledModules/_Builtin_inttypes-1U6AP9A8AJ4G9WD98E9RHLGTJ.pcm
SwiftExplicitDependencyGeneratePcm arm64 /Users/admin/builder/spi-builder-workspace/.derivedData/SDKExplicitPrecompiledModules/Darwin-1RAAWNGKQM8YGHV0YJNNN5YDY.pcm
SwiftExplicitDependencyGeneratePcm arm64 /Users/admin/builder/spi-builder-workspace/.derivedData/SDKExplicitPrecompiledModules/MachO-AWTJ65TFR7TMST2NUE6ZCC1SL.pcm
SwiftExplicitDependencyGeneratePcm arm64 /Users/admin/builder/spi-builder-workspace/.derivedData/SDKExplicitPrecompiledModules/launch-2XAORMJNLLVS0OVKC1M0752GY.pcm
SwiftExplicitDependencyGeneratePcm arm64 /Users/admin/builder/spi-builder-workspace/.derivedData/SDKExplicitPrecompiledModules/libkern-22MDXN9G35RPO3OLKX9B2PN16.pcm
SwiftExplicitDependencyGeneratePcm arm64 /Users/admin/builder/spi-builder-workspace/.derivedData/SDKExplicitPrecompiledModules/ObjectiveC-B89IQP2TC4CFSWOUMTUZRI1VZ.pcm
SwiftExplicitDependencyGeneratePcm arm64 /Users/admin/builder/spi-builder-workspace/.derivedData/SDKExplicitPrecompiledModules/os_object-3KLCCI03OX6OQTLJ92KQH2KIO.pcm
SwiftExplicitDependencyGeneratePcm arm64 /Users/admin/builder/spi-builder-workspace/.derivedData/SDKExplicitPrecompiledModules/os_workgroup-10SJ5M8R2OB4BG1TPFL9SZMKV.pcm
SwiftExplicitDependencyGeneratePcm arm64 /Users/admin/builder/spi-builder-workspace/.derivedData/SDKExplicitPrecompiledModules/Dispatch-NAMWF9KN29KC7Z5OS3TTTAE8.pcm
SwiftExplicitDependencyGeneratePcm arm64 /Users/admin/builder/spi-builder-workspace/.derivedData/SDKExplicitPrecompiledModules/XPC-E1MSAZG4ZNL24S2WK6K6Y7GWW.pcm
SwiftExplicitDependencyGeneratePcm arm64 /Users/admin/builder/spi-builder-workspace/.derivedData/SDKExplicitPrecompiledModules/CoreFoundation-4ZIITQ30SOGUQE8KJAB99ZV0Q.pcm
SwiftExplicitDependencyGeneratePcm arm64 /Users/admin/builder/spi-builder-workspace/.derivedData/SDKExplicitPrecompiledModules/os-BYOEVK2GEMB4Q8WWHGZGREA00.pcm
SwiftExplicitDependencyGeneratePcm arm64 /Users/admin/builder/spi-builder-workspace/.derivedData/SDKExplicitPrecompiledModules/CFNetwork-CVHS5CT20191MFYXQIEDWSRGJ.pcm
SwiftExplicitDependencyGeneratePcm arm64 /Users/admin/builder/spi-builder-workspace/.derivedData/SDKExplicitPrecompiledModules/Security-ESPJ7FP0YAY1EL3VXBGY9MCZ8.pcm
SwiftExplicitDependencyGeneratePcm arm64 /Users/admin/builder/spi-builder-workspace/.derivedData/SDKExplicitPrecompiledModules/IOKit-6H3X691EDBH124EYTC2PEOP5T.pcm
SwiftExplicitDependencyGeneratePcm arm64 /Users/admin/builder/spi-builder-workspace/.derivedData/SDKExplicitPrecompiledModules/DiskArbitration-ZNZZU7T0SYELB0DAR56WQF0R.pcm
SwiftExplicitDependencyGeneratePcm arm64 /Users/admin/builder/spi-builder-workspace/.derivedData/SDKExplicitPrecompiledModules/CoreServices-CGCGY0FOMEQGSNMO3HQSC09XU.pcm
SwiftExplicitDependencyGeneratePcm arm64 /Users/admin/builder/spi-builder-workspace/.derivedData/SDKExplicitPrecompiledModules/Foundation-44WR0NU86C67CV5BW8W1MGKNG.pcm
SwiftEmitModule normal arm64 Emitting\ module\ for\ DeepLinkPlugin (in target 'DeepLinkPlugin' from project 'DeepLink')
SwiftCompile normal arm64 (in target 'DeepLinkPlugin' from project 'DeepLink')
cd /Users/admin/builder/spi-builder-workspace/.swiftpm/xcode
/Users/admin/builder/spi-builder-workspace/Sources/DeepLinkPlugin/DeepLink.swift:6:15: warning: deprecated default implementation is used to satisfy static method 'expansion(of:providingMembersOf:conformingTo:in:)' required by protocol 'MemberMacro': `MemberMacro` conformance should implement the `expansion` function that takes a `conformingTo` parameter [#DeprecatedDeclaration]
4 | import SwiftSyntaxMacros
5 |
6 | public struct DeepLink: MemberMacro {
| `- warning: deprecated default implementation is used to satisfy static method 'expansion(of:providingMembersOf:conformingTo:in:)' required by protocol 'MemberMacro': `MemberMacro` conformance should implement the `expansion` function that takes a `conformingTo` parameter [#DeprecatedDeclaration]
7 | public static func expansion(
8 | of node: AttributeSyntax,
SwiftSyntaxMacros.MemberMacro.expansion:3:22: note: 'expansion(of:providingMembersOf:conformingTo:in:)' declared here
1 | protocol MemberMacro {
2 | @available(*, deprecated, message: "`MemberMacro` conformance should implement the `expansion` function that takes a `conformingTo` parameter")
3 | public static func expansion(of node: SwiftSyntax.AttributeSyntax, providingMembersOf declaration: some SwiftSyntax.DeclGroupSyntax, conformingTo protocols: [SwiftSyntax.TypeSyntax], in context: some SwiftSyntaxMacros.MacroExpansionContext) throws -> [SwiftSyntax.DeclSyntax]}
| `- note: 'expansion(of:providingMembersOf:conformingTo:in:)' declared here
4 |
SwiftSyntaxMacros.MemberMacro.expansion:2:13: note: requirement 'expansion(of:providingMembersOf:conformingTo:in:)' declared here
1 | protocol MemberMacro {
2 | static func expansion(of node: SwiftSyntax.AttributeSyntax, providingMembersOf declaration: some SwiftSyntax.DeclGroupSyntax, conformingTo protocols: [SwiftSyntax.TypeSyntax], in context: some SwiftSyntaxMacros.MacroExpansionContext) throws -> [SwiftSyntax.DeclSyntax]}
| `- note: requirement 'expansion(of:providingMembersOf:conformingTo:in:)' declared here
3 |
/Users/admin/builder/spi-builder-workspace/Sources/DeepLinkPlugin/TypedStringURLComponent.swift:6:15: warning: deprecated default implementation is used to satisfy static method 'expansion(of:providingMembersOf:conformingTo:in:)' required by protocol 'MemberMacro': `MemberMacro` conformance should implement the `expansion` function that takes a `conformingTo` parameter [#DeprecatedDeclaration]
4 | import SwiftSyntaxMacros
5 |
6 | public struct TypedStringURLComponent: ExtensionMacro, MemberMacro {
| `- warning: deprecated default implementation is used to satisfy static method 'expansion(of:providingMembersOf:conformingTo:in:)' required by protocol 'MemberMacro': `MemberMacro` conformance should implement the `expansion` function that takes a `conformingTo` parameter [#DeprecatedDeclaration]
7 | public static func expansion(
8 | of node: AttributeSyntax,
SwiftSyntaxMacros.MemberMacro.expansion:3:22: note: 'expansion(of:providingMembersOf:conformingTo:in:)' declared here
1 | protocol MemberMacro {
2 | @available(*, deprecated, message: "`MemberMacro` conformance should implement the `expansion` function that takes a `conformingTo` parameter")
3 | public static func expansion(of node: SwiftSyntax.AttributeSyntax, providingMembersOf declaration: some SwiftSyntax.DeclGroupSyntax, conformingTo protocols: [SwiftSyntax.TypeSyntax], in context: some SwiftSyntaxMacros.MacroExpansionContext) throws -> [SwiftSyntax.DeclSyntax]}
| `- note: 'expansion(of:providingMembersOf:conformingTo:in:)' declared here
4 |
SwiftSyntaxMacros.MemberMacro.expansion:2:13: note: requirement 'expansion(of:providingMembersOf:conformingTo:in:)' declared here
1 | protocol MemberMacro {
2 | static func expansion(of node: SwiftSyntax.AttributeSyntax, providingMembersOf declaration: some SwiftSyntax.DeclGroupSyntax, conformingTo protocols: [SwiftSyntax.TypeSyntax], in context: some SwiftSyntaxMacros.MacroExpansionContext) throws -> [SwiftSyntax.DeclSyntax]}
| `- note: requirement 'expansion(of:providingMembersOf:conformingTo:in:)' declared here
3 |
[#DeprecatedDeclaration]: <https://docs.swift.org/compiler/documentation/diagnostics/deprecated-declaration>
SwiftCompile normal arm64 Compiling\ QueryItem.swift /Users/admin/builder/spi-builder-workspace/Sources/DeepLinkPlugin/QueryItem.swift (in target 'DeepLinkPlugin' from project 'DeepLink')
SwiftCompile normal arm64 /Users/admin/builder/spi-builder-workspace/Sources/DeepLinkPlugin/QueryItem.swift (in target 'DeepLinkPlugin' from project 'DeepLink')
cd /Users/admin/builder/spi-builder-workspace/.swiftpm/xcode
builtin-SwiftPerFileCompile QueryItem.swift
SwiftCompile normal arm64 Compiling\ User.swift /Users/admin/builder/spi-builder-workspace/Sources/DeepLinkPlugin/User.swift (in target 'DeepLinkPlugin' from project 'DeepLink')
SwiftCompile normal arm64 /Users/admin/builder/spi-builder-workspace/Sources/DeepLinkPlugin/User.swift (in target 'DeepLinkPlugin' from project 'DeepLink')
cd /Users/admin/builder/spi-builder-workspace/.swiftpm/xcode
builtin-SwiftPerFileCompile User.swift
SwiftCompile normal arm64 Compiling\ TypedStringURLComponent.swift /Users/admin/builder/spi-builder-workspace/Sources/DeepLinkPlugin/TypedStringURLComponent.swift (in target 'DeepLinkPlugin' from project 'DeepLink')
SwiftCompile normal arm64 /Users/admin/builder/spi-builder-workspace/Sources/DeepLinkPlugin/TypedStringURLComponent.swift (in target 'DeepLinkPlugin' from project 'DeepLink')
cd /Users/admin/builder/spi-builder-workspace/.swiftpm/xcode
builtin-SwiftPerFileCompile TypedStringURLComponent.swift
/Users/admin/builder/spi-builder-workspace/Sources/DeepLinkPlugin/TypedStringURLComponent.swift:14:18: warning: TODO: Fix when multiple protocols are provided
12 | in context: some MacroExpansionContext
13 | ) throws -> [ExtensionDeclSyntax] {
14 | #warning("TODO: Fix when multiple protocols are provided")
| `- warning: TODO: Fix when multiple protocols are provided
15 | return protocols.map { `protocol` in
16 | ExtensionDeclSyntax(
/Users/admin/builder/spi-builder-workspace/Sources/DeepLinkPlugin/TypedStringURLComponent.swift:6:15: warning: deprecated default implementation is used to satisfy static method 'expansion(of:providingMembersOf:conformingTo:in:)' required by protocol 'MemberMacro': `MemberMacro` conformance should implement the `expansion` function that takes a `conformingTo` parameter [#DeprecatedDeclaration]
4 | import SwiftSyntaxMacros
5 |
6 | public struct TypedStringURLComponent: ExtensionMacro, MemberMacro {
| `- warning: deprecated default implementation is used to satisfy static method 'expansion(of:providingMembersOf:conformingTo:in:)' required by protocol 'MemberMacro': `MemberMacro` conformance should implement the `expansion` function that takes a `conformingTo` parameter [#DeprecatedDeclaration]
7 | public static func expansion(
8 | of node: AttributeSyntax,
SwiftSyntaxMacros.MemberMacro.expansion:3:22: note: 'expansion(of:providingMembersOf:conformingTo:in:)' declared here
1 | protocol MemberMacro {
2 | @available(*, deprecated, message: "`MemberMacro` conformance should implement the `expansion` function that takes a `conformingTo` parameter")
3 | public static func expansion(of node: SwiftSyntax.AttributeSyntax, providingMembersOf declaration: some SwiftSyntax.DeclGroupSyntax, conformingTo protocols: [SwiftSyntax.TypeSyntax], in context: some SwiftSyntaxMacros.MacroExpansionContext) throws -> [SwiftSyntax.DeclSyntax]}
| `- note: 'expansion(of:providingMembersOf:conformingTo:in:)' declared here
4 |
SwiftSyntaxMacros.MemberMacro.expansion:2:13: note: requirement 'expansion(of:providingMembersOf:conformingTo:in:)' declared here
1 | protocol MemberMacro {
2 | static func expansion(of node: SwiftSyntax.AttributeSyntax, providingMembersOf declaration: some SwiftSyntax.DeclGroupSyntax, conformingTo protocols: [SwiftSyntax.TypeSyntax], in context: some SwiftSyntaxMacros.MacroExpansionContext) throws -> [SwiftSyntax.DeclSyntax]}
| `- note: requirement 'expansion(of:providingMembersOf:conformingTo:in:)' declared here
3 |
[#DeprecatedDeclaration]: <https://docs.swift.org/compiler/documentation/diagnostics/deprecated-declaration>
SwiftCompile normal arm64 Compiling\ QueryItems.swift /Users/admin/builder/spi-builder-workspace/Sources/DeepLinkPlugin/QueryItems.swift (in target 'DeepLinkPlugin' from project 'DeepLink')
SwiftCompile normal arm64 /Users/admin/builder/spi-builder-workspace/Sources/DeepLinkPlugin/QueryItems.swift (in target 'DeepLinkPlugin' from project 'DeepLink')
cd /Users/admin/builder/spi-builder-workspace/.swiftpm/xcode
builtin-SwiftPerFileCompile QueryItems.swift
SwiftCompile normal arm64 Compiling\ Property.swift /Users/admin/builder/spi-builder-workspace/Sources/DeepLinkPlugin/Property.swift (in target 'DeepLinkPlugin' from project 'DeepLink')
SwiftCompile normal arm64 /Users/admin/builder/spi-builder-workspace/Sources/DeepLinkPlugin/Property.swift (in target 'DeepLinkPlugin' from project 'DeepLink')
cd /Users/admin/builder/spi-builder-workspace/.swiftpm/xcode
builtin-SwiftPerFileCompile Property.swift
SwiftCompile normal arm64 Compiling\ Host.swift /Users/admin/builder/spi-builder-workspace/Sources/DeepLinkPlugin/Host.swift (in target 'DeepLinkPlugin' from project 'DeepLink')
SwiftCompile normal arm64 /Users/admin/builder/spi-builder-workspace/Sources/DeepLinkPlugin/Host.swift (in target 'DeepLinkPlugin' from project 'DeepLink')
cd /Users/admin/builder/spi-builder-workspace/.swiftpm/xcode
builtin-SwiftPerFileCompile Host.swift
SwiftCompile normal arm64 Compiling\ DeepLinkPlugin.swift /Users/admin/builder/spi-builder-workspace/Sources/DeepLinkPlugin/DeepLinkPlugin.swift (in target 'DeepLinkPlugin' from project 'DeepLink')
SwiftCompile normal arm64 /Users/admin/builder/spi-builder-workspace/Sources/DeepLinkPlugin/DeepLinkPlugin.swift (in target 'DeepLinkPlugin' from project 'DeepLink')
cd /Users/admin/builder/spi-builder-workspace/.swiftpm/xcode
builtin-SwiftPerFileCompile DeepLinkPlugin.swift
SwiftCompile normal arm64 Compiling\ DeepLink.swift /Users/admin/builder/spi-builder-workspace/Sources/DeepLinkPlugin/DeepLink.swift (in target 'DeepLinkPlugin' from project 'DeepLink')
SwiftCompile normal arm64 /Users/admin/builder/spi-builder-workspace/Sources/DeepLinkPlugin/DeepLink.swift (in target 'DeepLinkPlugin' from project 'DeepLink')
cd /Users/admin/builder/spi-builder-workspace/.swiftpm/xcode
builtin-SwiftPerFileCompile DeepLink.swift
/Users/admin/builder/spi-builder-workspace/Sources/DeepLinkPlugin/DeepLink.swift:6:15: warning: deprecated default implementation is used to satisfy static method 'expansion(of:providingMembersOf:conformingTo:in:)' required by protocol 'MemberMacro': `MemberMacro` conformance should implement the `expansion` function that takes a `conformingTo` parameter [#DeprecatedDeclaration]
4 | import SwiftSyntaxMacros
5 |
6 | public struct DeepLink: MemberMacro {
| `- warning: deprecated default implementation is used to satisfy static method 'expansion(of:providingMembersOf:conformingTo:in:)' required by protocol 'MemberMacro': `MemberMacro` conformance should implement the `expansion` function that takes a `conformingTo` parameter [#DeprecatedDeclaration]
7 | public static func expansion(
8 | of node: AttributeSyntax,
SwiftSyntaxMacros.MemberMacro.expansion:3:22: note: 'expansion(of:providingMembersOf:conformingTo:in:)' declared here
1 | protocol MemberMacro {
2 | @available(*, deprecated, message: "`MemberMacro` conformance should implement the `expansion` function that takes a `conformingTo` parameter")
3 | public static func expansion(of node: SwiftSyntax.AttributeSyntax, providingMembersOf declaration: some SwiftSyntax.DeclGroupSyntax, conformingTo protocols: [SwiftSyntax.TypeSyntax], in context: some SwiftSyntaxMacros.MacroExpansionContext) throws -> [SwiftSyntax.DeclSyntax]}
| `- note: 'expansion(of:providingMembersOf:conformingTo:in:)' declared here
4 |
SwiftSyntaxMacros.MemberMacro.expansion:2:13: note: requirement 'expansion(of:providingMembersOf:conformingTo:in:)' declared here
1 | protocol MemberMacro {
2 | static func expansion(of node: SwiftSyntax.AttributeSyntax, providingMembersOf declaration: some SwiftSyntax.DeclGroupSyntax, conformingTo protocols: [SwiftSyntax.TypeSyntax], in context: some SwiftSyntaxMacros.MacroExpansionContext) throws -> [SwiftSyntax.DeclSyntax]}
| `- note: requirement 'expansion(of:providingMembersOf:conformingTo:in:)' declared here
3 |
[#DeprecatedDeclaration]: <https://docs.swift.org/compiler/documentation/diagnostics/deprecated-declaration>
SwiftCompile normal arm64 Compiling\ PathItem.swift /Users/admin/builder/spi-builder-workspace/Sources/DeepLinkPlugin/PathItem.swift (in target 'DeepLinkPlugin' from project 'DeepLink')
SwiftCompile normal arm64 /Users/admin/builder/spi-builder-workspace/Sources/DeepLinkPlugin/PathItem.swift (in target 'DeepLinkPlugin' from project 'DeepLink')
cd /Users/admin/builder/spi-builder-workspace/.swiftpm/xcode
builtin-SwiftPerFileCompile PathItem.swift
SwiftDriverJobDiscovery normal arm64 Emitting module for DeepLinkPlugin (in target 'DeepLinkPlugin' from project 'DeepLink')
SwiftDriver\ Compilation\ Requirements DeepLinkPlugin normal arm64 com.apple.xcode.tools.swift.compiler (in target 'DeepLinkPlugin' from project 'DeepLink')
cd /Users/admin/builder/spi-builder-workspace/.swiftpm/xcode
builtin-Swift-Compilation-Requirements -- /Applications/Xcode-27.0.0-Release.Candidate.app/Contents/Developer/Toolchains/XcodeDefault.xctoolchain/usr/bin/swiftc -parse-as-library -module-name DeepLinkPlugin -Onone @/Users/admin/builder/spi-builder-workspace/.derivedData/Build/Intermediates.noindex/DeepLink.build/Debug/DeepLinkPlugin-t.build/Objects-normal/arm64/DeepLinkPlugin.SwiftFileList -DSWIFT_PACKAGE -DDEBUG -Xcc -fmodule-map-file\=/Users/admin/builder/spi-builder-workspace/.dependencies/checkouts/swift-syntax/Sources/_SwiftSyntaxCShims/include/module.modulemap -DXcode -enable-experimental-feature StrictConcurrency -plugin-path /Applications/Xcode-27.0.0-Release.Candidate.app/Contents/Developer/Toolchains/XcodeDefault.xctoolchain/usr/lib/swift/host/plugins/testing -enable-experimental-feature DebugDescriptionMacro -sdk /Applications/Xcode-27.0.0-Release.Candidate.app/Contents/Developer/Platforms/MacOSX.platform/Developer/SDKs/MacOSX27.0.sdk -target arm64-apple-macos12.0 -g -module-cache-path /Users/admin/builder/spi-builder-workspace/.derivedData/ModuleCache.noindex -Xfrontend -serialize-debugging-options -profile-coverage-mapping -profile-generate -enable-testing -index-store-path /Users/admin/builder/spi-builder-workspace/.derivedData/Index.noindex/DataStore -Xcc -D_LIBCPP_HARDENING_MODE\=_LIBCPP_HARDENING_MODE_DEBUG -swift-version 5 -I /Users/admin/builder/spi-builder-workspace/.derivedData/Build/Products/Debug -Isystem /Applications/Xcode-27.0.0-Release.Candidate.app/Contents/Developer/Platforms/MacOSX.platform/Developer/usr/lib -F /Users/admin/builder/spi-builder-workspace/.derivedData/Build/Products/Debug/PackageFrameworks -F /Users/admin/builder/spi-builder-workspace/.derivedData/Build/Products/Debug -F /Applications/Xcode-27.0.0-Release.Candidate.app/Contents/Developer/Platforms/MacOSX.platform/Developer/Library/Frameworks -c -j10 -enable-batch-mode -incremental -Xcc -ivfsstatcache -Xcc /Users/admin/builder/spi-builder-workspace/.derivedData/SDKStatCaches.noindex/macosx27.0-26A425-e829b21a6f8c9b70876ba0858053c0446a22442a12e9d48fe1a705f55a1adfc4.sdkstatcache -output-file-map /Users/admin/builder/spi-builder-workspace/.derivedData/Build/Intermediates.noindex/DeepLink.build/Debug/DeepLinkPlugin-t.build/Objects-normal/arm64/DeepLinkPlugin-OutputFileMap.json -save-temps -no-color-diagnostics -explicit-module-build -module-cache-path /Users/admin/builder/spi-builder-workspace/.derivedData/Build/Intermediates.noindex/SwiftExplicitPrecompiledModules -clang-scanner-module-cache-path /Users/admin/builder/spi-builder-workspace/.derivedData/ModuleCache.noindex -sdk-module-cache-path /Users/admin/builder/spi-builder-workspace/.derivedData/SDKExplicitPrecompiledModules -emit-dependencies -emit-module -emit-module-path /Users/admin/builder/spi-builder-workspace/.derivedData/Build/Intermediates.noindex/DeepLink.build/Debug/DeepLinkPlugin-t.build/Objects-normal/arm64/DeepLinkPlugin.swiftmodule -serialize-diagnostics -dependency-scan-serialize-diagnostics-path /Users/admin/builder/spi-builder-workspace/.derivedData/Build/Intermediates.noindex/DeepLink.build/Debug/DeepLinkPlugin-t.build/Objects-normal/arm64/DeepLinkPlugin-dependency-scan.dia -validate-clang-modules-once -clang-build-session-file /Users/admin/builder/spi-builder-workspace/.derivedData/ModuleCache.noindex/Session.modulevalidation -Xcc -fmodules-prune-interval\=86400 -Xcc -fmodules-prune-after\=345600 -package-name spi_builder_workspace -emit-const-values -const-gather-protocols-list /Users/admin/builder/spi-builder-workspace/.derivedData/Build/Intermediates.noindex/DeepLink.build/Debug/DeepLinkPlugin-t.build/Objects-normal/arm64/DeepLinkPlugin_const_extract_protocols.json -Xcc -I/Users/admin/builder/spi-builder-workspace/.dependencies/checkouts/swift-syntax/Sources/_SwiftSyntaxCShims/include -Xcc -I/Users/admin/builder/spi-builder-workspace/.derivedData/Build/Products/Debug/include -Xcc -I/Users/admin/builder/spi-builder-workspace/.derivedData/Build/Intermediates.noindex/DeepLink.build/Debug/DeepLinkPlugin-t.build/DerivedSources-normal/arm64 -Xcc -I/Users/admin/builder/spi-builder-workspace/.derivedData/Build/Intermediates.noindex/DeepLink.build/Debug/DeepLinkPlugin-t.build/DerivedSources/arm64 -Xcc -I/Users/admin/builder/spi-builder-workspace/.derivedData/Build/Intermediates.noindex/DeepLink.build/Debug/DeepLinkPlugin-t.build/DerivedSources -Xcc -DSWIFT_PACKAGE -Xcc -DDEBUG\=1 -working-directory /Users/admin/builder/spi-builder-workspace/.swiftpm/xcode -experimental-emit-module-separately -disable-cmo
SwiftDriverJobDiscovery normal arm64 Compiling QueryItems.swift (in target 'DeepLinkPlugin' from project 'DeepLink')
SwiftDriverJobDiscovery normal arm64 Compiling Host.swift (in target 'DeepLinkPlugin' from project 'DeepLink')
SwiftDriverJobDiscovery normal arm64 Compiling QueryItem.swift (in target 'DeepLinkPlugin' from project 'DeepLink')
SwiftDriverJobDiscovery normal arm64 Compiling PathItem.swift (in target 'DeepLinkPlugin' from project 'DeepLink')
SwiftDriverJobDiscovery normal arm64 Compiling User.swift (in target 'DeepLinkPlugin' from project 'DeepLink')
SwiftDriverJobDiscovery normal arm64 Compiling DeepLinkPlugin.swift (in target 'DeepLinkPlugin' from project 'DeepLink')
SwiftDriverJobDiscovery normal arm64 Compiling Property.swift (in target 'DeepLinkPlugin' from project 'DeepLink')
SwiftDriverJobDiscovery normal arm64 Compiling TypedStringURLComponent.swift (in target 'DeepLinkPlugin' from project 'DeepLink')
SwiftDriverJobDiscovery normal arm64 Compiling DeepLink.swift (in target 'DeepLinkPlugin' from project 'DeepLink')
SwiftDriver\ Compilation DeepLinkPlugin normal arm64 com.apple.xcode.tools.swift.compiler (in target 'DeepLinkPlugin' from project 'DeepLink')
cd /Users/admin/builder/spi-builder-workspace/.swiftpm/xcode
builtin-Swift-Compilation -- /Applications/Xcode-27.0.0-Release.Candidate.app/Contents/Developer/Toolchains/XcodeDefault.xctoolchain/usr/bin/swiftc -parse-as-library -module-name DeepLinkPlugin -Onone @/Users/admin/builder/spi-builder-workspace/.derivedData/Build/Intermediates.noindex/DeepLink.build/Debug/DeepLinkPlugin-t.build/Objects-normal/arm64/DeepLinkPlugin.SwiftFileList -DSWIFT_PACKAGE -DDEBUG -Xcc -fmodule-map-file\=/Users/admin/builder/spi-builder-workspace/.dependencies/checkouts/swift-syntax/Sources/_SwiftSyntaxCShims/include/module.modulemap -DXcode -enable-experimental-feature StrictConcurrency -plugin-path /Applications/Xcode-27.0.0-Release.Candidate.app/Contents/Developer/Toolchains/XcodeDefault.xctoolchain/usr/lib/swift/host/plugins/testing -enable-experimental-feature DebugDescriptionMacro -sdk /Applications/Xcode-27.0.0-Release.Candidate.app/Contents/Developer/Platforms/MacOSX.platform/Developer/SDKs/MacOSX27.0.sdk -target arm64-apple-macos12.0 -g -module-cache-path /Users/admin/builder/spi-builder-workspace/.derivedData/ModuleCache.noindex -Xfrontend -serialize-debugging-options -profile-coverage-mapping -profile-generate -enable-testing -index-store-path /Users/admin/builder/spi-builder-workspace/.derivedData/Index.noindex/DataStore -Xcc -D_LIBCPP_HARDENING_MODE\=_LIBCPP_HARDENING_MODE_DEBUG -swift-version 5 -I /Users/admin/builder/spi-builder-workspace/.derivedData/Build/Products/Debug -Isystem /Applications/Xcode-27.0.0-Release.Candidate.app/Contents/Developer/Platforms/MacOSX.platform/Developer/usr/lib -F /Users/admin/builder/spi-builder-workspace/.derivedData/Build/Products/Debug/PackageFrameworks -F /Users/admin/builder/spi-builder-workspace/.derivedData/Build/Products/Debug -F /Applications/Xcode-27.0.0-Release.Candidate.app/Contents/Developer/Platforms/MacOSX.platform/Developer/Library/Frameworks -c -j10 -enable-batch-mode -incremental -Xcc -ivfsstatcache -Xcc /Users/admin/builder/spi-builder-workspace/.derivedData/SDKStatCaches.noindex/macosx27.0-26A425-e829b21a6f8c9b70876ba0858053c0446a22442a12e9d48fe1a705f55a1adfc4.sdkstatcache -output-file-map /Users/admin/builder/spi-builder-workspace/.derivedData/Build/Intermediates.noindex/DeepLink.build/Debug/DeepLinkPlugin-t.build/Objects-normal/arm64/DeepLinkPlugin-OutputFileMap.json -save-temps -no-color-diagnostics -explicit-module-build -module-cache-path /Users/admin/builder/spi-builder-workspace/.derivedData/Build/Intermediates.noindex/SwiftExplicitPrecompiledModules -clang-scanner-module-cache-path /Users/admin/builder/spi-builder-workspace/.derivedData/ModuleCache.noindex -sdk-module-cache-path /Users/admin/builder/spi-builder-workspace/.derivedData/SDKExplicitPrecompiledModules -emit-dependencies -emit-module -emit-module-path /Users/admin/builder/spi-builder-workspace/.derivedData/Build/Intermediates.noindex/DeepLink.build/Debug/DeepLinkPlugin-t.build/Objects-normal/arm64/DeepLinkPlugin.swiftmodule -serialize-diagnostics -dependency-scan-serialize-diagnostics-path /Users/admin/builder/spi-builder-workspace/.derivedData/Build/Intermediates.noindex/DeepLink.build/Debug/DeepLinkPlugin-t.build/Objects-normal/arm64/DeepLinkPlugin-dependency-scan.dia -validate-clang-modules-once -clang-build-session-file /Users/admin/builder/spi-builder-workspace/.derivedData/ModuleCache.noindex/Session.modulevalidation -Xcc -fmodules-prune-interval\=86400 -Xcc -fmodules-prune-after\=345600 -package-name spi_builder_workspace -emit-const-values -const-gather-protocols-list /Users/admin/builder/spi-builder-workspace/.derivedData/Build/Intermediates.noindex/DeepLink.build/Debug/DeepLinkPlugin-t.build/Objects-normal/arm64/DeepLinkPlugin_const_extract_protocols.json -Xcc -I/Users/admin/builder/spi-builder-workspace/.dependencies/checkouts/swift-syntax/Sources/_SwiftSyntaxCShims/include -Xcc -I/Users/admin/builder/spi-builder-workspace/.derivedData/Build/Products/Debug/include -Xcc -I/Users/admin/builder/spi-builder-workspace/.derivedData/Build/Intermediates.noindex/DeepLink.build/Debug/DeepLinkPlugin-t.build/DerivedSources-normal/arm64 -Xcc -I/Users/admin/builder/spi-builder-workspace/.derivedData/Build/Intermediates.noindex/DeepLink.build/Debug/DeepLinkPlugin-t.build/DerivedSources/arm64 -Xcc -I/Users/admin/builder/spi-builder-workspace/.derivedData/Build/Intermediates.noindex/DeepLink.build/Debug/DeepLinkPlugin-t.build/DerivedSources -Xcc -DSWIFT_PACKAGE -Xcc -DDEBUG\=1 -working-directory /Users/admin/builder/spi-builder-workspace/.swiftpm/xcode -experimental-emit-module-separately -disable-cmo
Ld /Users/admin/builder/spi-builder-workspace/.derivedData/Build/Products/Debug/DeepLinkPlugin normal (in target 'DeepLinkPlugin' from project 'DeepLink')
cd /Users/admin/builder/spi-builder-workspace
/Applications/Xcode-27.0.0-Release.Candidate.app/Contents/Developer/Toolchains/XcodeDefault.xctoolchain/usr/bin/swiftc -Xlinker -reproducible -target arm64-apple-macos12.0 -emit-executable -sdk /Applications/Xcode-27.0.0-Release.Candidate.app/Contents/Developer/Platforms/MacOSX.platform/Developer/SDKs/MacOSX27.0.sdk -Xlinker -no_warn_duplicate_libraries -L/Users/admin/builder/spi-builder-workspace/.derivedData/Build/Intermediates.noindex/EagerLinkingTBDs/Debug -L/Users/admin/builder/spi-builder-workspace/.derivedData/Build/Products/Debug -L/Applications/Xcode-27.0.0-Release.Candidate.app/Contents/Developer/Platforms/MacOSX.platform/Developer/usr/lib -F/Users/admin/builder/spi-builder-workspace/.derivedData/Build/Intermediates.noindex/EagerLinkingTBDs/Debug -F/Users/admin/builder/spi-builder-workspace/.derivedData/Build/Products/Debug/PackageFrameworks -F/Users/admin/builder/spi-builder-workspace/.derivedData/Build/Products/Debug -Fsystem /Applications/Xcode-27.0.0-Release.Candidate.app/Contents/Developer/Platforms/MacOSX.platform/Developer/Library/Frameworks @/Users/admin/builder/spi-builder-workspace/.derivedData/Build/Intermediates.noindex/DeepLink.build/Debug/DeepLinkPlugin-t.build/Objects-normal/arm64/DeepLinkPlugin.LinkFileList -Xlinker -rpath -Xlinker /usr/lib/swift -Xlinker -rpath -Xlinker @loader_path -Xlinker -rpath -Xlinker /Users/admin/builder/spi-builder-workspace/.derivedData/Build/Products/Debug/PackageFrameworks -Xlinker -object_path_lto -Xlinker /Users/admin/builder/spi-builder-workspace/.derivedData/Build/Intermediates.noindex/DeepLink.build/Debug/DeepLinkPlugin-t.build/Objects-normal/arm64/DeepLinkPlugin_lto.o -Xclang-linker -rdynamic -Xlinker -no_deduplicate -Xlinker -debug_variant -Xlinker -dependency_info -Xlinker /Users/admin/builder/spi-builder-workspace/.derivedData/Build/Intermediates.noindex/DeepLink.build/Debug/DeepLinkPlugin-t.build/Objects-normal/arm64/DeepLinkPlugin_dependency_info.dat -link-objc-runtime -profile-generate -L/Applications/Xcode-27.0.0-Release.Candidate.app/Contents/Developer/Toolchains/XcodeDefault.xctoolchain/usr/lib/swift/macosx -L/usr/lib/swift -Xlinker -add_ast_path -Xlinker /Users/admin/builder/spi-builder-workspace/.derivedData/Build/Intermediates.noindex/DeepLink.build/Debug/DeepLinkPlugin-t.build/Objects-normal/arm64/DeepLinkPlugin.swiftmodule -o /Users/admin/builder/spi-builder-workspace/.derivedData/Build/Products/Debug/DeepLinkPlugin -no-stdlib-rpath
RegisterExecutionPolicyException /Users/admin/builder/spi-builder-workspace/.derivedData/Build/Products/Debug/DeepLinkPlugin (in target 'DeepLinkPlugin' from project 'DeepLink')
cd /Users/admin/builder/spi-builder-workspace
builtin-RegisterExecutionPolicyException /Users/admin/builder/spi-builder-workspace/.derivedData/Build/Products/Debug/DeepLinkPlugin
SwiftDriver DeepLink normal arm64 com.apple.xcode.tools.swift.compiler (in target 'DeepLink' from project 'DeepLink')
cd /Users/admin/builder/spi-builder-workspace/.swiftpm/xcode
builtin-SwiftDriver -- /Applications/Xcode-27.0.0-Release.Candidate.app/Contents/Developer/Toolchains/XcodeDefault.xctoolchain/usr/bin/swiftc -parse-as-library -module-name DeepLink -Onone @/Users/admin/builder/spi-builder-workspace/.derivedData/Build/Intermediates.noindex/DeepLink.build/Debug-xros/DeepLink-t.build/Objects-normal/arm64/DeepLink.SwiftFileList -DSWIFT_PACKAGE -DDEBUG -DSWIFT_MODULE_RESOURCE_BUNDLE_UNAVAILABLE -DXcode -enable-experimental-feature StrictConcurrency -plugin-path /Applications/Xcode-27.0.0-Release.Candidate.app/Contents/Developer/Toolchains/XcodeDefault.xctoolchain/usr/lib/swift/host/plugins/testing -enable-experimental-feature DebugDescriptionMacro -sdk /Applications/Xcode-27.0.0-Release.Candidate.app/Contents/Developer/Platforms/XROS.platform/Developer/SDKs/XROS27.0.sdk -target arm64-apple-xros1.0 -g -module-cache-path /Users/admin/builder/spi-builder-workspace/.derivedData/ModuleCache.noindex -Xfrontend -serialize-debugging-options -profile-coverage-mapping -profile-generate -enable-testing -index-store-path /Users/admin/builder/spi-builder-workspace/.derivedData/Index.noindex/DataStore -Xcc -D_LIBCPP_HARDENING_MODE\=_LIBCPP_HARDENING_MODE_DEBUG -swift-version 5 -I /Users/admin/builder/spi-builder-workspace/.derivedData/Build/Products/Debug-xros -Isystem /Applications/Xcode-27.0.0-Release.Candidate.app/Contents/Developer/Platforms/XROS.platform/Developer/usr/lib -F /Users/admin/builder/spi-builder-workspace/.derivedData/Build/Products/Debug-xros -F /Applications/Xcode-27.0.0-Release.Candidate.app/Contents/Developer/Platforms/XROS.platform/Developer/Library/Frameworks -F /Applications/Xcode-27.0.0-Release.Candidate.app/Contents/Developer/Platforms/XROS.platform/Developer/SDKs/XROS27.0.sdk/Developer/Library/Frameworks -Xfrontend -load-plugin-executable -Xfrontend /Users/admin/builder/spi-builder-workspace/.derivedData/Build/Products/Debug/DeepLinkPlugin\#DeepLinkPlugin -c -j10 -enable-batch-mode -incremental -Xcc -ivfsstatcache -Xcc /Users/admin/builder/spi-builder-workspace/.derivedData/SDKStatCaches.noindex/xros27.0-24M361-e829b21a6f8c9b70876ba0858053c044735bd543db762f57723cac368afd1ce4.sdkstatcache -output-file-map /Users/admin/builder/spi-builder-workspace/.derivedData/Build/Intermediates.noindex/DeepLink.build/Debug-xros/DeepLink-t.build/Objects-normal/arm64/DeepLink-OutputFileMap.json -save-temps -no-color-diagnostics -explicit-module-build -module-cache-path /Users/admin/builder/spi-builder-workspace/.derivedData/Build/Intermediates.noindex/SwiftExplicitPrecompiledModules -clang-scanner-module-cache-path /Users/admin/builder/spi-builder-workspace/.derivedData/ModuleCache.noindex -sdk-module-cache-path /Users/admin/builder/spi-builder-workspace/.derivedData/SDKExplicitPrecompiledModules -emit-dependencies -emit-module -emit-module-path /Users/admin/builder/spi-builder-workspace/.derivedData/Build/Intermediates.noindex/DeepLink.build/Debug-xros/DeepLink-t.build/Objects-normal/arm64/DeepLink.swiftmodule -serialize-diagnostics -dependency-scan-serialize-diagnostics-path /Users/admin/builder/spi-builder-workspace/.derivedData/Build/Intermediates.noindex/DeepLink.build/Debug-xros/DeepLink-t.build/Objects-normal/arm64/DeepLink-dependency-scan.dia -validate-clang-modules-once -clang-build-session-file /Users/admin/builder/spi-builder-workspace/.derivedData/ModuleCache.noindex/Session.modulevalidation -Xcc -fmodules-prune-interval\=86400 -Xcc -fmodules-prune-after\=345600 -package-name spi_builder_workspace -emit-const-values -const-gather-protocols-list /Users/admin/builder/spi-builder-workspace/.derivedData/Build/Intermediates.noindex/DeepLink.build/Debug-xros/DeepLink-t.build/Objects-normal/arm64/DeepLink_const_extract_protocols.json -Xcc -I/Users/admin/builder/spi-builder-workspace/.derivedData/Build/Products/Debug-xros/include -Xcc -I/Users/admin/builder/spi-builder-workspace/.derivedData/Build/Intermediates.noindex/DeepLink.build/Debug-xros/DeepLink-t.build/DerivedSources-normal/arm64 -Xcc -I/Users/admin/builder/spi-builder-workspace/.derivedData/Build/Intermediates.noindex/DeepLink.build/Debug-xros/DeepLink-t.build/DerivedSources/arm64 -Xcc -I/Users/admin/builder/spi-builder-workspace/.derivedData/Build/Intermediates.noindex/DeepLink.build/Debug-xros/DeepLink-t.build/DerivedSources -Xcc -DSWIFT_PACKAGE -Xcc -DDEBUG\=1 -emit-objc-header -emit-objc-header-path /Users/admin/builder/spi-builder-workspace/.derivedData/Build/Intermediates.noindex/DeepLink.build/Debug-xros/DeepLink-t.build/Objects-normal/arm64/DeepLink-Swift.h -working-directory /Users/admin/builder/spi-builder-workspace/.swiftpm/xcode -experimental-emit-module-separately -disable-cmo
SwiftExplicitDependencyGeneratePcm arm64 /Users/admin/builder/spi-builder-workspace/.derivedData/SDKExplicitPrecompiledModules/_Builtin_stddef-5NQ9Z1GV07GBSRQGAQCGXGVRI.pcm
SwiftExplicitDependencyGeneratePcm arm64 /Users/admin/builder/spi-builder-workspace/.derivedData/SDKExplicitPrecompiledModules/_SwiftConcurrencyShims-C8XHKSHX96D5YYALNM4W70Z0O.pcm
SwiftExplicitDependencyGeneratePcm arm64 /Users/admin/builder/spi-builder-workspace/.derivedData/SDKExplicitPrecompiledModules/_Builtin_stdbool-5BU2ADS7JXQMYENKQHW9X8XOU.pcm
SwiftExplicitDependencyGeneratePcm arm64 /Users/admin/builder/spi-builder-workspace/.derivedData/SDKExplicitPrecompiledModules/SwiftShims-CI4H5RO9IYFFWQ2COB512Q2S9.pcm
SwiftExplicitDependencyGeneratePcm arm64 /Users/admin/builder/spi-builder-workspace/.derivedData/SDKExplicitPrecompiledModules/ptrcheck-BXA97MNLI4BB0HF5I8MJE403D.pcm
SwiftExplicitDependencyGeneratePcm arm64 /Users/admin/builder/spi-builder-workspace/.derivedData/SDKExplicitPrecompiledModules/_Builtin_stdarg-CDA349K2K4US766844K8E0PVA.pcm
SwiftExplicitDependencyGeneratePcm arm64 /Users/admin/builder/spi-builder-workspace/.derivedData/SDKExplicitPrecompiledModules/_AvailabilityInternal-1Q8IQP6M38UWSGZ95UCEY2M44.pcm
SwiftExplicitDependencyGeneratePcm arm64 /Users/admin/builder/spi-builder-workspace/.derivedData/SDKExplicitPrecompiledModules/_Builtin_float-6WKHNW5S40U2QGHXXGETUDIRA.pcm
SwiftExplicitDependencyGeneratePcm arm64 /Users/admin/builder/spi-builder-workspace/.derivedData/SDKExplicitPrecompiledModules/ptrauth-1WBA714DZSVUL5JQDJ08CLKZ.pcm
SwiftExplicitDependencyGeneratePcm arm64 /Users/admin/builder/spi-builder-workspace/.derivedData/SDKExplicitPrecompiledModules/_DarwinFoundation1-5RGRVV2TZ6WC4WZW5IXF8NQ04.pcm
SwiftExplicitDependencyGeneratePcm arm64 /Users/admin/builder/spi-builder-workspace/.derivedData/SDKExplicitPrecompiledModules/_Builtin_limits-425JDMN5HPM3D0UEI8LEHP6NM.pcm
SwiftExplicitDependencyGeneratePcm arm64 /Users/admin/builder/spi-builder-workspace/.derivedData/SDKExplicitPrecompiledModules/_DarwinFoundation2-ENTECK156YEWITZRRBTOCE4KR.pcm
SwiftExplicitDependencyGeneratePcm arm64 /Users/admin/builder/spi-builder-workspace/.derivedData/SDKExplicitPrecompiledModules/sys_types-AYM0BHR77VKMWZCO2T0XGV2HF.pcm
SwiftExplicitDependencyGeneratePcm arm64 /Users/admin/builder/spi-builder-workspace/.derivedData/SDKExplicitPrecompiledModules/_Builtin_stdint-8OR6T47OOYJA90ZBO3N1USDE.pcm
SwiftExplicitDependencyGeneratePcm arm64 /Users/admin/builder/spi-builder-workspace/.derivedData/SDKExplicitPrecompiledModules/string_h-2GT67HHHHK5CF1V1S31LH0PU2.pcm
SwiftExplicitDependencyGeneratePcm arm64 /Users/admin/builder/spi-builder-workspace/.derivedData/SDKExplicitPrecompiledModules/_DarwinFoundation3-9ZHN6JKBS40BBA81RQMV8H0IC.pcm
SwiftExplicitDependencyGeneratePcm arm64 /Users/admin/builder/spi-builder-workspace/.derivedData/SDKExplicitPrecompiledModules/_Builtin_inttypes-11B64KJD36B3YOHBR1BBXBJY8.pcm
SwiftExplicitDependencyGeneratePcm arm64 /Users/admin/builder/spi-builder-workspace/.derivedData/SDKExplicitPrecompiledModules/Darwin-60P5LVNQO3ESRRM5DCJ05PFNK.pcm
SwiftExplicitDependencyGeneratePcm arm64 /Users/admin/builder/spi-builder-workspace/.derivedData/SDKExplicitPrecompiledModules/ObjectiveC-26TIBFYCEJZVP216ZZAU1X8KN.pcm
SwiftExplicitDependencyGeneratePcm arm64 /Users/admin/builder/spi-builder-workspace/.derivedData/SDKExplicitPrecompiledModules/os_object-692CJ8BG6RE5H04487EJJOVXW.pcm
SwiftExplicitDependencyGeneratePcm arm64 /Users/admin/builder/spi-builder-workspace/.derivedData/SDKExplicitPrecompiledModules/os_workgroup-4U1VXMWIZD80E7PRUQF2G7P9X.pcm
SwiftExplicitDependencyGeneratePcm arm64 /Users/admin/builder/spi-builder-workspace/.derivedData/SDKExplicitPrecompiledModules/Dispatch-CLT3466HKC22GCKAWSCNG0H7T.pcm
SwiftExplicitDependencyGeneratePcm arm64 /Users/admin/builder/spi-builder-workspace/.derivedData/SDKExplicitPrecompiledModules/XPC-EP5EU7FNGP4VOA3EDM18P1KHO.pcm
SwiftExplicitDependencyGeneratePcm arm64 /Users/admin/builder/spi-builder-workspace/.derivedData/SDKExplicitPrecompiledModules/CoreFoundation-AVLTZVCXBU2TO75JCN4AGU8XJ.pcm
SwiftExplicitDependencyGeneratePcm arm64 /Users/admin/builder/spi-builder-workspace/.derivedData/SDKExplicitPrecompiledModules/Security-8TH2M8WJIQMET4SADWX0N8372.pcm
SwiftExplicitDependencyGeneratePcm arm64 /Users/admin/builder/spi-builder-workspace/.derivedData/SDKExplicitPrecompiledModules/CFNetwork-5MI70N1VLDQSWTX4COWLMSIRO.pcm
SwiftExplicitDependencyGeneratePcm arm64 /Users/admin/builder/spi-builder-workspace/.derivedData/SDKExplicitPrecompiledModules/Foundation-8GON1KVEKRN3NOQI8RETBRWJP.pcm
SwiftCompile normal arm64 Compiling\ Typealises.swift /Users/admin/builder/spi-builder-workspace/Sources/DeepLink/Typealises.swift (in target 'DeepLink' from project 'DeepLink')
SwiftCompile normal arm64 /Users/admin/builder/spi-builder-workspace/Sources/DeepLink/Typealises.swift (in target 'DeepLink' from project 'DeepLink')
cd /Users/admin/builder/spi-builder-workspace/.swiftpm/xcode
builtin-SwiftPerFileCompile Typealises.swift
SwiftEmitModule normal arm64 Emitting\ module\ for\ DeepLink (in target 'DeepLink' from project 'DeepLink')
SwiftCompile normal arm64 (in target 'DeepLink' from project 'DeepLink')
cd /Users/admin/builder/spi-builder-workspace/.swiftpm/xcode
SwiftCompile normal arm64 Compiling\ TypedStringURLComponent.swift /Users/admin/builder/spi-builder-workspace/Sources/DeepLink/TypedStringURLComponent.swift (in target 'DeepLink' from project 'DeepLink')
SwiftCompile normal arm64 /Users/admin/builder/spi-builder-workspace/Sources/DeepLink/TypedStringURLComponent.swift (in target 'DeepLink' from project 'DeepLink')
cd /Users/admin/builder/spi-builder-workspace/.swiftpm/xcode
builtin-SwiftPerFileCompile TypedStringURLComponent.swift
SwiftCompile normal arm64 Compiling\ DeepLink+canOpen.swift /Users/admin/builder/spi-builder-workspace/Sources/DeepLink/DeepLink+canOpen.swift (in target 'DeepLink' from project 'DeepLink')
/Users/admin/builder/spi-builder-workspace/Sources/DeepLink/DeepLink+canOpen.swift:20:5: error: missing return in getter expected to return 'Bool'
18 | return false
19 | #endif
20 | }
| `- error: missing return in getter expected to return 'Bool'
21 | }
22 |
Failed frontend command:
/Applications/Xcode-27.0.0-Release.Candidate.app/Contents/Developer/Toolchains/XcodeDefault.xctoolchain/usr/bin/swift-frontend -frontend -c -primary-file /Users/admin/builder/spi-builder-workspace/Sources/DeepLink/DeepLink+canOpen.swift /Users/admin/builder/spi-builder-workspace/Sources/DeepLink/DeepLink.swift /Users/admin/builder/spi-builder-workspace/Sources/DeepLink/Macros.swift /Users/admin/builder/spi-builder-workspace/Sources/DeepLink/Typealises.swift /Users/admin/builder/spi-builder-workspace/Sources/DeepLink/TypedStringURLComponent.swift -emit-dependencies-path /Users/admin/builder/spi-builder-workspace/.derivedData/Build/Intermediates.noindex/DeepLink.build/Debug-xros/DeepLink-t.build/Objects-normal/arm64/DeepLink+canOpen.d -emit-const-values-path /Users/admin/builder/spi-builder-workspace/.derivedData/Build/Intermediates.noindex/DeepLink.build/Debug-xros/DeepLink-t.build/Objects-normal/arm64/DeepLink+canOpen.swiftconstvalues -emit-reference-dependencies-path /Users/admin/builder/spi-builder-workspace/.derivedData/Build/Intermediates.noindex/DeepLink.build/Debug-xros/DeepLink-t.build/Objects-normal/arm64/DeepLink+canOpen.swiftdeps -serialize-diagnostics-path /Users/admin/builder/spi-builder-workspace/.derivedData/Build/Intermediates.noindex/DeepLink.build/Debug-xros/DeepLink-t.build/Objects-normal/arm64/DeepLink+canOpen.dia -target arm64-apple-xros1.0 -disable-cross-import-overlay-search -load-resolved-plugin \#/Users/admin/builder/spi-builder-workspace/.derivedData/Build/Products/Debug/DeepLinkPlugin\#DeepLinkPlugin -load-resolved-plugin /Applications/Xcode-27.0.0-Release.Candidate.app/Contents/Developer/Platforms/XROS.platform/Developer/usr/lib/swift/host/plugins/libFoundationMacros.dylib\#/Applications/Xcode-27.0.0-Release.Candidate.app/Contents/Developer/Platforms/XROS.platform/Developer/usr/bin/swift-plugin-server\#FoundationMacros -load-resolved-plugin /Applications/Xcode-27.0.0-Release.Candidate.app/Contents/Developer/Platforms/XROS.platform/Developer/usr/lib/swift/host/plugins/libObservationMacros.dylib\#/Applications/Xcode-27.0.0-Release.Candidate.app/Contents/Developer/Platforms/XROS.platform/Developer/usr/bin/swift-plugin-server\#ObservationMacros -load-resolved-plugin /Applications/Xcode-27.0.0-Release.Candidate.app/Contents/Developer/Platforms/XROS.platform/Developer/usr/lib/swift/host/plugins/libSwiftMacros.dylib\#/Applications/Xcode-27.0.0-Release.Candidate.app/Contents/Developer/Platforms/XROS.platform/Developer/usr/bin/swift-plugin-server\#SwiftMacros -disable-implicit-swift-modules -Xcc -fno-implicit-modules -Xcc -fno-implicit-module-maps -explicit-swift-module-map-file /Users/admin/builder/spi-builder-workspace/.derivedData/Build/Intermediates.noindex/DeepLink.build/Debug-xros/DeepLink-t.build/Objects-normal/arm64/DeepLink-dependencies-1.json -Xllvm -aarch64-use-tbi -enable-objc-interop -stack-check -sdk /Applications/Xcode-27.0.0-Release.Candidate.app/Contents/Developer/Platforms/XROS.platform/Developer/SDKs/XROS27.0.sdk -I /Users/admin/builder/spi-builder-workspace/.derivedData/Build/Products/Debug-xros -Isystem /Applications/Xcode-27.0.0-Release.Candidate.app/Contents/Developer/Platforms/XROS.platform/Developer/usr/lib -F /Users/admin/builder/spi-builder-workspace/.derivedData/Build/Products/Debug-xros -F /Applications/Xcode-27.0.0-Release.Candidate.app/Contents/Developer/Platforms/XROS.platform/Developer/Library/Frameworks -F /Applications/Xcode-27.0.0-Release.Candidate.app/Contents/Developer/Platforms/XROS.platform/Developer/SDKs/XROS27.0.sdk/Developer/Library/Frameworks -module-cache-path /Users/admin/builder/spi-builder-workspace/.derivedData/Build/Intermediates.noindex/SwiftExplicitPrecompiledModules -no-color-diagnostics -Xcc -fno-color-diagnostics -enable-testing -g -debug-info-format\=dwarf -dwarf-version\=4 -profile-generate -profile-coverage-mapping -swift-version 5 -Onone -D SWIFT_PACKAGE -D DEBUG -D SWIFT_MODULE_RESOURCE_BUNDLE_UNAVAILABLE -D Xcode -serialize-debugging-options -load-plugin-executable /Users/admin/builder/spi-builder-workspace/.derivedData/Build/Products/Debug/DeepLinkPlugin\#DeepLinkPlugin -enable-experimental-feature StrictConcurrency -enable-experimental-feature DebugDescriptionMacro -empty-abi-descriptor -validate-clang-modules-once -clang-build-session-file /Users/admin/builder/spi-builder-workspace/.derivedData/ModuleCache.noindex/Session.modulevalidation -Xcc -working-directory -Xcc /Users/admin/builder/spi-builder-workspace/.swiftpm/xcode -enable-anonymous-context-mangled-names -file-compilation-dir /Users/admin/builder/spi-builder-workspace/.swiftpm/xcode -Xcc -D_LIBCPP_HARDENING_MODE\=_LIBCPP_HARDENING_MODE_DEBUG -Xcc -ivfsstatcache -Xcc /Users/admin/builder/spi-builder-workspace/.derivedData/SDKStatCaches.noindex/xros27.0-24M361-e829b21a6f8c9b70876ba0858053c044735bd543db762f57723cac368afd1ce4.sdkstatcache -Xcc -fmodules-prune-interval\=86400 -Xcc -fmodules-prune-after\=345600 -Xcc -I/Users/admin/builder/spi-builder-workspace/.derivedData/Build/Products/Debug-xros/include -Xcc -I/Users/admin/builder/spi-builder-workspace/.derivedData/Build/Intermediates.noindex/DeepLink.build/Debug-xros/DeepLink-t.build/DerivedSources-normal/arm64 -Xcc -I/Users/admin/builder/spi-builder-workspace/.derivedData/Build/Intermediates.noindex/DeepLink.build/Debug-xros/DeepLink-t.build/DerivedSources/arm64 -Xcc -I/Users/admin/builder/spi-builder-workspace/.derivedData/Build/Intermediates.noindex/DeepLink.build/Debug-xros/DeepLink-t.build/DerivedSources -Xcc -DSWIFT_PACKAGE -Xcc -DDEBUG\=1 -no-auto-bridging-header-chaining -module-name DeepLink -package-name spi_builder_workspace -const-gather-protocols-file /Users/admin/builder/spi-builder-workspace/.derivedData/Build/Intermediates.noindex/DeepLink.build/Debug-xros/DeepLink-t.build/Objects-normal/arm64/DeepLink_const_extract_protocols.json -disable-clang-spi -clang-target arm64-apple-xros27.0 -target-sdk-version 27.0 -target-sdk-name xros27.0 -in-process-plugin-server-path /Applications/Xcode-27.0.0-Release.Candidate.app/Contents/Developer/Toolchains/XcodeDefault.xctoolchain/usr/lib/swift/host/libSwiftInProcPluginServer.dylib -parse-as-library -o /Users/admin/builder/spi-builder-workspace/.derivedData/Build/Intermediates.noindex/DeepLink.build/Debug-xros/DeepLink-t.build/Objects-normal/arm64/DeepLink+canOpen.o -debug-module-path /Users/admin/builder/spi-builder-workspace/.derivedData/Build/Intermediates.noindex/DeepLink.build/Debug-xros/DeepLink-t.build/Objects-normal/arm64/DeepLink.swiftmodule -index-unit-output-path /DeepLink.build/Debug-xros/DeepLink-t.build/Objects-normal/arm64/DeepLink+canOpen.o -index-store-path /Users/admin/builder/spi-builder-workspace/.derivedData/Index.noindex/DataStore -index-system-modules
SwiftCompile normal arm64 /Users/admin/builder/spi-builder-workspace/Sources/DeepLink/DeepLink+canOpen.swift (in target 'DeepLink' from project 'DeepLink')
cd /Users/admin/builder/spi-builder-workspace/.swiftpm/xcode
builtin-SwiftPerFileCompile DeepLink+canOpen.swift
SwiftCompile normal arm64 Compiling\ Macros.swift /Users/admin/builder/spi-builder-workspace/Sources/DeepLink/Macros.swift (in target 'DeepLink' from project 'DeepLink')
SwiftCompile normal arm64 /Users/admin/builder/spi-builder-workspace/Sources/DeepLink/Macros.swift (in target 'DeepLink' from project 'DeepLink')
cd /Users/admin/builder/spi-builder-workspace/.swiftpm/xcode
builtin-SwiftPerFileCompile Macros.swift
SwiftCompile normal arm64 Compiling\ DeepLink.swift /Users/admin/builder/spi-builder-workspace/Sources/DeepLink/DeepLink.swift (in target 'DeepLink' from project 'DeepLink')
SwiftCompile normal arm64 /Users/admin/builder/spi-builder-workspace/Sources/DeepLink/DeepLink.swift (in target 'DeepLink' from project 'DeepLink')
cd /Users/admin/builder/spi-builder-workspace/.swiftpm/xcode
builtin-SwiftPerFileCompile DeepLink.swift
SwiftDriverJobDiscovery normal arm64 Compiling TypedStringURLComponent.swift (in target 'DeepLink' from project 'DeepLink')
PruneExplicitPrecompiledModules /Users/admin/builder/spi-builder-workspace/.derivedData/Build/Intermediates.noindex/ExplicitPrecompiledModules
PruneExplicitPrecompiledModules /Users/admin/builder/spi-builder-workspace/.derivedData/Build/Intermediates.noindex/SwiftExplicitPrecompiledModules
PruneExplicitPrecompiledModules /Users/admin/builder/spi-builder-workspace/.derivedData/SDKExplicitPrecompiledModules
2026-09-19 14:14:58.924 xcodebuild[961:5923] [MT] IDERunDestination: Supported platforms for the buildables in the current scheme is empty.
** BUILD FAILED **
The following build commands failed:
SwiftCompile normal arm64 Compiling\ DeepLink+canOpen.swift /Users/admin/builder/spi-builder-workspace/Sources/DeepLink/DeepLink+canOpen.swift (in target 'DeepLink' from project 'DeepLink')
SwiftCompile normal arm64 /Users/admin/builder/spi-builder-workspace/Sources/DeepLink/DeepLink+canOpen.swift (in target 'DeepLink' from project 'DeepLink')
Building workspace DeepLink with scheme DeepLink-Package
(3 failures)
Command line invocation:
/Applications/Xcode-27.0.0-Release.Candidate.app/Contents/Developer/usr/bin/xcodebuild -IDEClonedSourcePackagesDirPathOverride=/Users/admin/builder/spi-builder-workspace/.dependencies -resolvePackageDependencies
Resolve Package Graph
Resolved source packages:
swift-syntax: https://github.com/apple/swift-syntax.git @ main (1a353ae)
SwiftDocCPlugin: https://github.com/apple/swift-docc-plugin @ 1.5.0
DeepLink: /Users/admin/builder/spi-builder-workspace
SymbolKit: https://github.com/swiftlang/swift-docc-symbolkit @ 1.0.0
resolved source packages: swift-syntax, SwiftDocCPlugin, DeepLink, SymbolKit
2026-09-19 14:15:50.405 xcodebuild[1693:9872] [MT] IDERunDestination: Supported platforms for the buildables in the current scheme is empty.
{
"dependencies" : [
{
"identity" : "swift-syntax",
"requirement" : {
"branch" : [
"main"
]
},
"type" : "sourceControl",
"url" : "https://github.com/apple/swift-syntax.git"
},
{
"identity" : "swift-docc-plugin",
"requirement" : {
"range" : [
{
"lower_bound" : "1.3.0",
"upper_bound" : "2.0.0"
}
]
},
"type" : "sourceControl",
"url" : "https://github.com/apple/swift-docc-plugin"
}
],
"manifest_display_name" : "DeepLink",
"name" : "DeepLink",
"path" : "/Users/admin/builder/spi-builder-workspace",
"platforms" : [
{
"name" : "macos",
"version" : "10.15"
},
{
"name" : "ios",
"version" : "13.0"
},
{
"name" : "tvos",
"version" : "13.0"
},
{
"name" : "watchos",
"version" : "6.0"
},
{
"name" : "maccatalyst",
"version" : "13.0"
}
],
"products" : [
{
"name" : "DeepLink",
"targets" : [
"DeepLink"
],
"type" : {
"library" : [
"automatic"
]
}
},
{
"name" : "CallsheetDeepLink",
"targets" : [
"CallsheetDeepLink"
],
"type" : {
"library" : [
"automatic"
]
}
},
{
"name" : "DeepLinkPlugin",
"targets" : [
"DeepLinkPlugin"
],
"type" : {
"macro" : null
}
}
],
"targets" : [
{
"c99name" : "OvercastDeepLinkTests",
"module_type" : "SwiftTarget",
"name" : "OvercastDeepLinkTests",
"path" : "Tests/OvercastDeepLinkTests",
"sources" : [
"OvercastPodcastPageUniversalLinkTests.swift",
"OvercastSubscribeDeepLinkTests.swift"
],
"target_dependencies" : [
"DeepLinkTestSupport",
"OvercastDeepLink"
],
"type" : "test"
},
{
"c99name" : "OvercastDeepLink",
"module_type" : "SwiftTarget",
"name" : "OvercastDeepLink",
"path" : "Sources/OvercastDeepLink",
"sources" : [
"OvercastPodcastPageUniversalLink.swift",
"OvercastSubscribeDeepLink.swift"
],
"target_dependencies" : [
"DeepLink"
],
"type" : "library"
},
{
"c99name" : "MailDeepLinkTests",
"module_type" : "SwiftTarget",
"name" : "MailDeepLinkTests",
"path" : "Tests/MailDeepLinkTests",
"sources" : [
"ComposeEmailDeepLinkTests.swift"
],
"target_dependencies" : [
"DeepLinkTestSupport",
"MailDeepLink"
],
"type" : "test"
},
{
"c99name" : "MailDeepLink",
"module_type" : "SwiftTarget",
"name" : "MailDeepLink",
"path" : "Sources/MailDeepLink",
"sources" : [
"ComposeEmailDeepLink.swift",
"MailDeepLink.swift"
],
"target_dependencies" : [
"DeepLink"
],
"type" : "library"
},
{
"c99name" : "IvoryDeepLinkTests",
"module_type" : "SwiftTarget",
"name" : "IvoryDeepLinkTests",
"path" : "Tests/IvoryDeepLinkTests",
"sources" : [
"IvoryUserProfileDeepLinkTests.swift",
"MastodonAccountTests.swift"
],
"target_dependencies" : [
"DeepLinkTestSupport",
"IvoryDeepLink"
],
"type" : "test"
},
{
"c99name" : "IvoryDeepLink",
"module_type" : "SwiftTarget",
"name" : "IvoryDeepLink",
"path" : "Sources/IvoryDeepLink",
"sources" : [
"IvoryDeepLink.swift",
"IvoryUserProfileDeepLink.swift",
"MastodonAccount.swift"
],
"target_dependencies" : [
"DeepLink"
],
"type" : "library"
},
{
"c99name" : "FeedbackAssistantDeepLinkTests",
"module_type" : "SwiftTarget",
"name" : "FeedbackAssistantDeepLinkTests",
"path" : "Tests/FeedbackAssistantDeepLinkTests",
"sources" : [
"NewFeedbackFeedbackAssistantDeepLinkTests.swift"
],
"target_dependencies" : [
"DeepLinkTestSupport",
"FeedbackAssistantDeepLink"
],
"type" : "test"
},
{
"c99name" : "FeedbackAssistantDeepLink",
"module_type" : "SwiftTarget",
"name" : "FeedbackAssistantDeepLink",
"path" : "Sources/FeedbackAssistantDeepLink",
"sources" : [
"FeedbackAssistantDeepLink.swift",
"NewFeedbackFeedbackAssistantDeepLink.swift"
],
"target_dependencies" : [
"DeepLink"
],
"type" : "library"
},
{
"c99name" : "DeepLinkTestSupport",
"module_type" : "SwiftTarget",
"name" : "DeepLinkTestSupport",
"path" : "Sources/DeepLinkTestSupport",
"sources" : [
"AssertEqual.swift",
"queryItemsAreInIncreasingOrder.swift"
],
"type" : "library"
},
{
"c99name" : "DeepLinkPluginTests",
"module_type" : "SwiftTarget",
"name" : "DeepLinkPluginTests",
"path" : "Tests/DeepLinkPluginTests",
"product_dependencies" : [
"SwiftSyntaxMacros",
"SwiftSyntaxMacrosTestSupport"
],
"sources" : [
"DeepLinkTests.swift"
],
"target_dependencies" : [
"DeepLinkPlugin"
],
"type" : "test"
},
{
"c99name" : "DeepLinkPlugin",
"module_type" : "SwiftTarget",
"name" : "DeepLinkPlugin",
"path" : "Sources/DeepLinkPlugin",
"product_dependencies" : [
"SwiftDiagnostics",
"SwiftSyntax",
"SwiftSyntaxBuilder",
"SwiftSyntaxMacros",
"SwiftCompilerPlugin"
],
"product_memberships" : [
"DeepLink",
"CallsheetDeepLink",
"DeepLinkPlugin"
],
"sources" : [
"DeepLink.swift",
"DeepLinkPlugin.swift",
"Host.swift",
"PathItem.swift",
"Property.swift",
"QueryItem.swift",
"QueryItems.swift",
"TypedStringURLComponent.swift",
"User.swift"
],
"type" : "macro"
},
{
"c99name" : "DeepLink",
"module_type" : "SwiftTarget",
"name" : "DeepLink",
"path" : "Sources/DeepLink",
"product_memberships" : [
"DeepLink",
"CallsheetDeepLink"
],
"sources" : [
"DeepLink+canOpen.swift",
"DeepLink.swift",
"Macros.swift",
"Typealises.swift",
"TypedStringURLComponent.swift"
],
"target_dependencies" : [
"DeepLinkPlugin"
],
"type" : "library"
},
{
"c99name" : "CallsheetDeepLinkTests",
"module_type" : "SwiftTarget",
"name" : "CallsheetDeepLinkTests",
"path" : "Tests/CallsheetDeepLinkTests",
"sources" : [
"ActivateInputCallsheetDeepLinkTests.swift",
"MediaDetailsCallsheetDeepLinkTests.swift",
"SearchCallsheetDeepLinkTests.swift",
"TVEpisodeCallsheetDeepLinkTests.swift",
"TVSeasonCallsheetDeepLinkTests.swift"
],
"target_dependencies" : [
"CallsheetDeepLink",
"DeepLinkTestSupport"
],
"type" : "test"
},
{
"c99name" : "CallsheetDeepLink",
"module_type" : "SwiftTarget",
"name" : "CallsheetDeepLink",
"path" : "Sources/CallsheetDeepLink",
"product_memberships" : [
"CallsheetDeepLink"
],
"sources" : [
"ActivateInputCallsheetDeepLink.swift",
"CallsheetDeepLink.swift",
"CallsheetMediaType.swift",
"MediaDetailsCallsheetDeepLink.swift",
"SearchCallsheetDeepLink.swift",
"TVEpisodeCallsheetDeepLink.swift",
"TVSeasonCallsheetDeepLink.swift"
],
"target_dependencies" : [
"DeepLink"
],
"type" : "library"
}
],
"tools_version" : "5.9"
}
{
"workspace" : {
"name" : "DeepLink",
"schemes" : [
"CallsheetDeepLink",
"DeepLink",
"DeepLink-Package"
]
}
}
2026-09-19 14:15:58.215 xcodebuild[1751:10259] [MT] IDERunDestination: Supported platforms for the buildables in the current scheme is empty.
{
"workspace" : {
"name" : "DeepLink",
"schemes" : [
"CallsheetDeepLink",
"DeepLink",
"DeepLink-Package"
]
}
}
2026-09-19 14:16:06.136 xcodebuild[1803:10615] [MT] IDERunDestination: Supported platforms for the buildables in the current scheme is empty.
Running build ...
env DEVELOPER_DIR=/Applications/Xcode-27.0.0-Release.Candidate.app xcrun xcodebuild -IDEClonedSourcePackagesDirPathOverride=$PWD/.dependencies -skipMacroValidation -skipPackagePluginValidation -derivedDataPath $PWD/.derivedData build -scheme DeepLink-Package -destination generic/platform=xrOS
Command line invocation:
/Applications/Xcode-27.0.0-Release.Candidate.app/Contents/Developer/usr/bin/xcodebuild -IDEClonedSourcePackagesDirPathOverride=/Users/admin/builder/spi-builder-workspace/.dependencies -skipMacroValidation -skipPackagePluginValidation -derivedDataPath /Users/admin/builder/spi-builder-workspace/.derivedData build -scheme DeepLink-Package -destination generic/platform=xrOS
Resolve Package Graph
Resolved source packages:
DeepLink: /Users/admin/builder/spi-builder-workspace
SymbolKit: https://github.com/swiftlang/swift-docc-symbolkit @ 1.0.0
swift-syntax: https://github.com/apple/swift-syntax.git @ main (1a353ae)
SwiftDocCPlugin: https://github.com/apple/swift-docc-plugin @ 1.5.0
ComputePackagePrebuildTargetDependencyGraph
Prepare packages
CreateBuildRequest
SendProjectDescription
CreateBuildOperation
ComputeTargetDependencyGraph
note: Building targets in dependency order
note: Target dependency graph (31 targets)
Target 'CallsheetDeepLink-product' in project 'DeepLink'
➜ Explicit dependency on target 'CallsheetDeepLink' in project 'DeepLink'
➜ Explicit dependency on target 'DeepLinkPlugin' in project 'DeepLink'
➜ Explicit dependency on target 'DeepLink' in project 'DeepLink'
Target 'CallsheetDeepLink' in project 'DeepLink'
➜ Explicit dependency on target 'DeepLinkPlugin' in project 'DeepLink'
➜ Explicit dependency on target 'DeepLink' in project 'DeepLink'
Target 'DeepLink-product' in project 'DeepLink'
➜ Explicit dependency on target 'DeepLink' in project 'DeepLink'
➜ Explicit dependency on target 'DeepLinkPlugin' in project 'DeepLink'
Target 'DeepLink' in project 'DeepLink'
➜ Explicit dependency on target 'DeepLinkPlugin' in project 'DeepLink'
Target 'DeepLinkPlugin' in project 'DeepLink'
➜ Explicit dependency on target 'SwiftDiagnostics-product' in project 'swift-syntax'
➜ Explicit dependency on target 'SwiftSyntax-product' in project 'swift-syntax'
➜ Explicit dependency on target 'SwiftSyntaxBuilder-product' in project 'swift-syntax'
➜ Explicit dependency on target 'SwiftSyntaxMacros-product' in project 'swift-syntax'
➜ Explicit dependency on target 'SwiftCompilerPlugin-product' in project 'swift-syntax'
Target 'SwiftCompilerPlugin-product' in project 'swift-syntax'
➜ Explicit dependency on target 'SwiftCompilerPlugin' in project 'swift-syntax'
➜ Explicit dependency on target '_SwiftSyntaxCShims' in project 'swift-syntax'
➜ Explicit dependency on target 'SwiftSyntax509' in project 'swift-syntax'
➜ Explicit dependency on target 'SwiftSyntax510' in project 'swift-syntax'
➜ Explicit dependency on target 'SwiftSyntax600' in project 'swift-syntax'
➜ Explicit dependency on target 'SwiftSyntax601' in project 'swift-syntax'
➜ Explicit dependency on target 'SwiftSyntax602' in project 'swift-syntax'
➜ Explicit dependency on target 'SwiftSyntax603' in project 'swift-syntax'
➜ Explicit dependency on target 'SwiftSyntax604' in project 'swift-syntax'
➜ Explicit dependency on target 'SwiftSyntax605' in project 'swift-syntax'
➜ Explicit dependency on target 'SwiftSyntax' in project 'swift-syntax'
➜ Explicit dependency on target 'SwiftDiagnostics' in project 'swift-syntax'
➜ Explicit dependency on target 'SwiftParser' in project 'swift-syntax'
➜ Explicit dependency on target 'SwiftOperators' in project 'swift-syntax'
➜ Explicit dependency on target 'SwiftBasicFormat' in project 'swift-syntax'
➜ Explicit dependency on target 'SwiftParserDiagnostics' in project 'swift-syntax'
➜ Explicit dependency on target 'SwiftSyntaxBuilder' in project 'swift-syntax'
➜ Explicit dependency on target 'SwiftIfConfig' in project 'swift-syntax'
➜ Explicit dependency on target 'SwiftSyntaxMacros' in project 'swift-syntax'
➜ Explicit dependency on target 'SwiftSyntaxMacroExpansion' in project 'swift-syntax'
➜ Explicit dependency on target 'SwiftCompilerPluginMessageHandling' in project 'swift-syntax'
Target 'SwiftCompilerPlugin' in project 'swift-syntax'
➜ Explicit dependency on target '_SwiftSyntaxCShims' in project 'swift-syntax'
➜ Explicit dependency on target 'SwiftSyntax509' in project 'swift-syntax'
➜ Explicit dependency on target 'SwiftSyntax510' in project 'swift-syntax'
➜ Explicit dependency on target 'SwiftSyntax600' in project 'swift-syntax'
➜ Explicit dependency on target 'SwiftSyntax601' in project 'swift-syntax'
➜ Explicit dependency on target 'SwiftSyntax602' in project 'swift-syntax'
➜ Explicit dependency on target 'SwiftSyntax603' in project 'swift-syntax'
➜ Explicit dependency on target 'SwiftSyntax604' in project 'swift-syntax'
➜ Explicit dependency on target 'SwiftSyntax605' in project 'swift-syntax'
➜ Explicit dependency on target 'SwiftSyntax' in project 'swift-syntax'
➜ Explicit dependency on target 'SwiftDiagnostics' in project 'swift-syntax'
➜ Explicit dependency on target 'SwiftParser' in project 'swift-syntax'
➜ Explicit dependency on target 'SwiftOperators' in project 'swift-syntax'
➜ Explicit dependency on target 'SwiftBasicFormat' in project 'swift-syntax'
➜ Explicit dependency on target 'SwiftParserDiagnostics' in project 'swift-syntax'
➜ Explicit dependency on target 'SwiftSyntaxBuilder' in project 'swift-syntax'
➜ Explicit dependency on target 'SwiftIfConfig' in project 'swift-syntax'
➜ Explicit dependency on target 'SwiftSyntaxMacros' in project 'swift-syntax'
➜ Explicit dependency on target 'SwiftSyntaxMacroExpansion' in project 'swift-syntax'
➜ Explicit dependency on target 'SwiftCompilerPluginMessageHandling' in project 'swift-syntax'
Target 'SwiftCompilerPluginMessageHandling' in project 'swift-syntax'
➜ Explicit dependency on target '_SwiftSyntaxCShims' in project 'swift-syntax'
➜ Explicit dependency on target 'SwiftSyntax509' in project 'swift-syntax'
➜ Explicit dependency on target 'SwiftSyntax510' in project 'swift-syntax'
➜ Explicit dependency on target 'SwiftSyntax600' in project 'swift-syntax'
➜ Explicit dependency on target 'SwiftSyntax601' in project 'swift-syntax'
➜ Explicit dependency on target 'SwiftSyntax602' in project 'swift-syntax'
➜ Explicit dependency on target 'SwiftSyntax603' in project 'swift-syntax'
➜ Explicit dependency on target 'SwiftSyntax604' in project 'swift-syntax'
➜ Explicit dependency on target 'SwiftSyntax605' in project 'swift-syntax'
➜ Explicit dependency on target 'SwiftSyntax' in project 'swift-syntax'
➜ Explicit dependency on target 'SwiftDiagnostics' in project 'swift-syntax'
➜ Explicit dependency on target 'SwiftParser' in project 'swift-syntax'
➜ Explicit dependency on target 'SwiftOperators' in project 'swift-syntax'
➜ Explicit dependency on target 'SwiftBasicFormat' in project 'swift-syntax'
➜ Explicit dependency on target 'SwiftParserDiagnostics' in project 'swift-syntax'
➜ Explicit dependency on target 'SwiftSyntaxBuilder' in project 'swift-syntax'
➜ Explicit dependency on target 'SwiftIfConfig' in project 'swift-syntax'
➜ Explicit dependency on target 'SwiftSyntaxMacros' in project 'swift-syntax'
➜ Explicit dependency on target 'SwiftSyntaxMacroExpansion' in project 'swift-syntax'
Target 'SwiftSyntaxMacroExpansion' in project 'swift-syntax'
➜ Explicit dependency on target '_SwiftSyntaxCShims' in project 'swift-syntax'
➜ Explicit dependency on target 'SwiftSyntax509' in project 'swift-syntax'
➜ Explicit dependency on target 'SwiftSyntax510' in project 'swift-syntax'
➜ Explicit dependency on target 'SwiftSyntax600' in project 'swift-syntax'
➜ Explicit dependency on target 'SwiftSyntax601' in project 'swift-syntax'
➜ Explicit dependency on target 'SwiftSyntax602' in project 'swift-syntax'
➜ Explicit dependency on target 'SwiftSyntax603' in project 'swift-syntax'
➜ Explicit dependency on target 'SwiftSyntax604' in project 'swift-syntax'
➜ Explicit dependency on target 'SwiftSyntax605' in project 'swift-syntax'
➜ Explicit dependency on target 'SwiftSyntax' in project 'swift-syntax'
➜ Explicit dependency on target 'SwiftBasicFormat' in project 'swift-syntax'
➜ Explicit dependency on target 'SwiftParser' in project 'swift-syntax'
➜ Explicit dependency on target 'SwiftDiagnostics' in project 'swift-syntax'
➜ Explicit dependency on target 'SwiftParserDiagnostics' in project 'swift-syntax'
➜ Explicit dependency on target 'SwiftSyntaxBuilder' in project 'swift-syntax'
➜ Explicit dependency on target 'SwiftOperators' in project 'swift-syntax'
➜ Explicit dependency on target 'SwiftIfConfig' in project 'swift-syntax'
➜ Explicit dependency on target 'SwiftSyntaxMacros' in project 'swift-syntax'
Target 'SwiftSyntaxMacros-product' in project 'swift-syntax'
➜ Explicit dependency on target 'SwiftSyntaxMacros' in project 'swift-syntax'
➜ Explicit dependency on target '_SwiftSyntaxCShims' in project 'swift-syntax'
➜ Explicit dependency on target 'SwiftSyntax509' in project 'swift-syntax'
➜ Explicit dependency on target 'SwiftSyntax510' in project 'swift-syntax'
➜ Explicit dependency on target 'SwiftSyntax600' in project 'swift-syntax'
➜ Explicit dependency on target 'SwiftSyntax601' in project 'swift-syntax'
➜ Explicit dependency on target 'SwiftSyntax602' in project 'swift-syntax'
➜ Explicit dependency on target 'SwiftSyntax603' in project 'swift-syntax'
➜ Explicit dependency on target 'SwiftSyntax604' in project 'swift-syntax'
➜ Explicit dependency on target 'SwiftSyntax605' in project 'swift-syntax'
➜ Explicit dependency on target 'SwiftSyntax' in project 'swift-syntax'
➜ Explicit dependency on target 'SwiftDiagnostics' in project 'swift-syntax'
➜ Explicit dependency on target 'SwiftBasicFormat' in project 'swift-syntax'
➜ Explicit dependency on target 'SwiftParser' in project 'swift-syntax'
➜ Explicit dependency on target 'SwiftParserDiagnostics' in project 'swift-syntax'
➜ Explicit dependency on target 'SwiftSyntaxBuilder' in project 'swift-syntax'
➜ Explicit dependency on target 'SwiftOperators' in project 'swift-syntax'
➜ Explicit dependency on target 'SwiftIfConfig' in project 'swift-syntax'
Target 'SwiftSyntaxMacros' in project 'swift-syntax'
➜ Explicit dependency on target '_SwiftSyntaxCShims' in project 'swift-syntax'
➜ Explicit dependency on target 'SwiftSyntax509' in project 'swift-syntax'
➜ Explicit dependency on target 'SwiftSyntax510' in project 'swift-syntax'
➜ Explicit dependency on target 'SwiftSyntax600' in project 'swift-syntax'
➜ Explicit dependency on target 'SwiftSyntax601' in project 'swift-syntax'
➜ Explicit dependency on target 'SwiftSyntax602' in project 'swift-syntax'
➜ Explicit dependency on target 'SwiftSyntax603' in project 'swift-syntax'
➜ Explicit dependency on target 'SwiftSyntax604' in project 'swift-syntax'
➜ Explicit dependency on target 'SwiftSyntax605' in project 'swift-syntax'
➜ Explicit dependency on target 'SwiftSyntax' in project 'swift-syntax'
➜ Explicit dependency on target 'SwiftDiagnostics' in project 'swift-syntax'
➜ Explicit dependency on target 'SwiftBasicFormat' in project 'swift-syntax'
➜ Explicit dependency on target 'SwiftParser' in project 'swift-syntax'
➜ Explicit dependency on target 'SwiftParserDiagnostics' in project 'swift-syntax'
➜ Explicit dependency on target 'SwiftSyntaxBuilder' in project 'swift-syntax'
➜ Explicit dependency on target 'SwiftOperators' in project 'swift-syntax'
➜ Explicit dependency on target 'SwiftIfConfig' in project 'swift-syntax'
Target 'SwiftIfConfig' in project 'swift-syntax'
➜ Explicit dependency on target '_SwiftSyntaxCShims' in project 'swift-syntax'
➜ Explicit dependency on target 'SwiftSyntax509' in project 'swift-syntax'
➜ Explicit dependency on target 'SwiftSyntax510' in project 'swift-syntax'
➜ Explicit dependency on target 'SwiftSyntax600' in project 'swift-syntax'
➜ Explicit dependency on target 'SwiftSyntax601' in project 'swift-syntax'
➜ Explicit dependency on target 'SwiftSyntax602' in project 'swift-syntax'
➜ Explicit dependency on target 'SwiftSyntax603' in project 'swift-syntax'
➜ Explicit dependency on target 'SwiftSyntax604' in project 'swift-syntax'
➜ Explicit dependency on target 'SwiftSyntax605' in project 'swift-syntax'
➜ Explicit dependency on target 'SwiftSyntax' in project 'swift-syntax'
➜ Explicit dependency on target 'SwiftBasicFormat' in project 'swift-syntax'
➜ Explicit dependency on target 'SwiftParser' in project 'swift-syntax'
➜ Explicit dependency on target 'SwiftDiagnostics' in project 'swift-syntax'
➜ Explicit dependency on target 'SwiftParserDiagnostics' in project 'swift-syntax'
➜ Explicit dependency on target 'SwiftSyntaxBuilder' in project 'swift-syntax'
➜ Explicit dependency on target 'SwiftOperators' in project 'swift-syntax'
Target 'SwiftOperators' in project 'swift-syntax'
➜ Explicit dependency on target '_SwiftSyntaxCShims' in project 'swift-syntax'
➜ Explicit dependency on target 'SwiftSyntax509' in project 'swift-syntax'
➜ Explicit dependency on target 'SwiftSyntax510' in project 'swift-syntax'
➜ Explicit dependency on target 'SwiftSyntax600' in project 'swift-syntax'
➜ Explicit dependency on target 'SwiftSyntax601' in project 'swift-syntax'
➜ Explicit dependency on target 'SwiftSyntax602' in project 'swift-syntax'
➜ Explicit dependency on target 'SwiftSyntax603' in project 'swift-syntax'
➜ Explicit dependency on target 'SwiftSyntax604' in project 'swift-syntax'
➜ Explicit dependency on target 'SwiftSyntax605' in project 'swift-syntax'
➜ Explicit dependency on target 'SwiftSyntax' in project 'swift-syntax'
➜ Explicit dependency on target 'SwiftDiagnostics' in project 'swift-syntax'
➜ Explicit dependency on target 'SwiftParser' in project 'swift-syntax'
Target 'SwiftSyntaxBuilder-product' in project 'swift-syntax'
➜ Explicit dependency on target 'SwiftSyntaxBuilder' in project 'swift-syntax'
➜ Explicit dependency on target '_SwiftSyntaxCShims' in project 'swift-syntax'
➜ Explicit dependency on target 'SwiftSyntax509' in project 'swift-syntax'
➜ Explicit dependency on target 'SwiftSyntax510' in project 'swift-syntax'
➜ Explicit dependency on target 'SwiftSyntax600' in project 'swift-syntax'
➜ Explicit dependency on target 'SwiftSyntax601' in project 'swift-syntax'
➜ Explicit dependency on target 'SwiftSyntax602' in project 'swift-syntax'
➜ Explicit dependency on target 'SwiftSyntax603' in project 'swift-syntax'
➜ Explicit dependency on target 'SwiftSyntax604' in project 'swift-syntax'
➜ Explicit dependency on target 'SwiftSyntax605' in project 'swift-syntax'
➜ Explicit dependency on target 'SwiftSyntax' in project 'swift-syntax'
➜ Explicit dependency on target 'SwiftBasicFormat' in project 'swift-syntax'
➜ Explicit dependency on target 'SwiftParser' in project 'swift-syntax'
➜ Explicit dependency on target 'SwiftDiagnostics' in project 'swift-syntax'
➜ Explicit dependency on target 'SwiftParserDiagnostics' in project 'swift-syntax'
Target 'SwiftSyntaxBuilder' in project 'swift-syntax'
➜ Explicit dependency on target '_SwiftSyntaxCShims' in project 'swift-syntax'
➜ Explicit dependency on target 'SwiftSyntax509' in project 'swift-syntax'
➜ Explicit dependency on target 'SwiftSyntax510' in project 'swift-syntax'
➜ Explicit dependency on target 'SwiftSyntax600' in project 'swift-syntax'
➜ Explicit dependency on target 'SwiftSyntax601' in project 'swift-syntax'
➜ Explicit dependency on target 'SwiftSyntax602' in project 'swift-syntax'
➜ Explicit dependency on target 'SwiftSyntax603' in project 'swift-syntax'
➜ Explicit dependency on target 'SwiftSyntax604' in project 'swift-syntax'
➜ Explicit dependency on target 'SwiftSyntax605' in project 'swift-syntax'
➜ Explicit dependency on target 'SwiftSyntax' in project 'swift-syntax'
➜ Explicit dependency on target 'SwiftBasicFormat' in project 'swift-syntax'
➜ Explicit dependency on target 'SwiftParser' in project 'swift-syntax'
➜ Explicit dependency on target 'SwiftDiagnostics' in project 'swift-syntax'
➜ Explicit dependency on target 'SwiftParserDiagnostics' in project 'swift-syntax'
Target 'SwiftParserDiagnostics' in project 'swift-syntax'
➜ Explicit dependency on target '_SwiftSyntaxCShims' in project 'swift-syntax'
➜ Explicit dependency on target 'SwiftSyntax509' in project 'swift-syntax'
➜ Explicit dependency on target 'SwiftSyntax510' in project 'swift-syntax'
➜ Explicit dependency on target 'SwiftSyntax600' in project 'swift-syntax'
➜ Explicit dependency on target 'SwiftSyntax601' in project 'swift-syntax'
➜ Explicit dependency on target 'SwiftSyntax602' in project 'swift-syntax'
➜ Explicit dependency on target 'SwiftSyntax603' in project 'swift-syntax'
➜ Explicit dependency on target 'SwiftSyntax604' in project 'swift-syntax'
➜ Explicit dependency on target 'SwiftSyntax605' in project 'swift-syntax'
➜ Explicit dependency on target 'SwiftSyntax' in project 'swift-syntax'
➜ Explicit dependency on target 'SwiftBasicFormat' in project 'swift-syntax'
➜ Explicit dependency on target 'SwiftDiagnostics' in project 'swift-syntax'
➜ Explicit dependency on target 'SwiftParser' in project 'swift-syntax'
Target 'SwiftParser' in project 'swift-syntax'
➜ Explicit dependency on target '_SwiftSyntaxCShims' in project 'swift-syntax'
➜ Explicit dependency on target 'SwiftSyntax509' in project 'swift-syntax'
➜ Explicit dependency on target 'SwiftSyntax510' in project 'swift-syntax'
➜ Explicit dependency on target 'SwiftSyntax600' in project 'swift-syntax'
➜ Explicit dependency on target 'SwiftSyntax601' in project 'swift-syntax'
➜ Explicit dependency on target 'SwiftSyntax602' in project 'swift-syntax'
➜ Explicit dependency on target 'SwiftSyntax603' in project 'swift-syntax'
➜ Explicit dependency on target 'SwiftSyntax604' in project 'swift-syntax'
➜ Explicit dependency on target 'SwiftSyntax605' in project 'swift-syntax'
➜ Explicit dependency on target 'SwiftSyntax' in project 'swift-syntax'
Target 'SwiftBasicFormat' in project 'swift-syntax'
➜ Explicit dependency on target '_SwiftSyntaxCShims' in project 'swift-syntax'
➜ Explicit dependency on target 'SwiftSyntax509' in project 'swift-syntax'
➜ Explicit dependency on target 'SwiftSyntax510' in project 'swift-syntax'
➜ Explicit dependency on target 'SwiftSyntax600' in project 'swift-syntax'
➜ Explicit dependency on target 'SwiftSyntax601' in project 'swift-syntax'
➜ Explicit dependency on target 'SwiftSyntax602' in project 'swift-syntax'
➜ Explicit dependency on target 'SwiftSyntax603' in project 'swift-syntax'
➜ Explicit dependency on target 'SwiftSyntax604' in project 'swift-syntax'
➜ Explicit dependency on target 'SwiftSyntax605' in project 'swift-syntax'
➜ Explicit dependency on target 'SwiftSyntax' in project 'swift-syntax'
Target 'SwiftSyntax-product' in project 'swift-syntax'
➜ Explicit dependency on target 'SwiftSyntax' in project 'swift-syntax'
➜ Explicit dependency on target '_SwiftSyntaxCShims' in project 'swift-syntax'
➜ Explicit dependency on target 'SwiftSyntax509' in project 'swift-syntax'
➜ Explicit dependency on target 'SwiftSyntax510' in project 'swift-syntax'
➜ Explicit dependency on target 'SwiftSyntax600' in project 'swift-syntax'
➜ Explicit dependency on target 'SwiftSyntax601' in project 'swift-syntax'
➜ Explicit dependency on target 'SwiftSyntax602' in project 'swift-syntax'
➜ Explicit dependency on target 'SwiftSyntax603' in project 'swift-syntax'
➜ Explicit dependency on target 'SwiftSyntax604' in project 'swift-syntax'
➜ Explicit dependency on target 'SwiftSyntax605' in project 'swift-syntax'
Target 'SwiftDiagnostics-product' in project 'swift-syntax'
➜ Explicit dependency on target 'SwiftDiagnostics' in project 'swift-syntax'
➜ Explicit dependency on target '_SwiftSyntaxCShims' in project 'swift-syntax'
➜ Explicit dependency on target 'SwiftSyntax509' in project 'swift-syntax'
➜ Explicit dependency on target 'SwiftSyntax510' in project 'swift-syntax'
➜ Explicit dependency on target 'SwiftSyntax600' in project 'swift-syntax'
➜ Explicit dependency on target 'SwiftSyntax601' in project 'swift-syntax'
➜ Explicit dependency on target 'SwiftSyntax602' in project 'swift-syntax'
➜ Explicit dependency on target 'SwiftSyntax603' in project 'swift-syntax'
➜ Explicit dependency on target 'SwiftSyntax604' in project 'swift-syntax'
➜ Explicit dependency on target 'SwiftSyntax605' in project 'swift-syntax'
➜ Explicit dependency on target 'SwiftSyntax' in project 'swift-syntax'
Target 'SwiftDiagnostics' in project 'swift-syntax'
➜ Explicit dependency on target '_SwiftSyntaxCShims' in project 'swift-syntax'
➜ Explicit dependency on target 'SwiftSyntax509' in project 'swift-syntax'
➜ Explicit dependency on target 'SwiftSyntax510' in project 'swift-syntax'
➜ Explicit dependency on target 'SwiftSyntax600' in project 'swift-syntax'
➜ Explicit dependency on target 'SwiftSyntax601' in project 'swift-syntax'
➜ Explicit dependency on target 'SwiftSyntax602' in project 'swift-syntax'
➜ Explicit dependency on target 'SwiftSyntax603' in project 'swift-syntax'
➜ Explicit dependency on target 'SwiftSyntax604' in project 'swift-syntax'
➜ Explicit dependency on target 'SwiftSyntax605' in project 'swift-syntax'
➜ Explicit dependency on target 'SwiftSyntax' in project 'swift-syntax'
Target 'SwiftSyntax' in project 'swift-syntax'
➜ Explicit dependency on target '_SwiftSyntaxCShims' in project 'swift-syntax'
➜ Explicit dependency on target 'SwiftSyntax509' in project 'swift-syntax'
➜ Explicit dependency on target 'SwiftSyntax510' in project 'swift-syntax'
➜ Explicit dependency on target 'SwiftSyntax600' in project 'swift-syntax'
➜ Explicit dependency on target 'SwiftSyntax601' in project 'swift-syntax'
➜ Explicit dependency on target 'SwiftSyntax602' in project 'swift-syntax'
➜ Explicit dependency on target 'SwiftSyntax603' in project 'swift-syntax'
➜ Explicit dependency on target 'SwiftSyntax604' in project 'swift-syntax'
➜ Explicit dependency on target 'SwiftSyntax605' in project 'swift-syntax'
Target 'SwiftSyntax605' in project 'swift-syntax' (no dependencies)
Target 'SwiftSyntax604' in project 'swift-syntax' (no dependencies)
Target 'SwiftSyntax603' in project 'swift-syntax' (no dependencies)
Target 'SwiftSyntax602' in project 'swift-syntax' (no dependencies)
Target 'SwiftSyntax601' in project 'swift-syntax' (no dependencies)
Target 'SwiftSyntax600' in project 'swift-syntax' (no dependencies)
Target 'SwiftSyntax510' in project 'swift-syntax' (no dependencies)
Target 'SwiftSyntax509' in project 'swift-syntax' (no dependencies)
Target '_SwiftSyntaxCShims' in project 'swift-syntax' (no dependencies)
GatherProvisioningInputs
CreateBuildDescription
ClangStatCache /Applications/Xcode-27.0.0-Release.Candidate.app/Contents/Developer/Toolchains/XcodeDefault.xctoolchain/usr/bin/clang-stat-cache /Applications/Xcode-27.0.0-Release.Candidate.app/Contents/Developer/Platforms/XROS.platform/Developer/SDKs/XROS27.0.sdk /Users/admin/builder/spi-builder-workspace/.derivedData/SDKStatCaches.noindex/xros27.0-24M361-e829b21a6f8c9b70876ba0858053c044735bd543db762f57723cac368afd1ce4.sdkstatcache
cd /Users/admin/builder/spi-builder-workspace/.swiftpm/xcode
/Applications/Xcode-27.0.0-Release.Candidate.app/Contents/Developer/Toolchains/XcodeDefault.xctoolchain/usr/bin/clang-stat-cache /Applications/Xcode-27.0.0-Release.Candidate.app/Contents/Developer/Platforms/XROS.platform/Developer/SDKs/XROS27.0.sdk -o /Users/admin/builder/spi-builder-workspace/.derivedData/SDKStatCaches.noindex/xros27.0-24M361-e829b21a6f8c9b70876ba0858053c044735bd543db762f57723cac368afd1ce4.sdkstatcache
ClangStatCache /Applications/Xcode-27.0.0-Release.Candidate.app/Contents/Developer/Toolchains/XcodeDefault.xctoolchain/usr/bin/clang-stat-cache /Applications/Xcode-27.0.0-Release.Candidate.app/Contents/Developer/Platforms/MacOSX.platform/Developer/SDKs/MacOSX27.0.sdk /Users/admin/builder/spi-builder-workspace/.derivedData/SDKStatCaches.noindex/macosx27.0-26A425-e829b21a6f8c9b70876ba0858053c0446a22442a12e9d48fe1a705f55a1adfc4.sdkstatcache
cd /Users/admin/builder/spi-builder-workspace/.swiftpm/xcode
/Applications/Xcode-27.0.0-Release.Candidate.app/Contents/Developer/Toolchains/XcodeDefault.xctoolchain/usr/bin/clang-stat-cache /Applications/Xcode-27.0.0-Release.Candidate.app/Contents/Developer/Platforms/MacOSX.platform/Developer/SDKs/MacOSX27.0.sdk -o /Users/admin/builder/spi-builder-workspace/.derivedData/SDKStatCaches.noindex/macosx27.0-26A425-e829b21a6f8c9b70876ba0858053c0446a22442a12e9d48fe1a705f55a1adfc4.sdkstatcache
SwiftDriver DeepLink normal arm64 com.apple.xcode.tools.swift.compiler (in target 'DeepLink' from project 'DeepLink')
cd /Users/admin/builder/spi-builder-workspace/.swiftpm/xcode
builtin-SwiftDriver -- /Applications/Xcode-27.0.0-Release.Candidate.app/Contents/Developer/Toolchains/XcodeDefault.xctoolchain/usr/bin/swiftc -parse-as-library -module-name DeepLink -Onone @/Users/admin/builder/spi-builder-workspace/.derivedData/Build/Intermediates.noindex/DeepLink.build/Debug-xros/DeepLink-t.build/Objects-normal/arm64/DeepLink.SwiftFileList -DSWIFT_PACKAGE -DDEBUG -DSWIFT_MODULE_RESOURCE_BUNDLE_UNAVAILABLE -DXcode -enable-experimental-feature StrictConcurrency -plugin-path /Applications/Xcode-27.0.0-Release.Candidate.app/Contents/Developer/Toolchains/XcodeDefault.xctoolchain/usr/lib/swift/host/plugins/testing -enable-experimental-feature DebugDescriptionMacro -sdk /Applications/Xcode-27.0.0-Release.Candidate.app/Contents/Developer/Platforms/XROS.platform/Developer/SDKs/XROS27.0.sdk -target arm64-apple-xros1.0 -g -module-cache-path /Users/admin/builder/spi-builder-workspace/.derivedData/ModuleCache.noindex -Xfrontend -serialize-debugging-options -profile-coverage-mapping -profile-generate -enable-testing -index-store-path /Users/admin/builder/spi-builder-workspace/.derivedData/Index.noindex/DataStore -Xcc -D_LIBCPP_HARDENING_MODE\=_LIBCPP_HARDENING_MODE_DEBUG -swift-version 5 -I /Users/admin/builder/spi-builder-workspace/.derivedData/Build/Products/Debug-xros -Isystem /Applications/Xcode-27.0.0-Release.Candidate.app/Contents/Developer/Platforms/XROS.platform/Developer/usr/lib -F /Users/admin/builder/spi-builder-workspace/.derivedData/Build/Products/Debug-xros -F /Applications/Xcode-27.0.0-Release.Candidate.app/Contents/Developer/Platforms/XROS.platform/Developer/Library/Frameworks -F /Applications/Xcode-27.0.0-Release.Candidate.app/Contents/Developer/Platforms/XROS.platform/Developer/SDKs/XROS27.0.sdk/Developer/Library/Frameworks -Xfrontend -load-plugin-executable -Xfrontend /Users/admin/builder/spi-builder-workspace/.derivedData/Build/Products/Debug/DeepLinkPlugin\#DeepLinkPlugin -c -j10 -enable-batch-mode -incremental -Xcc -ivfsstatcache -Xcc /Users/admin/builder/spi-builder-workspace/.derivedData/SDKStatCaches.noindex/xros27.0-24M361-e829b21a6f8c9b70876ba0858053c044735bd543db762f57723cac368afd1ce4.sdkstatcache -output-file-map /Users/admin/builder/spi-builder-workspace/.derivedData/Build/Intermediates.noindex/DeepLink.build/Debug-xros/DeepLink-t.build/Objects-normal/arm64/DeepLink-OutputFileMap.json -save-temps -no-color-diagnostics -explicit-module-build -module-cache-path /Users/admin/builder/spi-builder-workspace/.derivedData/Build/Intermediates.noindex/SwiftExplicitPrecompiledModules -clang-scanner-module-cache-path /Users/admin/builder/spi-builder-workspace/.derivedData/ModuleCache.noindex -sdk-module-cache-path /Users/admin/builder/spi-builder-workspace/.derivedData/SDKExplicitPrecompiledModules -emit-dependencies -emit-module -emit-module-path /Users/admin/builder/spi-builder-workspace/.derivedData/Build/Intermediates.noindex/DeepLink.build/Debug-xros/DeepLink-t.build/Objects-normal/arm64/DeepLink.swiftmodule -serialize-diagnostics -dependency-scan-serialize-diagnostics-path /Users/admin/builder/spi-builder-workspace/.derivedData/Build/Intermediates.noindex/DeepLink.build/Debug-xros/DeepLink-t.build/Objects-normal/arm64/DeepLink-dependency-scan.dia -validate-clang-modules-once -clang-build-session-file /Users/admin/builder/spi-builder-workspace/.derivedData/ModuleCache.noindex/Session.modulevalidation -Xcc -fmodules-prune-interval\=86400 -Xcc -fmodules-prune-after\=345600 -package-name spi_builder_workspace -emit-const-values -const-gather-protocols-list /Users/admin/builder/spi-builder-workspace/.derivedData/Build/Intermediates.noindex/DeepLink.build/Debug-xros/DeepLink-t.build/Objects-normal/arm64/DeepLink_const_extract_protocols.json -Xcc -I/Users/admin/builder/spi-builder-workspace/.derivedData/Build/Products/Debug-xros/include -Xcc -I/Users/admin/builder/spi-builder-workspace/.derivedData/Build/Intermediates.noindex/DeepLink.build/Debug-xros/DeepLink-t.build/DerivedSources-normal/arm64 -Xcc -I/Users/admin/builder/spi-builder-workspace/.derivedData/Build/Intermediates.noindex/DeepLink.build/Debug-xros/DeepLink-t.build/DerivedSources/arm64 -Xcc -I/Users/admin/builder/spi-builder-workspace/.derivedData/Build/Intermediates.noindex/DeepLink.build/Debug-xros/DeepLink-t.build/DerivedSources -Xcc -DSWIFT_PACKAGE -Xcc -DDEBUG\=1 -emit-objc-header -emit-objc-header-path /Users/admin/builder/spi-builder-workspace/.derivedData/Build/Intermediates.noindex/DeepLink.build/Debug-xros/DeepLink-t.build/Objects-normal/arm64/DeepLink-Swift.h -working-directory /Users/admin/builder/spi-builder-workspace/.swiftpm/xcode -experimental-emit-module-separately -disable-cmo
SwiftCompile normal arm64 Compiling\ DeepLink+canOpen.swift /Users/admin/builder/spi-builder-workspace/Sources/DeepLink/DeepLink+canOpen.swift (in target 'DeepLink' from project 'DeepLink')
SwiftCompile normal arm64 /Users/admin/builder/spi-builder-workspace/Sources/DeepLink/DeepLink+canOpen.swift (in target 'DeepLink' from project 'DeepLink')
cd /Users/admin/builder/spi-builder-workspace/.swiftpm/xcode
builtin-SwiftPerFileCompile DeepLink+canOpen.swift
/Users/admin/builder/spi-builder-workspace/Sources/DeepLink/DeepLink+canOpen.swift:20:5: error: missing return in getter expected to return 'Bool'
18 | return false
19 | #endif
20 | }
| `- error: missing return in getter expected to return 'Bool'
21 | }
22 |
Failed frontend command:
/Applications/Xcode-27.0.0-Release.Candidate.app/Contents/Developer/Toolchains/XcodeDefault.xctoolchain/usr/bin/swift-frontend -frontend -c -primary-file /Users/admin/builder/spi-builder-workspace/Sources/DeepLink/DeepLink+canOpen.swift /Users/admin/builder/spi-builder-workspace/Sources/DeepLink/DeepLink.swift /Users/admin/builder/spi-builder-workspace/Sources/DeepLink/Macros.swift /Users/admin/builder/spi-builder-workspace/Sources/DeepLink/Typealises.swift /Users/admin/builder/spi-builder-workspace/Sources/DeepLink/TypedStringURLComponent.swift -emit-dependencies-path /Users/admin/builder/spi-builder-workspace/.derivedData/Build/Intermediates.noindex/DeepLink.build/Debug-xros/DeepLink-t.build/Objects-normal/arm64/DeepLink+canOpen.d -emit-const-values-path /Users/admin/builder/spi-builder-workspace/.derivedData/Build/Intermediates.noindex/DeepLink.build/Debug-xros/DeepLink-t.build/Objects-normal/arm64/DeepLink+canOpen.swiftconstvalues -emit-reference-dependencies-path /Users/admin/builder/spi-builder-workspace/.derivedData/Build/Intermediates.noindex/DeepLink.build/Debug-xros/DeepLink-t.build/Objects-normal/arm64/DeepLink+canOpen.swiftdeps -serialize-diagnostics-path /Users/admin/builder/spi-builder-workspace/.derivedData/Build/Intermediates.noindex/DeepLink.build/Debug-xros/DeepLink-t.build/Objects-normal/arm64/DeepLink+canOpen.dia -target arm64-apple-xros1.0 -disable-cross-import-overlay-search -load-resolved-plugin \#/Users/admin/builder/spi-builder-workspace/.derivedData/Build/Products/Debug/DeepLinkPlugin\#DeepLinkPlugin -load-resolved-plugin /Applications/Xcode-27.0.0-Release.Candidate.app/Contents/Developer/Platforms/XROS.platform/Developer/usr/lib/swift/host/plugins/libFoundationMacros.dylib\#/Applications/Xcode-27.0.0-Release.Candidate.app/Contents/Developer/Platforms/XROS.platform/Developer/usr/bin/swift-plugin-server\#FoundationMacros -load-resolved-plugin /Applications/Xcode-27.0.0-Release.Candidate.app/Contents/Developer/Platforms/XROS.platform/Developer/usr/lib/swift/host/plugins/libObservationMacros.dylib\#/Applications/Xcode-27.0.0-Release.Candidate.app/Contents/Developer/Platforms/XROS.platform/Developer/usr/bin/swift-plugin-server\#ObservationMacros -load-resolved-plugin /Applications/Xcode-27.0.0-Release.Candidate.app/Contents/Developer/Platforms/XROS.platform/Developer/usr/lib/swift/host/plugins/libSwiftMacros.dylib\#/Applications/Xcode-27.0.0-Release.Candidate.app/Contents/Developer/Platforms/XROS.platform/Developer/usr/bin/swift-plugin-server\#SwiftMacros -disable-implicit-swift-modules -Xcc -fno-implicit-modules -Xcc -fno-implicit-module-maps -explicit-swift-module-map-file /Users/admin/builder/spi-builder-workspace/.derivedData/Build/Intermediates.noindex/DeepLink.build/Debug-xros/DeepLink-t.build/Objects-normal/arm64/DeepLink-dependencies-1.json -Xllvm -aarch64-use-tbi -enable-objc-interop -stack-check -sdk /Applications/Xcode-27.0.0-Release.Candidate.app/Contents/Developer/Platforms/XROS.platform/Developer/SDKs/XROS27.0.sdk -I /Users/admin/builder/spi-builder-workspace/.derivedData/Build/Products/Debug-xros -Isystem /Applications/Xcode-27.0.0-Release.Candidate.app/Contents/Developer/Platforms/XROS.platform/Developer/usr/lib -F /Users/admin/builder/spi-builder-workspace/.derivedData/Build/Products/Debug-xros -F /Applications/Xcode-27.0.0-Release.Candidate.app/Contents/Developer/Platforms/XROS.platform/Developer/Library/Frameworks -F /Applications/Xcode-27.0.0-Release.Candidate.app/Contents/Developer/Platforms/XROS.platform/Developer/SDKs/XROS27.0.sdk/Developer/Library/Frameworks -module-cache-path /Users/admin/builder/spi-builder-workspace/.derivedData/Build/Intermediates.noindex/SwiftExplicitPrecompiledModules -no-color-diagnostics -Xcc -fno-color-diagnostics -enable-testing -g -debug-info-format\=dwarf -dwarf-version\=4 -profile-generate -profile-coverage-mapping -swift-version 5 -Onone -D SWIFT_PACKAGE -D DEBUG -D SWIFT_MODULE_RESOURCE_BUNDLE_UNAVAILABLE -D Xcode -serialize-debugging-options -load-plugin-executable /Users/admin/builder/spi-builder-workspace/.derivedData/Build/Products/Debug/DeepLinkPlugin\#DeepLinkPlugin -enable-experimental-feature StrictConcurrency -enable-experimental-feature DebugDescriptionMacro -empty-abi-descriptor -validate-clang-modules-once -clang-build-session-file /Users/admin/builder/spi-builder-workspace/.derivedData/ModuleCache.noindex/Session.modulevalidation -Xcc -working-directory -Xcc /Users/admin/builder/spi-builder-workspace/.swiftpm/xcode -enable-anonymous-context-mangled-names -file-compilation-dir /Users/admin/builder/spi-builder-workspace/.swiftpm/xcode -Xcc -D_LIBCPP_HARDENING_MODE\=_LIBCPP_HARDENING_MODE_DEBUG -Xcc -ivfsstatcache -Xcc /Users/admin/builder/spi-builder-workspace/.derivedData/SDKStatCaches.noindex/xros27.0-24M361-e829b21a6f8c9b70876ba0858053c044735bd543db762f57723cac368afd1ce4.sdkstatcache -Xcc -fmodules-prune-interval\=86400 -Xcc -fmodules-prune-after\=345600 -Xcc -I/Users/admin/builder/spi-builder-workspace/.derivedData/Build/Products/Debug-xros/include -Xcc -I/Users/admin/builder/spi-builder-workspace/.derivedData/Build/Intermediates.noindex/DeepLink.build/Debug-xros/DeepLink-t.build/DerivedSources-normal/arm64 -Xcc -I/Users/admin/builder/spi-builder-workspace/.derivedData/Build/Intermediates.noindex/DeepLink.build/Debug-xros/DeepLink-t.build/DerivedSources/arm64 -Xcc -I/Users/admin/builder/spi-builder-workspace/.derivedData/Build/Intermediates.noindex/DeepLink.build/Debug-xros/DeepLink-t.build/DerivedSources -Xcc -DSWIFT_PACKAGE -Xcc -DDEBUG\=1 -no-auto-bridging-header-chaining -module-name DeepLink -package-name spi_builder_workspace -const-gather-protocols-file /Users/admin/builder/spi-builder-workspace/.derivedData/Build/Intermediates.noindex/DeepLink.build/Debug-xros/DeepLink-t.build/Objects-normal/arm64/DeepLink_const_extract_protocols.json -disable-clang-spi -clang-target arm64-apple-xros27.0 -target-sdk-version 27.0 -target-sdk-name xros27.0 -in-process-plugin-server-path /Applications/Xcode-27.0.0-Release.Candidate.app/Contents/Developer/Toolchains/XcodeDefault.xctoolchain/usr/lib/swift/host/libSwiftInProcPluginServer.dylib -parse-as-library -o /Users/admin/builder/spi-builder-workspace/.derivedData/Build/Intermediates.noindex/DeepLink.build/Debug-xros/DeepLink-t.build/Objects-normal/arm64/DeepLink+canOpen.o -debug-module-path /Users/admin/builder/spi-builder-workspace/.derivedData/Build/Intermediates.noindex/DeepLink.build/Debug-xros/DeepLink-t.build/Objects-normal/arm64/DeepLink.swiftmodule -index-unit-output-path /DeepLink.build/Debug-xros/DeepLink-t.build/Objects-normal/arm64/DeepLink+canOpen.o -index-store-path /Users/admin/builder/spi-builder-workspace/.derivedData/Index.noindex/DataStore -index-system-modules
SwiftEmitModule normal arm64 Emitting\ module\ for\ DeepLink (in target 'DeepLink' from project 'DeepLink')
SwiftCompile normal arm64 (in target 'DeepLink' from project 'DeepLink')
cd /Users/admin/builder/spi-builder-workspace/.swiftpm/xcode
SwiftCompile normal arm64 Compiling\ Typealises.swift /Users/admin/builder/spi-builder-workspace/Sources/DeepLink/Typealises.swift (in target 'DeepLink' from project 'DeepLink')
SwiftCompile normal arm64 /Users/admin/builder/spi-builder-workspace/Sources/DeepLink/Typealises.swift (in target 'DeepLink' from project 'DeepLink')
cd /Users/admin/builder/spi-builder-workspace/.swiftpm/xcode
builtin-SwiftPerFileCompile Typealises.swift
SwiftCompile normal arm64 Compiling\ DeepLink.swift /Users/admin/builder/spi-builder-workspace/Sources/DeepLink/DeepLink.swift (in target 'DeepLink' from project 'DeepLink')
SwiftCompile normal arm64 /Users/admin/builder/spi-builder-workspace/Sources/DeepLink/DeepLink.swift (in target 'DeepLink' from project 'DeepLink')
cd /Users/admin/builder/spi-builder-workspace/.swiftpm/xcode
builtin-SwiftPerFileCompile DeepLink.swift
SwiftCompile normal arm64 Compiling\ Macros.swift /Users/admin/builder/spi-builder-workspace/Sources/DeepLink/Macros.swift (in target 'DeepLink' from project 'DeepLink')
SwiftCompile normal arm64 /Users/admin/builder/spi-builder-workspace/Sources/DeepLink/Macros.swift (in target 'DeepLink' from project 'DeepLink')
cd /Users/admin/builder/spi-builder-workspace/.swiftpm/xcode
builtin-SwiftPerFileCompile Macros.swift
PruneExplicitPrecompiledModules /Users/admin/builder/spi-builder-workspace/.derivedData/Build/Intermediates.noindex/ExplicitPrecompiledModules
PruneExplicitPrecompiledModules /Users/admin/builder/spi-builder-workspace/.derivedData/SDKExplicitPrecompiledModules
PruneExplicitPrecompiledModules /Users/admin/builder/spi-builder-workspace/.derivedData/Build/Intermediates.noindex/SwiftExplicitPrecompiledModules
2026-09-19 14:16:13.769 xcodebuild[1854:10966] [MT] IDERunDestination: Supported platforms for the buildables in the current scheme is empty.
** BUILD FAILED **
The following build commands failed:
SwiftCompile normal arm64 /Users/admin/builder/spi-builder-workspace/Sources/DeepLink/DeepLink+canOpen.swift (in target 'DeepLink' from project 'DeepLink')
SwiftCompile normal arm64 Compiling\ DeepLink+canOpen.swift /Users/admin/builder/spi-builder-workspace/Sources/DeepLink/DeepLink+canOpen.swift (in target 'DeepLink' from project 'DeepLink')
Building workspace DeepLink with scheme DeepLink-Package
(3 failures)
BUILD FAILURE 6.4 visionOS