Build Information
Failed to build WechatOpenSDK, reference master (95e36a), with Swift 6.4 for watchOS using Xcode 27.0 on 23 Sep 2026 06:37:37 UTC.
Build Command
env DEVELOPER_DIR=/Applications/Xcode-27.0.0-Release.Candidate.app xcrun xcodebuild -IDEClonedSourcePackagesDirPathOverride=$PWD/.dependencies -skipMacroValidation -skipPackagePluginValidation -derivedDataPath $PWD/.derivedData build -scheme WechatOpenSDK -destination generic/platform=watchOSBuild Log
========================================
RunAll
========================================
Builder version: 5.1.0
Interrupt handler set up.
========================================
Checkout
========================================
Clone URL: https://github.com/yanyin1986/WechatOpenSDK.git
Reference: master
Initialized empty Git repository in /Users/admin/builder/spi-builder-workspace/.git/
From https://github.com/yanyin1986/WechatOpenSDK
* branch master -> FETCH_HEAD
* [new branch] master -> origin/master
HEAD is now at 95e36a8 Merge pull request #4 from webbrain-one/webbrain/readme-improvement
Cloned https://github.com/yanyin1986/WechatOpenSDK.git
Revision (git rev-parse @):
95e36a8d110f85d3a1814b35c864a003f102c7e6
SUCCESS checkout https://github.com/yanyin1986/WechatOpenSDK.git at master
========================================
Build
========================================
Selected platform: watchOS
Swift version: 6.4
Building package at path: $PWD
https://github.com/yanyin1986/WechatOpenSDK.git
Command line invocation:
/Applications/Xcode-27.0.0-Release.Candidate.app/Contents/Developer/usr/bin/xcodebuild -IDEClonedSourcePackagesDirPathOverride=/Users/admin/builder/spi-builder-workspace/.dependencies -resolvePackageDependencies
Resolve Package Graph
Resolve Package Graph
Resolved source packages:
WechatOpenSDK: /Users/admin/builder/spi-builder-workspace
resolved source packages: WechatOpenSDK
2026-09-23 02:37:00.243 xcodebuild[529:3033] [MT] IDERunDestination: Supported platforms for the buildables in the current scheme is empty.
{
"dependencies" : [
],
"manifest_display_name" : "WechatOpenSDK",
"name" : "WechatOpenSDK",
"path" : "/Users/admin/builder/spi-builder-workspace",
"platforms" : [
{
"name" : "ios",
"version" : "11.0"
}
],
"products" : [
{
"name" : "WechatOpenSDK",
"targets" : [
"WechatOpenSDK"
],
"type" : {
"library" : [
"automatic"
]
}
}
],
"targets" : [
{
"c99name" : "WechatOpenSDK",
"module_type" : "BinaryTarget",
"name" : "WechatOpenSDK",
"path" : "Sources/WechatOpenSDK-XCFramework.xcframework",
"product_memberships" : [
"WechatOpenSDK"
],
"sources" : [
],
"type" : "binary"
}
],
"tools_version" : "5.8"
}
{
"workspace" : {
"name" : "WechatOpenSDK",
"schemes" : [
"WechatOpenSDK"
]
}
}
2026-09-23 02:37:31.875 xcodebuild[626:3839] [MT] IDERunDestination: Supported platforms for the buildables in the current scheme is empty.
Running build ...
env DEVELOPER_DIR=/Applications/Xcode-27.0.0-Release.Candidate.app xcrun xcodebuild -IDEClonedSourcePackagesDirPathOverride=$PWD/.dependencies -skipMacroValidation -skipPackagePluginValidation -derivedDataPath $PWD/.derivedData build -scheme WechatOpenSDK -destination generic/platform=watchOS
Command line invocation:
/Applications/Xcode-27.0.0-Release.Candidate.app/Contents/Developer/usr/bin/xcodebuild -IDEClonedSourcePackagesDirPathOverride=/Users/admin/builder/spi-builder-workspace/.dependencies -skipMacroValidation -skipPackagePluginValidation -derivedDataPath /Users/admin/builder/spi-builder-workspace/.derivedData build -scheme WechatOpenSDK -destination generic/platform=watchOS
Resolve Package Graph
Resolved source packages:
WechatOpenSDK: /Users/admin/builder/spi-builder-workspace
ComputePackagePrebuildTargetDependencyGraph
Prepare packages
CreateBuildRequest
SendProjectDescription
CreateBuildOperation
ComputeTargetDependencyGraph
note: Building targets in dependency order
note: Target dependency graph (1 target)
Target 'WechatOpenSDK-product' in project 'WechatOpenSDK' (no dependencies)
GatherProvisioningInputs
CreateBuildDescription
ExecuteExternalTool /Applications/Xcode-27.0.0-Release.Candidate.app/Contents/Developer/Toolchains/XcodeDefault.xctoolchain/usr/bin/clang -v -E -dM -isysroot /Applications/Xcode-27.0.0-Release.Candidate.app/Contents/Developer/Platforms/WatchOS.platform/Developer/SDKs/WatchOS27.0.sdk -x c -c /dev/null
Build description signature: 36dc90138c432c2afb8d87ed50364bdc
Build description path: /Users/admin/builder/spi-builder-workspace/.derivedData/Build/Intermediates.noindex/XCBuildData/36dc90138c432c2afb8d87ed50364bdc.xcbuilddata
/Users/admin/builder/spi-builder-workspace/Sources/WechatOpenSDK-XCFramework.xcframework:1:1: error: While building for watchOS, no library for this platform was found in '/Users/admin/builder/spi-builder-workspace/Sources/WechatOpenSDK-XCFramework.xcframework'. (in target 'WechatOpenSDK-product' from project 'WechatOpenSDK')
2026-09-23 02:37:33.397 xcodebuild[627:3883] [MT] IDERunDestination: Supported platforms for the buildables in the current scheme is empty.
** BUILD FAILED **
The following build commands failed:
Building workspace WechatOpenSDK with scheme WechatOpenSDK
(1 failure)
Command line invocation:
/Applications/Xcode-27.0.0-Release.Candidate.app/Contents/Developer/usr/bin/xcodebuild -IDEClonedSourcePackagesDirPathOverride=/Users/admin/builder/spi-builder-workspace/.dependencies -resolvePackageDependencies
Resolve Package Graph
Resolved source packages:
WechatOpenSDK: /Users/admin/builder/spi-builder-workspace
resolved source packages: WechatOpenSDK
2026-09-23 02:37:35.072 xcodebuild[640:4011] [MT] IDERunDestination: Supported platforms for the buildables in the current scheme is empty.
{
"dependencies" : [
],
"manifest_display_name" : "WechatOpenSDK",
"name" : "WechatOpenSDK",
"path" : "/Users/admin/builder/spi-builder-workspace",
"platforms" : [
{
"name" : "ios",
"version" : "11.0"
}
],
"products" : [
{
"name" : "WechatOpenSDK",
"targets" : [
"WechatOpenSDK"
],
"type" : {
"library" : [
"automatic"
]
}
}
],
"targets" : [
{
"c99name" : "WechatOpenSDK",
"module_type" : "BinaryTarget",
"name" : "WechatOpenSDK",
"path" : "Sources/WechatOpenSDK-XCFramework.xcframework",
"product_memberships" : [
"WechatOpenSDK"
],
"sources" : [
],
"type" : "binary"
}
],
"tools_version" : "5.8"
}
{
"workspace" : {
"name" : "WechatOpenSDK",
"schemes" : [
"WechatOpenSDK"
]
}
}
2026-09-23 02:37:36.310 xcodebuild[670:4244] [MT] IDERunDestination: Supported platforms for the buildables in the current scheme is empty.
Running build ...
env DEVELOPER_DIR=/Applications/Xcode-27.0.0-Release.Candidate.app xcrun xcodebuild -IDEClonedSourcePackagesDirPathOverride=$PWD/.dependencies -skipMacroValidation -skipPackagePluginValidation -derivedDataPath $PWD/.derivedData build -scheme WechatOpenSDK -destination generic/platform=watchOS
Command line invocation:
/Applications/Xcode-27.0.0-Release.Candidate.app/Contents/Developer/usr/bin/xcodebuild -IDEClonedSourcePackagesDirPathOverride=/Users/admin/builder/spi-builder-workspace/.dependencies -skipMacroValidation -skipPackagePluginValidation -derivedDataPath /Users/admin/builder/spi-builder-workspace/.derivedData build -scheme WechatOpenSDK -destination generic/platform=watchOS
Resolve Package Graph
Resolved source packages:
WechatOpenSDK: /Users/admin/builder/spi-builder-workspace
ComputePackagePrebuildTargetDependencyGraph
Prepare packages
CreateBuildRequest
SendProjectDescription
CreateBuildOperation
ComputeTargetDependencyGraph
note: Building targets in dependency order
note: Target dependency graph (1 target)
Target 'WechatOpenSDK-product' in project 'WechatOpenSDK' (no dependencies)
GatherProvisioningInputs
CreateBuildDescription
/Users/admin/builder/spi-builder-workspace/Sources/WechatOpenSDK-XCFramework.xcframework:1:1: error: While building for watchOS, no library for this platform was found in '/Users/admin/builder/spi-builder-workspace/Sources/WechatOpenSDK-XCFramework.xcframework'. (in target 'WechatOpenSDK-product' from project 'WechatOpenSDK')
2026-09-23 02:37:37.288 xcodebuild[671:4271] [MT] IDERunDestination: Supported platforms for the buildables in the current scheme is empty.
** BUILD FAILED **
The following build commands failed:
Building workspace WechatOpenSDK with scheme WechatOpenSDK
(1 failure)
BUILD FAILURE 6.4 watchOS