Build Information
Failed to build BCryptSwift, reference master (7cebf3), with Swift 6.1 for Android on 10 Oct 2026 02:01:01 UTC.
Build Command
bash -c docker run --pull=always --rm -v "checkouts-54344849-0":/host -w "$PWD" -e JAVA_HOME="/root/.sdkman/candidates/java/current" -e SPI_BUILD="1" -e SPI_PROCESSING="1" registry.gitlab.com/saguaro1/spi-images:android-6.1-latest swift build --swift-sdk aarch64-unknown-linux-android24 2>&1Build Log
========================================
RunAll
========================================
Builder version: 5.1.1
Interrupt handler set up.
========================================
Checkout
========================================
Clone URL: https://github.com/wisetail/BCryptSwift.git
Reference: master
Initialized empty Git repository in /host/spi-builder-workspace/.git/
hint: Using 'master' as the name for the initial branch. This default branch name
hint: is subject to change. To configure the initial branch name to use in all
hint: of your new repositories, which will suppress this warning, call:
hint:
hint: git config --global init.defaultBranch <name>
hint:
hint: Names commonly chosen instead of 'master' are 'main', 'trunk' and
hint: 'development'. The just-created branch can be renamed via this command:
hint:
hint: git branch -m <name>
From https://github.com/wisetail/BCryptSwift
* branch master -> FETCH_HEAD
* [new branch] master -> origin/master
HEAD is now at 7cebf3c docs: update changelog, migration guide and readme
Cloned https://github.com/wisetail/BCryptSwift.git
Revision (git rev-parse @):
7cebf3c0d9b507912f572a0ad9b4d6af764d8b1a
SUCCESS checkout https://github.com/wisetail/BCryptSwift.git at master
========================================
Build
========================================
Selected platform: android
Swift version: 6.1
Building package at path: $PWD
https://github.com/wisetail/BCryptSwift.git
https://github.com/wisetail/BCryptSwift.git
WARNING: environment variable SUPPRESS_SWIFT_6_FLAGS is not set
Running build ...
bash -c docker run --pull=always --rm -v "checkouts-54344849-0":/host -w "$PWD" -e JAVA_HOME="/root/.sdkman/candidates/java/current" -e SPI_BUILD="1" -e SPI_PROCESSING="1" registry.gitlab.com/saguaro1/spi-images:android-6.1-latest swift build --swift-sdk aarch64-unknown-linux-android24 -Xswiftc -Xfrontend -Xswiftc -stats-output-dir -Xswiftc -Xfrontend -Xswiftc .stats -Xswiftc -strict-concurrency=complete -Xswiftc -enable-upcoming-feature -Xswiftc StrictConcurrency -Xswiftc -enable-upcoming-feature -Xswiftc DisableOutwardActorInference -Xswiftc -enable-upcoming-feature -Xswiftc GlobalActorIsolatedTypesUsability -Xswiftc -enable-upcoming-feature -Xswiftc InferSendableFromCaptures 2>&1
android-6.1-latest: Pulling from saguaro1/spi-images
Digest: sha256:396310cef4466ceb116ed5462b0b92d4deb353c0dad749b406b7fd226f6db9af
Status: Image is up to date for registry.gitlab.com/saguaro1/spi-images:android-6.1-latest
Building for debugging...
[0/2] Write sources
[1/2] Write swift-version-24593BA9C3E375BF.txt
[3/9] Compiling BCryptSwift BCryptConstants.swift
/host/spi-builder-workspace/BCryptSwift/Classes/BCryptSwiftModern.swift:21:8: error: no such module 'Security'
19 |
20 | import Foundation
21 | import Security
| `- error: no such module 'Security'
22 |
23 | /// Result of `BCryptSwiftModern.verifyPasswordWithLegacySupport(_:matchesHash:)`.
[4/9] Compiling BCryptSwift BCryptSwift.swift
/host/spi-builder-workspace/BCryptSwift/Classes/BCryptSwiftModern.swift:21:8: error: no such module 'Security'
19 |
20 | import Foundation
21 | import Security
| `- error: no such module 'Security'
22 |
23 | /// Result of `BCryptSwiftModern.verifyPasswordWithLegacySupport(_:matchesHash:)`.
[5/9] Compiling BCryptSwift BCryptError.swift
/host/spi-builder-workspace/BCryptSwift/Classes/BCryptSwiftModern.swift:21:8: error: no such module 'Security'
19 |
20 | import Foundation
21 | import Security
| `- error: no such module 'Security'
22 |
23 | /// Result of `BCryptSwiftModern.verifyPasswordWithLegacySupport(_:matchesHash:)`.
[6/9] Compiling BCryptSwift BCryptSwiftRandom.swift
/host/spi-builder-workspace/BCryptSwift/Classes/BCryptSwiftModern.swift:21:8: error: no such module 'Security'
19 |
20 | import Foundation
21 | import Security
| `- error: no such module 'Security'
22 |
23 | /// Result of `BCryptSwiftModern.verifyPasswordWithLegacySupport(_:matchesHash:)`.
[7/9] Compiling BCryptSwift BCryptSwiftModern.swift
/host/spi-builder-workspace/BCryptSwift/Classes/BCryptSwiftModern.swift:21:8: error: no such module 'Security'
19 |
20 | import Foundation
21 | import Security
| `- error: no such module 'Security'
22 |
23 | /// Result of `BCryptSwiftModern.verifyPasswordWithLegacySupport(_:matchesHash:)`.
error: emit-module command failed with exit code 1 (use -v to see invocation)
[8/9] Emitting module BCryptSwift
/host/spi-builder-workspace/BCryptSwift/Classes/BCryptSwiftModern.swift:21:8: error: no such module 'Security'
19 |
20 | import Foundation
21 | import Security
| `- error: no such module 'Security'
22 |
23 | /// Result of `BCryptSwiftModern.verifyPasswordWithLegacySupport(_:matchesHash:)`.
[9/9] Compiling BCryptSwift BCryptConfiguration.swift
/host/spi-builder-workspace/BCryptSwift/Classes/BCryptSwiftModern.swift:21:8: error: no such module 'Security'
19 |
20 | import Foundation
21 | import Security
| `- error: no such module 'Security'
22 |
23 | /// Result of `BCryptSwiftModern.verifyPasswordWithLegacySupport(_:matchesHash:)`.
Running build ...
bash -c docker run --pull=always --rm -v "checkouts-54344849-0":/host -w "$PWD" -e JAVA_HOME="/root/.sdkman/candidates/java/current" -e SPI_BUILD="1" -e SPI_PROCESSING="1" registry.gitlab.com/saguaro1/spi-images:android-6.1-latest swift build --swift-sdk aarch64-unknown-linux-android24 2>&1
android-6.1-latest: Pulling from saguaro1/spi-images
Digest: sha256:396310cef4466ceb116ed5462b0b92d4deb353c0dad749b406b7fd226f6db9af
Status: Image is up to date for registry.gitlab.com/saguaro1/spi-images:android-6.1-latest
[0/1] Planning build
Building for debugging...
[0/1] Write swift-version-24593BA9C3E375BF.txt
[2/8] Compiling BCryptSwift BCryptSwiftRandom.swift
/host/spi-builder-workspace/BCryptSwift/Classes/BCryptSwiftModern.swift:21:8: error: no such module 'Security'
19 |
20 | import Foundation
21 | import Security
| `- error: no such module 'Security'
22 |
23 | /// Result of `BCryptSwiftModern.verifyPasswordWithLegacySupport(_:matchesHash:)`.
error: emit-module command failed with exit code 1 (use -v to see invocation)
[3/8] Emitting module BCryptSwift
/host/spi-builder-workspace/BCryptSwift/Classes/BCryptSwiftModern.swift:21:8: error: no such module 'Security'
19 |
20 | import Foundation
21 | import Security
| `- error: no such module 'Security'
22 |
23 | /// Result of `BCryptSwiftModern.verifyPasswordWithLegacySupport(_:matchesHash:)`.
[4/8] Compiling BCryptSwift BCryptError.swift
/host/spi-builder-workspace/BCryptSwift/Classes/BCryptSwiftModern.swift:21:8: error: no such module 'Security'
19 |
20 | import Foundation
21 | import Security
| `- error: no such module 'Security'
22 |
23 | /// Result of `BCryptSwiftModern.verifyPasswordWithLegacySupport(_:matchesHash:)`.
[5/8] Compiling BCryptSwift BCryptSwift.swift
/host/spi-builder-workspace/BCryptSwift/Classes/BCryptSwiftModern.swift:21:8: error: no such module 'Security'
19 |
20 | import Foundation
21 | import Security
| `- error: no such module 'Security'
22 |
23 | /// Result of `BCryptSwiftModern.verifyPasswordWithLegacySupport(_:matchesHash:)`.
[6/8] Compiling BCryptSwift BCryptSwiftModern.swift
/host/spi-builder-workspace/BCryptSwift/Classes/BCryptSwiftModern.swift:21:8: error: no such module 'Security'
19 |
20 | import Foundation
21 | import Security
| `- error: no such module 'Security'
22 |
23 | /// Result of `BCryptSwiftModern.verifyPasswordWithLegacySupport(_:matchesHash:)`.
[7/8] Compiling BCryptSwift BCryptConfiguration.swift
/host/spi-builder-workspace/BCryptSwift/Classes/BCryptSwiftModern.swift:21:8: error: no such module 'Security'
19 |
20 | import Foundation
21 | import Security
| `- error: no such module 'Security'
22 |
23 | /// Result of `BCryptSwiftModern.verifyPasswordWithLegacySupport(_:matchesHash:)`.
[8/8] Compiling BCryptSwift BCryptConstants.swift
/host/spi-builder-workspace/BCryptSwift/Classes/BCryptSwiftModern.swift:21:8: error: no such module 'Security'
19 |
20 | import Foundation
21 | import Security
| `- error: no such module 'Security'
22 |
23 | /// Result of `BCryptSwiftModern.verifyPasswordWithLegacySupport(_:matchesHash:)`.
BUILD FAILURE 6.1 android