Build Information
Failed to build SelligentMobileSDK, reference master (96e405), with Swift 6.4 for tvOS using Xcode 27.0 on 16 Oct 2026 17:27:05 UTC.
Build Command
env DEVELOPER_DIR=/Applications/Xcode-27.0.0.app xcrun xcodebuild -IDEClonedSourcePackagesDirPathOverride=$PWD/.dependencies -skipMacroValidation -skipPackagePluginValidation -derivedDataPath $PWD/.derivedData build -scheme SelligentMobileSDK-Package -destination generic/platform=tvOSBuild Log
========================================
RunAll
========================================
Builder version: 5.1.3
Interrupt handler set up.
========================================
Checkout
========================================
Clone URL: https://github.com/SelligentMarketingCloud/MobileSDK-iOS.git
Reference: master
Initialized empty Git repository in /Users/admin/builder/spi-builder-workspace/.git/
From https://github.com/SelligentMarketingCloud/MobileSDK-iOS
* branch master -> FETCH_HEAD
* [new branch] master -> origin/master
HEAD is now at 96e405f Release 3.10.1
Cloned https://github.com/SelligentMarketingCloud/MobileSDK-iOS.git
Revision (git rev-parse @):
96e405fc7fc6f5b8586ce04e24fde5a455fb28cd
SUCCESS checkout https://github.com/SelligentMarketingCloud/MobileSDK-iOS.git at master
========================================
Build
========================================
Selected platform: tvOS
Swift version: 6.4
Building package at path: $PWD
https://github.com/SelligentMarketingCloud/MobileSDK-iOS.git
Command line invocation:
/Applications/Xcode-27.0.0.app/Contents/Developer/usr/bin/xcodebuild -IDEClonedSourcePackagesDirPathOverride=/Users/admin/builder/spi-builder-workspace/.dependencies -resolvePackageDependencies
Resolve Package Graph
Resolve Package Graph
Resolved source packages:
SelligentMobileSDK: /Users/admin/builder/spi-builder-workspace
resolved source packages: SelligentMobileSDK
2026-10-16 13:26:22.447 xcodebuild[530:3037] [MT] IDERunDestination: Supported platforms for the buildables in the current scheme is empty.
{
"dependencies" : [
],
"manifest_display_name" : "SelligentMobileSDK",
"name" : "SelligentMobileSDK",
"path" : "/Users/admin/builder/spi-builder-workspace",
"platforms" : [
{
"name" : "ios",
"version" : "13.0"
},
{
"name" : "maccatalyst",
"version" : "13.0"
}
],
"products" : [
{
"name" : "SelligentMobileSDK",
"targets" : [
"SelligentMobileSDK"
],
"type" : {
"library" : [
"automatic"
]
}
},
{
"name" : "SelligentMobileExtensionsSDK",
"targets" : [
"SelligentMobileExtensionsSDK"
],
"type" : {
"library" : [
"automatic"
]
}
}
],
"targets" : [
{
"c99name" : "SelligentMobileSDK",
"module_type" : "BinaryTarget",
"name" : "SelligentMobileSDK",
"path" : "Framework/SelligentMobileSDK.xcframework",
"product_memberships" : [
"SelligentMobileSDK"
],
"sources" : [
],
"type" : "binary"
},
{
"c99name" : "SelligentMobileExtensionsSDK",
"module_type" : "BinaryTarget",
"name" : "SelligentMobileExtensionsSDK",
"path" : "FrameworkExtension/SelligentMobileExtensionsSDK.xcframework",
"product_memberships" : [
"SelligentMobileExtensionsSDK"
],
"sources" : [
],
"type" : "binary"
}
],
"tools_version" : "5.5"
}
{
"workspace" : {
"name" : "SelligentMobileSDK",
"schemes" : [
"SelligentMobileExtensionsSDK",
"SelligentMobileSDK",
"SelligentMobileSDK-Package"
]
}
}
2026-10-16 13:26:58.924 xcodebuild[628:3976] [MT] IDERunDestination: Supported platforms for the buildables in the current scheme is empty.
Running build ...
env DEVELOPER_DIR=/Applications/Xcode-27.0.0.app xcrun xcodebuild -IDEClonedSourcePackagesDirPathOverride=$PWD/.dependencies -skipMacroValidation -skipPackagePluginValidation -derivedDataPath $PWD/.derivedData build -scheme SelligentMobileSDK-Package -destination generic/platform=tvOS
Command line invocation:
/Applications/Xcode-27.0.0.app/Contents/Developer/usr/bin/xcodebuild -IDEClonedSourcePackagesDirPathOverride=/Users/admin/builder/spi-builder-workspace/.dependencies -skipMacroValidation -skipPackagePluginValidation -derivedDataPath /Users/admin/builder/spi-builder-workspace/.derivedData build -scheme SelligentMobileSDK-Package -destination generic/platform=tvOS
Resolve Package Graph
Resolved source packages:
SelligentMobileSDK: /Users/admin/builder/spi-builder-workspace
ComputePackagePrebuildTargetDependencyGraph
Prepare packages
CreateBuildRequest
SendProjectDescription
CreateBuildOperation
ComputeTargetDependencyGraph
note: Building targets in dependency order
note: Target dependency graph (2 targets)
Target 'SelligentMobileExtensionsSDK-product' in project 'SelligentMobileSDK' (no dependencies)
Target 'SelligentMobileSDK-product' in project 'SelligentMobileSDK' (no dependencies)
GatherProvisioningInputs
CreateBuildDescription
ExecuteExternalTool /Applications/Xcode-27.0.0.app/Contents/Developer/Toolchains/XcodeDefault.xctoolchain/usr/bin/clang -v -E -dM -isysroot /Applications/Xcode-27.0.0.app/Contents/Developer/Platforms/AppleTVOS.platform/Developer/SDKs/AppleTVOS27.0.sdk -x c -c /dev/null
Build description signature: e945d4d3b333836d283d8d5863469ca4
Build description path: /Users/admin/builder/spi-builder-workspace/.derivedData/Build/Intermediates.noindex/XCBuildData/e945d4d3b333836d283d8d5863469ca4.xcbuilddata
/Users/admin/builder/spi-builder-workspace/Framework/SelligentMobileSDK.xcframework:1:1: error: While building for tvOS, no library for this platform was found in '/Users/admin/builder/spi-builder-workspace/Framework/SelligentMobileSDK.xcframework'. (in target 'SelligentMobileSDK-product' from project 'SelligentMobileSDK')
/Users/admin/builder/spi-builder-workspace/FrameworkExtension/SelligentMobileExtensionsSDK.xcframework:1:1: error: While building for tvOS, no library for this platform was found in '/Users/admin/builder/spi-builder-workspace/FrameworkExtension/SelligentMobileExtensionsSDK.xcframework'. (in target 'SelligentMobileExtensionsSDK-product' from project 'SelligentMobileSDK')
2026-10-16 13:27:00.478 xcodebuild[661:4256] [MT] IDERunDestination: Supported platforms for the buildables in the current scheme is empty.
** BUILD FAILED **
The following build commands failed:
Building workspace SelligentMobileSDK with scheme SelligentMobileSDK-Package
(1 failure)
Command line invocation:
/Applications/Xcode-27.0.0.app/Contents/Developer/usr/bin/xcodebuild -IDEClonedSourcePackagesDirPathOverride=/Users/admin/builder/spi-builder-workspace/.dependencies -resolvePackageDependencies
Resolve Package Graph
Resolved source packages:
SelligentMobileSDK: /Users/admin/builder/spi-builder-workspace
resolved source packages: SelligentMobileSDK
2026-10-16 13:27:02.204 xcodebuild[694:4471] [MT] IDERunDestination: Supported platforms for the buildables in the current scheme is empty.
{
"dependencies" : [
],
"manifest_display_name" : "SelligentMobileSDK",
"name" : "SelligentMobileSDK",
"path" : "/Users/admin/builder/spi-builder-workspace",
"platforms" : [
{
"name" : "ios",
"version" : "13.0"
},
{
"name" : "maccatalyst",
"version" : "13.0"
}
],
"products" : [
{
"name" : "SelligentMobileSDK",
"targets" : [
"SelligentMobileSDK"
],
"type" : {
"library" : [
"automatic"
]
}
},
{
"name" : "SelligentMobileExtensionsSDK",
"targets" : [
"SelligentMobileExtensionsSDK"
],
"type" : {
"library" : [
"automatic"
]
}
}
],
"targets" : [
{
"c99name" : "SelligentMobileSDK",
"module_type" : "BinaryTarget",
"name" : "SelligentMobileSDK",
"path" : "Framework/SelligentMobileSDK.xcframework",
"product_memberships" : [
"SelligentMobileSDK"
],
"sources" : [
],
"type" : "binary"
},
{
"c99name" : "SelligentMobileExtensionsSDK",
"module_type" : "BinaryTarget",
"name" : "SelligentMobileExtensionsSDK",
"path" : "FrameworkExtension/SelligentMobileExtensionsSDK.xcframework",
"product_memberships" : [
"SelligentMobileExtensionsSDK"
],
"sources" : [
],
"type" : "binary"
}
],
"tools_version" : "5.5"
}
{
"workspace" : {
"name" : "SelligentMobileSDK",
"schemes" : [
"SelligentMobileExtensionsSDK",
"SelligentMobileSDK",
"SelligentMobileSDK-Package"
]
}
}
2026-10-16 13:27:03.558 xcodebuild[702:4533] [MT] IDERunDestination: Supported platforms for the buildables in the current scheme is empty.
Running build ...
env DEVELOPER_DIR=/Applications/Xcode-27.0.0.app xcrun xcodebuild -IDEClonedSourcePackagesDirPathOverride=$PWD/.dependencies -skipMacroValidation -skipPackagePluginValidation -derivedDataPath $PWD/.derivedData build -scheme SelligentMobileSDK-Package -destination generic/platform=tvOS
Command line invocation:
/Applications/Xcode-27.0.0.app/Contents/Developer/usr/bin/xcodebuild -IDEClonedSourcePackagesDirPathOverride=/Users/admin/builder/spi-builder-workspace/.dependencies -skipMacroValidation -skipPackagePluginValidation -derivedDataPath /Users/admin/builder/spi-builder-workspace/.derivedData build -scheme SelligentMobileSDK-Package -destination generic/platform=tvOS
Resolve Package Graph
Resolved source packages:
SelligentMobileSDK: /Users/admin/builder/spi-builder-workspace
ComputePackagePrebuildTargetDependencyGraph
Prepare packages
CreateBuildRequest
SendProjectDescription
CreateBuildOperation
ComputeTargetDependencyGraph
note: Building targets in dependency order
note: Target dependency graph (2 targets)
Target 'SelligentMobileExtensionsSDK-product' in project 'SelligentMobileSDK' (no dependencies)
Target 'SelligentMobileSDK-product' in project 'SelligentMobileSDK' (no dependencies)
GatherProvisioningInputs
CreateBuildDescription
/Users/admin/builder/spi-builder-workspace/Framework/SelligentMobileSDK.xcframework:1:1: error: While building for tvOS, no library for this platform was found in '/Users/admin/builder/spi-builder-workspace/Framework/SelligentMobileSDK.xcframework'. (in target 'SelligentMobileSDK-product' from project 'SelligentMobileSDK')
/Users/admin/builder/spi-builder-workspace/FrameworkExtension/SelligentMobileExtensionsSDK.xcframework:1:1: error: While building for tvOS, no library for this platform was found in '/Users/admin/builder/spi-builder-workspace/FrameworkExtension/SelligentMobileExtensionsSDK.xcframework'. (in target 'SelligentMobileExtensionsSDK-product' from project 'SelligentMobileSDK')
2026-10-16 13:27:04.595 xcodebuild[703:4560] [MT] IDERunDestination: Supported platforms for the buildables in the current scheme is empty.
** BUILD FAILED **
The following build commands failed:
Building workspace SelligentMobileSDK with scheme SelligentMobileSDK-Package
(1 failure)
BUILD FAILURE 6.4 tvOS