The Swift Package Index logo.Swift Package Index

Build Information

Failed to build raygun4apple, reference master (2068d4), with Swift 6.4 for Wasm on 24 Sep 2026 10:18:18 UTC.

Build Command

bash -c docker run --pull=always --rm -v "checkouts-53886770-0":/host -w "$PWD" -e JAVA_HOME="/root/.sdkman/candidates/java/current" -e SPI_BUILD="1" -e SPI_PROCESSING="1" registry.gitlab.com/saguaro1/spi-images:wasm-6.4-latest swift build --swift-sdk swift-6.4.x-DEVELOPMENT-SNAPSHOT-2026-09-04-a_wasm 2>&1

Build Log

========================================
RunAll
========================================
Builder version: 5.1.0
Interrupt handler set up.
========================================
Checkout
========================================
Clone URL: https://github.com/MindscapeHQ/raygun4apple.git
Reference: master
Initialized empty Git repository in /host/spi-builder-workspace/.git/
hint: Using 'master' as the name for the initial branch. This default branch name
hint: is subject to change. To configure the initial branch name to use in all
hint: of your new repositories, which will suppress this warning, call:
hint:
hint: 	git config --global init.defaultBranch <name>
hint:
hint: Names commonly chosen instead of 'master' are 'main', 'trunk' and
hint: 'development'. The just-created branch can be renamed via this command:
hint:
hint: 	git branch -m <name>
From https://github.com/MindscapeHQ/raygun4apple
 * branch            master     -> FETCH_HEAD
 * [new branch]      master     -> origin/master
HEAD is now at 2068d47 Merge pull request #77 from MindscapeHQ/podspec_warnings
Cloned https://github.com/MindscapeHQ/raygun4apple.git
Revision (git rev-parse @):
2068d478f21ed1dec98f90bb60de07f4b708067c
SUCCESS checkout https://github.com/MindscapeHQ/raygun4apple.git at master
========================================
Build
========================================
Selected platform:         wasm
Swift version:             6.4
Building package at path:  $PWD
https://github.com/MindscapeHQ/raygun4apple.git
Running build ...
bash -c docker run --pull=always --rm -v "checkouts-53886770-0":/host -w "$PWD" -e JAVA_HOME="/root/.sdkman/candidates/java/current" -e SPI_BUILD="1" -e SPI_PROCESSING="1" registry.gitlab.com/saguaro1/spi-images:wasm-6.4-latest swift build --swift-sdk swift-6.4.x-DEVELOPMENT-SNAPSHOT-2026-09-04-a_wasm 2>&1
wasm-6.4-latest: Pulling from saguaro1/spi-images
Digest: sha256:4328fdb43c680d205c1d6761b1e3267aa38277eefdda9ddfb17b6a0f1a77857a
Status: Image is up to date for registry.gitlab.com/saguaro1/spi-images:wasm-6.4-latest
warning: 'spi-builder-workspace': ignoring target 'raygun4appleTests' in package 'spi-builder-workspace'; C language in tests is not yet supported
warning: 'spi-builder-workspace': ignoring target 'raygun4appleTests' in package 'spi-builder-workspace'; C language in tests is not yet supported
Building for debugging...
[Planning deferred tasks]
In file included from /host/spi-builder-workspace/Sources/Raygun_KSCrash/Reporting/Tools/Raygun_KSCString.m:27:
/host/spi-builder-workspace/Sources/Raygun_KSCrash/Reporting/Tools/Raygun_KSCString.h:27:9: fatal error: 'Foundation/Foundation.h' file not found
   27 | #import <Foundation/Foundation.h>
      |         ^~~~~~~~~~~~~~~~~~~~~~~~~
1 error generated.
error: CompileC /host/spi-builder-workspace/.build/out/Intermediates.noindex/raygun4apple.build/Debug-webassembly-wasm32/raygun4apple-t.build/Objects-normal/wasm32/Raygun_KSCString.o /host/spi-builder-workspace/Sources/Raygun_KSCrash/Reporting/Tools/Raygun_KSCString.m normal wasm32 objective-c com.apple.compilers.llvm.clang.1_0.compiler failed with a nonzero exit code. Command line:     cd /host

    Using response file: /host/spi-builder-workspace/.build/out/Intermediates.noindex/raygun4apple.build/Debug-webassembly-wasm32/raygun4apple-t.build/Objects-normal/wasm32/6f95552a3397ee1cec971b90cf334075d5f321c3a3b0689ad55c3d1e24702600-common-args.resp

    /usr/bin/clang -x objective-c -target wasm32-unknown-wasip1 -fmessage-length\=0 -fdiagnostics-show-note-include-stack -fmacro-backtrace-limit\=0 -fcolor-diagnostics -Wno-trigraphs -Wno-missing-field-initializers -Wno-missing-prototypes -Wno-return-type -Wno-implicit-atomic-properties -Wno-objc-interface-ivars -Wno-arc-repeated-use-of-weak -Wno-missing-braces -Wparentheses -Wswitch -Wno-unused-function -Wno-unused-label -Wno-unused-parameter -Wno-unused-variable -Wunused-value -Wno-empty-body -Wno-uninitialized -Wno-unknown-pragmas -Wno-shadow -Wno-four-char-constants -Wno-conversion -Wno-constant-conversion -Wno-int-conversion -Wno-bool-conversion -Wno-enum-conversion -Wno-float-conversion -Wno-non-literal-null-conversion -Wno-objc-literal-conversion -Wno-shorten-64-to-32 -Wpointer-sign -Wno-newline-eof -Wno-selector -Wno-strict-selector-match -Wno-undeclared-selector -Wno-deprecated-implementations -Wno-implicit-fallthrough -fstrict-aliasing -Wprotocol -Wdeprecated-declarations -Wno-sign-conversion -Wno-infinite-recursion -Wno-comma -Wno-block-capture-autoreleasing -Wno-strict-prototypes -Wno-semicolon-before-method-body --sysroot /root/.swiftpm/swift-sdks/swift-6.4.x-DEVELOPMENT-SNAPSHOT-2026-09-04-a_wasm.artifactbundle/swift-6.4.x-DEVELOPMENT-SNAPSHOT-2026-09-04-a_wasm/wasm32-unknown-wasip1/WASI.sdk @/host/spi-builder-workspace/.build/out/Intermediates.noindex/raygun4apple.build/Debug-webassembly-wasm32/raygun4apple-t.build/Objects-normal/wasm32/6f95552a3397ee1cec971b90cf334075d5f321c3a3b0689ad55c3d1e24702600-common-args.resp -MMD -MT dependencies -MF /host/spi-builder-workspace/.build/out/Intermediates.noindex/raygun4apple.build/Debug-webassembly-wasm32/raygun4apple-t.build/Objects-normal/wasm32/Raygun_KSCString.d --serialize-diagnostics /host/spi-builder-workspace/.build/out/Intermediates.noindex/raygun4apple.build/Debug-webassembly-wasm32/raygun4apple-t.build/Objects-normal/wasm32/Raygun_KSCString.dia -c /host/spi-builder-workspace/Sources/Raygun_KSCrash/Reporting/Tools/Raygun_KSCString.m -o /host/spi-builder-workspace/.build/out/Intermediates.noindex/raygun4apple.build/Debug-webassembly-wasm32/raygun4apple-t.build/Objects-normal/wasm32/Raygun_KSCString.o
In file included from /host/spi-builder-workspace/Sources/Raygun_KSCrash/Recording/Tools/Raygun_KSSysCtl.c:28:
/host/spi-builder-workspace/Sources/Raygun_KSCrash/Recording/Tools/Raygun_KSSysCtl.h:42:10: fatal error: 'sys/sysctl.h' file not found
   42 | #include <sys/sysctl.h>
      |          ^~~~~~~~~~~~~~
1 error generated.
error: CompileC /host/spi-builder-workspace/.build/out/Intermediates.noindex/raygun4apple.build/Debug-webassembly-wasm32/raygun4apple-t.build/Objects-normal/wasm32/Raygun_KSSysCtl.o /host/spi-builder-workspace/Sources/Raygun_KSCrash/Recording/Tools/Raygun_KSSysCtl.c normal wasm32 c com.apple.compilers.llvm.clang.1_0.compiler failed with a nonzero exit code. Command line:     cd /host

    Using response file: /host/spi-builder-workspace/.build/out/Intermediates.noindex/raygun4apple.build/Debug-webassembly-wasm32/raygun4apple-t.build/Objects-normal/wasm32/9f65232cb83f8421e3a495a5062eba382369c975104ee97bafc405ab795bfc5e-common-args.resp

    /usr/bin/clang -x c -target wasm32-unknown-wasip1 -fmessage-length\=0 -fdiagnostics-show-note-include-stack -fmacro-backtrace-limit\=0 -fcolor-diagnostics -Wno-trigraphs -Wno-missing-field-initializers -Wno-missing-prototypes -Wno-return-type -Wno-missing-braces -Wparentheses -Wswitch -Wno-unused-function -Wno-unused-label -Wno-unused-parameter -Wno-unused-variable -Wunused-value -Wno-empty-body -Wno-uninitialized -Wno-unknown-pragmas -Wno-shadow -Wno-four-char-constants -Wno-conversion -Wno-constant-conversion -Wno-int-conversion -Wno-bool-conversion -Wno-enum-conversion -Wno-float-conversion -Wno-non-literal-null-conversion -Wno-objc-literal-conversion -Wno-shorten-64-to-32 -Wpointer-sign -Wno-newline-eof -Wno-implicit-fallthrough -fstrict-aliasing -Wdeprecated-declarations -Wno-sign-conversion -Wno-infinite-recursion -Wno-comma -Wno-block-capture-autoreleasing -Wno-strict-prototypes -Wno-semicolon-before-method-body --sysroot /root/.swiftpm/swift-sdks/swift-6.4.x-DEVELOPMENT-SNAPSHOT-2026-09-04-a_wasm.artifactbundle/swift-6.4.x-DEVELOPMENT-SNAPSHOT-2026-09-04-a_wasm/wasm32-unknown-wasip1/WASI.sdk @/host/spi-builder-workspace/.build/out/Intermediates.noindex/raygun4apple.build/Debug-webassembly-wasm32/raygun4apple-t.build/Objects-normal/wasm32/9f65232cb83f8421e3a495a5062eba382369c975104ee97bafc405ab795bfc5e-common-args.resp -MMD -MT dependencies -MF /host/spi-builder-workspace/.build/out/Intermediates.noindex/raygun4apple.build/Debug-webassembly-wasm32/raygun4apple-t.build/Objects-normal/wasm32/Raygun_KSSysCtl.d --serialize-diagnostics /host/spi-builder-workspace/.build/out/Intermediates.noindex/raygun4apple.build/Debug-webassembly-wasm32/raygun4apple-t.build/Objects-normal/wasm32/Raygun_KSSysCtl.dia -c /host/spi-builder-workspace/Sources/Raygun_KSCrash/Recording/Tools/Raygun_KSSysCtl.c -o /host/spi-builder-workspace/.build/out/Intermediates.noindex/raygun4apple.build/Debug-webassembly-wasm32/raygun4apple-t.build/Objects-normal/wasm32/Raygun_KSSysCtl.o
In file included from /host/spi-builder-workspace/Sources/Raygun_KSCrash/Recording/Tools/Raygun_KSThread.c:28:
/host/spi-builder-workspace/Sources/Raygun_KSCrash/Recording/Tools/Raygun_KSThread.h:39:9: error: unknown type name 'uintptr_t'
   39 | typedef uintptr_t KSThread;
      |         ^
/host/spi-builder-workspace/Sources/Raygun_KSCrash/Recording/Tools/Raygun_KSThread.c:36:10: fatal error: 'dispatch/dispatch.h' file not found
   36 | #include <dispatch/dispatch.h>
      |          ^~~~~~~~~~~~~~~~~~~~~
2 errors generated.
error: CompileC /host/spi-builder-workspace/.build/out/Intermediates.noindex/raygun4apple.build/Debug-webassembly-wasm32/raygun4apple-t.build/Objects-normal/wasm32/Raygun_KSThread.o /host/spi-builder-workspace/Sources/Raygun_KSCrash/Recording/Tools/Raygun_KSThread.c normal wasm32 c com.apple.compilers.llvm.clang.1_0.compiler failed with a nonzero exit code. Command line:     cd /host

    Using response file: /host/spi-builder-workspace/.build/out/Intermediates.noindex/raygun4apple.build/Debug-webassembly-wasm32/raygun4apple-t.build/Objects-normal/wasm32/9f65232cb83f8421e3a495a5062eba382369c975104ee97bafc405ab795bfc5e-common-args.resp

    /usr/bin/clang -x c -target wasm32-unknown-wasip1 -fmessage-length\=0 -fdiagnostics-show-note-include-stack -fmacro-backtrace-limit\=0 -fcolor-diagnostics -Wno-trigraphs -Wno-missing-field-initializers -Wno-missing-prototypes -Wno-return-type -Wno-missing-braces -Wparentheses -Wswitch -Wno-unused-function -Wno-unused-label -Wno-unused-parameter -Wno-unused-variable -Wunused-value -Wno-empty-body -Wno-uninitialized -Wno-unknown-pragmas -Wno-shadow -Wno-four-char-constants -Wno-conversion -Wno-constant-conversion -Wno-int-conversion -Wno-bool-conversion -Wno-enum-conversion -Wno-float-conversion -Wno-non-literal-null-conversion -Wno-objc-literal-conversion -Wno-shorten-64-to-32 -Wpointer-sign -Wno-newline-eof -Wno-implicit-fallthrough -fstrict-aliasing -Wdeprecated-declarations -Wno-sign-conversion -Wno-infinite-recursion -Wno-comma -Wno-block-capture-autoreleasing -Wno-strict-prototypes -Wno-semicolon-before-method-body --sysroot /root/.swiftpm/swift-sdks/swift-6.4.x-DEVELOPMENT-SNAPSHOT-2026-09-04-a_wasm.artifactbundle/swift-6.4.x-DEVELOPMENT-SNAPSHOT-2026-09-04-a_wasm/wasm32-unknown-wasip1/WASI.sdk @/host/spi-builder-workspace/.build/out/Intermediates.noindex/raygun4apple.build/Debug-webassembly-wasm32/raygun4apple-t.build/Objects-normal/wasm32/9f65232cb83f8421e3a495a5062eba382369c975104ee97bafc405ab795bfc5e-common-args.resp -MMD -MT dependencies -MF /host/spi-builder-workspace/.build/out/Intermediates.noindex/raygun4apple.build/Debug-webassembly-wasm32/raygun4apple-t.build/Objects-normal/wasm32/Raygun_KSThread.d --serialize-diagnostics /host/spi-builder-workspace/.build/out/Intermediates.noindex/raygun4apple.build/Debug-webassembly-wasm32/raygun4apple-t.build/Objects-normal/wasm32/Raygun_KSThread.dia -c /host/spi-builder-workspace/Sources/Raygun_KSCrash/Recording/Tools/Raygun_KSThread.c -o /host/spi-builder-workspace/.build/out/Intermediates.noindex/raygun4apple.build/Debug-webassembly-wasm32/raygun4apple-t.build/Objects-normal/wasm32/Raygun_KSThread.o
In file included from /host/spi-builder-workspace/Sources/Raygun_KSCrash/Recording/Tools/Raygun_KSSymbolicator.c:26:
In file included from /host/spi-builder-workspace/Sources/Raygun_KSCrash/Recording/Tools/Raygun_KSSymbolicator.h:34:
In file included from /host/spi-builder-workspace/Sources/Raygun_KSCrash/Recording/Tools/Raygun_KSStackCursor.h:34:
In file included from /host/spi-builder-workspace/Sources/Raygun_KSCrash/Recording/Tools/Raygun_KSMachineContext.h:35:
/host/spi-builder-workspace/Sources/Raygun_KSCrash/Recording/Tools/Raygun_KSThread.h:39:9: error: unknown type name 'uintptr_t'
   39 | typedef uintptr_t KSThread;
      |         ^
In file included from /host/spi-builder-workspace/Sources/Raygun_KSCrash/Recording/Tools/Raygun_KSSymbolicator.c:26:
In file included from /host/spi-builder-workspace/Sources/Raygun_KSCrash/Recording/Tools/Raygun_KSSymbolicator.h:34:
/host/spi-builder-workspace/Sources/Raygun_KSCrash/Recording/Tools/Raygun_KSStackCursor.h:49:9: error: unknown type name 'uintptr_t'
   49 |         uintptr_t address;
      |         ^
/host/spi-builder-workspace/Sources/Raygun_KSCrash/Recording/Tools/Raygun_KSStackCursor.h:55:9: error: unknown type name 'uintptr_t'
   55 |         uintptr_t imageAddress;
      |         ^
/host/spi-builder-workspace/Sources/Raygun_KSCrash/Recording/Tools/Raygun_KSStackCursor.h:61:9: error: unknown type name 'uintptr_t'
   61 |         uintptr_t symbolAddress;
      |         ^
In file included from /host/spi-builder-workspace/Sources/Raygun_KSCrash/Recording/Tools/Raygun_KSSymbolicator.c:27:
/host/spi-builder-workspace/Sources/Raygun_KSCrash/Recording/Tools/Raygun_KSDynamicLinker.h:102:50: error: unknown type name 'Dl_info'
  102 | bool raygun_ksdl_dladdr(const uintptr_t address, Dl_info* const info);
      |                                                  ^
/host/spi-builder-workspace/Sources/Raygun_KSCrash/Recording/Tools/Raygun_KSSymbolicator.c:57:5: error: use of undeclared identifier 'Dl_info'
   57 |     Dl_info symbolsBuffer;
      |     ^~~~~~~
/host/spi-builder-workspace/Sources/Raygun_KSCrash/Recording/Tools/Raygun_KSSymbolicator.c:58:94: error: use of undeclared identifier 'symbolsBuffer'
   58 |     if(raygun_ksdl_dladdr(CALL_INSTRUCTION_FROM_RETURN_ADDRESS(cursor->stackEntry.address), &symbolsBuffer))
      |                                                                                              ^~~~~~~~~~~~~
/host/spi-builder-workspace/Sources/Raygun_KSCrash/Recording/Tools/Raygun_KSSymbolicator.c:60:54: error: use of undeclared identifier 'symbolsBuffer'
   60 |         cursor->stackEntry.imageAddress = (uintptr_t)symbolsBuffer.dli_fbase;
      |                                                      ^~~~~~~~~~~~~
/host/spi-builder-workspace/Sources/Raygun_KSCrash/Recording/Tools/Raygun_KSSymbolicator.c:61:40: error: use of undeclared identifier 'symbolsBuffer'
   61 |         cursor->stackEntry.imageName = symbolsBuffer.dli_fname;
      |                                        ^~~~~~~~~~~~~
/host/spi-builder-workspace/Sources/Raygun_KSCrash/Recording/Tools/Raygun_KSSymbolicator.c:62:55: error: use of undeclared identifier 'symbolsBuffer'
   62 |         cursor->stackEntry.symbolAddress = (uintptr_t)symbolsBuffer.dli_saddr;
      |                                                       ^~~~~~~~~~~~~
/host/spi-builder-workspace/Sources/Raygun_KSCrash/Recording/Tools/Raygun_KSSymbolicator.c:63:41: error: use of undeclared identifier 'symbolsBuffer'
   63 |         cursor->stackEntry.symbolName = symbolsBuffer.dli_sname;
      |                                         ^~~~~~~~~~~~~
11 errors generated.
error: CompileC /host/spi-builder-workspace/.build/out/Intermediates.noindex/raygun4apple.build/Debug-webassembly-wasm32/raygun4apple-t.build/Objects-normal/wasm32/Raygun_KSSymbolicator.o /host/spi-builder-workspace/Sources/Raygun_KSCrash/Recording/Tools/Raygun_KSSymbolicator.c normal wasm32 c com.apple.compilers.llvm.clang.1_0.compiler failed with a nonzero exit code. Command line:     cd /host

    Using response file: /host/spi-builder-workspace/.build/out/Intermediates.noindex/raygun4apple.build/Debug-webassembly-wasm32/raygun4apple-t.build/Objects-normal/wasm32/9f65232cb83f8421e3a495a5062eba382369c975104ee97bafc405ab795bfc5e-common-args.resp

    /usr/bin/clang -x c -target wasm32-unknown-wasip1 -fmessage-length\=0 -fdiagnostics-show-note-include-stack -fmacro-backtrace-limit\=0 -fcolor-diagnostics -Wno-trigraphs -Wno-missing-field-initializers -Wno-missing-prototypes -Wno-return-type -Wno-missing-braces -Wparentheses -Wswitch -Wno-unused-function -Wno-unused-label -Wno-unused-parameter -Wno-unused-variable -Wunused-value -Wno-empty-body -Wno-uninitialized -Wno-unknown-pragmas -Wno-shadow -Wno-four-char-constants -Wno-conversion -Wno-constant-conversion -Wno-int-conversion -Wno-bool-conversion -Wno-enum-conversion -Wno-float-conversion -Wno-non-literal-null-conversion -Wno-objc-literal-conversion -Wno-shorten-64-to-32 -Wpointer-sign -Wno-newline-eof -Wno-implicit-fallthrough -fstrict-aliasing -Wdeprecated-declarations -Wno-sign-conversion -Wno-infinite-recursion -Wno-comma -Wno-block-capture-autoreleasing -Wno-strict-prototypes -Wno-semicolon-before-method-body --sysroot /root/.swiftpm/swift-sdks/swift-6.4.x-DEVELOPMENT-SNAPSHOT-2026-09-04-a_wasm.artifactbundle/swift-6.4.x-DEVELOPMENT-SNAPSHOT-2026-09-04-a_wasm/wasm32-unknown-wasip1/WASI.sdk @/host/spi-builder-workspace/.build/out/Intermediates.noindex/raygun4apple.build/Debug-webassembly-wasm32/raygun4apple-t.build/Objects-normal/wasm32/9f65232cb83f8421e3a495a5062eba382369c975104ee97bafc405ab795bfc5e-common-args.resp -MMD -MT dependencies -MF /host/spi-builder-workspace/.build/out/Intermediates.noindex/raygun4apple.build/Debug-webassembly-wasm32/raygun4apple-t.build/Objects-normal/wasm32/Raygun_KSSymbolicator.d --serialize-diagnostics /host/spi-builder-workspace/.build/out/Intermediates.noindex/raygun4apple.build/Debug-webassembly-wasm32/raygun4apple-t.build/Objects-normal/wasm32/Raygun_KSSymbolicator.dia -c /host/spi-builder-workspace/Sources/Raygun_KSCrash/Recording/Tools/Raygun_KSSymbolicator.c -o /host/spi-builder-workspace/.build/out/Intermediates.noindex/raygun4apple.build/Debug-webassembly-wasm32/raygun4apple-t.build/Objects-normal/wasm32/Raygun_KSSymbolicator.o
error: Build failed
BUILD FAILURE 6.4 wasm