Build Information
Failed to build axeDevTools, reference main (6f097a), with Swift 6.1 for tvOS using Xcode 16.3 on 24 Oct 2026 16:45:54 UTC.
Build Command
env DEVELOPER_DIR=/Applications/Xcode-16.3.0.app xcrun xcodebuild -IDEClonedSourcePackagesDirPathOverride=$PWD/.dependencies -skipMacroValidation -skipPackagePluginValidation -derivedDataPath $PWD/.derivedData build -scheme axeDevTools -destination generic/platform=tvOSBuild Log
========================================
RunAll
========================================
Builder version: 5.1.3
Interrupt handler set up.
========================================
Checkout
========================================
Clone URL: https://github.com/dequelabs/axe-devtools-ios.git
Reference: main
Initialized empty Git repository in /Users/admin/builder/spi-builder-workspace/.git/
From https://github.com/dequelabs/axe-devtools-ios
* branch main -> FETCH_HEAD
* [new branch] main -> origin/main
HEAD is now at 6f097a6 Merge pull request #104 from dequelabs/qa
Cloned https://github.com/dequelabs/axe-devtools-ios.git
Revision (git rev-parse @):
6f097a65003a938b48bdba95e8802fe43190430c
SUCCESS checkout https://github.com/dequelabs/axe-devtools-ios.git at main
========================================
Build
========================================
Selected platform: tvOS
Swift version: 6.1
Building package at path: $PWD
https://github.com/dequelabs/axe-devtools-ios.git
https://github.com/dequelabs/axe-devtools-ios.git
{
"dependencies" : [
],
"manifest_display_name" : "axeDevTools",
"name" : "axeDevTools",
"path" : "/Users/admin/builder/spi-builder-workspace",
"platforms" : [
{
"name" : "ios",
"version" : "14.0"
}
],
"products" : [
{
"name" : "axeDevToolsXCUI",
"targets" : [
"axeDevToolsXCUI"
],
"type" : {
"library" : [
"automatic"
]
}
}
],
"targets" : [
{
"c99name" : "axeDevToolsXCUI",
"module_type" : "BinaryTarget",
"name" : "axeDevToolsXCUI",
"path" : "axeDevToolsXCUI.xcframework",
"product_memberships" : [
"axeDevToolsXCUI"
],
"sources" : [
],
"type" : "binary"
}
],
"tools_version" : "5.3"
}
Command line invocation:
/Applications/Xcode-16.3.0.app/Contents/Developer/usr/bin/xcodebuild -IDEClonedSourcePackagesDirPathOverride=/Users/admin/builder/spi-builder-workspace/.dependencies -resolvePackageDependencies
Resolve Package Graph
Resolved source packages:
axeDevTools: /Users/admin/builder/spi-builder-workspace
resolved source packages: axeDevTools
{
"dependencies" : [
],
"manifest_display_name" : "axeDevTools",
"name" : "axeDevTools",
"path" : "/Users/admin/builder/spi-builder-workspace",
"platforms" : [
{
"name" : "ios",
"version" : "14.0"
}
],
"products" : [
{
"name" : "axeDevToolsXCUI",
"targets" : [
"axeDevToolsXCUI"
],
"type" : {
"library" : [
"automatic"
]
}
}
],
"targets" : [
{
"c99name" : "axeDevToolsXCUI",
"module_type" : "BinaryTarget",
"name" : "axeDevToolsXCUI",
"path" : "axeDevToolsXCUI.xcframework",
"product_memberships" : [
"axeDevToolsXCUI"
],
"sources" : [
],
"type" : "binary"
}
],
"tools_version" : "5.3"
}
{
"workspace" : {
"name" : "spi-builder-workspace",
"schemes" : [
"axeDevTools"
]
}
}
Running build ...
env DEVELOPER_DIR=/Applications/Xcode-16.3.0.app xcrun xcodebuild -IDEClonedSourcePackagesDirPathOverride=$PWD/.dependencies -skipMacroValidation -skipPackagePluginValidation -derivedDataPath $PWD/.derivedData build -scheme axeDevTools -destination generic/platform=tvOS OTHER_SWIFT_FLAGS=-stats-output-dir .stats -strict-concurrency=complete -enable-upcoming-feature StrictConcurrency -enable-upcoming-feature DisableOutwardActorInference -enable-upcoming-feature GlobalActorIsolatedTypesUsability -enable-upcoming-feature InferSendableFromCaptures
Command line invocation:
/Applications/Xcode-16.3.0.app/Contents/Developer/usr/bin/xcodebuild -IDEClonedSourcePackagesDirPathOverride=/Users/admin/builder/spi-builder-workspace/.dependencies -skipMacroValidation -skipPackagePluginValidation -derivedDataPath /Users/admin/builder/spi-builder-workspace/.derivedData build -scheme axeDevTools -destination generic/platform=tvOS "OTHER_SWIFT_FLAGS=-stats-output-dir .stats -strict-concurrency=complete -enable-upcoming-feature StrictConcurrency -enable-upcoming-feature DisableOutwardActorInference -enable-upcoming-feature GlobalActorIsolatedTypesUsability -enable-upcoming-feature InferSendableFromCaptures"
Build settings from command line:
OTHER_SWIFT_FLAGS = -stats-output-dir .stats -strict-concurrency=complete -enable-upcoming-feature StrictConcurrency -enable-upcoming-feature DisableOutwardActorInference -enable-upcoming-feature GlobalActorIsolatedTypesUsability -enable-upcoming-feature InferSendableFromCaptures
Resolve Package Graph
Resolved source packages:
axeDevTools: /Users/admin/builder/spi-builder-workspace
ComputePackagePrebuildTargetDependencyGraph
Prepare packages
CreateBuildRequest
SendProjectDescription
CreateBuildOperation
ComputeTargetDependencyGraph
note: Building targets in dependency order
note: Target dependency graph (1 target)
Target 'axeDevToolsXCUI' in project 'axeDevTools' (no dependencies)
GatherProvisioningInputs
CreateBuildDescription
ExecuteExternalTool /Applications/Xcode-16.3.0.app/Contents/Developer/Toolchains/XcodeDefault.xctoolchain/usr/bin/clang -v -E -dM -isysroot /Applications/Xcode-16.3.0.app/Contents/Developer/Platforms/AppleTVOS.platform/Developer/SDKs/AppleTVOS18.4.sdk -x c -c /dev/null
Build description signature: 16b4db2e73033f0e0fac3b714d8dc8bc
Build description path: /Users/admin/builder/spi-builder-workspace/.derivedData/Build/Intermediates.noindex/XCBuildData/16b4db2e73033f0e0fac3b714d8dc8bc.xcbuilddata
/Users/admin/builder/spi-builder-workspace/axeDevToolsXCUI.xcframework:1:1: error: While building for tvOS, no library for this platform was found in '/Users/admin/builder/spi-builder-workspace/axeDevToolsXCUI.xcframework'. (in target 'axeDevToolsXCUI' from project 'axeDevTools')
** BUILD FAILED **
The following build commands failed:
Building workspace spi-builder-workspace with scheme axeDevTools
(1 failure)
Command line invocation:
/Applications/Xcode-16.3.0.app/Contents/Developer/usr/bin/xcodebuild -IDEClonedSourcePackagesDirPathOverride=/Users/admin/builder/spi-builder-workspace/.dependencies -resolvePackageDependencies
Resolve Package Graph
Resolved source packages:
axeDevTools: /Users/admin/builder/spi-builder-workspace
resolved source packages: axeDevTools
{
"dependencies" : [
],
"manifest_display_name" : "axeDevTools",
"name" : "axeDevTools",
"path" : "/Users/admin/builder/spi-builder-workspace",
"platforms" : [
{
"name" : "ios",
"version" : "14.0"
}
],
"products" : [
{
"name" : "axeDevToolsXCUI",
"targets" : [
"axeDevToolsXCUI"
],
"type" : {
"library" : [
"automatic"
]
}
}
],
"targets" : [
{
"c99name" : "axeDevToolsXCUI",
"module_type" : "BinaryTarget",
"name" : "axeDevToolsXCUI",
"path" : "axeDevToolsXCUI.xcframework",
"product_memberships" : [
"axeDevToolsXCUI"
],
"sources" : [
],
"type" : "binary"
}
],
"tools_version" : "5.3"
}
{
"workspace" : {
"name" : "spi-builder-workspace",
"schemes" : [
"axeDevTools"
]
}
}
Running build ...
env DEVELOPER_DIR=/Applications/Xcode-16.3.0.app xcrun xcodebuild -IDEClonedSourcePackagesDirPathOverride=$PWD/.dependencies -skipMacroValidation -skipPackagePluginValidation -derivedDataPath $PWD/.derivedData build -scheme axeDevTools -destination generic/platform=tvOS
Command line invocation:
/Applications/Xcode-16.3.0.app/Contents/Developer/usr/bin/xcodebuild -IDEClonedSourcePackagesDirPathOverride=/Users/admin/builder/spi-builder-workspace/.dependencies -skipMacroValidation -skipPackagePluginValidation -derivedDataPath /Users/admin/builder/spi-builder-workspace/.derivedData build -scheme axeDevTools -destination generic/platform=tvOS
Resolve Package Graph
Resolved source packages:
axeDevTools: /Users/admin/builder/spi-builder-workspace
ComputePackagePrebuildTargetDependencyGraph
Prepare packages
CreateBuildRequest
SendProjectDescription
CreateBuildOperation
ComputeTargetDependencyGraph
note: Building targets in dependency order
note: Target dependency graph (1 target)
Target 'axeDevToolsXCUI' in project 'axeDevTools' (no dependencies)
GatherProvisioningInputs
CreateBuildDescription
ExecuteExternalTool /Applications/Xcode-16.3.0.app/Contents/Developer/Toolchains/XcodeDefault.xctoolchain/usr/bin/clang -v -E -dM -isysroot /Applications/Xcode-16.3.0.app/Contents/Developer/Platforms/AppleTVOS.platform/Developer/SDKs/AppleTVOS18.4.sdk -x c -c /dev/null
Build description signature: 27d40322aa38abe2354d8714d9bb0e3a
Build description path: /Users/admin/builder/spi-builder-workspace/.derivedData/Build/Intermediates.noindex/XCBuildData/27d40322aa38abe2354d8714d9bb0e3a.xcbuilddata
/Users/admin/builder/spi-builder-workspace/axeDevToolsXCUI.xcframework:1:1: error: While building for tvOS, no library for this platform was found in '/Users/admin/builder/spi-builder-workspace/axeDevToolsXCUI.xcframework'. (in target 'axeDevToolsXCUI' from project 'axeDevTools')
** BUILD FAILED **
The following build commands failed:
Building workspace spi-builder-workspace with scheme axeDevTools
(1 failure)
BUILD FAILURE 6.1 tvOS