Build Information
Failed to build swift-numerics-extended, reference 2.3.1 (49e63f), with Swift 6.1 for tvOS using Xcode 16.3 on 30 Sep 2026 11:32:08 UTC.
Build Command
No build command. This typically means the build failed at an early stage where we determine the build command.Build Log
========================================
RunAll
========================================
Builder version: 5.1.1
Interrupt handler set up.
========================================
Checkout
========================================
Clone URL: https://github.com/BikeCalc/swift-numerics-extended.git
Reference: 2.3.1
Initialized empty Git repository in /Users/admin/builder/spi-builder-workspace/.git/
From https://github.com/BikeCalc/swift-numerics-extended
* tag 2.3.1 -> FETCH_HEAD
HEAD is now at 49e63f3 refactor!: rename canonical equality method to isCanonicallyEqual
Cloned https://github.com/BikeCalc/swift-numerics-extended.git
Revision (git rev-parse @):
49e63f349b2952f6d6fe6ab3c96a465eaf80d701
SUCCESS checkout https://github.com/BikeCalc/swift-numerics-extended.git at 2.3.1
========================================
Build
========================================
Selected platform: tvOS
Swift version: 6.1
Building package at path: $PWD
https://github.com/BikeCalc/swift-numerics-extended.git
https://github.com/BikeCalc/swift-numerics-extended.git
error: 'spi-builder-workspace': package 'spi-builder-workspace' is using Swift tools version 6.3.0 but the installed version is 6.1.0
error: fatalError
Command line invocation:
/Applications/Xcode-16.3.0.app/Contents/Developer/usr/bin/xcodebuild -IDEClonedSourcePackagesDirPathOverride=/Users/admin/builder/spi-builder-workspace/.dependencies -resolvePackageDependencies
Resolve Package Graph
package 'spi-builder-workspace' is using Swift tools version 6.3.0 but the installed version is 6.1.0
Resolved source packages:
spi-builder-workspace: (null)
2026-09-30 04:32:07.667 xcodebuild[504:2901] Writing error result bundle to /var/folders/5k/5yc19ymj0jqd5v0zvgfqz0xw0000gn/T/ResultBundle_2026-30-09_04-32-0007.xcresult
xcodebuild: error: Could not resolve package dependencies:
package 'spi-builder-workspace' is using Swift tools version 6.3.0 but the installed version is 6.1.0
Command line invocation:
/Applications/Xcode-16.3.0.app/Contents/Developer/usr/bin/xcodebuild -IDEClonedSourcePackagesDirPathOverride=/Users/admin/builder/spi-builder-workspace/.dependencies -resolvePackageDependencies
Resolve Package Graph
package 'spi-builder-workspace' is using Swift tools version 6.3.0 but the installed version is 6.1.0
Resolved source packages:
spi-builder-workspace: (null)
2026-09-30 04:32:08.414 xcodebuild[516:3022] Writing error result bundle to /var/folders/5k/5yc19ymj0jqd5v0zvgfqz0xw0000gn/T/ResultBundle_2026-30-09_04-32-0008.xcresult
xcodebuild: error: Could not resolve package dependencies:
package 'spi-builder-workspace' is using Swift tools version 6.3.0 but the installed version is 6.1.0
BUILD FAILURE 6.1 tvOS