Build Information
Failed to build Fastis, reference 3.2.0 (1f3380), with Swift 6.4 for watchOS using Xcode 27.0 on 20 Sep 2026 11:12:17 UTC.
Build Command
env DEVELOPER_DIR=/Applications/Xcode-27.0.0-Release.Candidate.app xcrun xcodebuild -IDEClonedSourcePackagesDirPathOverride=$PWD/.dependencies -skipMacroValidation -skipPackagePluginValidation -derivedDataPath $PWD/.derivedData build -scheme Fastis -destination generic/platform=watchOSBuild Log
========================================
RunAll
========================================
Builder version: 5.1.0
Interrupt handler set up.
========================================
Checkout
========================================
Clone URL: https://github.com/simla-tech/Fastis.git
Reference: 3.2.0
Initialized empty Git repository in /Users/admin/builder/spi-builder-workspace/.git/
From https://github.com/simla-tech/Fastis
* tag 3.2.0 -> FETCH_HEAD
HEAD is now at 1f33807 Bump version to 3.2.0
Cloned https://github.com/simla-tech/Fastis.git
Revision (git rev-parse @):
1f33807dea8152665415e2ecc78b432eedf59ba6
SUCCESS checkout https://github.com/simla-tech/Fastis.git at 3.2.0
========================================
Build
========================================
Selected platform: watchOS
Swift version: 6.4
Building package at path: $PWD
https://github.com/simla-tech/Fastis.git
Command line invocation:
/Applications/Xcode-27.0.0-Release.Candidate.app/Contents/Developer/usr/bin/xcodebuild -IDEClonedSourcePackagesDirPathOverride=/Users/admin/builder/spi-builder-workspace/.dependencies -resolvePackageDependencies
Resolve Package Graph
Fetching from https://github.com/patchthecode/JTAppleCalendar
Fetching from https://github.com/simla-tech/PrettyCards
Creating working copy of package ‘JTAppleCalendar’
Checking out 8.0.5 of package ‘JTAppleCalendar’
Creating working copy of package ‘PrettyCards’
Checking out 1.0.7 of package ‘PrettyCards’
Resolve Package Graph
Resolved source packages:
JTAppleCalendar: https://github.com/patchthecode/JTAppleCalendar @ 8.0.5
PrettyCards: https://github.com/simla-tech/PrettyCards @ 1.0.7
Fastis: /Users/admin/builder/spi-builder-workspace
resolved source packages: JTAppleCalendar, PrettyCards, Fastis
2026-09-20 07:11:23.823 xcodebuild[525:3000] [MT] IDERunDestination: Supported platforms for the buildables in the current scheme is empty.
{
"dependencies" : [
{
"identity" : "jtapplecalendar",
"requirement" : {
"range" : [
{
"lower_bound" : "8.0.5",
"upper_bound" : "9.0.0"
}
]
},
"type" : "sourceControl",
"url" : "https://github.com/patchthecode/JTAppleCalendar"
},
{
"identity" : "prettycards",
"requirement" : {
"range" : [
{
"lower_bound" : "1.0.4",
"upper_bound" : "2.0.0"
}
]
},
"type" : "sourceControl",
"url" : "https://github.com/simla-tech/PrettyCards"
}
],
"manifest_display_name" : "Fastis",
"name" : "Fastis",
"path" : "/Users/admin/builder/spi-builder-workspace",
"platforms" : [
{
"name" : "ios",
"version" : "13.0"
}
],
"products" : [
{
"name" : "Fastis",
"targets" : [
"Fastis"
],
"type" : {
"library" : [
"automatic"
]
}
}
],
"swift_languages_versions" : [
"5"
],
"targets" : [
{
"c99name" : "Fastis",
"module_type" : "SwiftTarget",
"name" : "Fastis",
"path" : "Sources",
"product_dependencies" : [
"JTAppleCalendar",
"PrettyCards"
],
"product_memberships" : [
"Fastis"
],
"sources" : [
"Extensions/Calendar+LastWeekday.swift",
"Extensions/Date+Utilities.swift",
"Extensions/String+CapitalizeFirstLetter.swift",
"Models/Config.swift",
"Models/Shortcut.swift",
"Models/Value.swift",
"Views/CurrentValueView.swift",
"Views/DayCell.swift",
"Views/FastisController.swift",
"Views/FastisView.swift",
"Views/MonthHeader.swift",
"Views/ShortcutContainerView.swift",
"Views/ShortcutItemView.swift",
"Views/WeekView.swift"
],
"type" : "library"
}
],
"tools_version" : "5.5"
}
{
"workspace" : {
"name" : "Fastis",
"schemes" : [
"Fastis"
]
}
}
2026-09-20 07:12:04.975 xcodebuild[740:4594] [MT] IDERunDestination: Supported platforms for the buildables in the current scheme is empty.
Running build ...
env DEVELOPER_DIR=/Applications/Xcode-27.0.0-Release.Candidate.app xcrun xcodebuild -IDEClonedSourcePackagesDirPathOverride=$PWD/.dependencies -skipMacroValidation -skipPackagePluginValidation -derivedDataPath $PWD/.derivedData build -scheme Fastis -destination generic/platform=watchOS
Command line invocation:
/Applications/Xcode-27.0.0-Release.Candidate.app/Contents/Developer/usr/bin/xcodebuild -IDEClonedSourcePackagesDirPathOverride=/Users/admin/builder/spi-builder-workspace/.dependencies -skipMacroValidation -skipPackagePluginValidation -derivedDataPath /Users/admin/builder/spi-builder-workspace/.derivedData build -scheme Fastis -destination generic/platform=watchOS
Resolve Package Graph
Resolve Package Graph
Resolved source packages:
Fastis: /Users/admin/builder/spi-builder-workspace
JTAppleCalendar: https://github.com/patchthecode/JTAppleCalendar @ 8.0.5
PrettyCards: https://github.com/simla-tech/PrettyCards @ 1.0.7
ComputePackagePrebuildTargetDependencyGraph
Prepare packages
CreateBuildRequest
SendProjectDescription
CreateBuildOperation
ComputeTargetDependencyGraph
note: Building targets in dependency order
note: Target dependency graph (6 targets)
Target 'Fastis-product' in project 'Fastis'
➜ Explicit dependency on target 'Fastis' in project 'Fastis'
➜ Explicit dependency on target 'JTAppleCalendar-product' in project 'JTAppleCalendar'
➜ Explicit dependency on target 'PrettyCards-product' in project 'PrettyCards'
Target 'Fastis' in project 'Fastis'
➜ Explicit dependency on target 'JTAppleCalendar-product' in project 'JTAppleCalendar'
➜ Explicit dependency on target 'PrettyCards-product' in project 'PrettyCards'
Target 'PrettyCards-product' in project 'PrettyCards'
➜ Explicit dependency on target 'PrettyCards' in project 'PrettyCards'
Target 'PrettyCards' in project 'PrettyCards' (no dependencies)
Target 'JTAppleCalendar-product' in project 'JTAppleCalendar'
➜ Explicit dependency on target 'JTAppleCalendar' in project 'JTAppleCalendar'
Target 'JTAppleCalendar' in project 'JTAppleCalendar' (no dependencies)
GatherProvisioningInputs
CreateBuildDescription
ExecuteExternalTool /Applications/Xcode-27.0.0-Release.Candidate.app/Contents/Developer/Toolchains/XcodeDefault.xctoolchain/usr/bin/swiftc --version
ExecuteExternalTool /Applications/Xcode-27.0.0-Release.Candidate.app/Contents/Developer/Toolchains/XcodeDefault.xctoolchain/usr/bin/clang -v -E -dM -isysroot /Applications/Xcode-27.0.0-Release.Candidate.app/Contents/Developer/Platforms/WatchOS.platform/Developer/SDKs/WatchOS27.0.sdk -x c -c /dev/null
ExecuteExternalTool /Applications/Xcode-27.0.0-Release.Candidate.app/Contents/Developer/Toolchains/XcodeDefault.xctoolchain/usr/bin/ld -version_details
Build description signature: f927ad4f1e2a05a156a1ee71507022fa
Build description path: /Users/admin/builder/spi-builder-workspace/.derivedData/Build/Intermediates.noindex/XCBuildData/f927ad4f1e2a05a156a1ee71507022fa.xcbuilddata
CreateBuildDirectory /Users/admin/builder/spi-builder-workspace/.derivedData/CompilationCache.noindex
cd /Users/admin/builder/spi-builder-workspace/.swiftpm/xcode
builtin-create-build-directory /Users/admin/builder/spi-builder-workspace/.derivedData/CompilationCache.noindex
CreateBuildDirectory /Users/admin/builder/spi-builder-workspace/.derivedData/ModuleCache.noindex
cd /Users/admin/builder/spi-builder-workspace/.swiftpm/xcode
builtin-create-build-directory /Users/admin/builder/spi-builder-workspace/.derivedData/ModuleCache.noindex
CreateBuildDirectory /Users/admin/builder/spi-builder-workspace/.derivedData/SDKExplicitPrecompiledModules
cd /Users/admin/builder/spi-builder-workspace/.swiftpm/xcode
builtin-create-build-directory /Users/admin/builder/spi-builder-workspace/.derivedData/SDKExplicitPrecompiledModules
ClangStatCache /Applications/Xcode-27.0.0-Release.Candidate.app/Contents/Developer/Toolchains/XcodeDefault.xctoolchain/usr/bin/clang-stat-cache /Applications/Xcode-27.0.0-Release.Candidate.app/Contents/Developer/Platforms/WatchOS.platform/Developer/SDKs/WatchOS27.0.sdk /Users/admin/builder/spi-builder-workspace/.derivedData/SDKStatCaches.noindex/watchos27.0-24R360-e829b21a6f8c9b70876ba0858053c04477534ef55a1706bf4c1112bbb242f0a2.sdkstatcache
cd /Users/admin/builder/spi-builder-workspace/.swiftpm/xcode
/Applications/Xcode-27.0.0-Release.Candidate.app/Contents/Developer/Toolchains/XcodeDefault.xctoolchain/usr/bin/clang-stat-cache /Applications/Xcode-27.0.0-Release.Candidate.app/Contents/Developer/Platforms/WatchOS.platform/Developer/SDKs/WatchOS27.0.sdk -o /Users/admin/builder/spi-builder-workspace/.derivedData/SDKStatCaches.noindex/watchos27.0-24R360-e829b21a6f8c9b70876ba0858053c04477534ef55a1706bf4c1112bbb242f0a2.sdkstatcache
CreateBuildDirectory /Users/admin/builder/spi-builder-workspace/.derivedData/Build/Intermediates.noindex
cd /Users/admin/builder/spi-builder-workspace/.swiftpm/xcode
builtin-create-build-directory /Users/admin/builder/spi-builder-workspace/.derivedData/Build/Intermediates.noindex
CreateBuildDirectory /Users/admin/builder/spi-builder-workspace/.derivedData/Build/Products
cd /Users/admin/builder/spi-builder-workspace/.swiftpm/xcode
builtin-create-build-directory /Users/admin/builder/spi-builder-workspace/.derivedData/Build/Products
CreateBuildDirectory /Users/admin/builder/spi-builder-workspace/.derivedData/Build/Intermediates.noindex/SwiftExplicitPrecompiledModules
cd /Users/admin/builder/spi-builder-workspace/.swiftpm/xcode
builtin-create-build-directory /Users/admin/builder/spi-builder-workspace/.derivedData/Build/Intermediates.noindex/SwiftExplicitPrecompiledModules
CreateBuildDirectory /Users/admin/builder/spi-builder-workspace/.derivedData/Build/Intermediates.noindex/ExplicitPrecompiledModules
cd /Users/admin/builder/spi-builder-workspace/.swiftpm/xcode
builtin-create-build-directory /Users/admin/builder/spi-builder-workspace/.derivedData/Build/Intermediates.noindex/ExplicitPrecompiledModules
CreateBuildDirectory /Users/admin/builder/spi-builder-workspace/.derivedData/Build/Intermediates.noindex/PrecompiledHeaders
cd /Users/admin/builder/spi-builder-workspace/.swiftpm/xcode
builtin-create-build-directory /Users/admin/builder/spi-builder-workspace/.derivedData/Build/Intermediates.noindex/PrecompiledHeaders
CreateBuildDirectory /Users/admin/builder/spi-builder-workspace/.derivedData/Build/Intermediates.noindex/EagerLinkingTBDs/Debug-watchos
cd /Users/admin/builder/spi-builder-workspace/.swiftpm/xcode
builtin-create-build-directory /Users/admin/builder/spi-builder-workspace/.derivedData/Build/Intermediates.noindex/EagerLinkingTBDs/Debug-watchos
CreateBuildDirectory /Users/admin/builder/spi-builder-workspace/.derivedData/Build/Products/Debug-watchos
cd /Users/admin/builder/spi-builder-workspace/.swiftpm/xcode
builtin-create-build-directory /Users/admin/builder/spi-builder-workspace/.derivedData/Build/Products/Debug-watchos
CreateBuildDirectory /Users/admin/builder/spi-builder-workspace/.derivedData/Build/Products/Debug-watchos/PackageFrameworks
cd /Users/admin/builder/spi-builder-workspace/.swiftpm/xcode
builtin-create-build-directory /Users/admin/builder/spi-builder-workspace/.derivedData/Build/Products/Debug-watchos/PackageFrameworks
WriteAuxiliaryFile /Users/admin/builder/spi-builder-workspace/.derivedData/Build/Intermediates.noindex/PrettyCards.build/Debug-watchos/PrettyCards-t.build/PrettyCards.DependencyStaticMetadataFileList (in target 'PrettyCards' from project 'PrettyCards')
cd /Users/admin/builder/spi-builder-workspace/.dependencies/checkouts/PrettyCards
write-file /Users/admin/builder/spi-builder-workspace/.derivedData/Build/Intermediates.noindex/PrettyCards.build/Debug-watchos/PrettyCards-t.build/PrettyCards.DependencyStaticMetadataFileList
WriteAuxiliaryFile /Users/admin/builder/spi-builder-workspace/.derivedData/Build/Intermediates.noindex/PrettyCards.build/Debug-watchos/PrettyCards-t.build/PrettyCards.DependencyMetadataFileList (in target 'PrettyCards' from project 'PrettyCards')
cd /Users/admin/builder/spi-builder-workspace/.dependencies/checkouts/PrettyCards
write-file /Users/admin/builder/spi-builder-workspace/.derivedData/Build/Intermediates.noindex/PrettyCards.build/Debug-watchos/PrettyCards-t.build/PrettyCards.DependencyMetadataFileList
WriteAuxiliaryFile /Users/admin/builder/spi-builder-workspace/.derivedData/Build/Intermediates.noindex/PrettyCards.build/Debug-watchos/PrettyCards-t.build/PrettyCards.modulemap (in target 'PrettyCards' from project 'PrettyCards')
cd /Users/admin/builder/spi-builder-workspace/.dependencies/checkouts/PrettyCards
write-file /Users/admin/builder/spi-builder-workspace/.derivedData/Build/Intermediates.noindex/PrettyCards.build/Debug-watchos/PrettyCards-t.build/PrettyCards.modulemap
WriteAuxiliaryFile /Users/admin/builder/spi-builder-workspace/.derivedData/Build/Intermediates.noindex/PrettyCards.build/Debug-watchos/PrettyCards-t.build/Objects-normal/arm64_32/PrettyCards.LinkFileList (in target 'PrettyCards' from project 'PrettyCards')
cd /Users/admin/builder/spi-builder-workspace/.dependencies/checkouts/PrettyCards
write-file /Users/admin/builder/spi-builder-workspace/.derivedData/Build/Intermediates.noindex/PrettyCards.build/Debug-watchos/PrettyCards-t.build/Objects-normal/arm64_32/PrettyCards.LinkFileList
WriteAuxiliaryFile /Users/admin/builder/spi-builder-workspace/.derivedData/Build/Intermediates.noindex/PrettyCards.build/Debug-watchos/PrettyCards-t.build/Objects-normal/arm64_32/PrettyCards.SwiftFileList (in target 'PrettyCards' from project 'PrettyCards')
cd /Users/admin/builder/spi-builder-workspace/.dependencies/checkouts/PrettyCards
write-file /Users/admin/builder/spi-builder-workspace/.derivedData/Build/Intermediates.noindex/PrettyCards.build/Debug-watchos/PrettyCards-t.build/Objects-normal/arm64_32/PrettyCards.SwiftFileList
WriteAuxiliaryFile /Users/admin/builder/spi-builder-workspace/.derivedData/Build/Intermediates.noindex/PrettyCards.build/Debug-watchos/PrettyCards-t.build/Objects-normal/arm64_32/PrettyCards.SwiftConstValuesFileList (in target 'PrettyCards' from project 'PrettyCards')
cd /Users/admin/builder/spi-builder-workspace/.dependencies/checkouts/PrettyCards
write-file /Users/admin/builder/spi-builder-workspace/.derivedData/Build/Intermediates.noindex/PrettyCards.build/Debug-watchos/PrettyCards-t.build/Objects-normal/arm64_32/PrettyCards.SwiftConstValuesFileList
WriteAuxiliaryFile /Users/admin/builder/spi-builder-workspace/.derivedData/Build/Intermediates.noindex/PrettyCards.build/Debug-watchos/PrettyCards-t.build/Objects-normal/arm64_32/PrettyCards-OutputFileMap.json (in target 'PrettyCards' from project 'PrettyCards')
cd /Users/admin/builder/spi-builder-workspace/.dependencies/checkouts/PrettyCards
write-file /Users/admin/builder/spi-builder-workspace/.derivedData/Build/Intermediates.noindex/PrettyCards.build/Debug-watchos/PrettyCards-t.build/Objects-normal/arm64_32/PrettyCards-OutputFileMap.json
WriteAuxiliaryFile /Users/admin/builder/spi-builder-workspace/.derivedData/Build/Intermediates.noindex/PrettyCards.build/Debug-watchos/PrettyCards-t.build/Objects-normal/arm64_32/PrettyCards_const_extract_protocols.json (in target 'PrettyCards' from project 'PrettyCards')
cd /Users/admin/builder/spi-builder-workspace/.dependencies/checkouts/PrettyCards
write-file /Users/admin/builder/spi-builder-workspace/.derivedData/Build/Intermediates.noindex/PrettyCards.build/Debug-watchos/PrettyCards-t.build/Objects-normal/arm64_32/PrettyCards_const_extract_protocols.json
WriteAuxiliaryFile /Users/admin/builder/spi-builder-workspace/.derivedData/Build/Intermediates.noindex/PrettyCards.build/Debug-watchos/PrettyCards-t.build/Objects-normal/arm64/PrettyCards_const_extract_protocols.json (in target 'PrettyCards' from project 'PrettyCards')
cd /Users/admin/builder/spi-builder-workspace/.dependencies/checkouts/PrettyCards
write-file /Users/admin/builder/spi-builder-workspace/.derivedData/Build/Intermediates.noindex/PrettyCards.build/Debug-watchos/PrettyCards-t.build/Objects-normal/arm64/PrettyCards_const_extract_protocols.json
WriteAuxiliaryFile /Users/admin/builder/spi-builder-workspace/.derivedData/Build/Intermediates.noindex/PrettyCards.build/Debug-watchos/PrettyCards-t.build/Objects-normal/arm64/PrettyCards.SwiftFileList (in target 'PrettyCards' from project 'PrettyCards')
cd /Users/admin/builder/spi-builder-workspace/.dependencies/checkouts/PrettyCards
write-file /Users/admin/builder/spi-builder-workspace/.derivedData/Build/Intermediates.noindex/PrettyCards.build/Debug-watchos/PrettyCards-t.build/Objects-normal/arm64/PrettyCards.SwiftFileList
WriteAuxiliaryFile /Users/admin/builder/spi-builder-workspace/.derivedData/Build/Intermediates.noindex/PrettyCards.build/Debug-watchos/PrettyCards-t.build/Objects-normal/arm64/PrettyCards.SwiftConstValuesFileList (in target 'PrettyCards' from project 'PrettyCards')
cd /Users/admin/builder/spi-builder-workspace/.dependencies/checkouts/PrettyCards
write-file /Users/admin/builder/spi-builder-workspace/.derivedData/Build/Intermediates.noindex/PrettyCards.build/Debug-watchos/PrettyCards-t.build/Objects-normal/arm64/PrettyCards.SwiftConstValuesFileList
WriteAuxiliaryFile /Users/admin/builder/spi-builder-workspace/.derivedData/Build/Intermediates.noindex/PrettyCards.build/Debug-watchos/PrettyCards-t.build/Objects-normal/arm64/PrettyCards.LinkFileList (in target 'PrettyCards' from project 'PrettyCards')
cd /Users/admin/builder/spi-builder-workspace/.dependencies/checkouts/PrettyCards
write-file /Users/admin/builder/spi-builder-workspace/.derivedData/Build/Intermediates.noindex/PrettyCards.build/Debug-watchos/PrettyCards-t.build/Objects-normal/arm64/PrettyCards.LinkFileList
WriteAuxiliaryFile /Users/admin/builder/spi-builder-workspace/.derivedData/Build/Intermediates.noindex/PrettyCards.build/Debug-watchos/PrettyCards-t.build/Objects-normal/arm64/PrettyCards-OutputFileMap.json (in target 'PrettyCards' from project 'PrettyCards')
cd /Users/admin/builder/spi-builder-workspace/.dependencies/checkouts/PrettyCards
write-file /Users/admin/builder/spi-builder-workspace/.derivedData/Build/Intermediates.noindex/PrettyCards.build/Debug-watchos/PrettyCards-t.build/Objects-normal/arm64/PrettyCards-OutputFileMap.json
Copy /Users/admin/builder/spi-builder-workspace/.derivedData/Build/Intermediates.noindex/GeneratedModuleMaps-watchos/PrettyCards.modulemap /Users/admin/builder/spi-builder-workspace/.derivedData/Build/Intermediates.noindex/PrettyCards.build/Debug-watchos/PrettyCards-t.build/PrettyCards.modulemap (in target 'PrettyCards' from project 'PrettyCards')
cd /Users/admin/builder/spi-builder-workspace/.dependencies/checkouts/PrettyCards
builtin-copy -exclude .DS_Store -exclude CVS -exclude .svn -exclude .git -exclude .hg -resolve-src-symlinks /Users/admin/builder/spi-builder-workspace/.derivedData/Build/Intermediates.noindex/PrettyCards.build/Debug-watchos/PrettyCards-t.build/PrettyCards.modulemap /Users/admin/builder/spi-builder-workspace/.derivedData/Build/Intermediates.noindex/GeneratedModuleMaps-watchos
WriteAuxiliaryFile /Users/admin/builder/spi-builder-workspace/.derivedData/Build/Intermediates.noindex/JTAppleCalendar.build/Debug-watchos/JTAppleCalendar-t.build/Objects-normal/arm64_32/JTAppleCalendar_const_extract_protocols.json (in target 'JTAppleCalendar' from project 'JTAppleCalendar')
cd /Users/admin/builder/spi-builder-workspace/.dependencies/checkouts/JTAppleCalendar
write-file /Users/admin/builder/spi-builder-workspace/.derivedData/Build/Intermediates.noindex/JTAppleCalendar.build/Debug-watchos/JTAppleCalendar-t.build/Objects-normal/arm64_32/JTAppleCalendar_const_extract_protocols.json
WriteAuxiliaryFile /Users/admin/builder/spi-builder-workspace/.derivedData/Build/Intermediates.noindex/JTAppleCalendar.build/Debug-watchos/JTAppleCalendar-t.build/Objects-normal/arm64_32/JTAppleCalendar.SwiftConstValuesFileList (in target 'JTAppleCalendar' from project 'JTAppleCalendar')
cd /Users/admin/builder/spi-builder-workspace/.dependencies/checkouts/JTAppleCalendar
write-file /Users/admin/builder/spi-builder-workspace/.derivedData/Build/Intermediates.noindex/JTAppleCalendar.build/Debug-watchos/JTAppleCalendar-t.build/Objects-normal/arm64_32/JTAppleCalendar.SwiftConstValuesFileList
WriteAuxiliaryFile /Users/admin/builder/spi-builder-workspace/.derivedData/Build/Intermediates.noindex/JTAppleCalendar.build/Debug-watchos/JTAppleCalendar-t.build/Objects-normal/arm64_32/JTAppleCalendar.SwiftFileList (in target 'JTAppleCalendar' from project 'JTAppleCalendar')
cd /Users/admin/builder/spi-builder-workspace/.dependencies/checkouts/JTAppleCalendar
write-file /Users/admin/builder/spi-builder-workspace/.derivedData/Build/Intermediates.noindex/JTAppleCalendar.build/Debug-watchos/JTAppleCalendar-t.build/Objects-normal/arm64_32/JTAppleCalendar.SwiftFileList
WriteAuxiliaryFile /Users/admin/builder/spi-builder-workspace/.derivedData/Build/Intermediates.noindex/JTAppleCalendar.build/Debug-watchos/JTAppleCalendar-t.build/Objects-normal/arm64_32/JTAppleCalendar-OutputFileMap.json (in target 'JTAppleCalendar' from project 'JTAppleCalendar')
cd /Users/admin/builder/spi-builder-workspace/.dependencies/checkouts/JTAppleCalendar
write-file /Users/admin/builder/spi-builder-workspace/.derivedData/Build/Intermediates.noindex/JTAppleCalendar.build/Debug-watchos/JTAppleCalendar-t.build/Objects-normal/arm64_32/JTAppleCalendar-OutputFileMap.json
WriteAuxiliaryFile /Users/admin/builder/spi-builder-workspace/.derivedData/Build/Intermediates.noindex/JTAppleCalendar.build/Debug-watchos/JTAppleCalendar-t.build/Objects-normal/arm64_32/JTAppleCalendar.LinkFileList (in target 'JTAppleCalendar' from project 'JTAppleCalendar')
cd /Users/admin/builder/spi-builder-workspace/.dependencies/checkouts/JTAppleCalendar
write-file /Users/admin/builder/spi-builder-workspace/.derivedData/Build/Intermediates.noindex/JTAppleCalendar.build/Debug-watchos/JTAppleCalendar-t.build/Objects-normal/arm64_32/JTAppleCalendar.LinkFileList
WriteAuxiliaryFile /Users/admin/builder/spi-builder-workspace/.derivedData/Build/Intermediates.noindex/JTAppleCalendar.build/Debug-watchos/JTAppleCalendar-t.build/Objects-normal/arm64/JTAppleCalendar_const_extract_protocols.json (in target 'JTAppleCalendar' from project 'JTAppleCalendar')
cd /Users/admin/builder/spi-builder-workspace/.dependencies/checkouts/JTAppleCalendar
write-file /Users/admin/builder/spi-builder-workspace/.derivedData/Build/Intermediates.noindex/JTAppleCalendar.build/Debug-watchos/JTAppleCalendar-t.build/Objects-normal/arm64/JTAppleCalendar_const_extract_protocols.json
WriteAuxiliaryFile /Users/admin/builder/spi-builder-workspace/.derivedData/Build/Intermediates.noindex/JTAppleCalendar.build/Debug-watchos/JTAppleCalendar-t.build/Objects-normal/arm64/JTAppleCalendar.SwiftFileList (in target 'JTAppleCalendar' from project 'JTAppleCalendar')
cd /Users/admin/builder/spi-builder-workspace/.dependencies/checkouts/JTAppleCalendar
write-file /Users/admin/builder/spi-builder-workspace/.derivedData/Build/Intermediates.noindex/JTAppleCalendar.build/Debug-watchos/JTAppleCalendar-t.build/Objects-normal/arm64/JTAppleCalendar.SwiftFileList
WriteAuxiliaryFile /Users/admin/builder/spi-builder-workspace/.derivedData/Build/Intermediates.noindex/JTAppleCalendar.build/Debug-watchos/JTAppleCalendar-t.build/Objects-normal/arm64/JTAppleCalendar.SwiftConstValuesFileList (in target 'JTAppleCalendar' from project 'JTAppleCalendar')
cd /Users/admin/builder/spi-builder-workspace/.dependencies/checkouts/JTAppleCalendar
write-file /Users/admin/builder/spi-builder-workspace/.derivedData/Build/Intermediates.noindex/JTAppleCalendar.build/Debug-watchos/JTAppleCalendar-t.build/Objects-normal/arm64/JTAppleCalendar.SwiftConstValuesFileList
WriteAuxiliaryFile /Users/admin/builder/spi-builder-workspace/.derivedData/Build/Intermediates.noindex/JTAppleCalendar.build/Debug-watchos/JTAppleCalendar-t.build/Objects-normal/arm64/JTAppleCalendar.LinkFileList (in target 'JTAppleCalendar' from project 'JTAppleCalendar')
cd /Users/admin/builder/spi-builder-workspace/.dependencies/checkouts/JTAppleCalendar
write-file /Users/admin/builder/spi-builder-workspace/.derivedData/Build/Intermediates.noindex/JTAppleCalendar.build/Debug-watchos/JTAppleCalendar-t.build/Objects-normal/arm64/JTAppleCalendar.LinkFileList
WriteAuxiliaryFile /Users/admin/builder/spi-builder-workspace/.derivedData/Build/Intermediates.noindex/JTAppleCalendar.build/Debug-watchos/JTAppleCalendar-t.build/Objects-normal/arm64/JTAppleCalendar-OutputFileMap.json (in target 'JTAppleCalendar' from project 'JTAppleCalendar')
cd /Users/admin/builder/spi-builder-workspace/.dependencies/checkouts/JTAppleCalendar
write-file /Users/admin/builder/spi-builder-workspace/.derivedData/Build/Intermediates.noindex/JTAppleCalendar.build/Debug-watchos/JTAppleCalendar-t.build/Objects-normal/arm64/JTAppleCalendar-OutputFileMap.json
WriteAuxiliaryFile /Users/admin/builder/spi-builder-workspace/.derivedData/Build/Intermediates.noindex/JTAppleCalendar.build/Debug-watchos/JTAppleCalendar-t.build/JTAppleCalendar.modulemap (in target 'JTAppleCalendar' from project 'JTAppleCalendar')
cd /Users/admin/builder/spi-builder-workspace/.dependencies/checkouts/JTAppleCalendar
write-file /Users/admin/builder/spi-builder-workspace/.derivedData/Build/Intermediates.noindex/JTAppleCalendar.build/Debug-watchos/JTAppleCalendar-t.build/JTAppleCalendar.modulemap
WriteAuxiliaryFile /Users/admin/builder/spi-builder-workspace/.derivedData/Build/Intermediates.noindex/JTAppleCalendar.build/Debug-watchos/JTAppleCalendar-t.build/JTAppleCalendar.DependencyStaticMetadataFileList (in target 'JTAppleCalendar' from project 'JTAppleCalendar')
cd /Users/admin/builder/spi-builder-workspace/.dependencies/checkouts/JTAppleCalendar
write-file /Users/admin/builder/spi-builder-workspace/.derivedData/Build/Intermediates.noindex/JTAppleCalendar.build/Debug-watchos/JTAppleCalendar-t.build/JTAppleCalendar.DependencyStaticMetadataFileList
WriteAuxiliaryFile /Users/admin/builder/spi-builder-workspace/.derivedData/Build/Intermediates.noindex/JTAppleCalendar.build/Debug-watchos/JTAppleCalendar-t.build/JTAppleCalendar.DependencyMetadataFileList (in target 'JTAppleCalendar' from project 'JTAppleCalendar')
cd /Users/admin/builder/spi-builder-workspace/.dependencies/checkouts/JTAppleCalendar
write-file /Users/admin/builder/spi-builder-workspace/.derivedData/Build/Intermediates.noindex/JTAppleCalendar.build/Debug-watchos/JTAppleCalendar-t.build/JTAppleCalendar.DependencyMetadataFileList
WriteAuxiliaryFile /Users/admin/builder/spi-builder-workspace/.derivedData/Build/Intermediates.noindex/Fastis.build/Debug-watchos/Fastis-t.build/Objects-normal/arm64_32/Fastis_const_extract_protocols.json (in target 'Fastis' from project 'Fastis')
cd /Users/admin/builder/spi-builder-workspace
write-file /Users/admin/builder/spi-builder-workspace/.derivedData/Build/Intermediates.noindex/Fastis.build/Debug-watchos/Fastis-t.build/Objects-normal/arm64_32/Fastis_const_extract_protocols.json
WriteAuxiliaryFile /Users/admin/builder/spi-builder-workspace/.derivedData/Build/Intermediates.noindex/Fastis.build/Debug-watchos/Fastis-t.build/Objects-normal/arm64_32/Fastis.SwiftFileList (in target 'Fastis' from project 'Fastis')
cd /Users/admin/builder/spi-builder-workspace
write-file /Users/admin/builder/spi-builder-workspace/.derivedData/Build/Intermediates.noindex/Fastis.build/Debug-watchos/Fastis-t.build/Objects-normal/arm64_32/Fastis.SwiftFileList
WriteAuxiliaryFile /Users/admin/builder/spi-builder-workspace/.derivedData/Build/Intermediates.noindex/Fastis.build/Debug-watchos/Fastis-t.build/Objects-normal/arm64_32/Fastis.SwiftConstValuesFileList (in target 'Fastis' from project 'Fastis')
cd /Users/admin/builder/spi-builder-workspace
write-file /Users/admin/builder/spi-builder-workspace/.derivedData/Build/Intermediates.noindex/Fastis.build/Debug-watchos/Fastis-t.build/Objects-normal/arm64_32/Fastis.SwiftConstValuesFileList
WriteAuxiliaryFile /Users/admin/builder/spi-builder-workspace/.derivedData/Build/Intermediates.noindex/Fastis.build/Debug-watchos/Fastis-t.build/Objects-normal/arm64_32/Fastis.LinkFileList (in target 'Fastis' from project 'Fastis')
cd /Users/admin/builder/spi-builder-workspace
write-file /Users/admin/builder/spi-builder-workspace/.derivedData/Build/Intermediates.noindex/Fastis.build/Debug-watchos/Fastis-t.build/Objects-normal/arm64_32/Fastis.LinkFileList
WriteAuxiliaryFile /Users/admin/builder/spi-builder-workspace/.derivedData/Build/Intermediates.noindex/Fastis.build/Debug-watchos/Fastis-t.build/Objects-normal/arm64_32/Fastis-OutputFileMap.json (in target 'Fastis' from project 'Fastis')
cd /Users/admin/builder/spi-builder-workspace
write-file /Users/admin/builder/spi-builder-workspace/.derivedData/Build/Intermediates.noindex/Fastis.build/Debug-watchos/Fastis-t.build/Objects-normal/arm64_32/Fastis-OutputFileMap.json
WriteAuxiliaryFile /Users/admin/builder/spi-builder-workspace/.derivedData/Build/Intermediates.noindex/Fastis.build/Debug-watchos/Fastis-t.build/Objects-normal/arm64/Fastis.SwiftFileList (in target 'Fastis' from project 'Fastis')
cd /Users/admin/builder/spi-builder-workspace
write-file /Users/admin/builder/spi-builder-workspace/.derivedData/Build/Intermediates.noindex/Fastis.build/Debug-watchos/Fastis-t.build/Objects-normal/arm64/Fastis.SwiftFileList
WriteAuxiliaryFile /Users/admin/builder/spi-builder-workspace/.derivedData/Build/Intermediates.noindex/Fastis.build/Debug-watchos/Fastis-t.build/Objects-normal/arm64/Fastis_const_extract_protocols.json (in target 'Fastis' from project 'Fastis')
cd /Users/admin/builder/spi-builder-workspace
write-file /Users/admin/builder/spi-builder-workspace/.derivedData/Build/Intermediates.noindex/Fastis.build/Debug-watchos/Fastis-t.build/Objects-normal/arm64/Fastis_const_extract_protocols.json
WriteAuxiliaryFile /Users/admin/builder/spi-builder-workspace/.derivedData/Build/Intermediates.noindex/Fastis.build/Debug-watchos/Fastis-t.build/Objects-normal/arm64/Fastis.SwiftConstValuesFileList (in target 'Fastis' from project 'Fastis')
cd /Users/admin/builder/spi-builder-workspace
write-file /Users/admin/builder/spi-builder-workspace/.derivedData/Build/Intermediates.noindex/Fastis.build/Debug-watchos/Fastis-t.build/Objects-normal/arm64/Fastis.SwiftConstValuesFileList
Copy /Users/admin/builder/spi-builder-workspace/.derivedData/Build/Intermediates.noindex/GeneratedModuleMaps-watchos/JTAppleCalendar.modulemap /Users/admin/builder/spi-builder-workspace/.derivedData/Build/Intermediates.noindex/JTAppleCalendar.build/Debug-watchos/JTAppleCalendar-t.build/JTAppleCalendar.modulemap (in target 'JTAppleCalendar' from project 'JTAppleCalendar')
cd /Users/admin/builder/spi-builder-workspace/.dependencies/checkouts/JTAppleCalendar
builtin-copy -exclude .DS_Store -exclude CVS -exclude .svn -exclude .git -exclude .hg -resolve-src-symlinks /Users/admin/builder/spi-builder-workspace/.derivedData/Build/Intermediates.noindex/JTAppleCalendar.build/Debug-watchos/JTAppleCalendar-t.build/JTAppleCalendar.modulemap /Users/admin/builder/spi-builder-workspace/.derivedData/Build/Intermediates.noindex/GeneratedModuleMaps-watchos
WriteAuxiliaryFile /Users/admin/builder/spi-builder-workspace/.derivedData/Build/Intermediates.noindex/Fastis.build/Debug-watchos/Fastis-t.build/Objects-normal/arm64/Fastis.LinkFileList (in target 'Fastis' from project 'Fastis')
cd /Users/admin/builder/spi-builder-workspace
write-file /Users/admin/builder/spi-builder-workspace/.derivedData/Build/Intermediates.noindex/Fastis.build/Debug-watchos/Fastis-t.build/Objects-normal/arm64/Fastis.LinkFileList
WriteAuxiliaryFile /Users/admin/builder/spi-builder-workspace/.derivedData/Build/Intermediates.noindex/Fastis.build/Debug-watchos/Fastis-t.build/Objects-normal/arm64/Fastis-OutputFileMap.json (in target 'Fastis' from project 'Fastis')
cd /Users/admin/builder/spi-builder-workspace
write-file /Users/admin/builder/spi-builder-workspace/.derivedData/Build/Intermediates.noindex/Fastis.build/Debug-watchos/Fastis-t.build/Objects-normal/arm64/Fastis-OutputFileMap.json
WriteAuxiliaryFile /Users/admin/builder/spi-builder-workspace/.derivedData/Build/Intermediates.noindex/Fastis.build/Debug-watchos/Fastis-t.build/Fastis.modulemap (in target 'Fastis' from project 'Fastis')
cd /Users/admin/builder/spi-builder-workspace
write-file /Users/admin/builder/spi-builder-workspace/.derivedData/Build/Intermediates.noindex/Fastis.build/Debug-watchos/Fastis-t.build/Fastis.modulemap
WriteAuxiliaryFile /Users/admin/builder/spi-builder-workspace/.derivedData/Build/Intermediates.noindex/Fastis.build/Debug-watchos/Fastis-t.build/Fastis.DependencyStaticMetadataFileList (in target 'Fastis' from project 'Fastis')
cd /Users/admin/builder/spi-builder-workspace
write-file /Users/admin/builder/spi-builder-workspace/.derivedData/Build/Intermediates.noindex/Fastis.build/Debug-watchos/Fastis-t.build/Fastis.DependencyStaticMetadataFileList
WriteAuxiliaryFile /Users/admin/builder/spi-builder-workspace/.derivedData/Build/Intermediates.noindex/Fastis.build/Debug-watchos/Fastis-t.build/Fastis.DependencyMetadataFileList (in target 'Fastis' from project 'Fastis')
cd /Users/admin/builder/spi-builder-workspace
write-file /Users/admin/builder/spi-builder-workspace/.derivedData/Build/Intermediates.noindex/Fastis.build/Debug-watchos/Fastis-t.build/Fastis.DependencyMetadataFileList
Copy /Users/admin/builder/spi-builder-workspace/.derivedData/Build/Intermediates.noindex/GeneratedModuleMaps-watchos/Fastis.modulemap /Users/admin/builder/spi-builder-workspace/.derivedData/Build/Intermediates.noindex/Fastis.build/Debug-watchos/Fastis-t.build/Fastis.modulemap (in target 'Fastis' from project 'Fastis')
cd /Users/admin/builder/spi-builder-workspace
builtin-copy -exclude .DS_Store -exclude CVS -exclude .svn -exclude .git -exclude .hg -resolve-src-symlinks /Users/admin/builder/spi-builder-workspace/.derivedData/Build/Intermediates.noindex/Fastis.build/Debug-watchos/Fastis-t.build/Fastis.modulemap /Users/admin/builder/spi-builder-workspace/.derivedData/Build/Intermediates.noindex/GeneratedModuleMaps-watchos
SwiftDriver PrettyCards normal arm64 com.apple.xcode.tools.swift.compiler (in target 'PrettyCards' from project 'PrettyCards')
cd /Users/admin/builder/spi-builder-workspace/.swiftpm/xcode
builtin-SwiftDriver -- /Applications/Xcode-27.0.0-Release.Candidate.app/Contents/Developer/Toolchains/XcodeDefault.xctoolchain/usr/bin/swiftc -parse-as-library -module-name PrettyCards -Onone @/Users/admin/builder/spi-builder-workspace/.derivedData/Build/Intermediates.noindex/PrettyCards.build/Debug-watchos/PrettyCards-t.build/Objects-normal/arm64/PrettyCards.SwiftFileList -DSWIFT_PACKAGE -DDEBUG -DSWIFT_MODULE_RESOURCE_BUNDLE_UNAVAILABLE -DXcode -plugin-path /Applications/Xcode-27.0.0-Release.Candidate.app/Contents/Developer/Toolchains/XcodeDefault.xctoolchain/usr/lib/swift/host/plugins/testing -enable-experimental-feature DebugDescriptionMacro -sdk /Applications/Xcode-27.0.0-Release.Candidate.app/Contents/Developer/Platforms/WatchOS.platform/Developer/SDKs/WatchOS27.0.sdk -target arm64-apple-watchos9.0 -g -module-cache-path /Users/admin/builder/spi-builder-workspace/.derivedData/ModuleCache.noindex -Xfrontend -serialize-debugging-options -enable-testing -suppress-warnings -index-store-path /Users/admin/builder/spi-builder-workspace/.derivedData/Index.noindex/DataStore -Xcc -D_LIBCPP_HARDENING_MODE\=_LIBCPP_HARDENING_MODE_DEBUG -swift-version 5 -I /Users/admin/builder/spi-builder-workspace/.derivedData/Build/Products/Debug-watchos -Isystem /Applications/Xcode-27.0.0-Release.Candidate.app/Contents/Developer/Platforms/WatchOS.platform/Developer/usr/lib -F /Users/admin/builder/spi-builder-workspace/.derivedData/Build/Products/Debug-watchos -F /Applications/Xcode-27.0.0-Release.Candidate.app/Contents/Developer/Platforms/WatchOS.platform/Developer/Library/Frameworks -F /Applications/Xcode-27.0.0-Release.Candidate.app/Contents/Developer/Platforms/WatchOS.platform/Developer/SDKs/WatchOS27.0.sdk/Developer/Library/Frameworks -c -j10 -enable-batch-mode -incremental -Xcc -ivfsstatcache -Xcc /Users/admin/builder/spi-builder-workspace/.derivedData/SDKStatCaches.noindex/watchos27.0-24R360-e829b21a6f8c9b70876ba0858053c04477534ef55a1706bf4c1112bbb242f0a2.sdkstatcache -output-file-map /Users/admin/builder/spi-builder-workspace/.derivedData/Build/Intermediates.noindex/PrettyCards.build/Debug-watchos/PrettyCards-t.build/Objects-normal/arm64/PrettyCards-OutputFileMap.json -save-temps -no-color-diagnostics -explicit-module-build -module-cache-path /Users/admin/builder/spi-builder-workspace/.derivedData/Build/Intermediates.noindex/SwiftExplicitPrecompiledModules -clang-scanner-module-cache-path /Users/admin/builder/spi-builder-workspace/.derivedData/ModuleCache.noindex -sdk-module-cache-path /Users/admin/builder/spi-builder-workspace/.derivedData/SDKExplicitPrecompiledModules -emit-dependencies -emit-module -emit-module-path /Users/admin/builder/spi-builder-workspace/.derivedData/Build/Intermediates.noindex/PrettyCards.build/Debug-watchos/PrettyCards-t.build/Objects-normal/arm64/PrettyCards.swiftmodule -serialize-diagnostics -dependency-scan-serialize-diagnostics-path /Users/admin/builder/spi-builder-workspace/.derivedData/Build/Intermediates.noindex/PrettyCards.build/Debug-watchos/PrettyCards-t.build/Objects-normal/arm64/PrettyCards-dependency-scan.dia -validate-clang-modules-once -clang-build-session-file /Users/admin/builder/spi-builder-workspace/.derivedData/ModuleCache.noindex/Session.modulevalidation -Xcc -fmodules-prune-interval\=86400 -Xcc -fmodules-prune-after\=345600 -emit-const-values -const-gather-protocols-list /Users/admin/builder/spi-builder-workspace/.derivedData/Build/Intermediates.noindex/PrettyCards.build/Debug-watchos/PrettyCards-t.build/Objects-normal/arm64/PrettyCards_const_extract_protocols.json -Xcc -I/Users/admin/builder/spi-builder-workspace/.derivedData/Build/Products/Debug-watchos/include -Xcc -I/Users/admin/builder/spi-builder-workspace/.derivedData/Build/Intermediates.noindex/PrettyCards.build/Debug-watchos/PrettyCards-t.build/DerivedSources-normal/arm64 -Xcc -I/Users/admin/builder/spi-builder-workspace/.derivedData/Build/Intermediates.noindex/PrettyCards.build/Debug-watchos/PrettyCards-t.build/DerivedSources/arm64 -Xcc -I/Users/admin/builder/spi-builder-workspace/.derivedData/Build/Intermediates.noindex/PrettyCards.build/Debug-watchos/PrettyCards-t.build/DerivedSources -Xcc -DSWIFT_PACKAGE -Xcc -DDEBUG\=1 -emit-objc-header -emit-objc-header-path /Users/admin/builder/spi-builder-workspace/.derivedData/Build/Intermediates.noindex/PrettyCards.build/Debug-watchos/PrettyCards-t.build/Objects-normal/arm64/PrettyCards-Swift.h -working-directory /Users/admin/builder/spi-builder-workspace/.swiftpm/xcode -experimental-emit-module-separately -disable-cmo
SwiftDriver PrettyCards normal arm64_32 com.apple.xcode.tools.swift.compiler (in target 'PrettyCards' from project 'PrettyCards')
cd /Users/admin/builder/spi-builder-workspace/.swiftpm/xcode
builtin-SwiftDriver -- /Applications/Xcode-27.0.0-Release.Candidate.app/Contents/Developer/Toolchains/XcodeDefault.xctoolchain/usr/bin/swiftc -parse-as-library -module-name PrettyCards -Onone @/Users/admin/builder/spi-builder-workspace/.derivedData/Build/Intermediates.noindex/PrettyCards.build/Debug-watchos/PrettyCards-t.build/Objects-normal/arm64_32/PrettyCards.SwiftFileList -DSWIFT_PACKAGE -DDEBUG -DSWIFT_MODULE_RESOURCE_BUNDLE_UNAVAILABLE -DXcode -plugin-path /Applications/Xcode-27.0.0-Release.Candidate.app/Contents/Developer/Toolchains/XcodeDefault.xctoolchain/usr/lib/swift/host/plugins/testing -enable-experimental-feature DebugDescriptionMacro -sdk /Applications/Xcode-27.0.0-Release.Candidate.app/Contents/Developer/Platforms/WatchOS.platform/Developer/SDKs/WatchOS27.0.sdk -target arm64_32-apple-watchos9.0 -g -module-cache-path /Users/admin/builder/spi-builder-workspace/.derivedData/ModuleCache.noindex -Xfrontend -serialize-debugging-options -enable-testing -suppress-warnings -index-store-path /Users/admin/builder/spi-builder-workspace/.derivedData/Index.noindex/DataStore -Xcc -D_LIBCPP_HARDENING_MODE\=_LIBCPP_HARDENING_MODE_DEBUG -swift-version 5 -I /Users/admin/builder/spi-builder-workspace/.derivedData/Build/Products/Debug-watchos -Isystem /Applications/Xcode-27.0.0-Release.Candidate.app/Contents/Developer/Platforms/WatchOS.platform/Developer/usr/lib -F /Users/admin/builder/spi-builder-workspace/.derivedData/Build/Products/Debug-watchos -F /Applications/Xcode-27.0.0-Release.Candidate.app/Contents/Developer/Platforms/WatchOS.platform/Developer/Library/Frameworks -F /Applications/Xcode-27.0.0-Release.Candidate.app/Contents/Developer/Platforms/WatchOS.platform/Developer/SDKs/WatchOS27.0.sdk/Developer/Library/Frameworks -c -j10 -enable-batch-mode -incremental -Xcc -ivfsstatcache -Xcc /Users/admin/builder/spi-builder-workspace/.derivedData/SDKStatCaches.noindex/watchos27.0-24R360-e829b21a6f8c9b70876ba0858053c04477534ef55a1706bf4c1112bbb242f0a2.sdkstatcache -output-file-map /Users/admin/builder/spi-builder-workspace/.derivedData/Build/Intermediates.noindex/PrettyCards.build/Debug-watchos/PrettyCards-t.build/Objects-normal/arm64_32/PrettyCards-OutputFileMap.json -save-temps -no-color-diagnostics -explicit-module-build -module-cache-path /Users/admin/builder/spi-builder-workspace/.derivedData/Build/Intermediates.noindex/SwiftExplicitPrecompiledModules -clang-scanner-module-cache-path /Users/admin/builder/spi-builder-workspace/.derivedData/ModuleCache.noindex -sdk-module-cache-path /Users/admin/builder/spi-builder-workspace/.derivedData/SDKExplicitPrecompiledModules -emit-dependencies -emit-module -emit-module-path /Users/admin/builder/spi-builder-workspace/.derivedData/Build/Intermediates.noindex/PrettyCards.build/Debug-watchos/PrettyCards-t.build/Objects-normal/arm64_32/PrettyCards.swiftmodule -serialize-diagnostics -dependency-scan-serialize-diagnostics-path /Users/admin/builder/spi-builder-workspace/.derivedData/Build/Intermediates.noindex/PrettyCards.build/Debug-watchos/PrettyCards-t.build/Objects-normal/arm64_32/PrettyCards-dependency-scan.dia -validate-clang-modules-once -clang-build-session-file /Users/admin/builder/spi-builder-workspace/.derivedData/ModuleCache.noindex/Session.modulevalidation -Xcc -fmodules-prune-interval\=86400 -Xcc -fmodules-prune-after\=345600 -emit-const-values -const-gather-protocols-list /Users/admin/builder/spi-builder-workspace/.derivedData/Build/Intermediates.noindex/PrettyCards.build/Debug-watchos/PrettyCards-t.build/Objects-normal/arm64_32/PrettyCards_const_extract_protocols.json -Xcc -I/Users/admin/builder/spi-builder-workspace/.derivedData/Build/Products/Debug-watchos/include -Xcc -I/Users/admin/builder/spi-builder-workspace/.derivedData/Build/Intermediates.noindex/PrettyCards.build/Debug-watchos/PrettyCards-t.build/DerivedSources-normal/arm64_32 -Xcc -I/Users/admin/builder/spi-builder-workspace/.derivedData/Build/Intermediates.noindex/PrettyCards.build/Debug-watchos/PrettyCards-t.build/DerivedSources/arm64_32 -Xcc -I/Users/admin/builder/spi-builder-workspace/.derivedData/Build/Intermediates.noindex/PrettyCards.build/Debug-watchos/PrettyCards-t.build/DerivedSources -Xcc -DSWIFT_PACKAGE -Xcc -DDEBUG\=1 -emit-objc-header -emit-objc-header-path /Users/admin/builder/spi-builder-workspace/.derivedData/Build/Intermediates.noindex/PrettyCards.build/Debug-watchos/PrettyCards-t.build/Objects-normal/arm64_32/PrettyCards-Swift.h -working-directory /Users/admin/builder/spi-builder-workspace/.swiftpm/xcode -experimental-emit-module-separately -disable-cmo
SwiftDriver JTAppleCalendar normal arm64 com.apple.xcode.tools.swift.compiler (in target 'JTAppleCalendar' from project 'JTAppleCalendar')
cd /Users/admin/builder/spi-builder-workspace/.swiftpm/xcode
builtin-SwiftDriver -- /Applications/Xcode-27.0.0-Release.Candidate.app/Contents/Developer/Toolchains/XcodeDefault.xctoolchain/usr/bin/swiftc -parse-as-library -module-name JTAppleCalendar -Onone @/Users/admin/builder/spi-builder-workspace/.derivedData/Build/Intermediates.noindex/JTAppleCalendar.build/Debug-watchos/JTAppleCalendar-t.build/Objects-normal/arm64/JTAppleCalendar.SwiftFileList -DSWIFT_PACKAGE -DDEBUG -DSWIFT_MODULE_RESOURCE_BUNDLE_UNAVAILABLE -DXcode -plugin-path /Applications/Xcode-27.0.0-Release.Candidate.app/Contents/Developer/Toolchains/XcodeDefault.xctoolchain/usr/lib/swift/host/plugins/testing -enable-experimental-feature DebugDescriptionMacro -sdk /Applications/Xcode-27.0.0-Release.Candidate.app/Contents/Developer/Platforms/WatchOS.platform/Developer/SDKs/WatchOS27.0.sdk -target arm64-apple-watchos9.0 -g -module-cache-path /Users/admin/builder/spi-builder-workspace/.derivedData/ModuleCache.noindex -Xfrontend -serialize-debugging-options -enable-testing -suppress-warnings -index-store-path /Users/admin/builder/spi-builder-workspace/.derivedData/Index.noindex/DataStore -Xcc -D_LIBCPP_HARDENING_MODE\=_LIBCPP_HARDENING_MODE_DEBUG -swift-version 5 -I /Users/admin/builder/spi-builder-workspace/.derivedData/Build/Products/Debug-watchos -Isystem /Applications/Xcode-27.0.0-Release.Candidate.app/Contents/Developer/Platforms/WatchOS.platform/Developer/usr/lib -F /Users/admin/builder/spi-builder-workspace/.derivedData/Build/Products/Debug-watchos -F /Applications/Xcode-27.0.0-Release.Candidate.app/Contents/Developer/Platforms/WatchOS.platform/Developer/Library/Frameworks -F /Applications/Xcode-27.0.0-Release.Candidate.app/Contents/Developer/Platforms/WatchOS.platform/Developer/SDKs/WatchOS27.0.sdk/Developer/Library/Frameworks -c -j10 -enable-batch-mode -incremental -Xcc -ivfsstatcache -Xcc /Users/admin/builder/spi-builder-workspace/.derivedData/SDKStatCaches.noindex/watchos27.0-24R360-e829b21a6f8c9b70876ba0858053c04477534ef55a1706bf4c1112bbb242f0a2.sdkstatcache -output-file-map /Users/admin/builder/spi-builder-workspace/.derivedData/Build/Intermediates.noindex/JTAppleCalendar.build/Debug-watchos/JTAppleCalendar-t.build/Objects-normal/arm64/JTAppleCalendar-OutputFileMap.json -save-temps -no-color-diagnostics -explicit-module-build -module-cache-path /Users/admin/builder/spi-builder-workspace/.derivedData/Build/Intermediates.noindex/SwiftExplicitPrecompiledModules -clang-scanner-module-cache-path /Users/admin/builder/spi-builder-workspace/.derivedData/ModuleCache.noindex -sdk-module-cache-path /Users/admin/builder/spi-builder-workspace/.derivedData/SDKExplicitPrecompiledModules -emit-dependencies -emit-module -emit-module-path /Users/admin/builder/spi-builder-workspace/.derivedData/Build/Intermediates.noindex/JTAppleCalendar.build/Debug-watchos/JTAppleCalendar-t.build/Objects-normal/arm64/JTAppleCalendar.swiftmodule -serialize-diagnostics -dependency-scan-serialize-diagnostics-path /Users/admin/builder/spi-builder-workspace/.derivedData/Build/Intermediates.noindex/JTAppleCalendar.build/Debug-watchos/JTAppleCalendar-t.build/Objects-normal/arm64/JTAppleCalendar-dependency-scan.dia -validate-clang-modules-once -clang-build-session-file /Users/admin/builder/spi-builder-workspace/.derivedData/ModuleCache.noindex/Session.modulevalidation -Xcc -fmodules-prune-interval\=86400 -Xcc -fmodules-prune-after\=345600 -emit-const-values -const-gather-protocols-list /Users/admin/builder/spi-builder-workspace/.derivedData/Build/Intermediates.noindex/JTAppleCalendar.build/Debug-watchos/JTAppleCalendar-t.build/Objects-normal/arm64/JTAppleCalendar_const_extract_protocols.json -Xcc -I/Users/admin/builder/spi-builder-workspace/.derivedData/Build/Products/Debug-watchos/include -Xcc -I/Users/admin/builder/spi-builder-workspace/.derivedData/Build/Intermediates.noindex/JTAppleCalendar.build/Debug-watchos/JTAppleCalendar-t.build/DerivedSources-normal/arm64 -Xcc -I/Users/admin/builder/spi-builder-workspace/.derivedData/Build/Intermediates.noindex/JTAppleCalendar.build/Debug-watchos/JTAppleCalendar-t.build/DerivedSources/arm64 -Xcc -I/Users/admin/builder/spi-builder-workspace/.derivedData/Build/Intermediates.noindex/JTAppleCalendar.build/Debug-watchos/JTAppleCalendar-t.build/DerivedSources -Xcc -DSWIFT_PACKAGE -Xcc -DDEBUG\=1 -emit-objc-header -emit-objc-header-path /Users/admin/builder/spi-builder-workspace/.derivedData/Build/Intermediates.noindex/JTAppleCalendar.build/Debug-watchos/JTAppleCalendar-t.build/Objects-normal/arm64/JTAppleCalendar-Swift.h -working-directory /Users/admin/builder/spi-builder-workspace/.swiftpm/xcode -experimental-emit-module-separately -disable-cmo
SwiftDriver JTAppleCalendar normal arm64_32 com.apple.xcode.tools.swift.compiler (in target 'JTAppleCalendar' from project 'JTAppleCalendar')
cd /Users/admin/builder/spi-builder-workspace/.swiftpm/xcode
builtin-SwiftDriver -- /Applications/Xcode-27.0.0-Release.Candidate.app/Contents/Developer/Toolchains/XcodeDefault.xctoolchain/usr/bin/swiftc -parse-as-library -module-name JTAppleCalendar -Onone @/Users/admin/builder/spi-builder-workspace/.derivedData/Build/Intermediates.noindex/JTAppleCalendar.build/Debug-watchos/JTAppleCalendar-t.build/Objects-normal/arm64_32/JTAppleCalendar.SwiftFileList -DSWIFT_PACKAGE -DDEBUG -DSWIFT_MODULE_RESOURCE_BUNDLE_UNAVAILABLE -DXcode -plugin-path /Applications/Xcode-27.0.0-Release.Candidate.app/Contents/Developer/Toolchains/XcodeDefault.xctoolchain/usr/lib/swift/host/plugins/testing -enable-experimental-feature DebugDescriptionMacro -sdk /Applications/Xcode-27.0.0-Release.Candidate.app/Contents/Developer/Platforms/WatchOS.platform/Developer/SDKs/WatchOS27.0.sdk -target arm64_32-apple-watchos9.0 -g -module-cache-path /Users/admin/builder/spi-builder-workspace/.derivedData/ModuleCache.noindex -Xfrontend -serialize-debugging-options -enable-testing -suppress-warnings -index-store-path /Users/admin/builder/spi-builder-workspace/.derivedData/Index.noindex/DataStore -Xcc -D_LIBCPP_HARDENING_MODE\=_LIBCPP_HARDENING_MODE_DEBUG -swift-version 5 -I /Users/admin/builder/spi-builder-workspace/.derivedData/Build/Products/Debug-watchos -Isystem /Applications/Xcode-27.0.0-Release.Candidate.app/Contents/Developer/Platforms/WatchOS.platform/Developer/usr/lib -F /Users/admin/builder/spi-builder-workspace/.derivedData/Build/Products/Debug-watchos -F /Applications/Xcode-27.0.0-Release.Candidate.app/Contents/Developer/Platforms/WatchOS.platform/Developer/Library/Frameworks -F /Applications/Xcode-27.0.0-Release.Candidate.app/Contents/Developer/Platforms/WatchOS.platform/Developer/SDKs/WatchOS27.0.sdk/Developer/Library/Frameworks -c -j10 -enable-batch-mode -incremental -Xcc -ivfsstatcache -Xcc /Users/admin/builder/spi-builder-workspace/.derivedData/SDKStatCaches.noindex/watchos27.0-24R360-e829b21a6f8c9b70876ba0858053c04477534ef55a1706bf4c1112bbb242f0a2.sdkstatcache -output-file-map /Users/admin/builder/spi-builder-workspace/.derivedData/Build/Intermediates.noindex/JTAppleCalendar.build/Debug-watchos/JTAppleCalendar-t.build/Objects-normal/arm64_32/JTAppleCalendar-OutputFileMap.json -save-temps -no-color-diagnostics -explicit-module-build -module-cache-path /Users/admin/builder/spi-builder-workspace/.derivedData/Build/Intermediates.noindex/SwiftExplicitPrecompiledModules -clang-scanner-module-cache-path /Users/admin/builder/spi-builder-workspace/.derivedData/ModuleCache.noindex -sdk-module-cache-path /Users/admin/builder/spi-builder-workspace/.derivedData/SDKExplicitPrecompiledModules -emit-dependencies -emit-module -emit-module-path /Users/admin/builder/spi-builder-workspace/.derivedData/Build/Intermediates.noindex/JTAppleCalendar.build/Debug-watchos/JTAppleCalendar-t.build/Objects-normal/arm64_32/JTAppleCalendar.swiftmodule -serialize-diagnostics -dependency-scan-serialize-diagnostics-path /Users/admin/builder/spi-builder-workspace/.derivedData/Build/Intermediates.noindex/JTAppleCalendar.build/Debug-watchos/JTAppleCalendar-t.build/Objects-normal/arm64_32/JTAppleCalendar-dependency-scan.dia -validate-clang-modules-once -clang-build-session-file /Users/admin/builder/spi-builder-workspace/.derivedData/ModuleCache.noindex/Session.modulevalidation -Xcc -fmodules-prune-interval\=86400 -Xcc -fmodules-prune-after\=345600 -emit-const-values -const-gather-protocols-list /Users/admin/builder/spi-builder-workspace/.derivedData/Build/Intermediates.noindex/JTAppleCalendar.build/Debug-watchos/JTAppleCalendar-t.build/Objects-normal/arm64_32/JTAppleCalendar_const_extract_protocols.json -Xcc -I/Users/admin/builder/spi-builder-workspace/.derivedData/Build/Products/Debug-watchos/include -Xcc -I/Users/admin/builder/spi-builder-workspace/.derivedData/Build/Intermediates.noindex/JTAppleCalendar.build/Debug-watchos/JTAppleCalendar-t.build/DerivedSources-normal/arm64_32 -Xcc -I/Users/admin/builder/spi-builder-workspace/.derivedData/Build/Intermediates.noindex/JTAppleCalendar.build/Debug-watchos/JTAppleCalendar-t.build/DerivedSources/arm64_32 -Xcc -I/Users/admin/builder/spi-builder-workspace/.derivedData/Build/Intermediates.noindex/JTAppleCalendar.build/Debug-watchos/JTAppleCalendar-t.build/DerivedSources -Xcc -DSWIFT_PACKAGE -Xcc -DDEBUG\=1 -emit-objc-header -emit-objc-header-path /Users/admin/builder/spi-builder-workspace/.derivedData/Build/Intermediates.noindex/JTAppleCalendar.build/Debug-watchos/JTAppleCalendar-t.build/Objects-normal/arm64_32/JTAppleCalendar-Swift.h -working-directory /Users/admin/builder/spi-builder-workspace/.swiftpm/xcode -experimental-emit-module-separately -disable-cmo
SwiftExplicitDependencyGeneratePcm arm64_32 /Users/admin/builder/spi-builder-workspace/.derivedData/SDKExplicitPrecompiledModules/_Builtin_stddef-H44EFHQX6XSS5MZ7QP6YJZ76.pcm
SwiftExplicitDependencyGeneratePcm arm64_32 /Users/admin/builder/spi-builder-workspace/.derivedData/SDKExplicitPrecompiledModules/ptrauth-BFXF358ME5AK535N5A9Z766WU.pcm
SwiftExplicitDependencyGeneratePcm arm64_32 /Users/admin/builder/spi-builder-workspace/.derivedData/SDKExplicitPrecompiledModules/_AvailabilityInternal-244WAN3Z1QBT7PIA64EZEFY1R.pcm
SwiftExplicitDependencyGeneratePcm arm64_32 /Users/admin/builder/spi-builder-workspace/.derivedData/SDKExplicitPrecompiledModules/_Builtin_float-6KO8O3PEWRCA4WC6PPLOYO6WJ.pcm
SwiftExplicitDependencyGeneratePcm arm64_32 /Users/admin/builder/spi-builder-workspace/.derivedData/SDKExplicitPrecompiledModules/_Builtin_stdbool-A967K8W8YUYEC9SN52KJ7OO88.pcm
SwiftExplicitDependencyGeneratePcm arm64_32 /Users/admin/builder/spi-builder-workspace/.derivedData/SDKExplicitPrecompiledModules/DeveloperToolsSupport-DZU5G1OCMNWU0AQRULIFHUJ1Z.pcm
SwiftExplicitDependencyGeneratePcm arm64_32 /Users/admin/builder/spi-builder-workspace/.derivedData/SDKExplicitPrecompiledModules/_Builtin_stdarg-D305JG44A2WPI6CJY37X3QJE8.pcm
SwiftExplicitDependencyGeneratePcm arm64_32 /Users/admin/builder/spi-builder-workspace/.derivedData/SDKExplicitPrecompiledModules/_SwiftConcurrencyShims-6RTBPQ03V7BM9SPRK8SUE055H.pcm
SwiftExplicitDependencyGeneratePcm arm64_32 /Users/admin/builder/spi-builder-workspace/.derivedData/SDKExplicitPrecompiledModules/ptrcheck-7ELIH9BTIGVKX3UBITM9N72WD.pcm
SwiftExplicitDependencyGeneratePcm arm64_32 /Users/admin/builder/spi-builder-workspace/.derivedData/SDKExplicitPrecompiledModules/SwiftShims-9CQQGWTSNTN9EB5NSHDWUJICH.pcm
SwiftExplicitDependencyGeneratePcm arm64 /Users/admin/builder/spi-builder-workspace/.derivedData/SDKExplicitPrecompiledModules/SwiftShims-4MXFZPV6FEB0XBYXCGPWAMQGL.pcm
SwiftExplicitDependencyGeneratePcm arm64 /Users/admin/builder/spi-builder-workspace/.derivedData/SDKExplicitPrecompiledModules/_Builtin_float-C0CW5Q4HGBQYKE77TC42IAFB5.pcm
SwiftExplicitDependencyGeneratePcm arm64 /Users/admin/builder/spi-builder-workspace/.derivedData/SDKExplicitPrecompiledModules/_Builtin_stddef-1FU30Y8SWFB7OUUHMJQH5J6FM.pcm
SwiftExplicitDependencyGeneratePcm arm64 /Users/admin/builder/spi-builder-workspace/.derivedData/SDKExplicitPrecompiledModules/ptrauth-3TZ9WJCGLYD25HQPWH4968ONX.pcm
SwiftExplicitDependencyGeneratePcm arm64 /Users/admin/builder/spi-builder-workspace/.derivedData/SDKExplicitPrecompiledModules/_AvailabilityInternal-BUNV3UXM65NT37THI4W1AM0SF.pcm
SwiftExplicitDependencyGeneratePcm arm64 /Users/admin/builder/spi-builder-workspace/.derivedData/SDKExplicitPrecompiledModules/_SwiftConcurrencyShims-659N52XSKR5F0QSB880BH2FJR.pcm
SwiftExplicitDependencyGeneratePcm arm64 /Users/admin/builder/spi-builder-workspace/.derivedData/SDKExplicitPrecompiledModules/DeveloperToolsSupport-E7CNISCB36UE8XQ9IOHK9XDX1.pcm
SwiftExplicitDependencyGeneratePcm arm64 /Users/admin/builder/spi-builder-workspace/.derivedData/SDKExplicitPrecompiledModules/_Builtin_stdarg-A7UU8LE6MP85SM26YO7PBZNUQ.pcm
SwiftExplicitDependencyGeneratePcm arm64 /Users/admin/builder/spi-builder-workspace/.derivedData/SDKExplicitPrecompiledModules/_Builtin_stdbool-83J96QSOFE9VX04AAS6310UAE.pcm
SwiftExplicitDependencyGeneratePcm arm64 /Users/admin/builder/spi-builder-workspace/.derivedData/SDKExplicitPrecompiledModules/ptrcheck-AIF0NDOYZ8ORBNHQAQR5NNB8M.pcm
SwiftExplicitDependencyGeneratePcm arm64_32 /Users/admin/builder/spi-builder-workspace/.derivedData/SDKExplicitPrecompiledModules/_DarwinFoundation1-2GWF9RFMPLQW4PDHS3NARVI3G.pcm
SwiftExplicitDependencyGeneratePcm arm64 /Users/admin/builder/spi-builder-workspace/.derivedData/SDKExplicitPrecompiledModules/_DarwinFoundation1-7SPX3MD0HMP55E4OLNCPNDQ53.pcm
SwiftExplicitDependencyGeneratePcm arm64_32 /Users/admin/builder/spi-builder-workspace/.derivedData/SDKExplicitPrecompiledModules/_DarwinFoundation2-9MY8GOSYRO0M9MKNXF6D3MBNK.pcm
SwiftExplicitDependencyGeneratePcm arm64_32 /Users/admin/builder/spi-builder-workspace/.derivedData/SDKExplicitPrecompiledModules/_Builtin_limits-3VKBU2AFTD65PAJZ5CJ3LHFM2.pcm
SwiftExplicitDependencyGeneratePcm arm64 /Users/admin/builder/spi-builder-workspace/.derivedData/SDKExplicitPrecompiledModules/_Builtin_limits-9GWPA2B0H20DYUNYHYCWKABJG.pcm
SwiftExplicitDependencyGeneratePcm arm64 /Users/admin/builder/spi-builder-workspace/.derivedData/SDKExplicitPrecompiledModules/_DarwinFoundation2-D0XAPJU49S5E9XMKYOFGSTB1Q.pcm
SwiftExplicitDependencyGeneratePcm arm64_32 /Users/admin/builder/spi-builder-workspace/.derivedData/SDKExplicitPrecompiledModules/sys_types-8TLLMW08ZJWDGIIPKOYFGHHZW.pcm
SwiftExplicitDependencyGeneratePcm arm64_32 /Users/admin/builder/spi-builder-workspace/.derivedData/SDKExplicitPrecompiledModules/_Builtin_stdint-1HMXWI3V0V4TXHRWZOMZGZ80Y.pcm
SwiftExplicitDependencyGeneratePcm arm64_32 /Users/admin/builder/spi-builder-workspace/.derivedData/SDKExplicitPrecompiledModules/_Builtin_tgmath-23PGCKURCQILXMK0MYZRYDCOU.pcm
SwiftExplicitDependencyGeneratePcm arm64_32 /Users/admin/builder/spi-builder-workspace/.derivedData/SDKExplicitPrecompiledModules/string_h-BFVLUQUSBZWYMLCU9QI7VZALW.pcm
SwiftExplicitDependencyGeneratePcm arm64 /Users/admin/builder/spi-builder-workspace/.derivedData/SDKExplicitPrecompiledModules/sys_types-2KXQLI78OUCDP779AE68GZJ2.pcm
SwiftExplicitDependencyGeneratePcm arm64 /Users/admin/builder/spi-builder-workspace/.derivedData/SDKExplicitPrecompiledModules/string_h-E6PRXK75PHIPCZFWOFCQ3QBMK.pcm
SwiftExplicitDependencyGeneratePcm arm64 /Users/admin/builder/spi-builder-workspace/.derivedData/SDKExplicitPrecompiledModules/_Builtin_tgmath-8NQ96OZ0YHXEC24JI95P01UF8.pcm
SwiftExplicitDependencyGeneratePcm arm64 /Users/admin/builder/spi-builder-workspace/.derivedData/SDKExplicitPrecompiledModules/_Builtin_stdint-8XMILLJZEGRN2XG7XZUXZ5RLX.pcm
SwiftExplicitDependencyGeneratePcm arm64_32 /Users/admin/builder/spi-builder-workspace/.derivedData/SDKExplicitPrecompiledModules/_Builtin_intrinsics-196IIAKDQVU42DLOZP9OQCV76.pcm
SwiftExplicitDependencyGeneratePcm arm64_32 /Users/admin/builder/spi-builder-workspace/.derivedData/SDKExplicitPrecompiledModules/_Builtin_stdatomic-1TY035TURL76BF2U98PZPPZRX.pcm
SwiftExplicitDependencyGeneratePcm arm64_32 /Users/admin/builder/spi-builder-workspace/.derivedData/SDKExplicitPrecompiledModules/_DarwinFoundation3-3DUTYQDQSD9HUAAVY947NMWOI.pcm
SwiftExplicitDependencyGeneratePcm arm64 /Users/admin/builder/spi-builder-workspace/.derivedData/SDKExplicitPrecompiledModules/_DarwinFoundation3-B97LRG0E9GON2NUE65TVG81HU.pcm
SwiftExplicitDependencyGeneratePcm arm64 /Users/admin/builder/spi-builder-workspace/.derivedData/SDKExplicitPrecompiledModules/_Builtin_stdatomic-7JEFA3KBJJJN6TKJWY3OG1VG5.pcm
SwiftExplicitDependencyGeneratePcm arm64 /Users/admin/builder/spi-builder-workspace/.derivedData/SDKExplicitPrecompiledModules/_Builtin_intrinsics-75960HIPCIYA06IUW8FIIPQT.pcm
SwiftExplicitDependencyGeneratePcm arm64_32 /Users/admin/builder/spi-builder-workspace/.derivedData/SDKExplicitPrecompiledModules/_Builtin_inttypes-D2KPCR4PEX9AQA33NGLUT5SBR.pcm
SwiftExplicitDependencyGeneratePcm arm64 /Users/admin/builder/spi-builder-workspace/.derivedData/SDKExplicitPrecompiledModules/_Builtin_inttypes-3UQSCM7WNM9EK4HZML8TY5J3D.pcm
SwiftExplicitDependencyGeneratePcm arm64_32 /Users/admin/builder/spi-builder-workspace/.derivedData/SDKExplicitPrecompiledModules/Darwin-3FVT1SKLN2ZQ5RVOABMTQBB34.pcm
SwiftExplicitDependencyGeneratePcm arm64 /Users/admin/builder/spi-builder-workspace/.derivedData/SDKExplicitPrecompiledModules/Darwin-3984OXKFNSPE77NT743WK8SEX.pcm
SwiftExplicitDependencyGeneratePcm arm64_32 /Users/admin/builder/spi-builder-workspace/.derivedData/SDKExplicitPrecompiledModules/simd-21UNWYOBUZI1LVSQ99S1XBLMO.pcm
SwiftExplicitDependencyGeneratePcm arm64 /Users/admin/builder/spi-builder-workspace/.derivedData/SDKExplicitPrecompiledModules/simd-EH08NODU6574T74ZKU61VP9BW.pcm
SwiftExplicitDependencyGeneratePcm arm64_32 /Users/admin/builder/spi-builder-workspace/.derivedData/SDKExplicitPrecompiledModules/MachO-56838ZJ0NC1EBAJ0O6O8QMPDX.pcm
SwiftExplicitDependencyGeneratePcm arm64_32 /Users/admin/builder/spi-builder-workspace/.derivedData/SDKExplicitPrecompiledModules/ObjectiveC-6IJNELR2E80E7LUKESVCP2KET.pcm
SwiftExplicitDependencyGeneratePcm arm64 /Users/admin/builder/spi-builder-workspace/.derivedData/SDKExplicitPrecompiledModules/ObjectiveC-72IVD3VS2RS8Q28D9PIMY0KQP.pcm
SwiftExplicitDependencyGeneratePcm arm64 /Users/admin/builder/spi-builder-workspace/.derivedData/SDKExplicitPrecompiledModules/MachO-2U90NNSAQILBNBPS1SA4F8TYP.pcm
SwiftExplicitDependencyGeneratePcm arm64 /Users/admin/builder/spi-builder-workspace/.derivedData/SDKExplicitPrecompiledModules/os_object-3SDKD7F87FTZ26OON37DRYT6O.pcm
SwiftExplicitDependencyGeneratePcm arm64_32 /Users/admin/builder/spi-builder-workspace/.derivedData/SDKExplicitPrecompiledModules/os_object-5YWTC6L4756IWSTPGXS5NM0D0.pcm
SwiftExplicitDependencyGeneratePcm arm64_32 /Users/admin/builder/spi-builder-workspace/.derivedData/SDKExplicitPrecompiledModules/os_workgroup-5JHTPDMNBUNHLJI8LPHKQK1JK.pcm
SwiftExplicitDependencyGeneratePcm arm64 /Users/admin/builder/spi-builder-workspace/.derivedData/SDKExplicitPrecompiledModules/os_workgroup-89GG5G7YC2D0ZTK6AZXXQ20DH.pcm
SwiftExplicitDependencyGeneratePcm arm64 /Users/admin/builder/spi-builder-workspace/.derivedData/SDKExplicitPrecompiledModules/Spatial-44FJGYXFAT2AQAW9Z6T7YS02U.pcm
SwiftExplicitDependencyGeneratePcm arm64_32 /Users/admin/builder/spi-builder-workspace/.derivedData/SDKExplicitPrecompiledModules/Spatial-CWVWNML3T0NXVHZDKVLD3X1YZ.pcm
SwiftExplicitDependencyGeneratePcm arm64 /Users/admin/builder/spi-builder-workspace/.derivedData/SDKExplicitPrecompiledModules/Dispatch-1NLJOVAK60XP0DUB05XA59EIM.pcm
SwiftExplicitDependencyGeneratePcm arm64_32 /Users/admin/builder/spi-builder-workspace/.derivedData/SDKExplicitPrecompiledModules/Dispatch-2P62F1T4XV63S4P99TUDTOK2Q.pcm
SwiftExplicitDependencyGeneratePcm arm64 /Users/admin/builder/spi-builder-workspace/.derivedData/SDKExplicitPrecompiledModules/XPC-40DR0X1DHKGCV4J1IOLFS8MOU.pcm
SwiftExplicitDependencyGeneratePcm arm64 /Users/admin/builder/spi-builder-workspace/.derivedData/SDKExplicitPrecompiledModules/CoreFoundation-8T2L24YC5NU7WO6WQJWRY7W08.pcm
SwiftExplicitDependencyGeneratePcm arm64_32 /Users/admin/builder/spi-builder-workspace/.derivedData/SDKExplicitPrecompiledModules/XPC-81Y45QFY96XYYFCW2GT6FY8S4.pcm
SwiftExplicitDependencyGeneratePcm arm64_32 /Users/admin/builder/spi-builder-workspace/.derivedData/SDKExplicitPrecompiledModules/CoreFoundation-8E6Y4BA3EXYKUGJ24GT9LGV3N.pcm
SwiftExplicitDependencyGeneratePcm arm64_32 /Users/admin/builder/spi-builder-workspace/.derivedData/SDKExplicitPrecompiledModules/os-E5IGB442IA6SBB25TTCOLK2OC.pcm
SwiftExplicitDependencyGeneratePcm arm64 /Users/admin/builder/spi-builder-workspace/.derivedData/SDKExplicitPrecompiledModules/os-5DIL6Z9LFIGLMZAHM7X2T5435.pcm
SwiftExplicitDependencyGeneratePcm arm64 /Users/admin/builder/spi-builder-workspace/.derivedData/SDKExplicitPrecompiledModules/CoreGraphics-DWNZ73GEH98SBJXZ7DEXB420K.pcm
SwiftExplicitDependencyGeneratePcm arm64 /Users/admin/builder/spi-builder-workspace/.derivedData/SDKExplicitPrecompiledModules/Security-6RZ6YBRU8WCUHRFFRVUK5WKMM.pcm
SwiftExplicitDependencyGeneratePcm arm64_32 /Users/admin/builder/spi-builder-workspace/.derivedData/SDKExplicitPrecompiledModules/Security-D7TOWF88VWF67TB9HAFP5UWB1.pcm
SwiftExplicitDependencyGeneratePcm arm64_32 /Users/admin/builder/spi-builder-workspace/.derivedData/SDKExplicitPrecompiledModules/CoreGraphics-9FDXYX6BKBUT6TJ2VF819E7T5.pcm
SwiftExplicitDependencyGeneratePcm arm64 /Users/admin/builder/spi-builder-workspace/.derivedData/SDKExplicitPrecompiledModules/Foundation-DLBKUSGXN8QHAT8W0OARR9S8A.pcm
SwiftExplicitDependencyGeneratePcm arm64_32 /Users/admin/builder/spi-builder-workspace/.derivedData/SDKExplicitPrecompiledModules/Foundation-BJ2VQGI3OGR34500MEQ1VKHPH.pcm
SwiftExplicitDependencyGeneratePcm arm64_32 /Users/admin/builder/spi-builder-workspace/.derivedData/SDKExplicitPrecompiledModules/CoreVideo-2P8HI0403J99LBDPKNFJ5D4DL.pcm
SwiftExplicitDependencyGeneratePcm arm64_32 /Users/admin/builder/spi-builder-workspace/.derivedData/SDKExplicitPrecompiledModules/CoreText-C9X2REPZN2V5BSU4G80FCETDR.pcm
SwiftExplicitDependencyGeneratePcm arm64 /Users/admin/builder/spi-builder-workspace/.derivedData/SDKExplicitPrecompiledModules/CoreText-970YJN6NIYGK1316L35Z0O8QT.pcm
SwiftExplicitDependencyGeneratePcm arm64 /Users/admin/builder/spi-builder-workspace/.derivedData/SDKExplicitPrecompiledModules/CoreVideo-8MRR5MNWUOAW2DBPGUQ8FKK4.pcm
SwiftExplicitDependencyGeneratePcm arm64 /Users/admin/builder/spi-builder-workspace/.derivedData/SDKExplicitPrecompiledModules/UIUtilities-IR7RNW23VAUKYI9MLCS9NL9A.pcm
SwiftExplicitDependencyGeneratePcm arm64 /Users/admin/builder/spi-builder-workspace/.derivedData/SDKExplicitPrecompiledModules/DataDetection-7BNVI1SZW5ISQL5SX4WL2X7I5.pcm
SwiftExplicitDependencyGeneratePcm arm64 /Users/admin/builder/spi-builder-workspace/.derivedData/SDKExplicitPrecompiledModules/UserNotifications-ARAH8MEQ0C2L0FBO39HITJMAO.pcm
SwiftExplicitDependencyGeneratePcm arm64 /Users/admin/builder/spi-builder-workspace/.derivedData/SDKExplicitPrecompiledModules/QuartzCore-94KFMWNOU7ZLUZNB4T5DLZC9D.pcm
SwiftExplicitDependencyGeneratePcm arm64 /Users/admin/builder/spi-builder-workspace/.derivedData/SDKExplicitPrecompiledModules/Symbols-3EFABTJ9L5PQDJ7RQCYQWEJMM.pcm
SwiftExplicitDependencyGeneratePcm arm64 /Users/admin/builder/spi-builder-workspace/.derivedData/SDKExplicitPrecompiledModules/CoreTransferable-9PPG3SLJ55T4LITIFYX2M0NOZ.pcm
SwiftExplicitDependencyGeneratePcm arm64 /Users/admin/builder/spi-builder-workspace/.derivedData/SDKExplicitPrecompiledModules/OSLog-B7VGO357Y3GJG35TST7DKDSI3.pcm
SwiftExplicitDependencyGeneratePcm arm64 /Users/admin/builder/spi-builder-workspace/.derivedData/SDKExplicitPrecompiledModules/UniformTypeIdentifiers-8L08Q8DQJV8C4AW84YVGFGTRN.pcm
SwiftExplicitDependencyGeneratePcm arm64 /Users/admin/builder/spi-builder-workspace/.derivedData/SDKExplicitPrecompiledModules/_LocationEssentials-5ZZDGDXB6HLQUC72SJW7YJ7MK.pcm
SwiftExplicitDependencyGeneratePcm arm64 /Users/admin/builder/spi-builder-workspace/.derivedData/SDKExplicitPrecompiledModules/Accessibility-27QMG6ZQ1NKYTNBYFPM1XKNFC.pcm
SwiftExplicitDependencyGeneratePcm arm64_32 /Users/admin/builder/spi-builder-workspace/.derivedData/SDKExplicitPrecompiledModules/UIUtilities-9YFVNIMRC5HRVOIARNWHP1E3H.pcm
SwiftExplicitDependencyGeneratePcm arm64_32 /Users/admin/builder/spi-builder-workspace/.derivedData/SDKExplicitPrecompiledModules/QuartzCore-6375NPYACK5NYVHPMC1QQ8MC2.pcm
SwiftExplicitDependencyGeneratePcm arm64_32 /Users/admin/builder/spi-builder-workspace/.derivedData/SDKExplicitPrecompiledModules/CoreTransferable-5D4IR6X37682FPHJ5CBPTKQV6.pcm
SwiftExplicitDependencyGeneratePcm arm64_32 /Users/admin/builder/spi-builder-workspace/.derivedData/SDKExplicitPrecompiledModules/Accessibility-F385OMZ5GYBUY5O4QAJB4NRII.pcm
SwiftExplicitDependencyGeneratePcm arm64 /Users/admin/builder/spi-builder-workspace/.derivedData/SDKExplicitPrecompiledModules/CoreLocation-ACKJ9K7ABI14F97Y46Y6SRR17.pcm
SwiftExplicitDependencyGeneratePcm arm64_32 /Users/admin/builder/spi-builder-workspace/.derivedData/SDKExplicitPrecompiledModules/UniformTypeIdentifiers-CJZ3NTHPSBH4XWX5EVOG56UZS.pcm
SwiftExplicitDependencyGeneratePcm arm64_32 /Users/admin/builder/spi-builder-workspace/.derivedData/SDKExplicitPrecompiledModules/OSLog-D9AVFY0KWO7RVBIQ73CBIJVCN.pcm
SwiftExplicitDependencyGeneratePcm arm64_32 /Users/admin/builder/spi-builder-workspace/.derivedData/SDKExplicitPrecompiledModules/DataDetection-U9BF7WHFVA6BZGFXXXP272PS.pcm
SwiftExplicitDependencyGeneratePcm arm64_32 /Users/admin/builder/spi-builder-workspace/.derivedData/SDKExplicitPrecompiledModules/_LocationEssentials-AQ1OL9QKC3LQLY5CNSRM1HB53.pcm
SwiftExplicitDependencyGeneratePcm arm64_32 /Users/admin/builder/spi-builder-workspace/.derivedData/SDKExplicitPrecompiledModules/UserNotifications-6TBN8TEAKO014N1T2QD926XED.pcm
SwiftExplicitDependencyGeneratePcm arm64 /Users/admin/builder/spi-builder-workspace/.derivedData/SDKExplicitPrecompiledModules/SwiftUICore-C1DST1IX2Z0PTH5SJJZ1IULRB.pcm
SwiftExplicitDependencyGeneratePcm arm64_32 /Users/admin/builder/spi-builder-workspace/.derivedData/SDKExplicitPrecompiledModules/Symbols-1H97WMG76HU94F5VGJR19PXFY.pcm
SwiftExplicitDependencyGeneratePcm arm64_32 /Users/admin/builder/spi-builder-workspace/.derivedData/SDKExplicitPrecompiledModules/CoreLocation-8XU5YMYM4P11RQMYCQAG65ITK.pcm
SwiftExplicitDependencyGeneratePcm arm64 /Users/admin/builder/spi-builder-workspace/.derivedData/SDKExplicitPrecompiledModules/CoreMotion-6RD5K48QT1F4L9CATNFD2O7YB.pcm
SwiftExplicitDependencyGeneratePcm arm64_32 /Users/admin/builder/spi-builder-workspace/.derivedData/SDKExplicitPrecompiledModules/SwiftUICore-3Q7WLRD8MR9R3NGIPUBQCP6F6.pcm
SwiftExplicitDependencyGeneratePcm arm64_32 /Users/admin/builder/spi-builder-workspace/.derivedData/SDKExplicitPrecompiledModules/CoreMotion-1XGTVTE5PP32UHME8AC63TL6.pcm
SwiftExplicitDependencyGeneratePcm arm64 /Users/admin/builder/spi-builder-workspace/.derivedData/SDKExplicitPrecompiledModules/UIKit-27R3P1YMV4C6JLDT661G3MRIA.pcm
SwiftExplicitDependencyGeneratePcm arm64_32 /Users/admin/builder/spi-builder-workspace/.derivedData/SDKExplicitPrecompiledModules/UIKit-6PPV7YPZ89CZPHYAP072QH8B6.pcm
SwiftEmitModule normal arm64 Emitting\ module\ for\ JTAppleCalendar (in target 'JTAppleCalendar' from project 'JTAppleCalendar')
SwiftCompile normal arm64 (in target 'JTAppleCalendar' from project 'JTAppleCalendar')
cd /Users/admin/builder/spi-builder-workspace/.swiftpm/xcode
SwiftCompile normal arm64 Compiling\ JTACYearView.swift,\ JTACYearViewProtocols.swift /Users/admin/builder/spi-builder-workspace/.dependencies/checkouts/JTAppleCalendar/Sources/JTAppleCalendar/JTACYearView.swift /Users/admin/builder/spi-builder-workspace/.dependencies/checkouts/JTAppleCalendar/Sources/JTAppleCalendar/JTACYearViewProtocols.swift (in target 'JTAppleCalendar' from project 'JTAppleCalendar')
SwiftCompile normal arm64 /Users/admin/builder/spi-builder-workspace/.dependencies/checkouts/JTAppleCalendar/Sources/JTAppleCalendar/JTACYearView.swift (in target 'JTAppleCalendar' from project 'JTAppleCalendar')
cd /Users/admin/builder/spi-builder-workspace/.swiftpm/xcode
builtin-SwiftPerFileCompile JTACYearView.swift
SwiftCompile normal arm64 /Users/admin/builder/spi-builder-workspace/.dependencies/checkouts/JTAppleCalendar/Sources/JTAppleCalendar/JTACYearViewProtocols.swift (in target 'JTAppleCalendar' from project 'JTAppleCalendar')
cd /Users/admin/builder/spi-builder-workspace/.swiftpm/xcode
builtin-SwiftPerFileCompile JTACYearViewProtocols.swift
SwiftCompile normal arm64 Compiling\ JTACMonthView.swift,\ JTACMonthViewProtocols.swift /Users/admin/builder/spi-builder-workspace/.dependencies/checkouts/JTAppleCalendar/Sources/JTAppleCalendar/JTACMonthView.swift /Users/admin/builder/spi-builder-workspace/.dependencies/checkouts/JTAppleCalendar/Sources/JTAppleCalendar/JTACMonthViewProtocols.swift (in target 'JTAppleCalendar' from project 'JTAppleCalendar')
SwiftCompile normal arm64 /Users/admin/builder/spi-builder-workspace/.dependencies/checkouts/JTAppleCalendar/Sources/JTAppleCalendar/JTACMonthView.swift (in target 'JTAppleCalendar' from project 'JTAppleCalendar')
cd /Users/admin/builder/spi-builder-workspace/.swiftpm/xcode
builtin-SwiftPerFileCompile JTACMonthView.swift
SwiftCompile normal arm64 /Users/admin/builder/spi-builder-workspace/.dependencies/checkouts/JTAppleCalendar/Sources/JTAppleCalendar/JTACMonthViewProtocols.swift (in target 'JTAppleCalendar' from project 'JTAppleCalendar')
cd /Users/admin/builder/spi-builder-workspace/.swiftpm/xcode
builtin-SwiftPerFileCompile JTACMonthViewProtocols.swift
SwiftCompile normal arm64 Compiling\ JTACMonthCell.swift,\ JTACMonthDelegateProtocol.swift /Users/admin/builder/spi-builder-workspace/.dependencies/checkouts/JTAppleCalendar/Sources/JTAppleCalendar/JTACMonthCell.swift /Users/admin/builder/spi-builder-workspace/.dependencies/checkouts/JTAppleCalendar/Sources/JTAppleCalendar/JTACMonthDelegateProtocol.swift (in target 'JTAppleCalendar' from project 'JTAppleCalendar')
/Users/admin/builder/spi-builder-workspace/.dependencies/checkouts/JTAppleCalendar/Sources/JTAppleCalendar/JTACMonthCell.swift:36:27: error: 'UICollectionViewCell' is unavailable in watchOS
34 | }
35 |
36 | open class JTACMonthCell: UICollectionViewCell {
| `- error: 'UICollectionViewCell' is unavailable in watchOS
37 | @IBOutlet var monthView: JTACCellMonthView?
38 | weak var delegate: JTACCellMonthViewDelegate?
/Applications/Xcode-27.0.0-Release.Candidate.app/Contents/Developer/Platforms/WatchOS.platform/Developer/SDKs/WatchOS27.0.sdk/System/Library/Frameworks/UIKit.framework/Headers/UICollectionViewCell.h:65:12: note: 'UICollectionViewCell' has been explicitly marked unavailable here
63 |
64 | UIKIT_EXTERN API_AVAILABLE(ios(6.0)) API_UNAVAILABLE(watchos) NS_SWIFT_UI_ACTOR
65 | @interface UICollectionViewCell : UICollectionReusableView
| `- note: 'UICollectionViewCell' has been explicitly marked unavailable here
66 |
67 | /// Returns the current configuration state for the cell.
SwiftCompile normal arm64 /Users/admin/builder/spi-builder-workspace/.dependencies/checkouts/JTAppleCalendar/Sources/JTAppleCalendar/JTACMonthCell.swift (in target 'JTAppleCalendar' from project 'JTAppleCalendar')
cd /Users/admin/builder/spi-builder-workspace/.swiftpm/xcode
builtin-SwiftPerFileCompile JTACMonthCell.swift
SwiftCompile normal arm64 /Users/admin/builder/spi-builder-workspace/.dependencies/checkouts/JTAppleCalendar/Sources/JTAppleCalendar/JTACMonthDelegateProtocol.swift (in target 'JTAppleCalendar' from project 'JTAppleCalendar')
cd /Users/admin/builder/spi-builder-workspace/.swiftpm/xcode
builtin-SwiftPerFileCompile JTACMonthDelegateProtocol.swift
SwiftCompile normal arm64 Compiling\ JTACMonthLayout.swift,\ JTACMonthLayoutHorizontalCalendar.swift /Users/admin/builder/spi-builder-workspace/.dependencies/checkouts/JTAppleCalendar/Sources/JTAppleCalendar/JTACMonthLayout.swift /Users/admin/builder/spi-builder-workspace/.dependencies/checkouts/JTAppleCalendar/Sources/JTAppleCalendar/JTACMonthLayoutHorizontalCalendar.swift (in target 'JTAppleCalendar' from project 'JTAppleCalendar')
SwiftCompile normal arm64 /Users/admin/builder/spi-builder-workspace/.dependencies/checkouts/JTAppleCalendar/Sources/JTAppleCalendar/JTACMonthLayout.swift (in target 'JTAppleCalendar' from project 'JTAppleCalendar')
cd /Users/admin/builder/spi-builder-workspace/.swiftpm/xcode
builtin-SwiftPerFileCompile JTACMonthLayout.swift
SwiftCompile normal arm64 /Users/admin/builder/spi-builder-workspace/.dependencies/checkouts/JTAppleCalendar/Sources/JTAppleCalendar/JTACMonthLayoutHorizontalCalendar.swift (in target 'JTAppleCalendar' from project 'JTAppleCalendar')
cd /Users/admin/builder/spi-builder-workspace/.swiftpm/xcode
builtin-SwiftPerFileCompile JTACMonthLayoutHorizontalCalendar.swift
SwiftCompile normal arm64 Compiling\ JTACInteractionMonthFunctions.swift,\ JTACInteractionYearFunctions.swift,\ JTACMonthActionFunctions.swift /Users/admin/builder/spi-builder-workspace/.dependencies/checkouts/JTAppleCalendar/Sources/JTAppleCalendar/JTACInteractionMonthFunctions.swift /Users/admin/builder/spi-builder-workspace/.dependencies/checkouts/JTAppleCalendar/Sources/JTAppleCalendar/JTACInteractionYearFunctions.swift /Users/admin/builder/spi-builder-workspace/.dependencies/checkouts/JTAppleCalendar/Sources/JTAppleCalendar/JTACMonthActionFunctions.swift (in target 'JTAppleCalendar' from project 'JTAppleCalendar')
/Users/admin/builder/spi-builder-workspace/.dependencies/checkouts/JTAppleCalendar/Sources/JTAppleCalendar/JTACInteractionMonthFunctions.swift:145:71: error: 'UIViewControllerTransitionCoordinator' is unavailable in watchOS
143 |
144 | /// Notifies the container that the size of its view is about to change.
145 | public func viewWillTransition(to size: CGSize, with coordinator: UIViewControllerTransitionCoordinator, anchorDate: Date?) {
| `- error: 'UIViewControllerTransitionCoordinator' is unavailable in watchOS
146 | DispatchQueue.main.async { [weak self] in
147 | guard let _self = self else { return }
/Applications/Xcode-27.0.0-Release.Candidate.app/Contents/Developer/Platforms/WatchOS.platform/Developer/SDKs/WatchOS27.0.sdk/System/Library/Frameworks/UIKit.framework/Headers/UIViewControllerTransitionCoordinator.h:81:11: note: 'UIViewControllerTransitionCoordinator' has been explicitly marked unavailable here
79 |
80 | API_UNAVAILABLE(watchos) NS_SWIFT_UI_ACTOR
81 | @protocol UIViewControllerTransitionCoordinator <UIViewControllerTransitionCoordinatorContext>
| `- note: 'UIViewControllerTransitionCoordinator' has been explicitly marked unavailable here
82 |
83 |
/Users/admin/builder/spi-builder-workspace/.dependencies/checkouts/JTAppleCalendar/Sources/JTAppleCalendar/JTACInteractionMonthFunctions.swift:178:40: error: 'UINib' is unavailable in watchOS
176 | /// Registers a class for use in creating supplementary views for the collection view.
177 | /// For now, the calendar only supports: 'UICollectionElementKindSectionHeader' for the forSupplementaryViewOfKind(parameter)
178 | open override func register(_ nib: UINib?, forSupplementaryViewOfKind kind: String, withReuseIdentifier identifier: String) {
| `- error: 'UINib' is unavailable in watchOS
179 | super.register(nib, forSupplementaryViewOfKind: UICollectionView.elementKindSectionHeader, withReuseIdentifier: identifier)
180 | }
/Applications/Xcode-27.0.0-Release.Candidate.app/Contents/Developer/Platforms/WatchOS.platform/Developer/SDKs/WatchOS27.0.sdk/System/Library/Frameworks/UIKit.framework/Headers/UINib.h:16:12: note: 'UINib' has been explicitly marked unavailable here
14 |
15 | UIKIT_EXTERN API_AVAILABLE(ios(4.0)) API_UNAVAILABLE(watchos) NS_SWIFT_UI_ACTOR API_DEPRECATED("Loading Interface Builder products will not be supported in a future version of visionOS.", visionos(1.0, 1.0))
16 | @interface UINib : NSObject
| `- note: 'UINib' has been explicitly marked unavailable here
17 |
18 | // If the bundle parameter is nil, the main bundle is used.
/Users/admin/builder/spi-builder-workspace/.dependencies/checkouts/JTAppleCalendar/Sources/JTAppleCalendar/JTACInteractionMonthFunctions.swift:194:45: error: 'UINib' is unavailable in watchOS
192 |
193 | /// Registers a nib for use in creating Decoration views for the collection view.
194 | public func registerDecorationView(nib: UINib?) {
| `- error: 'UINib' is unavailable in watchOS
195 | calendarViewLayout.register(nib, forDecorationViewOfKind: decorationViewID)
196 | }
/Applications/Xcode-27.0.0-Release.Candidate.app/Contents/Developer/Platforms/WatchOS.platform/Developer/SDKs/WatchOS27.0.sdk/System/Library/Frameworks/UIKit.framework/Headers/UINib.h:16:12: note: 'UINib' has been explicitly marked unavailable here
14 |
15 | UIKIT_EXTERN API_AVAILABLE(ios(4.0)) API_UNAVAILABLE(watchos) NS_SWIFT_UI_ACTOR API_DEPRECATED("Loading Interface Builder products will not be supported in a future version of visionOS.", visionos(1.0, 1.0))
16 | @interface UINib : NSObject
| `- note: 'UINib' has been explicitly marked unavailable here
17 |
18 | // If the bundle parameter is nil, the main bundle is used.
SwiftCompile normal arm64 /Users/admin/builder/spi-builder-workspace/.dependencies/checkouts/JTAppleCalendar/Sources/JTAppleCalendar/JTACInteractionMonthFunctions.swift (in target 'JTAppleCalendar' from project 'JTAppleCalendar')
cd /Users/admin/builder/spi-builder-workspace/.swiftpm/xcode
builtin-SwiftPerFileCompile JTACInteractionMonthFunctions.swift
SwiftCompile normal arm64 /Users/admin/builder/spi-builder-workspace/.dependencies/checkouts/JTAppleCalendar/Sources/JTAppleCalendar/JTACInteractionYearFunctions.swift (in target 'JTAppleCalendar' from project 'JTAppleCalendar')
cd /Users/admin/builder/spi-builder-workspace/.swiftpm/xcode
builtin-SwiftPerFileCompile JTACInteractionYearFunctions.swift
SwiftCompile normal arm64 /Users/admin/builder/spi-builder-workspace/.dependencies/checkouts/JTAppleCalendar/Sources/JTAppleCalendar/JTACMonthActionFunctions.swift (in target 'JTAppleCalendar' from project 'JTAppleCalendar')
cd /Users/admin/builder/spi-builder-workspace/.swiftpm/xcode
builtin-SwiftPerFileCompile JTACMonthActionFunctions.swift
SwiftCompile normal arm64 Compiling\ CalendarEnums.swift,\ CalendarStructs.swift,\ GlobalFunctionsAndExtensions.swift /Users/admin/builder/spi-builder-workspace/.dependencies/checkouts/JTAppleCalendar/Sources/JTAppleCalendar/CalendarEnums.swift /Users/admin/builder/spi-builder-workspace/.dependencies/checkouts/JTAppleCalendar/Sources/JTAppleCalendar/CalendarStructs.swift /Users/admin/builder/spi-builder-workspace/.dependencies/checkouts/JTAppleCalendar/Sources/JTAppleCalendar/GlobalFunctionsAndExtensions.swift (in target 'JTAppleCalendar' from project 'JTAppleCalendar')
SwiftCompile normal arm64 /Users/admin/builder/spi-builder-workspace/.dependencies/checkouts/JTAppleCalendar/Sources/JTAppleCalendar/CalendarEnums.swift (in target 'JTAppleCalendar' from project 'JTAppleCalendar')
cd /Users/admin/builder/spi-builder-workspace/.swiftpm/xcode
builtin-SwiftPerFileCompile CalendarEnums.swift
SwiftCompile normal arm64 /Users/admin/builder/spi-builder-workspace/.dependencies/checkouts/JTAppleCalendar/Sources/JTAppleCalendar/CalendarStructs.swift (in target 'JTAppleCalendar' from project 'JTAppleCalendar')
cd /Users/admin/builder/spi-builder-workspace/.swiftpm/xcode
builtin-SwiftPerFileCompile CalendarStructs.swift
SwiftCompile normal arm64 /Users/admin/builder/spi-builder-workspace/.dependencies/checkouts/JTAppleCalendar/Sources/JTAppleCalendar/GlobalFunctionsAndExtensions.swift (in target 'JTAppleCalendar' from project 'JTAppleCalendar')
cd /Users/admin/builder/spi-builder-workspace/.swiftpm/xcode
builtin-SwiftPerFileCompile GlobalFunctionsAndExtensions.swift
SwiftCompile normal arm64 Compiling\ JTACCollectionMonthViewDelegates.swift,\ JTACCollectionYearViewDelegates.swift,\ JTACDayCell.swift /Users/admin/builder/spi-builder-workspace/.dependencies/checkouts/JTAppleCalendar/Sources/JTAppleCalendar/JTACCollectionMonthViewDelegates.swift /Users/admin/builder/spi-builder-workspace/.dependencies/checkouts/JTAppleCalendar/Sources/JTAppleCalendar/JTACCollectionYearViewDelegates.swift /Users/admin/builder/spi-builder-workspace/.dependencies/checkouts/JTAppleCalendar/Sources/JTAppleCalendar/JTACDayCell.swift (in target 'JTAppleCalendar' from project 'JTAppleCalendar')
SwiftCompile normal arm64 /Users/admin/builder/spi-builder-workspace/.dependencies/checkouts/JTAppleCalendar/Sources/JTAppleCalendar/JTACCollectionMonthViewDelegates.swift (in target 'JTAppleCalendar' from project 'JTAppleCalendar')
cd /Users/admin/builder/spi-builder-workspace/.swiftpm/xcode
builtin-SwiftPerFileCompile JTACCollectionMonthViewDelegates.swift
SwiftCompile normal arm64 /Users/admin/builder/spi-builder-workspace/.dependencies/checkouts/JTAppleCalendar/Sources/JTAppleCalendar/JTACCollectionYearViewDelegates.swift (in target 'JTAppleCalendar' from project 'JTAppleCalendar')
cd /Users/admin/builder/spi-builder-workspace/.swiftpm/xcode
builtin-SwiftPerFileCompile JTACCollectionYearViewDelegates.swift
SwiftCompile normal arm64 /Users/admin/builder/spi-builder-workspace/.dependencies/checkouts/JTAppleCalendar/Sources/JTAppleCalendar/JTACDayCell.swift (in target 'JTAppleCalendar' from project 'JTAppleCalendar')
cd /Users/admin/builder/spi-builder-workspace/.swiftpm/xcode
builtin-SwiftPerFileCompile JTACDayCell.swift
SwiftCompile normal arm64 Compiling\ JTACMonthLayoutProtocol.swift,\ JTACMonthLayoutVerticalCalendar.swift /Users/admin/builder/spi-builder-workspace/.dependencies/checkouts/JTAppleCalendar/Sources/JTAppleCalendar/JTACMonthLayoutProtocol.swift /Users/admin/builder/spi-builder-workspace/.dependencies/checkouts/JTAppleCalendar/Sources/JTAppleCalendar/JTACMonthLayoutVerticalCalendar.swift (in target 'JTAppleCalendar' from project 'JTAppleCalendar')
SwiftCompile normal arm64 /Users/admin/builder/spi-builder-workspace/.dependencies/checkouts/JTAppleCalendar/Sources/JTAppleCalendar/JTACMonthLayoutProtocol.swift (in target 'JTAppleCalendar' from project 'JTAppleCalendar')
cd /Users/admin/builder/spi-builder-workspace/.swiftpm/xcode
builtin-SwiftPerFileCompile JTACMonthLayoutProtocol.swift
SwiftCompile normal arm64 /Users/admin/builder/spi-builder-workspace/.dependencies/checkouts/JTAppleCalendar/Sources/JTAppleCalendar/JTACMonthLayoutVerticalCalendar.swift (in target 'JTAppleCalendar' from project 'JTAppleCalendar')
cd /Users/admin/builder/spi-builder-workspace/.swiftpm/xcode
builtin-SwiftPerFileCompile JTACMonthLayoutVerticalCalendar.swift
SwiftEmitModule normal arm64 Emitting\ module\ for\ PrettyCards (in target 'PrettyCards' from project 'PrettyCards')
/Users/admin/builder/spi-builder-workspace/.dependencies/checkouts/PrettyCards/Source/Card.swift:75:31: error: 'UIView' is unavailable in watchOS
73 | }
74 |
75 | public let containerView: UIView = .init()
| `- error: 'UIView' is unavailable in watchOS
76 |
77 | /// Tap callback
/Applications/Xcode-27.0.0-Release.Candidate.app/Contents/Developer/Platforms/WatchOS.platform/Developer/SDKs/WatchOS27.0.sdk/System/Library/Frameworks/UIKit.framework/Headers/UIView.h:152:12: note: 'UIView' has been explicitly marked unavailable here
150 |
151 | UIKIT_EXTERN API_AVAILABLE(ios(2.0)) API_UNAVAILABLE(watchos) NS_SWIFT_UI_ACTOR
152 | @interface UIView : UIResponder <NSCoding, UIAppearance, UIAppearanceContainer, UIDynamicItem, UITraitEnvironment, UICoordinateSpace, UIFocusItem, UIFocusItemContainer, CALayerDelegate>
| `- note: 'UIView' has been explicitly marked unavailable here
153 |
154 | @property(class, nonatomic, readonly) Class layerClass; // default is [CALayer class]. Used when creating the underlying layer for the view.
/Users/admin/builder/spi-builder-workspace/.dependencies/checkouts/PrettyCards/Source/Card.swift:75:41: error: 'init()' is unavailable in watchOS
73 | }
74 |
75 | public let containerView: UIView = .init()
| `- error: 'init()' is unavailable in watchOS
76 |
77 | /// Tap callback
/Applications/Xcode-27.0.0-Release.Candidate.app/Contents/Developer/Platforms/WatchOS.platform/Developer/SDKs/WatchOS27.0.sdk/System/Library/Frameworks/UIKit.framework/Headers/UIView.h:158:1: note: 'init()' has been explicitly marked unavailable here
156 | - (instancetype)initWithFrame:(CGRect)frame NS_DESIGNATED_INITIALIZER;
157 | - (nullable instancetype)initWithCoder:(NSCoder *)coder NS_DESIGNATED_INITIALIZER;
158 | - (instancetype)init API_AVAILABLE(ios(2.0), tvos(9.0), visionos(1.0)) API_UNAVAILABLE(watchos);
| `- note: 'init()' has been explicitly marked unavailable here
159 |
160 | @property(nonatomic,getter=isUserInteractionEnabled) BOOL userInteractionEnabled; // default is YES. if set to NO, user events (touch, keys) are ignored and removed from the event queue.
/Users/admin/builder/spi-builder-workspace/.dependencies/checkouts/PrettyCards/Source/Card.swift:81:29: error: 'UITapGestureRecognizer' is unavailable in watchOS
79 |
80 | private var isTouched: Bool = false
81 | private let recognizer: UITapGestureRecognizer = .init()
| `- error: 'UITapGestureRecognizer' is unavailable in watchOS
82 |
83 | // MARK: - Overriding
/Applications/Xcode-27.0.0-Release.Candidate.app/Contents/Developer/Platforms/WatchOS.platform/Developer/SDKs/WatchOS27.0.sdk/System/Library/Frameworks/UIKit.framework/Headers/UITapGestureRecognizer.h:23:12: note: 'UITapGestureRecognizer' has been explicitly marked unavailable here
21 |
22 | UIKIT_EXTERN API_AVAILABLE(ios(3.2)) API_UNAVAILABLE(watchos) NS_SWIFT_UI_ACTOR
23 | @interface UITapGestureRecognizer : UIGestureRecognizer
| `- note: 'UITapGestureRecognizer' has been explicitly marked unavailable here
24 |
25 | @property (nonatomic) NSUInteger numberOfTapsRequired; // Default is 1. The number of taps required to match
/Users/admin/builder/spi-builder-workspace/.dependencies/checkouts/PrettyCards/Source/Card.swift:136:52: error: 'UITouch' is unavailable in watchOS
134 | // MARK: - Animations
135 |
136 | override open func touchesBegan(_ touches: Set<UITouch>, with event: UIEvent?) {
| `- error: 'UITouch' is unavailable in watchOS
137 | self.isTouched = true
138 | guard let animation = self.animation else {
/Applications/Xcode-27.0.0-Release.Candidate.app/Contents/Developer/Platforms/WatchOS.platform/Developer/SDKs/WatchOS27.0.sdk/System/Library/Frameworks/UIKit.framework/Headers/UITouch.h:51:12: note: 'UITouch' has been explicitly marked unavailable here
49 |
50 | UIKIT_EXTERN API_AVAILABLE(ios(2.0)) API_UNAVAILABLE(watchos) NS_SWIFT_UI_ACTOR
51 | @interface UITouch : NSObject
| `- note: 'UITouch' has been explicitly marked unavailable here
52 |
53 | @property(nonatomic,readonly) NSTimeInterval timestamp;
/Users/admin/builder/spi-builder-workspace/.dependencies/checkouts/PrettyCards/Source/Card.swift:136:74: error: 'UIEvent' is unavailable in watchOS
134 | // MARK: - Animations
135 |
136 | override open func touchesBegan(_ touches: Set<UITouch>, with event: UIEvent?) {
| `- error: 'UIEvent' is unavailable in watchOS
137 | self.isTouched = true
138 | guard let animation = self.animation else {
/Applications/Xcode-27.0.0-Release.Candidate.app/Contents/Developer/Platforms/WatchOS.platform/Developer/SDKs/WatchOS27.0.sdk/System/Library/Frameworks/UIKit.framework/Headers/UIEvent.h:62:12: note: 'UIEvent' has been explicitly marked unavailable here
60 |
61 | UIKIT_EXTERN API_AVAILABLE(ios(2.0)) API_UNAVAILABLE(watchos) NS_SWIFT_UI_ACTOR
62 | @interface UIEvent : NSObject
| `- note: 'UIEvent' has been explicitly marked unavailable here
63 |
64 | @property(nonatomic,readonly) UIEventType type API_AVAILABLE(ios(3.0));
/Users/admin/builder/spi-builder-workspace/.dependencies/checkouts/PrettyCards/Source/Card.swift:146:52: error: 'UITouch' is unavailable in watchOS
144 | }
145 |
146 | override open func touchesEnded(_ touches: Set<UITouch>, with event: UIEvent?) {
| `- error: 'UITouch' is unavailable in watchOS
147 | self.resetAnimation(handler: self.tapHandler)
148 | super.touchesEnded(touches, with: event)
/Applications/Xcode-27.0.0-Release.Candidate.app/Contents/Developer/Platforms/WatchOS.platform/Developer/SDKs/WatchOS27.0.sdk/System/Library/Frameworks/UIKit.framework/Headers/UITouch.h:51:12: note: 'UITouch' has been explicitly marked unavailable here
49 |
50 | UIKIT_EXTERN API_AVAILABLE(ios(2.0)) API_UNAVAILABLE(watchos) NS_SWIFT_UI_ACTOR
51 | @interface UITouch : NSObject
| `- note: 'UITouch' has been explicitly marked unavailable here
52 |
53 | @property(nonatomic,readonly) NSTimeInterval timestamp;
/Users/admin/builder/spi-builder-workspace/.dependencies/checkouts/PrettyCards/Source/Card.swift:146:74: error: 'UIEvent' is unavailable in watchOS
144 | }
145 |
146 | override open func touchesEnded(_ touches: Set<UITouch>, with event: UIEvent?) {
| `- error: 'UIEvent' is unavailable in watchOS
147 | self.resetAnimation(handler: self.tapHandler)
148 | super.touchesEnded(touches, with: event)
/Applications/Xcode-27.0.0-Release.Candidate.app/Contents/Developer/Platforms/WatchOS.platform/Developer/SDKs/WatchOS27.0.sdk/System/Library/Frameworks/UIKit.framework/Headers/UIEvent.h:62:12: note: 'UIEvent' has been explicitly marked unavailable here
60 |
61 | UIKIT_EXTERN API_AVAILABLE(ios(2.0)) API_UNAVAILABLE(watchos) NS_SWIFT_UI_ACTOR
62 | @interface UIEvent : NSObject
| `- note: 'UIEvent' has been explicitly marked unavailable here
63 |
64 | @property(nonatomic,readonly) UIEventType type API_AVAILABLE(ios(3.0));
/Users/admin/builder/spi-builder-workspace/.dependencies/checkouts/PrettyCards/Source/Card.swift:151:56: error: 'UITouch' is unavailable in watchOS
149 | }
150 |
151 | override open func touchesCancelled(_ touches: Set<UITouch>, with event: UIEvent?) {
| `- error: 'UITouch' is unavailable in watchOS
152 | self.resetAnimation(handler: nil)
153 | super.touchesCancelled(touches, with: event)
/Applications/Xcode-27.0.0-Release.Candidate.app/Contents/Developer/Platforms/WatchOS.platform/Developer/SDKs/WatchOS27.0.sdk/System/Library/Frameworks/UIKit.framework/Headers/UITouch.h:51:12: note: 'UITouch' has been explicitly marked unavailable here
49 |
50 | UIKIT_EXTERN API_AVAILABLE(ios(2.0)) API_UNAVAILABLE(watchos) NS_SWIFT_UI_ACTOR
51 | @interface UITouch : NSObject
| `- note: 'UITouch' has been explicitly marked unavailable here
52 |
53 | @property(nonatomic,readonly) NSTimeInterval timestamp;
/Users/admin/builder/spi-builder-workspace/.dependencies/checkouts/PrettyCards/Source/Card.swift:151:78: error: 'UIEvent' is unavailable in watchOS
149 | }
150 |
151 | override open func touchesCancelled(_ touches: Set<UITouch>, with event: UIEvent?) {
| `- error: 'UIEvent' is unavailable in watchOS
152 | self.resetAnimation(handler: nil)
153 | super.touchesCancelled(touches, with: event)
/Applications/Xcode-27.0.0-Release.Candidate.app/Contents/Developer/Platforms/WatchOS.platform/Developer/SDKs/WatchOS27.0.sdk/System/Library/Frameworks/UIKit.framework/Headers/UIEvent.h:62:12: note: 'UIEvent' has been explicitly marked unavailable here
60 |
61 | UIKIT_EXTERN API_AVAILABLE(ios(2.0)) API_UNAVAILABLE(watchos) NS_SWIFT_UI_ACTOR
62 | @interface UIEvent : NSObject
| `- note: 'UIEvent' has been explicitly marked unavailable here
63 |
64 | @property(nonatomic,readonly) UIEventType type API_AVAILABLE(ios(3.0));
/Users/admin/builder/spi-builder-workspace/.dependencies/checkouts/PrettyCards/Source/Card.swift:12:18: error: 'UIView' is unavailable in watchOS
10 |
11 | /// Card view
12 | open class Card: UIView, UIGestureRecognizerDelegate {
| `- error: 'UIView' is unavailable in watchOS
13 |
14 | public typealias TapHandler = () -> Void
/Applications/Xcode-27.0.0-Release.Candidate.app/Contents/Developer/Platforms/WatchOS.platform/Developer/SDKs/WatchOS27.0.sdk/System/Library/Frameworks/UIKit.framework/Headers/UIView.h:152:12: note: 'UIView' has been explicitly marked unavailable here
150 |
151 | UIKIT_EXTERN API_AVAILABLE(ios(2.0)) API_UNAVAILABLE(watchos) NS_SWIFT_UI_ACTOR
152 | @interface UIView : UIResponder <NSCoding, UIAppearance, UIAppearanceContainer, UIDynamicItem, UITraitEnvironment, UICoordinateSpace, UIFocusItem, UIFocusItemContainer, CALayerDelegate>
| `- note: 'UIView' has been explicitly marked unavailable here
153 |
154 | @property(class, nonatomic, readonly) Class layerClass; // default is [CALayer class]. Used when creating the underlying layer for the view.
/Users/admin/builder/spi-builder-workspace/.dependencies/checkouts/PrettyCards/Source/Card.swift:12:26: error: 'UIGestureRecognizerDelegate' is unavailable in watchOS
10 |
11 | /// Card view
12 | open class Card: UIView, UIGestureRecognizerDelegate {
| `- error: 'UIGestureRecognizerDelegate' is unavailable in watchOS
13 |
14 | public typealias TapHandler = () -> Void
/Applications/Xcode-27.0.0-Release.Candidate.app/Contents/Developer/Platforms/WatchOS.platform/Developer/SDKs/WatchOS27.0.sdk/System/Library/Frameworks/UIKit.framework/Headers/UIGestureRecognizer.h:91:11: note: 'UIGestureRecognizerDelegate' has been explicitly marked unavailable here
89 |
90 | API_UNAVAILABLE(watchos) NS_SWIFT_UI_ACTOR
91 | @protocol UIGestureRecognizerDelegate <NSObject>
| `- note: 'UIGestureRecognizerDelegate' has been explicitly marked unavailable here
92 | @optional
93 | // called when a gesture recognizer attempts to transition out of UIGestureRecognizerStatePossible. returning NO causes it to transition to UIGestureRecognizerStateFailed
Failed frontend command:
/Applications/Xcode-27.0.0-Release.Candidate.app/Contents/Developer/Toolchains/XcodeDefault.xctoolchain/usr/bin/swift-frontend -frontend -emit-module -experimental-skip-non-inlinable-function-bodies-without-types /Users/admin/builder/spi-builder-workspace/.dependencies/checkouts/PrettyCards/Source/Animation.swift /Users/admin/builder/spi-builder-workspace/.dependencies/checkouts/PrettyCards/Source/Card.swift /Users/admin/builder/spi-builder-workspace/.dependencies/checkouts/PrettyCards/Source/Shadow.swift -target arm64-apple-watchos9.0 -disable-cross-import-overlay-search -load-resolved-plugin /Applications/Xcode-27.0.0-Release.Candidate.app/Contents/Developer/Platforms/WatchOS.platform/Developer/usr/lib/swift/host/plugins/libFoundationMacros.dylib\#/Applications/Xcode-27.0.0-Release.Candidate.app/Contents/Developer/Platforms/WatchOS.platform/Developer/usr/bin/swift-plugin-server\#FoundationMacros -load-resolved-plugin /Applications/Xcode-27.0.0-Release.Candidate.app/Contents/Developer/Platforms/WatchOS.platform/Developer/usr/lib/swift/host/plugins/libObservationMacros.dylib\#/Applications/Xcode-27.0.0-Release.Candidate.app/Contents/Developer/Platforms/WatchOS.platform/Developer/usr/bin/swift-plugin-server\#ObservationMacros -load-resolved-plugin /Applications/Xcode-27.0.0-Release.Candidate.app/Contents/Developer/Platforms/WatchOS.platform/Developer/usr/lib/swift/host/plugins/libSwiftMacros.dylib\#/Applications/Xcode-27.0.0-Release.Candidate.app/Contents/Developer/Platforms/WatchOS.platform/Developer/usr/bin/swift-plugin-server\#SwiftMacros -load-resolved-plugin /Applications/Xcode-27.0.0-Release.Candidate.app/Contents/Developer/Platforms/WatchOS.platform/Developer/usr/lib/swift/host/plugins/libSwiftUIMacros.dylib\#/Applications/Xcode-27.0.0-Release.Candidate.app/Contents/Developer/Platforms/WatchOS.platform/Developer/usr/bin/swift-plugin-server\#SwiftUIMacros -disable-implicit-swift-modules -Xcc -fno-implicit-modules -Xcc -fno-implicit-module-maps -explicit-swift-module-map-file /Users/admin/builder/spi-builder-workspace/.derivedData/Build/Intermediates.noindex/PrettyCards.build/Debug-watchos/PrettyCards-t.build/Objects-normal/arm64/PrettyCards-dependencies-2.json -Xllvm -aarch64-use-tbi -enable-objc-interop -stack-check -sdk /Applications/Xcode-27.0.0-Release.Candidate.app/Contents/Developer/Platforms/WatchOS.platform/Developer/SDKs/WatchOS27.0.sdk -I /Users/admin/builder/spi-builder-workspace/.derivedData/Build/Products/Debug-watchos -Isystem /Applications/Xcode-27.0.0-Release.Candidate.app/Contents/Developer/Platforms/WatchOS.platform/Developer/usr/lib -F /Users/admin/builder/spi-builder-workspace/.derivedData/Build/Products/Debug-watchos -F /Applications/Xcode-27.0.0-Release.Candidate.app/Contents/Developer/Platforms/WatchOS.platform/Developer/Library/Frameworks -F /Applications/Xcode-27.0.0-Release.Candidate.app/Contents/Developer/Platforms/WatchOS.platform/Developer/SDKs/WatchOS27.0.sdk/Developer/Library/Frameworks -module-cache-path /Users/admin/builder/spi-builder-workspace/.derivedData/Build/Intermediates.noindex/SwiftExplicitPrecompiledModules -no-color-diagnostics -Xcc -fno-color-diagnostics -enable-testing -g -debug-info-format\=dwarf -dwarf-version\=4 -suppress-warnings -swift-version 5 -Onone -D SWIFT_PACKAGE -D DEBUG -D SWIFT_MODULE_RESOURCE_BUNDLE_UNAVAILABLE -D Xcode -serialize-debugging-options -enable-experimental-feature DebugDescriptionMacro -empty-abi-descriptor -validate-clang-modules-once -clang-build-session-file /Users/admin/builder/spi-builder-workspace/.derivedData/ModuleCache.noindex/Session.modulevalidation -Xcc -working-directory -Xcc /Users/admin/builder/spi-builder-workspace/.swiftpm/xcode -enable-anonymous-context-mangled-names -file-compilation-dir /Users/admin/builder/spi-builder-workspace/.swiftpm/xcode -Xcc -D_LIBCPP_HARDENING_MODE\=_LIBCPP_HARDENING_MODE_DEBUG -Xcc -ivfsstatcache -Xcc /Users/admin/builder/spi-builder-workspace/.derivedData/SDKStatCaches.noindex/watchos27.0-24R360-e829b21a6f8c9b70876ba0858053c04477534ef55a1706bf4c1112bbb242f0a2.sdkstatcache -Xcc -fmodules-prune-interval\=86400 -Xcc -fmodules-prune-after\=345600 -Xcc -I/Users/admin/builder/spi-builder-workspace/.derivedData/Build/Products/Debug-watchos/include -Xcc -I/Users/admin/builder/spi-builder-workspace/.derivedData/Build/Intermediates.noindex/PrettyCards.build/Debug-watchos/PrettyCards-t.build/DerivedSources-normal/arm64 -Xcc -I/Users/admin/builder/spi-builder-workspace/.derivedData/Build/Intermediates.noindex/PrettyCards.build/Debug-watchos/PrettyCards-t.build/DerivedSources/arm64 -Xcc -I/Users/admin/builder/spi-builder-workspace/.derivedData/Build/Intermediates.noindex/PrettyCards.build/Debug-watchos/PrettyCards-t.build/DerivedSources -Xcc -DSWIFT_PACKAGE -Xcc -DDEBUG\=1 -no-auto-bridging-header-chaining -module-name PrettyCards -const-gather-protocols-file /Users/admin/builder/spi-builder-workspace/.derivedData/Build/Intermediates.noindex/PrettyCards.build/Debug-watchos/PrettyCards-t.build/Objects-normal/arm64/PrettyCards_const_extract_protocols.json -disable-clang-spi -clang-target arm64-apple-watchos27.0 -target-sdk-version 27.0 -target-sdk-name watchos27.0 -in-process-plugin-server-path /Applications/Xcode-27.0.0-Release.Candidate.app/Contents/Developer/Toolchains/XcodeDefault.xctoolchain/usr/lib/swift/host/libSwiftInProcPluginServer.dylib -emit-module-doc-path /Users/admin/builder/spi-builder-workspace/.derivedData/Build/Intermediates.noindex/PrettyCards.build/Debug-watchos/PrettyCards-t.build/Objects-normal/arm64/PrettyCards.swiftdoc -emit-module-source-info-path /Users/admin/builder/spi-builder-workspace/.derivedData/Build/Intermediates.noindex/PrettyCards.build/Debug-watchos/PrettyCards-t.build/Objects-normal/arm64/PrettyCards.swiftsourceinfo -emit-objc-header-path /Users/admin/builder/spi-builder-workspace/.derivedData/Build/Intermediates.noindex/PrettyCards.build/Debug-watchos/PrettyCards-t.build/Objects-normal/arm64/PrettyCards-Swift.h -serialize-diagnostics-path /Users/admin/builder/spi-builder-workspace/.derivedData/Build/Intermediates.noindex/PrettyCards.build/Debug-watchos/PrettyCards-t.build/Objects-normal/arm64/PrettyCards-primary-emit-module.dia -emit-dependencies-path /Users/admin/builder/spi-builder-workspace/.derivedData/Build/Intermediates.noindex/PrettyCards.build/Debug-watchos/PrettyCards-t.build/Objects-normal/arm64/PrettyCards-primary-emit-module.d -parse-as-library -o /Users/admin/builder/spi-builder-workspace/.derivedData/Build/Intermediates.noindex/PrettyCards.build/Debug-watchos/PrettyCards-t.build/Objects-normal/arm64/PrettyCards.swiftmodule -emit-abi-descriptor-path /Users/admin/builder/spi-builder-workspace/.derivedData/Build/Intermediates.noindex/PrettyCards.build/Debug-watchos/PrettyCards-t.build/Objects-normal/arm64/PrettyCards.abi.json
SwiftCompile normal arm64 (in target 'PrettyCards' from project 'PrettyCards')
cd /Users/admin/builder/spi-builder-workspace/.swiftpm/xcode
SwiftEmitModule normal arm64_32 Emitting\ module\ for\ PrettyCards (in target 'PrettyCards' from project 'PrettyCards')
SwiftCompile normal arm64_32 (in target 'PrettyCards' from project 'PrettyCards')
cd /Users/admin/builder/spi-builder-workspace/.swiftpm/xcode
PruneExplicitPrecompiledModules /Users/admin/builder/spi-builder-workspace/.derivedData/Build/Intermediates.noindex/SwiftExplicitPrecompiledModules
PruneExplicitPrecompiledModules /Users/admin/builder/spi-builder-workspace/.derivedData/Build/Intermediates.noindex/ExplicitPrecompiledModules
PruneExplicitPrecompiledModules /Users/admin/builder/spi-builder-workspace/.derivedData/SDKExplicitPrecompiledModules
2026-09-20 07:12:07.446 xcodebuild[741:4638] [MT] IDERunDestination: Supported platforms for the buildables in the current scheme is empty.
** BUILD FAILED **
The following build commands failed:
SwiftEmitModule normal arm64 Emitting\ module\ for\ PrettyCards (in target 'PrettyCards' from project 'PrettyCards')
SwiftCompile normal arm64 (in target 'PrettyCards' from project 'PrettyCards')
Building workspace Fastis with scheme Fastis
(3 failures)
Command line invocation:
/Applications/Xcode-27.0.0-Release.Candidate.app/Contents/Developer/usr/bin/xcodebuild -IDEClonedSourcePackagesDirPathOverride=/Users/admin/builder/spi-builder-workspace/.dependencies -resolvePackageDependencies
Resolve Package Graph
Resolved source packages:
PrettyCards: https://github.com/simla-tech/PrettyCards @ 1.0.7
JTAppleCalendar: https://github.com/patchthecode/JTAppleCalendar @ 8.0.5
Fastis: /Users/admin/builder/spi-builder-workspace
resolved source packages: PrettyCards, JTAppleCalendar, Fastis
2026-09-20 07:12:13.780 xcodebuild[884:5318] [MT] IDERunDestination: Supported platforms for the buildables in the current scheme is empty.
{
"dependencies" : [
{
"identity" : "jtapplecalendar",
"requirement" : {
"range" : [
{
"lower_bound" : "8.0.5",
"upper_bound" : "9.0.0"
}
]
},
"type" : "sourceControl",
"url" : "https://github.com/patchthecode/JTAppleCalendar"
},
{
"identity" : "prettycards",
"requirement" : {
"range" : [
{
"lower_bound" : "1.0.4",
"upper_bound" : "2.0.0"
}
]
},
"type" : "sourceControl",
"url" : "https://github.com/simla-tech/PrettyCards"
}
],
"manifest_display_name" : "Fastis",
"name" : "Fastis",
"path" : "/Users/admin/builder/spi-builder-workspace",
"platforms" : [
{
"name" : "ios",
"version" : "13.0"
}
],
"products" : [
{
"name" : "Fastis",
"targets" : [
"Fastis"
],
"type" : {
"library" : [
"automatic"
]
}
}
],
"swift_languages_versions" : [
"5"
],
"targets" : [
{
"c99name" : "Fastis",
"module_type" : "SwiftTarget",
"name" : "Fastis",
"path" : "Sources",
"product_dependencies" : [
"JTAppleCalendar",
"PrettyCards"
],
"product_memberships" : [
"Fastis"
],
"sources" : [
"Extensions/Calendar+LastWeekday.swift",
"Extensions/Date+Utilities.swift",
"Extensions/String+CapitalizeFirstLetter.swift",
"Models/Config.swift",
"Models/Shortcut.swift",
"Models/Value.swift",
"Views/CurrentValueView.swift",
"Views/DayCell.swift",
"Views/FastisController.swift",
"Views/FastisView.swift",
"Views/MonthHeader.swift",
"Views/ShortcutContainerView.swift",
"Views/ShortcutItemView.swift",
"Views/WeekView.swift"
],
"type" : "library"
}
],
"tools_version" : "5.5"
}
{
"workspace" : {
"name" : "Fastis",
"schemes" : [
"Fastis"
]
}
}
2026-09-20 07:12:15.062 xcodebuild[892:5387] [MT] IDERunDestination: Supported platforms for the buildables in the current scheme is empty.
Running build ...
env DEVELOPER_DIR=/Applications/Xcode-27.0.0-Release.Candidate.app xcrun xcodebuild -IDEClonedSourcePackagesDirPathOverride=$PWD/.dependencies -skipMacroValidation -skipPackagePluginValidation -derivedDataPath $PWD/.derivedData build -scheme Fastis -destination generic/platform=watchOS
Command line invocation:
/Applications/Xcode-27.0.0-Release.Candidate.app/Contents/Developer/usr/bin/xcodebuild -IDEClonedSourcePackagesDirPathOverride=/Users/admin/builder/spi-builder-workspace/.dependencies -skipMacroValidation -skipPackagePluginValidation -derivedDataPath /Users/admin/builder/spi-builder-workspace/.derivedData build -scheme Fastis -destination generic/platform=watchOS
Resolve Package Graph
Resolved source packages:
JTAppleCalendar: https://github.com/patchthecode/JTAppleCalendar @ 8.0.5
PrettyCards: https://github.com/simla-tech/PrettyCards @ 1.0.7
Fastis: /Users/admin/builder/spi-builder-workspace
ComputePackagePrebuildTargetDependencyGraph
Prepare packages
CreateBuildRequest
SendProjectDescription
CreateBuildOperation
ComputeTargetDependencyGraph
note: Building targets in dependency order
note: Target dependency graph (6 targets)
Target 'Fastis-product' in project 'Fastis'
➜ Explicit dependency on target 'Fastis' in project 'Fastis'
➜ Explicit dependency on target 'JTAppleCalendar-product' in project 'JTAppleCalendar'
➜ Explicit dependency on target 'PrettyCards-product' in project 'PrettyCards'
Target 'Fastis' in project 'Fastis'
➜ Explicit dependency on target 'JTAppleCalendar-product' in project 'JTAppleCalendar'
➜ Explicit dependency on target 'PrettyCards-product' in project 'PrettyCards'
Target 'PrettyCards-product' in project 'PrettyCards'
➜ Explicit dependency on target 'PrettyCards' in project 'PrettyCards'
Target 'PrettyCards' in project 'PrettyCards' (no dependencies)
Target 'JTAppleCalendar-product' in project 'JTAppleCalendar'
➜ Explicit dependency on target 'JTAppleCalendar' in project 'JTAppleCalendar'
Target 'JTAppleCalendar' in project 'JTAppleCalendar' (no dependencies)
GatherProvisioningInputs
CreateBuildDescription
ClangStatCache /Applications/Xcode-27.0.0-Release.Candidate.app/Contents/Developer/Toolchains/XcodeDefault.xctoolchain/usr/bin/clang-stat-cache /Applications/Xcode-27.0.0-Release.Candidate.app/Contents/Developer/Platforms/WatchOS.platform/Developer/SDKs/WatchOS27.0.sdk /Users/admin/builder/spi-builder-workspace/.derivedData/SDKStatCaches.noindex/watchos27.0-24R360-e829b21a6f8c9b70876ba0858053c04477534ef55a1706bf4c1112bbb242f0a2.sdkstatcache
cd /Users/admin/builder/spi-builder-workspace/.swiftpm/xcode
/Applications/Xcode-27.0.0-Release.Candidate.app/Contents/Developer/Toolchains/XcodeDefault.xctoolchain/usr/bin/clang-stat-cache /Applications/Xcode-27.0.0-Release.Candidate.app/Contents/Developer/Platforms/WatchOS.platform/Developer/SDKs/WatchOS27.0.sdk -o /Users/admin/builder/spi-builder-workspace/.derivedData/SDKStatCaches.noindex/watchos27.0-24R360-e829b21a6f8c9b70876ba0858053c04477534ef55a1706bf4c1112bbb242f0a2.sdkstatcache
SwiftDriver PrettyCards normal arm64 com.apple.xcode.tools.swift.compiler (in target 'PrettyCards' from project 'PrettyCards')
cd /Users/admin/builder/spi-builder-workspace/.swiftpm/xcode
builtin-SwiftDriver -- /Applications/Xcode-27.0.0-Release.Candidate.app/Contents/Developer/Toolchains/XcodeDefault.xctoolchain/usr/bin/swiftc -parse-as-library -module-name PrettyCards -Onone @/Users/admin/builder/spi-builder-workspace/.derivedData/Build/Intermediates.noindex/PrettyCards.build/Debug-watchos/PrettyCards-t.build/Objects-normal/arm64/PrettyCards.SwiftFileList -DSWIFT_PACKAGE -DDEBUG -DSWIFT_MODULE_RESOURCE_BUNDLE_UNAVAILABLE -DXcode -plugin-path /Applications/Xcode-27.0.0-Release.Candidate.app/Contents/Developer/Toolchains/XcodeDefault.xctoolchain/usr/lib/swift/host/plugins/testing -enable-experimental-feature DebugDescriptionMacro -sdk /Applications/Xcode-27.0.0-Release.Candidate.app/Contents/Developer/Platforms/WatchOS.platform/Developer/SDKs/WatchOS27.0.sdk -target arm64-apple-watchos9.0 -g -module-cache-path /Users/admin/builder/spi-builder-workspace/.derivedData/ModuleCache.noindex -Xfrontend -serialize-debugging-options -enable-testing -suppress-warnings -index-store-path /Users/admin/builder/spi-builder-workspace/.derivedData/Index.noindex/DataStore -Xcc -D_LIBCPP_HARDENING_MODE\=_LIBCPP_HARDENING_MODE_DEBUG -swift-version 5 -I /Users/admin/builder/spi-builder-workspace/.derivedData/Build/Products/Debug-watchos -Isystem /Applications/Xcode-27.0.0-Release.Candidate.app/Contents/Developer/Platforms/WatchOS.platform/Developer/usr/lib -F /Users/admin/builder/spi-builder-workspace/.derivedData/Build/Products/Debug-watchos -F /Applications/Xcode-27.0.0-Release.Candidate.app/Contents/Developer/Platforms/WatchOS.platform/Developer/Library/Frameworks -F /Applications/Xcode-27.0.0-Release.Candidate.app/Contents/Developer/Platforms/WatchOS.platform/Developer/SDKs/WatchOS27.0.sdk/Developer/Library/Frameworks -c -j10 -enable-batch-mode -incremental -Xcc -ivfsstatcache -Xcc /Users/admin/builder/spi-builder-workspace/.derivedData/SDKStatCaches.noindex/watchos27.0-24R360-e829b21a6f8c9b70876ba0858053c04477534ef55a1706bf4c1112bbb242f0a2.sdkstatcache -output-file-map /Users/admin/builder/spi-builder-workspace/.derivedData/Build/Intermediates.noindex/PrettyCards.build/Debug-watchos/PrettyCards-t.build/Objects-normal/arm64/PrettyCards-OutputFileMap.json -save-temps -no-color-diagnostics -explicit-module-build -module-cache-path /Users/admin/builder/spi-builder-workspace/.derivedData/Build/Intermediates.noindex/SwiftExplicitPrecompiledModules -clang-scanner-module-cache-path /Users/admin/builder/spi-builder-workspace/.derivedData/ModuleCache.noindex -sdk-module-cache-path /Users/admin/builder/spi-builder-workspace/.derivedData/SDKExplicitPrecompiledModules -emit-dependencies -emit-module -emit-module-path /Users/admin/builder/spi-builder-workspace/.derivedData/Build/Intermediates.noindex/PrettyCards.build/Debug-watchos/PrettyCards-t.build/Objects-normal/arm64/PrettyCards.swiftmodule -serialize-diagnostics -dependency-scan-serialize-diagnostics-path /Users/admin/builder/spi-builder-workspace/.derivedData/Build/Intermediates.noindex/PrettyCards.build/Debug-watchos/PrettyCards-t.build/Objects-normal/arm64/PrettyCards-dependency-scan.dia -validate-clang-modules-once -clang-build-session-file /Users/admin/builder/spi-builder-workspace/.derivedData/ModuleCache.noindex/Session.modulevalidation -Xcc -fmodules-prune-interval\=86400 -Xcc -fmodules-prune-after\=345600 -emit-const-values -const-gather-protocols-list /Users/admin/builder/spi-builder-workspace/.derivedData/Build/Intermediates.noindex/PrettyCards.build/Debug-watchos/PrettyCards-t.build/Objects-normal/arm64/PrettyCards_const_extract_protocols.json -Xcc -I/Users/admin/builder/spi-builder-workspace/.derivedData/Build/Products/Debug-watchos/include -Xcc -I/Users/admin/builder/spi-builder-workspace/.derivedData/Build/Intermediates.noindex/PrettyCards.build/Debug-watchos/PrettyCards-t.build/DerivedSources-normal/arm64 -Xcc -I/Users/admin/builder/spi-builder-workspace/.derivedData/Build/Intermediates.noindex/PrettyCards.build/Debug-watchos/PrettyCards-t.build/DerivedSources/arm64 -Xcc -I/Users/admin/builder/spi-builder-workspace/.derivedData/Build/Intermediates.noindex/PrettyCards.build/Debug-watchos/PrettyCards-t.build/DerivedSources -Xcc -DSWIFT_PACKAGE -Xcc -DDEBUG\=1 -emit-objc-header -emit-objc-header-path /Users/admin/builder/spi-builder-workspace/.derivedData/Build/Intermediates.noindex/PrettyCards.build/Debug-watchos/PrettyCards-t.build/Objects-normal/arm64/PrettyCards-Swift.h -working-directory /Users/admin/builder/spi-builder-workspace/.swiftpm/xcode -experimental-emit-module-separately -disable-cmo
SwiftDriver JTAppleCalendar normal arm64_32 com.apple.xcode.tools.swift.compiler (in target 'JTAppleCalendar' from project 'JTAppleCalendar')
cd /Users/admin/builder/spi-builder-workspace/.swiftpm/xcode
builtin-SwiftDriver -- /Applications/Xcode-27.0.0-Release.Candidate.app/Contents/Developer/Toolchains/XcodeDefault.xctoolchain/usr/bin/swiftc -parse-as-library -module-name JTAppleCalendar -Onone @/Users/admin/builder/spi-builder-workspace/.derivedData/Build/Intermediates.noindex/JTAppleCalendar.build/Debug-watchos/JTAppleCalendar-t.build/Objects-normal/arm64_32/JTAppleCalendar.SwiftFileList -DSWIFT_PACKAGE -DDEBUG -DSWIFT_MODULE_RESOURCE_BUNDLE_UNAVAILABLE -DXcode -plugin-path /Applications/Xcode-27.0.0-Release.Candidate.app/Contents/Developer/Toolchains/XcodeDefault.xctoolchain/usr/lib/swift/host/plugins/testing -enable-experimental-feature DebugDescriptionMacro -sdk /Applications/Xcode-27.0.0-Release.Candidate.app/Contents/Developer/Platforms/WatchOS.platform/Developer/SDKs/WatchOS27.0.sdk -target arm64_32-apple-watchos9.0 -g -module-cache-path /Users/admin/builder/spi-builder-workspace/.derivedData/ModuleCache.noindex -Xfrontend -serialize-debugging-options -enable-testing -suppress-warnings -index-store-path /Users/admin/builder/spi-builder-workspace/.derivedData/Index.noindex/DataStore -Xcc -D_LIBCPP_HARDENING_MODE\=_LIBCPP_HARDENING_MODE_DEBUG -swift-version 5 -I /Users/admin/builder/spi-builder-workspace/.derivedData/Build/Products/Debug-watchos -Isystem /Applications/Xcode-27.0.0-Release.Candidate.app/Contents/Developer/Platforms/WatchOS.platform/Developer/usr/lib -F /Users/admin/builder/spi-builder-workspace/.derivedData/Build/Products/Debug-watchos -F /Applications/Xcode-27.0.0-Release.Candidate.app/Contents/Developer/Platforms/WatchOS.platform/Developer/Library/Frameworks -F /Applications/Xcode-27.0.0-Release.Candidate.app/Contents/Developer/Platforms/WatchOS.platform/Developer/SDKs/WatchOS27.0.sdk/Developer/Library/Frameworks -c -j10 -enable-batch-mode -incremental -Xcc -ivfsstatcache -Xcc /Users/admin/builder/spi-builder-workspace/.derivedData/SDKStatCaches.noindex/watchos27.0-24R360-e829b21a6f8c9b70876ba0858053c04477534ef55a1706bf4c1112bbb242f0a2.sdkstatcache -output-file-map /Users/admin/builder/spi-builder-workspace/.derivedData/Build/Intermediates.noindex/JTAppleCalendar.build/Debug-watchos/JTAppleCalendar-t.build/Objects-normal/arm64_32/JTAppleCalendar-OutputFileMap.json -save-temps -no-color-diagnostics -explicit-module-build -module-cache-path /Users/admin/builder/spi-builder-workspace/.derivedData/Build/Intermediates.noindex/SwiftExplicitPrecompiledModules -clang-scanner-module-cache-path /Users/admin/builder/spi-builder-workspace/.derivedData/ModuleCache.noindex -sdk-module-cache-path /Users/admin/builder/spi-builder-workspace/.derivedData/SDKExplicitPrecompiledModules -emit-dependencies -emit-module -emit-module-path /Users/admin/builder/spi-builder-workspace/.derivedData/Build/Intermediates.noindex/JTAppleCalendar.build/Debug-watchos/JTAppleCalendar-t.build/Objects-normal/arm64_32/JTAppleCalendar.swiftmodule -serialize-diagnostics -dependency-scan-serialize-diagnostics-path /Users/admin/builder/spi-builder-workspace/.derivedData/Build/Intermediates.noindex/JTAppleCalendar.build/Debug-watchos/JTAppleCalendar-t.build/Objects-normal/arm64_32/JTAppleCalendar-dependency-scan.dia -validate-clang-modules-once -clang-build-session-file /Users/admin/builder/spi-builder-workspace/.derivedData/ModuleCache.noindex/Session.modulevalidation -Xcc -fmodules-prune-interval\=86400 -Xcc -fmodules-prune-after\=345600 -emit-const-values -const-gather-protocols-list /Users/admin/builder/spi-builder-workspace/.derivedData/Build/Intermediates.noindex/JTAppleCalendar.build/Debug-watchos/JTAppleCalendar-t.build/Objects-normal/arm64_32/JTAppleCalendar_const_extract_protocols.json -Xcc -I/Users/admin/builder/spi-builder-workspace/.derivedData/Build/Products/Debug-watchos/include -Xcc -I/Users/admin/builder/spi-builder-workspace/.derivedData/Build/Intermediates.noindex/JTAppleCalendar.build/Debug-watchos/JTAppleCalendar-t.build/DerivedSources-normal/arm64_32 -Xcc -I/Users/admin/builder/spi-builder-workspace/.derivedData/Build/Intermediates.noindex/JTAppleCalendar.build/Debug-watchos/JTAppleCalendar-t.build/DerivedSources/arm64_32 -Xcc -I/Users/admin/builder/spi-builder-workspace/.derivedData/Build/Intermediates.noindex/JTAppleCalendar.build/Debug-watchos/JTAppleCalendar-t.build/DerivedSources -Xcc -DSWIFT_PACKAGE -Xcc -DDEBUG\=1 -emit-objc-header -emit-objc-header-path /Users/admin/builder/spi-builder-workspace/.derivedData/Build/Intermediates.noindex/JTAppleCalendar.build/Debug-watchos/JTAppleCalendar-t.build/Objects-normal/arm64_32/JTAppleCalendar-Swift.h -working-directory /Users/admin/builder/spi-builder-workspace/.swiftpm/xcode -experimental-emit-module-separately -disable-cmo
SwiftDriver PrettyCards normal arm64_32 com.apple.xcode.tools.swift.compiler (in target 'PrettyCards' from project 'PrettyCards')
cd /Users/admin/builder/spi-builder-workspace/.swiftpm/xcode
builtin-SwiftDriver -- /Applications/Xcode-27.0.0-Release.Candidate.app/Contents/Developer/Toolchains/XcodeDefault.xctoolchain/usr/bin/swiftc -parse-as-library -module-name PrettyCards -Onone @/Users/admin/builder/spi-builder-workspace/.derivedData/Build/Intermediates.noindex/PrettyCards.build/Debug-watchos/PrettyCards-t.build/Objects-normal/arm64_32/PrettyCards.SwiftFileList -DSWIFT_PACKAGE -DDEBUG -DSWIFT_MODULE_RESOURCE_BUNDLE_UNAVAILABLE -DXcode -plugin-path /Applications/Xcode-27.0.0-Release.Candidate.app/Contents/Developer/Toolchains/XcodeDefault.xctoolchain/usr/lib/swift/host/plugins/testing -enable-experimental-feature DebugDescriptionMacro -sdk /Applications/Xcode-27.0.0-Release.Candidate.app/Contents/Developer/Platforms/WatchOS.platform/Developer/SDKs/WatchOS27.0.sdk -target arm64_32-apple-watchos9.0 -g -module-cache-path /Users/admin/builder/spi-builder-workspace/.derivedData/ModuleCache.noindex -Xfrontend -serialize-debugging-options -enable-testing -suppress-warnings -index-store-path /Users/admin/builder/spi-builder-workspace/.derivedData/Index.noindex/DataStore -Xcc -D_LIBCPP_HARDENING_MODE\=_LIBCPP_HARDENING_MODE_DEBUG -swift-version 5 -I /Users/admin/builder/spi-builder-workspace/.derivedData/Build/Products/Debug-watchos -Isystem /Applications/Xcode-27.0.0-Release.Candidate.app/Contents/Developer/Platforms/WatchOS.platform/Developer/usr/lib -F /Users/admin/builder/spi-builder-workspace/.derivedData/Build/Products/Debug-watchos -F /Applications/Xcode-27.0.0-Release.Candidate.app/Contents/Developer/Platforms/WatchOS.platform/Developer/Library/Frameworks -F /Applications/Xcode-27.0.0-Release.Candidate.app/Contents/Developer/Platforms/WatchOS.platform/Developer/SDKs/WatchOS27.0.sdk/Developer/Library/Frameworks -c -j10 -enable-batch-mode -incremental -Xcc -ivfsstatcache -Xcc /Users/admin/builder/spi-builder-workspace/.derivedData/SDKStatCaches.noindex/watchos27.0-24R360-e829b21a6f8c9b70876ba0858053c04477534ef55a1706bf4c1112bbb242f0a2.sdkstatcache -output-file-map /Users/admin/builder/spi-builder-workspace/.derivedData/Build/Intermediates.noindex/PrettyCards.build/Debug-watchos/PrettyCards-t.build/Objects-normal/arm64_32/PrettyCards-OutputFileMap.json -save-temps -no-color-diagnostics -explicit-module-build -module-cache-path /Users/admin/builder/spi-builder-workspace/.derivedData/Build/Intermediates.noindex/SwiftExplicitPrecompiledModules -clang-scanner-module-cache-path /Users/admin/builder/spi-builder-workspace/.derivedData/ModuleCache.noindex -sdk-module-cache-path /Users/admin/builder/spi-builder-workspace/.derivedData/SDKExplicitPrecompiledModules -emit-dependencies -emit-module -emit-module-path /Users/admin/builder/spi-builder-workspace/.derivedData/Build/Intermediates.noindex/PrettyCards.build/Debug-watchos/PrettyCards-t.build/Objects-normal/arm64_32/PrettyCards.swiftmodule -serialize-diagnostics -dependency-scan-serialize-diagnostics-path /Users/admin/builder/spi-builder-workspace/.derivedData/Build/Intermediates.noindex/PrettyCards.build/Debug-watchos/PrettyCards-t.build/Objects-normal/arm64_32/PrettyCards-dependency-scan.dia -validate-clang-modules-once -clang-build-session-file /Users/admin/builder/spi-builder-workspace/.derivedData/ModuleCache.noindex/Session.modulevalidation -Xcc -fmodules-prune-interval\=86400 -Xcc -fmodules-prune-after\=345600 -emit-const-values -const-gather-protocols-list /Users/admin/builder/spi-builder-workspace/.derivedData/Build/Intermediates.noindex/PrettyCards.build/Debug-watchos/PrettyCards-t.build/Objects-normal/arm64_32/PrettyCards_const_extract_protocols.json -Xcc -I/Users/admin/builder/spi-builder-workspace/.derivedData/Build/Products/Debug-watchos/include -Xcc -I/Users/admin/builder/spi-builder-workspace/.derivedData/Build/Intermediates.noindex/PrettyCards.build/Debug-watchos/PrettyCards-t.build/DerivedSources-normal/arm64_32 -Xcc -I/Users/admin/builder/spi-builder-workspace/.derivedData/Build/Intermediates.noindex/PrettyCards.build/Debug-watchos/PrettyCards-t.build/DerivedSources/arm64_32 -Xcc -I/Users/admin/builder/spi-builder-workspace/.derivedData/Build/Intermediates.noindex/PrettyCards.build/Debug-watchos/PrettyCards-t.build/DerivedSources -Xcc -DSWIFT_PACKAGE -Xcc -DDEBUG\=1 -emit-objc-header -emit-objc-header-path /Users/admin/builder/spi-builder-workspace/.derivedData/Build/Intermediates.noindex/PrettyCards.build/Debug-watchos/PrettyCards-t.build/Objects-normal/arm64_32/PrettyCards-Swift.h -working-directory /Users/admin/builder/spi-builder-workspace/.swiftpm/xcode -experimental-emit-module-separately -disable-cmo
SwiftDriver JTAppleCalendar normal arm64 com.apple.xcode.tools.swift.compiler (in target 'JTAppleCalendar' from project 'JTAppleCalendar')
cd /Users/admin/builder/spi-builder-workspace/.swiftpm/xcode
builtin-SwiftDriver -- /Applications/Xcode-27.0.0-Release.Candidate.app/Contents/Developer/Toolchains/XcodeDefault.xctoolchain/usr/bin/swiftc -parse-as-library -module-name JTAppleCalendar -Onone @/Users/admin/builder/spi-builder-workspace/.derivedData/Build/Intermediates.noindex/JTAppleCalendar.build/Debug-watchos/JTAppleCalendar-t.build/Objects-normal/arm64/JTAppleCalendar.SwiftFileList -DSWIFT_PACKAGE -DDEBUG -DSWIFT_MODULE_RESOURCE_BUNDLE_UNAVAILABLE -DXcode -plugin-path /Applications/Xcode-27.0.0-Release.Candidate.app/Contents/Developer/Toolchains/XcodeDefault.xctoolchain/usr/lib/swift/host/plugins/testing -enable-experimental-feature DebugDescriptionMacro -sdk /Applications/Xcode-27.0.0-Release.Candidate.app/Contents/Developer/Platforms/WatchOS.platform/Developer/SDKs/WatchOS27.0.sdk -target arm64-apple-watchos9.0 -g -module-cache-path /Users/admin/builder/spi-builder-workspace/.derivedData/ModuleCache.noindex -Xfrontend -serialize-debugging-options -enable-testing -suppress-warnings -index-store-path /Users/admin/builder/spi-builder-workspace/.derivedData/Index.noindex/DataStore -Xcc -D_LIBCPP_HARDENING_MODE\=_LIBCPP_HARDENING_MODE_DEBUG -swift-version 5 -I /Users/admin/builder/spi-builder-workspace/.derivedData/Build/Products/Debug-watchos -Isystem /Applications/Xcode-27.0.0-Release.Candidate.app/Contents/Developer/Platforms/WatchOS.platform/Developer/usr/lib -F /Users/admin/builder/spi-builder-workspace/.derivedData/Build/Products/Debug-watchos -F /Applications/Xcode-27.0.0-Release.Candidate.app/Contents/Developer/Platforms/WatchOS.platform/Developer/Library/Frameworks -F /Applications/Xcode-27.0.0-Release.Candidate.app/Contents/Developer/Platforms/WatchOS.platform/Developer/SDKs/WatchOS27.0.sdk/Developer/Library/Frameworks -c -j10 -enable-batch-mode -incremental -Xcc -ivfsstatcache -Xcc /Users/admin/builder/spi-builder-workspace/.derivedData/SDKStatCaches.noindex/watchos27.0-24R360-e829b21a6f8c9b70876ba0858053c04477534ef55a1706bf4c1112bbb242f0a2.sdkstatcache -output-file-map /Users/admin/builder/spi-builder-workspace/.derivedData/Build/Intermediates.noindex/JTAppleCalendar.build/Debug-watchos/JTAppleCalendar-t.build/Objects-normal/arm64/JTAppleCalendar-OutputFileMap.json -save-temps -no-color-diagnostics -explicit-module-build -module-cache-path /Users/admin/builder/spi-builder-workspace/.derivedData/Build/Intermediates.noindex/SwiftExplicitPrecompiledModules -clang-scanner-module-cache-path /Users/admin/builder/spi-builder-workspace/.derivedData/ModuleCache.noindex -sdk-module-cache-path /Users/admin/builder/spi-builder-workspace/.derivedData/SDKExplicitPrecompiledModules -emit-dependencies -emit-module -emit-module-path /Users/admin/builder/spi-builder-workspace/.derivedData/Build/Intermediates.noindex/JTAppleCalendar.build/Debug-watchos/JTAppleCalendar-t.build/Objects-normal/arm64/JTAppleCalendar.swiftmodule -serialize-diagnostics -dependency-scan-serialize-diagnostics-path /Users/admin/builder/spi-builder-workspace/.derivedData/Build/Intermediates.noindex/JTAppleCalendar.build/Debug-watchos/JTAppleCalendar-t.build/Objects-normal/arm64/JTAppleCalendar-dependency-scan.dia -validate-clang-modules-once -clang-build-session-file /Users/admin/builder/spi-builder-workspace/.derivedData/ModuleCache.noindex/Session.modulevalidation -Xcc -fmodules-prune-interval\=86400 -Xcc -fmodules-prune-after\=345600 -emit-const-values -const-gather-protocols-list /Users/admin/builder/spi-builder-workspace/.derivedData/Build/Intermediates.noindex/JTAppleCalendar.build/Debug-watchos/JTAppleCalendar-t.build/Objects-normal/arm64/JTAppleCalendar_const_extract_protocols.json -Xcc -I/Users/admin/builder/spi-builder-workspace/.derivedData/Build/Products/Debug-watchos/include -Xcc -I/Users/admin/builder/spi-builder-workspace/.derivedData/Build/Intermediates.noindex/JTAppleCalendar.build/Debug-watchos/JTAppleCalendar-t.build/DerivedSources-normal/arm64 -Xcc -I/Users/admin/builder/spi-builder-workspace/.derivedData/Build/Intermediates.noindex/JTAppleCalendar.build/Debug-watchos/JTAppleCalendar-t.build/DerivedSources/arm64 -Xcc -I/Users/admin/builder/spi-builder-workspace/.derivedData/Build/Intermediates.noindex/JTAppleCalendar.build/Debug-watchos/JTAppleCalendar-t.build/DerivedSources -Xcc -DSWIFT_PACKAGE -Xcc -DDEBUG\=1 -emit-objc-header -emit-objc-header-path /Users/admin/builder/spi-builder-workspace/.derivedData/Build/Intermediates.noindex/JTAppleCalendar.build/Debug-watchos/JTAppleCalendar-t.build/Objects-normal/arm64/JTAppleCalendar-Swift.h -working-directory /Users/admin/builder/spi-builder-workspace/.swiftpm/xcode -experimental-emit-module-separately -disable-cmo
SwiftCompile normal arm64 Compiling\ Card.swift /Users/admin/builder/spi-builder-workspace/.dependencies/checkouts/PrettyCards/Source/Card.swift (in target 'PrettyCards' from project 'PrettyCards')
/Users/admin/builder/spi-builder-workspace/.dependencies/checkouts/PrettyCards/Source/Card.swift:75:31: error: 'UIView' is unavailable in watchOS
73 | }
74 |
75 | public let containerView: UIView = .init()
| `- error: 'UIView' is unavailable in watchOS
76 |
77 | /// Tap callback
/Applications/Xcode-27.0.0-Release.Candidate.app/Contents/Developer/Platforms/WatchOS.platform/Developer/SDKs/WatchOS27.0.sdk/System/Library/Frameworks/UIKit.framework/Headers/UIView.h:152:12: note: 'UIView' has been explicitly marked unavailable here
150 |
151 | UIKIT_EXTERN API_AVAILABLE(ios(2.0)) API_UNAVAILABLE(watchos) NS_SWIFT_UI_ACTOR
152 | @interface UIView : UIResponder <NSCoding, UIAppearance, UIAppearanceContainer, UIDynamicItem, UITraitEnvironment, UICoordinateSpace, UIFocusItem, UIFocusItemContainer, CALayerDelegate>
| `- note: 'UIView' has been explicitly marked unavailable here
153 |
154 | @property(class, nonatomic, readonly) Class layerClass; // default is [CALayer class]. Used when creating the underlying layer for the view.
/Users/admin/builder/spi-builder-workspace/.dependencies/checkouts/PrettyCards/Source/Card.swift:75:41: error: 'init()' is unavailable in watchOS
73 | }
74 |
75 | public let containerView: UIView = .init()
| `- error: 'init()' is unavailable in watchOS
76 |
77 | /// Tap callback
/Applications/Xcode-27.0.0-Release.Candidate.app/Contents/Developer/Platforms/WatchOS.platform/Developer/SDKs/WatchOS27.0.sdk/System/Library/Frameworks/UIKit.framework/Headers/UIView.h:158:1: note: 'init()' has been explicitly marked unavailable here
156 | - (instancetype)initWithFrame:(CGRect)frame NS_DESIGNATED_INITIALIZER;
157 | - (nullable instancetype)initWithCoder:(NSCoder *)coder NS_DESIGNATED_INITIALIZER;
158 | - (instancetype)init API_AVAILABLE(ios(2.0), tvos(9.0), visionos(1.0)) API_UNAVAILABLE(watchos);
| `- note: 'init()' has been explicitly marked unavailable here
159 |
160 | @property(nonatomic,getter=isUserInteractionEnabled) BOOL userInteractionEnabled; // default is YES. if set to NO, user events (touch, keys) are ignored and removed from the event queue.
/Users/admin/builder/spi-builder-workspace/.dependencies/checkouts/PrettyCards/Source/Card.swift:81:29: error: 'UITapGestureRecognizer' is unavailable in watchOS
79 |
80 | private var isTouched: Bool = false
81 | private let recognizer: UITapGestureRecognizer = .init()
| `- error: 'UITapGestureRecognizer' is unavailable in watchOS
82 |
83 | // MARK: - Overriding
/Applications/Xcode-27.0.0-Release.Candidate.app/Contents/Developer/Platforms/WatchOS.platform/Developer/SDKs/WatchOS27.0.sdk/System/Library/Frameworks/UIKit.framework/Headers/UITapGestureRecognizer.h:23:12: note: 'UITapGestureRecognizer' has been explicitly marked unavailable here
21 |
22 | UIKIT_EXTERN API_AVAILABLE(ios(3.2)) API_UNAVAILABLE(watchos) NS_SWIFT_UI_ACTOR
23 | @interface UITapGestureRecognizer : UIGestureRecognizer
| `- note: 'UITapGestureRecognizer' has been explicitly marked unavailable here
24 |
25 | @property (nonatomic) NSUInteger numberOfTapsRequired; // Default is 1. The number of taps required to match
/Users/admin/builder/spi-builder-workspace/.dependencies/checkouts/PrettyCards/Source/Card.swift:136:52: error: 'UITouch' is unavailable in watchOS
134 | // MARK: - Animations
135 |
136 | override open func touchesBegan(_ touches: Set<UITouch>, with event: UIEvent?) {
| `- error: 'UITouch' is unavailable in watchOS
137 | self.isTouched = true
138 | guard let animation = self.animation else {
/Applications/Xcode-27.0.0-Release.Candidate.app/Contents/Developer/Platforms/WatchOS.platform/Developer/SDKs/WatchOS27.0.sdk/System/Library/Frameworks/UIKit.framework/Headers/UITouch.h:51:12: note: 'UITouch' has been explicitly marked unavailable here
49 |
50 | UIKIT_EXTERN API_AVAILABLE(ios(2.0)) API_UNAVAILABLE(watchos) NS_SWIFT_UI_ACTOR
51 | @interface UITouch : NSObject
| `- note: 'UITouch' has been explicitly marked unavailable here
52 |
53 | @property(nonatomic,readonly) NSTimeInterval timestamp;
/Users/admin/builder/spi-builder-workspace/.dependencies/checkouts/PrettyCards/Source/Card.swift:136:74: error: 'UIEvent' is unavailable in watchOS
134 | // MARK: - Animations
135 |
136 | override open func touchesBegan(_ touches: Set<UITouch>, with event: UIEvent?) {
| `- error: 'UIEvent' is unavailable in watchOS
137 | self.isTouched = true
138 | guard let animation = self.animation else {
/Applications/Xcode-27.0.0-Release.Candidate.app/Contents/Developer/Platforms/WatchOS.platform/Developer/SDKs/WatchOS27.0.sdk/System/Library/Frameworks/UIKit.framework/Headers/UIEvent.h:62:12: note: 'UIEvent' has been explicitly marked unavailable here
60 |
61 | UIKIT_EXTERN API_AVAILABLE(ios(2.0)) API_UNAVAILABLE(watchos) NS_SWIFT_UI_ACTOR
62 | @interface UIEvent : NSObject
| `- note: 'UIEvent' has been explicitly marked unavailable here
63 |
64 | @property(nonatomic,readonly) UIEventType type API_AVAILABLE(ios(3.0));
/Users/admin/builder/spi-builder-workspace/.dependencies/checkouts/PrettyCards/Source/Card.swift:146:52: error: 'UITouch' is unavailable in watchOS
144 | }
145 |
146 | override open func touchesEnded(_ touches: Set<UITouch>, with event: UIEvent?) {
| `- error: 'UITouch' is unavailable in watchOS
147 | self.resetAnimation(handler: self.tapHandler)
148 | super.touchesEnded(touches, with: event)
/Applications/Xcode-27.0.0-Release.Candidate.app/Contents/Developer/Platforms/WatchOS.platform/Developer/SDKs/WatchOS27.0.sdk/System/Library/Frameworks/UIKit.framework/Headers/UITouch.h:51:12: note: 'UITouch' has been explicitly marked unavailable here
49 |
50 | UIKIT_EXTERN API_AVAILABLE(ios(2.0)) API_UNAVAILABLE(watchos) NS_SWIFT_UI_ACTOR
51 | @interface UITouch : NSObject
| `- note: 'UITouch' has been explicitly marked unavailable here
52 |
53 | @property(nonatomic,readonly) NSTimeInterval timestamp;
/Users/admin/builder/spi-builder-workspace/.dependencies/checkouts/PrettyCards/Source/Card.swift:146:74: error: 'UIEvent' is unavailable in watchOS
144 | }
145 |
146 | override open func touchesEnded(_ touches: Set<UITouch>, with event: UIEvent?) {
| `- error: 'UIEvent' is unavailable in watchOS
147 | self.resetAnimation(handler: self.tapHandler)
148 | super.touchesEnded(touches, with: event)
/Applications/Xcode-27.0.0-Release.Candidate.app/Contents/Developer/Platforms/WatchOS.platform/Developer/SDKs/WatchOS27.0.sdk/System/Library/Frameworks/UIKit.framework/Headers/UIEvent.h:62:12: note: 'UIEvent' has been explicitly marked unavailable here
60 |
61 | UIKIT_EXTERN API_AVAILABLE(ios(2.0)) API_UNAVAILABLE(watchos) NS_SWIFT_UI_ACTOR
62 | @interface UIEvent : NSObject
| `- note: 'UIEvent' has been explicitly marked unavailable here
63 |
64 | @property(nonatomic,readonly) UIEventType type API_AVAILABLE(ios(3.0));
/Users/admin/builder/spi-builder-workspace/.dependencies/checkouts/PrettyCards/Source/Card.swift:151:56: error: 'UITouch' is unavailable in watchOS
149 | }
150 |
151 | override open func touchesCancelled(_ touches: Set<UITouch>, with event: UIEvent?) {
| `- error: 'UITouch' is unavailable in watchOS
152 | self.resetAnimation(handler: nil)
153 | super.touchesCancelled(touches, with: event)
/Applications/Xcode-27.0.0-Release.Candidate.app/Contents/Developer/Platforms/WatchOS.platform/Developer/SDKs/WatchOS27.0.sdk/System/Library/Frameworks/UIKit.framework/Headers/UITouch.h:51:12: note: 'UITouch' has been explicitly marked unavailable here
49 |
50 | UIKIT_EXTERN API_AVAILABLE(ios(2.0)) API_UNAVAILABLE(watchos) NS_SWIFT_UI_ACTOR
51 | @interface UITouch : NSObject
| `- note: 'UITouch' has been explicitly marked unavailable here
52 |
53 | @property(nonatomic,readonly) NSTimeInterval timestamp;
/Users/admin/builder/spi-builder-workspace/.dependencies/checkouts/PrettyCards/Source/Card.swift:151:78: error: 'UIEvent' is unavailable in watchOS
149 | }
150 |
151 | override open func touchesCancelled(_ touches: Set<UITouch>, with event: UIEvent?) {
| `- error: 'UIEvent' is unavailable in watchOS
152 | self.resetAnimation(handler: nil)
153 | super.touchesCancelled(touches, with: event)
/Applications/Xcode-27.0.0-Release.Candidate.app/Contents/Developer/Platforms/WatchOS.platform/Developer/SDKs/WatchOS27.0.sdk/System/Library/Frameworks/UIKit.framework/Headers/UIEvent.h:62:12: note: 'UIEvent' has been explicitly marked unavailable here
60 |
61 | UIKIT_EXTERN API_AVAILABLE(ios(2.0)) API_UNAVAILABLE(watchos) NS_SWIFT_UI_ACTOR
62 | @interface UIEvent : NSObject
| `- note: 'UIEvent' has been explicitly marked unavailable here
63 |
64 | @property(nonatomic,readonly) UIEventType type API_AVAILABLE(ios(3.0));
SwiftCompile normal arm64 /Users/admin/builder/spi-builder-workspace/.dependencies/checkouts/PrettyCards/Source/Card.swift (in target 'PrettyCards' from project 'PrettyCards')
cd /Users/admin/builder/spi-builder-workspace/.swiftpm/xcode
builtin-SwiftPerFileCompile Card.swift
/Users/admin/builder/spi-builder-workspace/.dependencies/checkouts/PrettyCards/Source/Card.swift:12:18: error: 'UIView' is unavailable in watchOS
10 |
11 | /// Card view
12 | open class Card: UIView, UIGestureRecognizerDelegate {
| `- error: 'UIView' is unavailable in watchOS
13 |
14 | public typealias TapHandler = () -> Void
/Applications/Xcode-27.0.0-Release.Candidate.app/Contents/Developer/Platforms/WatchOS.platform/Developer/SDKs/WatchOS27.0.sdk/System/Library/Frameworks/UIKit.framework/Headers/UIView.h:152:12: note: 'UIView' has been explicitly marked unavailable here
150 |
151 | UIKIT_EXTERN API_AVAILABLE(ios(2.0)) API_UNAVAILABLE(watchos) NS_SWIFT_UI_ACTOR
152 | @interface UIView : UIResponder <NSCoding, UIAppearance, UIAppearanceContainer, UIDynamicItem, UITraitEnvironment, UICoordinateSpace, UIFocusItem, UIFocusItemContainer, CALayerDelegate>
| `- note: 'UIView' has been explicitly marked unavailable here
153 |
154 | @property(class, nonatomic, readonly) Class layerClass; // default is [CALayer class]. Used when creating the underlying layer for the view.
/Users/admin/builder/spi-builder-workspace/.dependencies/checkouts/PrettyCards/Source/Card.swift:12:26: error: 'UIGestureRecognizerDelegate' is unavailable in watchOS
10 |
11 | /// Card view
12 | open class Card: UIView, UIGestureRecognizerDelegate {
| `- error: 'UIGestureRecognizerDelegate' is unavailable in watchOS
13 |
14 | public typealias TapHandler = () -> Void
/Applications/Xcode-27.0.0-Release.Candidate.app/Contents/Developer/Platforms/WatchOS.platform/Developer/SDKs/WatchOS27.0.sdk/System/Library/Frameworks/UIKit.framework/Headers/UIGestureRecognizer.h:91:11: note: 'UIGestureRecognizerDelegate' has been explicitly marked unavailable here
89 |
90 | API_UNAVAILABLE(watchos) NS_SWIFT_UI_ACTOR
91 | @protocol UIGestureRecognizerDelegate <NSObject>
| `- note: 'UIGestureRecognizerDelegate' has been explicitly marked unavailable here
92 | @optional
93 | // called when a gesture recognizer attempts to transition out of UIGestureRecognizerStatePossible. returning NO causes it to transition to UIGestureRecognizerStateFailed
SwiftEmitModule normal arm64 Emitting\ module\ for\ PrettyCards (in target 'PrettyCards' from project 'PrettyCards')
/Users/admin/builder/spi-builder-workspace/.dependencies/checkouts/PrettyCards/Source/Card.swift:75:31: error: 'UIView' is unavailable in watchOS
73 | }
74 |
75 | public let containerView: UIView = .init()
| `- error: 'UIView' is unavailable in watchOS
76 |
77 | /// Tap callback
/Applications/Xcode-27.0.0-Release.Candidate.app/Contents/Developer/Platforms/WatchOS.platform/Developer/SDKs/WatchOS27.0.sdk/System/Library/Frameworks/UIKit.framework/Headers/UIView.h:152:12: note: 'UIView' has been explicitly marked unavailable here
150 |
151 | UIKIT_EXTERN API_AVAILABLE(ios(2.0)) API_UNAVAILABLE(watchos) NS_SWIFT_UI_ACTOR
152 | @interface UIView : UIResponder <NSCoding, UIAppearance, UIAppearanceContainer, UIDynamicItem, UITraitEnvironment, UICoordinateSpace, UIFocusItem, UIFocusItemContainer, CALayerDelegate>
| `- note: 'UIView' has been explicitly marked unavailable here
153 |
154 | @property(class, nonatomic, readonly) Class layerClass; // default is [CALayer class]. Used when creating the underlying layer for the view.
/Users/admin/builder/spi-builder-workspace/.dependencies/checkouts/PrettyCards/Source/Card.swift:75:41: error: 'init()' is unavailable in watchOS
73 | }
74 |
75 | public let containerView: UIView = .init()
| `- error: 'init()' is unavailable in watchOS
76 |
77 | /// Tap callback
/Applications/Xcode-27.0.0-Release.Candidate.app/Contents/Developer/Platforms/WatchOS.platform/Developer/SDKs/WatchOS27.0.sdk/System/Library/Frameworks/UIKit.framework/Headers/UIView.h:158:1: note: 'init()' has been explicitly marked unavailable here
156 | - (instancetype)initWithFrame:(CGRect)frame NS_DESIGNATED_INITIALIZER;
157 | - (nullable instancetype)initWithCoder:(NSCoder *)coder NS_DESIGNATED_INITIALIZER;
158 | - (instancetype)init API_AVAILABLE(ios(2.0), tvos(9.0), visionos(1.0)) API_UNAVAILABLE(watchos);
| `- note: 'init()' has been explicitly marked unavailable here
159 |
160 | @property(nonatomic,getter=isUserInteractionEnabled) BOOL userInteractionEnabled; // default is YES. if set to NO, user events (touch, keys) are ignored and removed from the event queue.
/Users/admin/builder/spi-builder-workspace/.dependencies/checkouts/PrettyCards/Source/Card.swift:81:29: error: 'UITapGestureRecognizer' is unavailable in watchOS
79 |
80 | private var isTouched: Bool = false
81 | private let recognizer: UITapGestureRecognizer = .init()
| `- error: 'UITapGestureRecognizer' is unavailable in watchOS
82 |
83 | // MARK: - Overriding
/Applications/Xcode-27.0.0-Release.Candidate.app/Contents/Developer/Platforms/WatchOS.platform/Developer/SDKs/WatchOS27.0.sdk/System/Library/Frameworks/UIKit.framework/Headers/UITapGestureRecognizer.h:23:12: note: 'UITapGestureRecognizer' has been explicitly marked unavailable here
21 |
22 | UIKIT_EXTERN API_AVAILABLE(ios(3.2)) API_UNAVAILABLE(watchos) NS_SWIFT_UI_ACTOR
23 | @interface UITapGestureRecognizer : UIGestureRecognizer
| `- note: 'UITapGestureRecognizer' has been explicitly marked unavailable here
24 |
25 | @property (nonatomic) NSUInteger numberOfTapsRequired; // Default is 1. The number of taps required to match
/Users/admin/builder/spi-builder-workspace/.dependencies/checkouts/PrettyCards/Source/Card.swift:136:52: error: 'UITouch' is unavailable in watchOS
134 | // MARK: - Animations
135 |
136 | override open func touchesBegan(_ touches: Set<UITouch>, with event: UIEvent?) {
| `- error: 'UITouch' is unavailable in watchOS
137 | self.isTouched = true
138 | guard let animation = self.animation else {
/Applications/Xcode-27.0.0-Release.Candidate.app/Contents/Developer/Platforms/WatchOS.platform/Developer/SDKs/WatchOS27.0.sdk/System/Library/Frameworks/UIKit.framework/Headers/UITouch.h:51:12: note: 'UITouch' has been explicitly marked unavailable here
49 |
50 | UIKIT_EXTERN API_AVAILABLE(ios(2.0)) API_UNAVAILABLE(watchos) NS_SWIFT_UI_ACTOR
51 | @interface UITouch : NSObject
| `- note: 'UITouch' has been explicitly marked unavailable here
52 |
53 | @property(nonatomic,readonly) NSTimeInterval timestamp;
/Users/admin/builder/spi-builder-workspace/.dependencies/checkouts/PrettyCards/Source/Card.swift:136:74: error: 'UIEvent' is unavailable in watchOS
134 | // MARK: - Animations
135 |
136 | override open func touchesBegan(_ touches: Set<UITouch>, with event: UIEvent?) {
| `- error: 'UIEvent' is unavailable in watchOS
137 | self.isTouched = true
138 | guard let animation = self.animation else {
/Applications/Xcode-27.0.0-Release.Candidate.app/Contents/Developer/Platforms/WatchOS.platform/Developer/SDKs/WatchOS27.0.sdk/System/Library/Frameworks/UIKit.framework/Headers/UIEvent.h:62:12: note: 'UIEvent' has been explicitly marked unavailable here
60 |
61 | UIKIT_EXTERN API_AVAILABLE(ios(2.0)) API_UNAVAILABLE(watchos) NS_SWIFT_UI_ACTOR
62 | @interface UIEvent : NSObject
| `- note: 'UIEvent' has been explicitly marked unavailable here
63 |
64 | @property(nonatomic,readonly) UIEventType type API_AVAILABLE(ios(3.0));
/Users/admin/builder/spi-builder-workspace/.dependencies/checkouts/PrettyCards/Source/Card.swift:146:52: error: 'UITouch' is unavailable in watchOS
144 | }
145 |
146 | override open func touchesEnded(_ touches: Set<UITouch>, with event: UIEvent?) {
| `- error: 'UITouch' is unavailable in watchOS
147 | self.resetAnimation(handler: self.tapHandler)
148 | super.touchesEnded(touches, with: event)
/Applications/Xcode-27.0.0-Release.Candidate.app/Contents/Developer/Platforms/WatchOS.platform/Developer/SDKs/WatchOS27.0.sdk/System/Library/Frameworks/UIKit.framework/Headers/UITouch.h:51:12: note: 'UITouch' has been explicitly marked unavailable here
49 |
50 | UIKIT_EXTERN API_AVAILABLE(ios(2.0)) API_UNAVAILABLE(watchos) NS_SWIFT_UI_ACTOR
51 | @interface UITouch : NSObject
| `- note: 'UITouch' has been explicitly marked unavailable here
52 |
53 | @property(nonatomic,readonly) NSTimeInterval timestamp;
/Users/admin/builder/spi-builder-workspace/.dependencies/checkouts/PrettyCards/Source/Card.swift:146:74: error: 'UIEvent' is unavailable in watchOS
144 | }
145 |
146 | override open func touchesEnded(_ touches: Set<UITouch>, with event: UIEvent?) {
| `- error: 'UIEvent' is unavailable in watchOS
147 | self.resetAnimation(handler: self.tapHandler)
148 | super.touchesEnded(touches, with: event)
/Applications/Xcode-27.0.0-Release.Candidate.app/Contents/Developer/Platforms/WatchOS.platform/Developer/SDKs/WatchOS27.0.sdk/System/Library/Frameworks/UIKit.framework/Headers/UIEvent.h:62:12: note: 'UIEvent' has been explicitly marked unavailable here
60 |
61 | UIKIT_EXTERN API_AVAILABLE(ios(2.0)) API_UNAVAILABLE(watchos) NS_SWIFT_UI_ACTOR
62 | @interface UIEvent : NSObject
| `- note: 'UIEvent' has been explicitly marked unavailable here
63 |
64 | @property(nonatomic,readonly) UIEventType type API_AVAILABLE(ios(3.0));
/Users/admin/builder/spi-builder-workspace/.dependencies/checkouts/PrettyCards/Source/Card.swift:151:56: error: 'UITouch' is unavailable in watchOS
149 | }
150 |
151 | override open func touchesCancelled(_ touches: Set<UITouch>, with event: UIEvent?) {
| `- error: 'UITouch' is unavailable in watchOS
152 | self.resetAnimation(handler: nil)
153 | super.touchesCancelled(touches, with: event)
/Applications/Xcode-27.0.0-Release.Candidate.app/Contents/Developer/Platforms/WatchOS.platform/Developer/SDKs/WatchOS27.0.sdk/System/Library/Frameworks/UIKit.framework/Headers/UITouch.h:51:12: note: 'UITouch' has been explicitly marked unavailable here
49 |
50 | UIKIT_EXTERN API_AVAILABLE(ios(2.0)) API_UNAVAILABLE(watchos) NS_SWIFT_UI_ACTOR
51 | @interface UITouch : NSObject
| `- note: 'UITouch' has been explicitly marked unavailable here
52 |
53 | @property(nonatomic,readonly) NSTimeInterval timestamp;
/Users/admin/builder/spi-builder-workspace/.dependencies/checkouts/PrettyCards/Source/Card.swift:151:78: error: 'UIEvent' is unavailable in watchOS
149 | }
150 |
151 | override open func touchesCancelled(_ touches: Set<UITouch>, with event: UIEvent?) {
| `- error: 'UIEvent' is unavailable in watchOS
152 | self.resetAnimation(handler: nil)
153 | super.touchesCancelled(touches, with: event)
/Applications/Xcode-27.0.0-Release.Candidate.app/Contents/Developer/Platforms/WatchOS.platform/Developer/SDKs/WatchOS27.0.sdk/System/Library/Frameworks/UIKit.framework/Headers/UIEvent.h:62:12: note: 'UIEvent' has been explicitly marked unavailable here
60 |
61 | UIKIT_EXTERN API_AVAILABLE(ios(2.0)) API_UNAVAILABLE(watchos) NS_SWIFT_UI_ACTOR
62 | @interface UIEvent : NSObject
| `- note: 'UIEvent' has been explicitly marked unavailable here
63 |
64 | @property(nonatomic,readonly) UIEventType type API_AVAILABLE(ios(3.0));
/Users/admin/builder/spi-builder-workspace/.dependencies/checkouts/PrettyCards/Source/Card.swift:12:18: error: 'UIView' is unavailable in watchOS
10 |
11 | /// Card view
12 | open class Card: UIView, UIGestureRecognizerDelegate {
| `- error: 'UIView' is unavailable in watchOS
13 |
14 | public typealias TapHandler = () -> Void
/Applications/Xcode-27.0.0-Release.Candidate.app/Contents/Developer/Platforms/WatchOS.platform/Developer/SDKs/WatchOS27.0.sdk/System/Library/Frameworks/UIKit.framework/Headers/UIView.h:152:12: note: 'UIView' has been explicitly marked unavailable here
150 |
151 | UIKIT_EXTERN API_AVAILABLE(ios(2.0)) API_UNAVAILABLE(watchos) NS_SWIFT_UI_ACTOR
152 | @interface UIView : UIResponder <NSCoding, UIAppearance, UIAppearanceContainer, UIDynamicItem, UITraitEnvironment, UICoordinateSpace, UIFocusItem, UIFocusItemContainer, CALayerDelegate>
| `- note: 'UIView' has been explicitly marked unavailable here
153 |
154 | @property(class, nonatomic, readonly) Class layerClass; // default is [CALayer class]. Used when creating the underlying layer for the view.
/Users/admin/builder/spi-builder-workspace/.dependencies/checkouts/PrettyCards/Source/Card.swift:12:26: error: 'UIGestureRecognizerDelegate' is unavailable in watchOS
10 |
11 | /// Card view
12 | open class Card: UIView, UIGestureRecognizerDelegate {
| `- error: 'UIGestureRecognizerDelegate' is unavailable in watchOS
13 |
14 | public typealias TapHandler = () -> Void
/Applications/Xcode-27.0.0-Release.Candidate.app/Contents/Developer/Platforms/WatchOS.platform/Developer/SDKs/WatchOS27.0.sdk/System/Library/Frameworks/UIKit.framework/Headers/UIGestureRecognizer.h:91:11: note: 'UIGestureRecognizerDelegate' has been explicitly marked unavailable here
89 |
90 | API_UNAVAILABLE(watchos) NS_SWIFT_UI_ACTOR
91 | @protocol UIGestureRecognizerDelegate <NSObject>
| `- note: 'UIGestureRecognizerDelegate' has been explicitly marked unavailable here
92 | @optional
93 | // called when a gesture recognizer attempts to transition out of UIGestureRecognizerStatePossible. returning NO causes it to transition to UIGestureRecognizerStateFailed
Failed frontend command:
/Applications/Xcode-27.0.0-Release.Candidate.app/Contents/Developer/Toolchains/XcodeDefault.xctoolchain/usr/bin/swift-frontend -frontend -emit-module -experimental-skip-non-inlinable-function-bodies-without-types /Users/admin/builder/spi-builder-workspace/.dependencies/checkouts/PrettyCards/Source/Animation.swift /Users/admin/builder/spi-builder-workspace/.dependencies/checkouts/PrettyCards/Source/Card.swift /Users/admin/builder/spi-builder-workspace/.dependencies/checkouts/PrettyCards/Source/Shadow.swift -target arm64-apple-watchos9.0 -disable-cross-import-overlay-search -load-resolved-plugin /Applications/Xcode-27.0.0-Release.Candidate.app/Contents/Developer/Platforms/WatchOS.platform/Developer/usr/lib/swift/host/plugins/libFoundationMacros.dylib\#/Applications/Xcode-27.0.0-Release.Candidate.app/Contents/Developer/Platforms/WatchOS.platform/Developer/usr/bin/swift-plugin-server\#FoundationMacros -load-resolved-plugin /Applications/Xcode-27.0.0-Release.Candidate.app/Contents/Developer/Platforms/WatchOS.platform/Developer/usr/lib/swift/host/plugins/libObservationMacros.dylib\#/Applications/Xcode-27.0.0-Release.Candidate.app/Contents/Developer/Platforms/WatchOS.platform/Developer/usr/bin/swift-plugin-server\#ObservationMacros -load-resolved-plugin /Applications/Xcode-27.0.0-Release.Candidate.app/Contents/Developer/Platforms/WatchOS.platform/Developer/usr/lib/swift/host/plugins/libSwiftMacros.dylib\#/Applications/Xcode-27.0.0-Release.Candidate.app/Contents/Developer/Platforms/WatchOS.platform/Developer/usr/bin/swift-plugin-server\#SwiftMacros -load-resolved-plugin /Applications/Xcode-27.0.0-Release.Candidate.app/Contents/Developer/Platforms/WatchOS.platform/Developer/usr/lib/swift/host/plugins/libSwiftUIMacros.dylib\#/Applications/Xcode-27.0.0-Release.Candidate.app/Contents/Developer/Platforms/WatchOS.platform/Developer/usr/bin/swift-plugin-server\#SwiftUIMacros -disable-implicit-swift-modules -Xcc -fno-implicit-modules -Xcc -fno-implicit-module-maps -explicit-swift-module-map-file /Users/admin/builder/spi-builder-workspace/.derivedData/Build/Intermediates.noindex/PrettyCards.build/Debug-watchos/PrettyCards-t.build/Objects-normal/arm64/PrettyCards-dependencies-1.json -Xllvm -aarch64-use-tbi -enable-objc-interop -stack-check -sdk /Applications/Xcode-27.0.0-Release.Candidate.app/Contents/Developer/Platforms/WatchOS.platform/Developer/SDKs/WatchOS27.0.sdk -I /Users/admin/builder/spi-builder-workspace/.derivedData/Build/Products/Debug-watchos -Isystem /Applications/Xcode-27.0.0-Release.Candidate.app/Contents/Developer/Platforms/WatchOS.platform/Developer/usr/lib -F /Users/admin/builder/spi-builder-workspace/.derivedData/Build/Products/Debug-watchos -F /Applications/Xcode-27.0.0-Release.Candidate.app/Contents/Developer/Platforms/WatchOS.platform/Developer/Library/Frameworks -F /Applications/Xcode-27.0.0-Release.Candidate.app/Contents/Developer/Platforms/WatchOS.platform/Developer/SDKs/WatchOS27.0.sdk/Developer/Library/Frameworks -module-cache-path /Users/admin/builder/spi-builder-workspace/.derivedData/Build/Intermediates.noindex/SwiftExplicitPrecompiledModules -no-color-diagnostics -Xcc -fno-color-diagnostics -enable-testing -g -debug-info-format\=dwarf -dwarf-version\=4 -suppress-warnings -swift-version 5 -Onone -D SWIFT_PACKAGE -D DEBUG -D SWIFT_MODULE_RESOURCE_BUNDLE_UNAVAILABLE -D Xcode -serialize-debugging-options -enable-experimental-feature DebugDescriptionMacro -empty-abi-descriptor -validate-clang-modules-once -clang-build-session-file /Users/admin/builder/spi-builder-workspace/.derivedData/ModuleCache.noindex/Session.modulevalidation -Xcc -working-directory -Xcc /Users/admin/builder/spi-builder-workspace/.swiftpm/xcode -enable-anonymous-context-mangled-names -file-compilation-dir /Users/admin/builder/spi-builder-workspace/.swiftpm/xcode -Xcc -D_LIBCPP_HARDENING_MODE\=_LIBCPP_HARDENING_MODE_DEBUG -Xcc -ivfsstatcache -Xcc /Users/admin/builder/spi-builder-workspace/.derivedData/SDKStatCaches.noindex/watchos27.0-24R360-e829b21a6f8c9b70876ba0858053c04477534ef55a1706bf4c1112bbb242f0a2.sdkstatcache -Xcc -fmodules-prune-interval\=86400 -Xcc -fmodules-prune-after\=345600 -Xcc -I/Users/admin/builder/spi-builder-workspace/.derivedData/Build/Products/Debug-watchos/include -Xcc -I/Users/admin/builder/spi-builder-workspace/.derivedData/Build/Intermediates.noindex/PrettyCards.build/Debug-watchos/PrettyCards-t.build/DerivedSources-normal/arm64 -Xcc -I/Users/admin/builder/spi-builder-workspace/.derivedData/Build/Intermediates.noindex/PrettyCards.build/Debug-watchos/PrettyCards-t.build/DerivedSources/arm64 -Xcc -I/Users/admin/builder/spi-builder-workspace/.derivedData/Build/Intermediates.noindex/PrettyCards.build/Debug-watchos/PrettyCards-t.build/DerivedSources -Xcc -DSWIFT_PACKAGE -Xcc -DDEBUG\=1 -no-auto-bridging-header-chaining -module-name PrettyCards -const-gather-protocols-file /Users/admin/builder/spi-builder-workspace/.derivedData/Build/Intermediates.noindex/PrettyCards.build/Debug-watchos/PrettyCards-t.build/Objects-normal/arm64/PrettyCards_const_extract_protocols.json -disable-clang-spi -clang-target arm64-apple-watchos27.0 -target-sdk-version 27.0 -target-sdk-name watchos27.0 -in-process-plugin-server-path /Applications/Xcode-27.0.0-Release.Candidate.app/Contents/Developer/Toolchains/XcodeDefault.xctoolchain/usr/lib/swift/host/libSwiftInProcPluginServer.dylib -emit-module-doc-path /Users/admin/builder/spi-builder-workspace/.derivedData/Build/Intermediates.noindex/PrettyCards.build/Debug-watchos/PrettyCards-t.build/Objects-normal/arm64/PrettyCards.swiftdoc -emit-module-source-info-path /Users/admin/builder/spi-builder-workspace/.derivedData/Build/Intermediates.noindex/PrettyCards.build/Debug-watchos/PrettyCards-t.build/Objects-normal/arm64/PrettyCards.swiftsourceinfo -emit-objc-header-path /Users/admin/builder/spi-builder-workspace/.derivedData/Build/Intermediates.noindex/PrettyCards.build/Debug-watchos/PrettyCards-t.build/Objects-normal/arm64/PrettyCards-Swift.h -serialize-diagnostics-path /Users/admin/builder/spi-builder-workspace/.derivedData/Build/Intermediates.noindex/PrettyCards.build/Debug-watchos/PrettyCards-t.build/Objects-normal/arm64/PrettyCards-primary-emit-module.dia -emit-dependencies-path /Users/admin/builder/spi-builder-workspace/.derivedData/Build/Intermediates.noindex/PrettyCards.build/Debug-watchos/PrettyCards-t.build/Objects-normal/arm64/PrettyCards-primary-emit-module.d -parse-as-library -o /Users/admin/builder/spi-builder-workspace/.derivedData/Build/Intermediates.noindex/PrettyCards.build/Debug-watchos/PrettyCards-t.build/Objects-normal/arm64/PrettyCards.swiftmodule -emit-abi-descriptor-path /Users/admin/builder/spi-builder-workspace/.derivedData/Build/Intermediates.noindex/PrettyCards.build/Debug-watchos/PrettyCards-t.build/Objects-normal/arm64/PrettyCards.abi.json
SwiftCompile normal arm64 (in target 'PrettyCards' from project 'PrettyCards')
cd /Users/admin/builder/spi-builder-workspace/.swiftpm/xcode
SwiftCompile normal arm64 Compiling\ Shadow.swift /Users/admin/builder/spi-builder-workspace/.dependencies/checkouts/PrettyCards/Source/Shadow.swift (in target 'PrettyCards' from project 'PrettyCards')
SwiftCompile normal arm64 /Users/admin/builder/spi-builder-workspace/.dependencies/checkouts/PrettyCards/Source/Shadow.swift (in target 'PrettyCards' from project 'PrettyCards')
cd /Users/admin/builder/spi-builder-workspace/.swiftpm/xcode
builtin-SwiftPerFileCompile Shadow.swift
SwiftCompile normal arm64 Compiling\ Animation.swift /Users/admin/builder/spi-builder-workspace/.dependencies/checkouts/PrettyCards/Source/Animation.swift (in target 'PrettyCards' from project 'PrettyCards')
/Users/admin/builder/spi-builder-workspace/.dependencies/checkouts/PrettyCards/Source/Animation.swift:48:13: error: 'UIView' is unavailable in watchOS
46 |
47 | return Card.Animation({ (card, isReverced) in
48 | UIView.animate(withDuration: duration,
| `- error: 'UIView' is unavailable in watchOS
49 | delay: isReverced ? 0.1 : 0,
50 | usingSpringWithDamping: damping,
/Applications/Xcode-27.0.0-Release.Candidate.app/Contents/Developer/Platforms/WatchOS.platform/Developer/SDKs/WatchOS27.0.sdk/System/Library/Frameworks/UIKit.framework/Headers/UIView.h:152:12: note: 'UIView' has been explicitly marked unavailable here
150 |
151 | UIKIT_EXTERN API_AVAILABLE(ios(2.0)) API_UNAVAILABLE(watchos) NS_SWIFT_UI_ACTOR
152 | @interface UIView : UIResponder <NSCoding, UIAppearance, UIAppearanceContainer, UIDynamicItem, UITraitEnvironment, UICoordinateSpace, UIFocusItem, UIFocusItemContainer, CALayerDelegate>
| `- note: 'UIView' has been explicitly marked unavailable here
153 |
154 | @property(class, nonatomic, readonly) Class layerClass; // default is [CALayer class]. Used when creating the underlying layer for the view.
SwiftCompile normal arm64 /Users/admin/builder/spi-builder-workspace/.dependencies/checkouts/PrettyCards/Source/Animation.swift (in target 'PrettyCards' from project 'PrettyCards')
cd /Users/admin/builder/spi-builder-workspace/.swiftpm/xcode
builtin-SwiftPerFileCompile Animation.swift
SwiftEmitModule normal arm64_32 Emitting\ module\ for\ PrettyCards (in target 'PrettyCards' from project 'PrettyCards')
/Users/admin/builder/spi-builder-workspace/.dependencies/checkouts/PrettyCards/Source/Card.swift:75:31: error: 'UIView' is unavailable in watchOS
73 | }
74 |
75 | public let containerView: UIView = .init()
| `- error: 'UIView' is unavailable in watchOS
76 |
77 | /// Tap callback
/Applications/Xcode-27.0.0-Release.Candidate.app/Contents/Developer/Platforms/WatchOS.platform/Developer/SDKs/WatchOS27.0.sdk/System/Library/Frameworks/UIKit.framework/Headers/UIView.h:152:12: note: 'UIView' has been explicitly marked unavailable here
150 |
151 | UIKIT_EXTERN API_AVAILABLE(ios(2.0)) API_UNAVAILABLE(watchos) NS_SWIFT_UI_ACTOR
152 | @interface UIView : UIResponder <NSCoding, UIAppearance, UIAppearanceContainer, UIDynamicItem, UITraitEnvironment, UICoordinateSpace, UIFocusItem, UIFocusItemContainer, CALayerDelegate>
| `- note: 'UIView' has been explicitly marked unavailable here
153 |
154 | @property(class, nonatomic, readonly) Class layerClass; // default is [CALayer class]. Used when creating the underlying layer for the view.
/Users/admin/builder/spi-builder-workspace/.dependencies/checkouts/PrettyCards/Source/Card.swift:75:41: error: 'init()' is unavailable in watchOS
73 | }
74 |
75 | public let containerView: UIView = .init()
| `- error: 'init()' is unavailable in watchOS
76 |
77 | /// Tap callback
/Applications/Xcode-27.0.0-Release.Candidate.app/Contents/Developer/Platforms/WatchOS.platform/Developer/SDKs/WatchOS27.0.sdk/System/Library/Frameworks/UIKit.framework/Headers/UIView.h:158:1: note: 'init()' has been explicitly marked unavailable here
156 | - (instancetype)initWithFrame:(CGRect)frame NS_DESIGNATED_INITIALIZER;
157 | - (nullable instancetype)initWithCoder:(NSCoder *)coder NS_DESIGNATED_INITIALIZER;
158 | - (instancetype)init API_AVAILABLE(ios(2.0), tvos(9.0), visionos(1.0)) API_UNAVAILABLE(watchos);
| `- note: 'init()' has been explicitly marked unavailable here
159 |
160 | @property(nonatomic,getter=isUserInteractionEnabled) BOOL userInteractionEnabled; // default is YES. if set to NO, user events (touch, keys) are ignored and removed from the event queue.
/Users/admin/builder/spi-builder-workspace/.dependencies/checkouts/PrettyCards/Source/Card.swift:81:29: error: 'UITapGestureRecognizer' is unavailable in watchOS
79 |
80 | private var isTouched: Bool = false
81 | private let recognizer: UITapGestureRecognizer = .init()
| `- error: 'UITapGestureRecognizer' is unavailable in watchOS
82 |
83 | // MARK: - Overriding
/Applications/Xcode-27.0.0-Release.Candidate.app/Contents/Developer/Platforms/WatchOS.platform/Developer/SDKs/WatchOS27.0.sdk/System/Library/Frameworks/UIKit.framework/Headers/UITapGestureRecognizer.h:23:12: note: 'UITapGestureRecognizer' has been explicitly marked unavailable here
21 |
22 | UIKIT_EXTERN API_AVAILABLE(ios(3.2)) API_UNAVAILABLE(watchos) NS_SWIFT_UI_ACTOR
23 | @interface UITapGestureRecognizer : UIGestureRecognizer
| `- note: 'UITapGestureRecognizer' has been explicitly marked unavailable here
24 |
25 | @property (nonatomic) NSUInteger numberOfTapsRequired; // Default is 1. The number of taps required to match
/Users/admin/builder/spi-builder-workspace/.dependencies/checkouts/PrettyCards/Source/Card.swift:136:52: error: 'UITouch' is unavailable in watchOS
134 | // MARK: - Animations
135 |
136 | override open func touchesBegan(_ touches: Set<UITouch>, with event: UIEvent?) {
| `- error: 'UITouch' is unavailable in watchOS
137 | self.isTouched = true
138 | guard let animation = self.animation else {
/Applications/Xcode-27.0.0-Release.Candidate.app/Contents/Developer/Platforms/WatchOS.platform/Developer/SDKs/WatchOS27.0.sdk/System/Library/Frameworks/UIKit.framework/Headers/UITouch.h:51:12: note: 'UITouch' has been explicitly marked unavailable here
49 |
50 | UIKIT_EXTERN API_AVAILABLE(ios(2.0)) API_UNAVAILABLE(watchos) NS_SWIFT_UI_ACTOR
51 | @interface UITouch : NSObject
| `- note: 'UITouch' has been explicitly marked unavailable here
52 |
53 | @property(nonatomic,readonly) NSTimeInterval timestamp;
/Users/admin/builder/spi-builder-workspace/.dependencies/checkouts/PrettyCards/Source/Card.swift:136:74: error: 'UIEvent' is unavailable in watchOS
134 | // MARK: - Animations
135 |
136 | override open func touchesBegan(_ touches: Set<UITouch>, with event: UIEvent?) {
| `- error: 'UIEvent' is unavailable in watchOS
137 | self.isTouched = true
138 | guard let animation = self.animation else {
/Applications/Xcode-27.0.0-Release.Candidate.app/Contents/Developer/Platforms/WatchOS.platform/Developer/SDKs/WatchOS27.0.sdk/System/Library/Frameworks/UIKit.framework/Headers/UIEvent.h:62:12: note: 'UIEvent' has been explicitly marked unavailable here
60 |
61 | UIKIT_EXTERN API_AVAILABLE(ios(2.0)) API_UNAVAILABLE(watchos) NS_SWIFT_UI_ACTOR
62 | @interface UIEvent : NSObject
| `- note: 'UIEvent' has been explicitly marked unavailable here
63 |
64 | @property(nonatomic,readonly) UIEventType type API_AVAILABLE(ios(3.0));
/Users/admin/builder/spi-builder-workspace/.dependencies/checkouts/PrettyCards/Source/Card.swift:146:52: error: 'UITouch' is unavailable in watchOS
144 | }
145 |
146 | override open func touchesEnded(_ touches: Set<UITouch>, with event: UIEvent?) {
| `- error: 'UITouch' is unavailable in watchOS
147 | self.resetAnimation(handler: self.tapHandler)
148 | super.touchesEnded(touches, with: event)
/Applications/Xcode-27.0.0-Release.Candidate.app/Contents/Developer/Platforms/WatchOS.platform/Developer/SDKs/WatchOS27.0.sdk/System/Library/Frameworks/UIKit.framework/Headers/UITouch.h:51:12: note: 'UITouch' has been explicitly marked unavailable here
49 |
50 | UIKIT_EXTERN API_AVAILABLE(ios(2.0)) API_UNAVAILABLE(watchos) NS_SWIFT_UI_ACTOR
51 | @interface UITouch : NSObject
| `- note: 'UITouch' has been explicitly marked unavailable here
52 |
53 | @property(nonatomic,readonly) NSTimeInterval timestamp;
/Users/admin/builder/spi-builder-workspace/.dependencies/checkouts/PrettyCards/Source/Card.swift:146:74: error: 'UIEvent' is unavailable in watchOS
144 | }
145 |
146 | override open func touchesEnded(_ touches: Set<UITouch>, with event: UIEvent?) {
| `- error: 'UIEvent' is unavailable in watchOS
147 | self.resetAnimation(handler: self.tapHandler)
148 | super.touchesEnded(touches, with: event)
/Applications/Xcode-27.0.0-Release.Candidate.app/Contents/Developer/Platforms/WatchOS.platform/Developer/SDKs/WatchOS27.0.sdk/System/Library/Frameworks/UIKit.framework/Headers/UIEvent.h:62:12: note: 'UIEvent' has been explicitly marked unavailable here
60 |
61 | UIKIT_EXTERN API_AVAILABLE(ios(2.0)) API_UNAVAILABLE(watchos) NS_SWIFT_UI_ACTOR
62 | @interface UIEvent : NSObject
| `- note: 'UIEvent' has been explicitly marked unavailable here
63 |
64 | @property(nonatomic,readonly) UIEventType type API_AVAILABLE(ios(3.0));
/Users/admin/builder/spi-builder-workspace/.dependencies/checkouts/PrettyCards/Source/Card.swift:151:56: error: 'UITouch' is unavailable in watchOS
149 | }
150 |
151 | override open func touchesCancelled(_ touches: Set<UITouch>, with event: UIEvent?) {
| `- error: 'UITouch' is unavailable in watchOS
152 | self.resetAnimation(handler: nil)
153 | super.touchesCancelled(touches, with: event)
/Applications/Xcode-27.0.0-Release.Candidate.app/Contents/Developer/Platforms/WatchOS.platform/Developer/SDKs/WatchOS27.0.sdk/System/Library/Frameworks/UIKit.framework/Headers/UITouch.h:51:12: note: 'UITouch' has been explicitly marked unavailable here
49 |
50 | UIKIT_EXTERN API_AVAILABLE(ios(2.0)) API_UNAVAILABLE(watchos) NS_SWIFT_UI_ACTOR
51 | @interface UITouch : NSObject
| `- note: 'UITouch' has been explicitly marked unavailable here
52 |
53 | @property(nonatomic,readonly) NSTimeInterval timestamp;
/Users/admin/builder/spi-builder-workspace/.dependencies/checkouts/PrettyCards/Source/Card.swift:151:78: error: 'UIEvent' is unavailable in watchOS
149 | }
150 |
151 | override open func touchesCancelled(_ touches: Set<UITouch>, with event: UIEvent?) {
| `- error: 'UIEvent' is unavailable in watchOS
152 | self.resetAnimation(handler: nil)
153 | super.touchesCancelled(touches, with: event)
/Applications/Xcode-27.0.0-Release.Candidate.app/Contents/Developer/Platforms/WatchOS.platform/Developer/SDKs/WatchOS27.0.sdk/System/Library/Frameworks/UIKit.framework/Headers/UIEvent.h:62:12: note: 'UIEvent' has been explicitly marked unavailable here
60 |
61 | UIKIT_EXTERN API_AVAILABLE(ios(2.0)) API_UNAVAILABLE(watchos) NS_SWIFT_UI_ACTOR
62 | @interface UIEvent : NSObject
| `- note: 'UIEvent' has been explicitly marked unavailable here
63 |
64 | @property(nonatomic,readonly) UIEventType type API_AVAILABLE(ios(3.0));
/Users/admin/builder/spi-builder-workspace/.dependencies/checkouts/PrettyCards/Source/Card.swift:12:18: error: 'UIView' is unavailable in watchOS
10 |
11 | /// Card view
12 | open class Card: UIView, UIGestureRecognizerDelegate {
| `- error: 'UIView' is unavailable in watchOS
13 |
14 | public typealias TapHandler = () -> Void
/Applications/Xcode-27.0.0-Release.Candidate.app/Contents/Developer/Platforms/WatchOS.platform/Developer/SDKs/WatchOS27.0.sdk/System/Library/Frameworks/UIKit.framework/Headers/UIView.h:152:12: note: 'UIView' has been explicitly marked unavailable here
150 |
151 | UIKIT_EXTERN API_AVAILABLE(ios(2.0)) API_UNAVAILABLE(watchos) NS_SWIFT_UI_ACTOR
152 | @interface UIView : UIResponder <NSCoding, UIAppearance, UIAppearanceContainer, UIDynamicItem, UITraitEnvironment, UICoordinateSpace, UIFocusItem, UIFocusItemContainer, CALayerDelegate>
| `- note: 'UIView' has been explicitly marked unavailable here
153 |
154 | @property(class, nonatomic, readonly) Class layerClass; // default is [CALayer class]. Used when creating the underlying layer for the view.
SwiftCompile normal arm64_32 (in target 'PrettyCards' from project 'PrettyCards')
cd /Users/admin/builder/spi-builder-workspace/.swiftpm/xcode
SwiftCompile normal arm64_32 Compiling\ Shadow.swift /Users/admin/builder/spi-builder-workspace/.dependencies/checkouts/PrettyCards/Source/Shadow.swift (in target 'PrettyCards' from project 'PrettyCards')
SwiftCompile normal arm64_32 /Users/admin/builder/spi-builder-workspace/.dependencies/checkouts/PrettyCards/Source/Shadow.swift (in target 'PrettyCards' from project 'PrettyCards')
cd /Users/admin/builder/spi-builder-workspace/.swiftpm/xcode
builtin-SwiftPerFileCompile Shadow.swift
SwiftCompile normal arm64_32 Compiling\ Animation.swift /Users/admin/builder/spi-builder-workspace/.dependencies/checkouts/PrettyCards/Source/Animation.swift (in target 'PrettyCards' from project 'PrettyCards')
/Users/admin/builder/spi-builder-workspace/.dependencies/checkouts/PrettyCards/Source/Animation.swift:48:13: error: 'UIView' is unavailable in watchOS
46 |
47 | return Card.Animation({ (card, isReverced) in
48 | UIView.animate(withDuration: duration,
| `- error: 'UIView' is unavailable in watchOS
49 | delay: isReverced ? 0.1 : 0,
50 | usingSpringWithDamping: damping,
/Applications/Xcode-27.0.0-Release.Candidate.app/Contents/Developer/Platforms/WatchOS.platform/Developer/SDKs/WatchOS27.0.sdk/System/Library/Frameworks/UIKit.framework/Headers/UIView.h:152:12: note: 'UIView' has been explicitly marked unavailable here
150 |
151 | UIKIT_EXTERN API_AVAILABLE(ios(2.0)) API_UNAVAILABLE(watchos) NS_SWIFT_UI_ACTOR
152 | @interface UIView : UIResponder <NSCoding, UIAppearance, UIAppearanceContainer, UIDynamicItem, UITraitEnvironment, UICoordinateSpace, UIFocusItem, UIFocusItemContainer, CALayerDelegate>
| `- note: 'UIView' has been explicitly marked unavailable here
153 |
154 | @property(class, nonatomic, readonly) Class layerClass; // default is [CALayer class]. Used when creating the underlying layer for the view.
SwiftCompile normal arm64_32 /Users/admin/builder/spi-builder-workspace/.dependencies/checkouts/PrettyCards/Source/Animation.swift (in target 'PrettyCards' from project 'PrettyCards')
cd /Users/admin/builder/spi-builder-workspace/.swiftpm/xcode
builtin-SwiftPerFileCompile Animation.swift
SwiftCompile normal arm64_32 Compiling\ Card.swift /Users/admin/builder/spi-builder-workspace/.dependencies/checkouts/PrettyCards/Source/Card.swift (in target 'PrettyCards' from project 'PrettyCards')
/Users/admin/builder/spi-builder-workspace/.dependencies/checkouts/PrettyCards/Source/Card.swift:75:31: error: 'UIView' is unavailable in watchOS
73 | }
74 |
75 | public let containerView: UIView = .init()
| `- error: 'UIView' is unavailable in watchOS
76 |
77 | /// Tap callback
/Applications/Xcode-27.0.0-Release.Candidate.app/Contents/Developer/Platforms/WatchOS.platform/Developer/SDKs/WatchOS27.0.sdk/System/Library/Frameworks/UIKit.framework/Headers/UIView.h:152:12: note: 'UIView' has been explicitly marked unavailable here
150 |
151 | UIKIT_EXTERN API_AVAILABLE(ios(2.0)) API_UNAVAILABLE(watchos) NS_SWIFT_UI_ACTOR
152 | @interface UIView : UIResponder <NSCoding, UIAppearance, UIAppearanceContainer, UIDynamicItem, UITraitEnvironment, UICoordinateSpace, UIFocusItem, UIFocusItemContainer, CALayerDelegate>
| `- note: 'UIView' has been explicitly marked unavailable here
153 |
154 | @property(class, nonatomic, readonly) Class layerClass; // default is [CALayer class]. Used when creating the underlying layer for the view.
/Users/admin/builder/spi-builder-workspace/.dependencies/checkouts/PrettyCards/Source/Card.swift:75:41: error: 'init()' is unavailable in watchOS
73 | }
74 |
75 | public let containerView: UIView = .init()
| `- error: 'init()' is unavailable in watchOS
76 |
77 | /// Tap callback
/Applications/Xcode-27.0.0-Release.Candidate.app/Contents/Developer/Platforms/WatchOS.platform/Developer/SDKs/WatchOS27.0.sdk/System/Library/Frameworks/UIKit.framework/Headers/UIView.h:158:1: note: 'init()' has been explicitly marked unavailable here
156 | - (instancetype)initWithFrame:(CGRect)frame NS_DESIGNATED_INITIALIZER;
157 | - (nullable instancetype)initWithCoder:(NSCoder *)coder NS_DESIGNATED_INITIALIZER;
158 | - (instancetype)init API_AVAILABLE(ios(2.0), tvos(9.0), visionos(1.0)) API_UNAVAILABLE(watchos);
| `- note: 'init()' has been explicitly marked unavailable here
159 |
160 | @property(nonatomic,getter=isUserInteractionEnabled) BOOL userInteractionEnabled; // default is YES. if set to NO, user events (touch, keys) are ignored and removed from the event queue.
/Users/admin/builder/spi-builder-workspace/.dependencies/checkouts/PrettyCards/Source/Card.swift:81:29: error: 'UITapGestureRecognizer' is unavailable in watchOS
79 |
80 | private var isTouched: Bool = false
81 | private let recognizer: UITapGestureRecognizer = .init()
| `- error: 'UITapGestureRecognizer' is unavailable in watchOS
82 |
83 | // MARK: - Overriding
/Applications/Xcode-27.0.0-Release.Candidate.app/Contents/Developer/Platforms/WatchOS.platform/Developer/SDKs/WatchOS27.0.sdk/System/Library/Frameworks/UIKit.framework/Headers/UITapGestureRecognizer.h:23:12: note: 'UITapGestureRecognizer' has been explicitly marked unavailable here
21 |
22 | UIKIT_EXTERN API_AVAILABLE(ios(3.2)) API_UNAVAILABLE(watchos) NS_SWIFT_UI_ACTOR
23 | @interface UITapGestureRecognizer : UIGestureRecognizer
| `- note: 'UITapGestureRecognizer' has been explicitly marked unavailable here
24 |
25 | @property (nonatomic) NSUInteger numberOfTapsRequired; // Default is 1. The number of taps required to match
/Users/admin/builder/spi-builder-workspace/.dependencies/checkouts/PrettyCards/Source/Card.swift:136:52: error: 'UITouch' is unavailable in watchOS
134 | // MARK: - Animations
135 |
136 | override open func touchesBegan(_ touches: Set<UITouch>, with event: UIEvent?) {
| `- error: 'UITouch' is unavailable in watchOS
137 | self.isTouched = true
138 | guard let animation = self.animation else {
/Applications/Xcode-27.0.0-Release.Candidate.app/Contents/Developer/Platforms/WatchOS.platform/Developer/SDKs/WatchOS27.0.sdk/System/Library/Frameworks/UIKit.framework/Headers/UITouch.h:51:12: note: 'UITouch' has been explicitly marked unavailable here
49 |
50 | UIKIT_EXTERN API_AVAILABLE(ios(2.0)) API_UNAVAILABLE(watchos) NS_SWIFT_UI_ACTOR
51 | @interface UITouch : NSObject
| `- note: 'UITouch' has been explicitly marked unavailable here
52 |
53 | @property(nonatomic,readonly) NSTimeInterval timestamp;
/Users/admin/builder/spi-builder-workspace/.dependencies/checkouts/PrettyCards/Source/Card.swift:136:74: error: 'UIEvent' is unavailable in watchOS
134 | // MARK: - Animations
135 |
136 | override open func touchesBegan(_ touches: Set<UITouch>, with event: UIEvent?) {
| `- error: 'UIEvent' is unavailable in watchOS
137 | self.isTouched = true
138 | guard let animation = self.animation else {
/Applications/Xcode-27.0.0-Release.Candidate.app/Contents/Developer/Platforms/WatchOS.platform/Developer/SDKs/WatchOS27.0.sdk/System/Library/Frameworks/UIKit.framework/Headers/UIEvent.h:62:12: note: 'UIEvent' has been explicitly marked unavailable here
60 |
61 | UIKIT_EXTERN API_AVAILABLE(ios(2.0)) API_UNAVAILABLE(watchos) NS_SWIFT_UI_ACTOR
62 | @interface UIEvent : NSObject
| `- note: 'UIEvent' has been explicitly marked unavailable here
63 |
64 | @property(nonatomic,readonly) UIEventType type API_AVAILABLE(ios(3.0));
/Users/admin/builder/spi-builder-workspace/.dependencies/checkouts/PrettyCards/Source/Card.swift:146:52: error: 'UITouch' is unavailable in watchOS
144 | }
145 |
146 | override open func touchesEnded(_ touches: Set<UITouch>, with event: UIEvent?) {
| `- error: 'UITouch' is unavailable in watchOS
147 | self.resetAnimation(handler: self.tapHandler)
148 | super.touchesEnded(touches, with: event)
/Applications/Xcode-27.0.0-Release.Candidate.app/Contents/Developer/Platforms/WatchOS.platform/Developer/SDKs/WatchOS27.0.sdk/System/Library/Frameworks/UIKit.framework/Headers/UITouch.h:51:12: note: 'UITouch' has been explicitly marked unavailable here
49 |
50 | UIKIT_EXTERN API_AVAILABLE(ios(2.0)) API_UNAVAILABLE(watchos) NS_SWIFT_UI_ACTOR
51 | @interface UITouch : NSObject
| `- note: 'UITouch' has been explicitly marked unavailable here
52 |
53 | @property(nonatomic,readonly) NSTimeInterval timestamp;
/Users/admin/builder/spi-builder-workspace/.dependencies/checkouts/PrettyCards/Source/Card.swift:146:74: error: 'UIEvent' is unavailable in watchOS
144 | }
145 |
146 | override open func touchesEnded(_ touches: Set<UITouch>, with event: UIEvent?) {
| `- error: 'UIEvent' is unavailable in watchOS
147 | self.resetAnimation(handler: self.tapHandler)
148 | super.touchesEnded(touches, with: event)
/Applications/Xcode-27.0.0-Release.Candidate.app/Contents/Developer/Platforms/WatchOS.platform/Developer/SDKs/WatchOS27.0.sdk/System/Library/Frameworks/UIKit.framework/Headers/UIEvent.h:62:12: note: 'UIEvent' has been explicitly marked unavailable here
60 |
61 | UIKIT_EXTERN API_AVAILABLE(ios(2.0)) API_UNAVAILABLE(watchos) NS_SWIFT_UI_ACTOR
62 | @interface UIEvent : NSObject
| `- note: 'UIEvent' has been explicitly marked unavailable here
63 |
64 | @property(nonatomic,readonly) UIEventType type API_AVAILABLE(ios(3.0));
/Users/admin/builder/spi-builder-workspace/.dependencies/checkouts/PrettyCards/Source/Card.swift:151:56: error: 'UITouch' is unavailable in watchOS
149 | }
150 |
151 | override open func touchesCancelled(_ touches: Set<UITouch>, with event: UIEvent?) {
| `- error: 'UITouch' is unavailable in watchOS
152 | self.resetAnimation(handler: nil)
153 | super.touchesCancelled(touches, with: event)
/Applications/Xcode-27.0.0-Release.Candidate.app/Contents/Developer/Platforms/WatchOS.platform/Developer/SDKs/WatchOS27.0.sdk/System/Library/Frameworks/UIKit.framework/Headers/UITouch.h:51:12: note: 'UITouch' has been explicitly marked unavailable here
49 |
50 | UIKIT_EXTERN API_AVAILABLE(ios(2.0)) API_UNAVAILABLE(watchos) NS_SWIFT_UI_ACTOR
51 | @interface UITouch : NSObject
| `- note: 'UITouch' has been explicitly marked unavailable here
52 |
53 | @property(nonatomic,readonly) NSTimeInterval timestamp;
/Users/admin/builder/spi-builder-workspace/.dependencies/checkouts/PrettyCards/Source/Card.swift:151:78: error: 'UIEvent' is unavailable in watchOS
149 | }
150 |
151 | override open func touchesCancelled(_ touches: Set<UITouch>, with event: UIEvent?) {
| `- error: 'UIEvent' is unavailable in watchOS
152 | self.resetAnimation(handler: nil)
153 | super.touchesCancelled(touches, with: event)
/Applications/Xcode-27.0.0-Release.Candidate.app/Contents/Developer/Platforms/WatchOS.platform/Developer/SDKs/WatchOS27.0.sdk/System/Library/Frameworks/UIKit.framework/Headers/UIEvent.h:62:12: note: 'UIEvent' has been explicitly marked unavailable here
60 |
61 | UIKIT_EXTERN API_AVAILABLE(ios(2.0)) API_UNAVAILABLE(watchos) NS_SWIFT_UI_ACTOR
62 | @interface UIEvent : NSObject
| `- note: 'UIEvent' has been explicitly marked unavailable here
63 |
64 | @property(nonatomic,readonly) UIEventType type API_AVAILABLE(ios(3.0));
/Users/admin/builder/spi-builder-workspace/.dependencies/checkouts/PrettyCards/Source/Card.swift:12:18: error: 'UIView' is unavailable in watchOS
10 |
11 | /// Card view
12 | open class Card: UIView, UIGestureRecognizerDelegate {
| `- error: 'UIView' is unavailable in watchOS
13 |
14 | public typealias TapHandler = () -> Void
/Applications/Xcode-27.0.0-Release.Candidate.app/Contents/Developer/Platforms/WatchOS.platform/Developer/SDKs/WatchOS27.0.sdk/System/Library/Frameworks/UIKit.framework/Headers/UIView.h:152:12: note: 'UIView' has been explicitly marked unavailable here
150 |
151 | UIKIT_EXTERN API_AVAILABLE(ios(2.0)) API_UNAVAILABLE(watchos) NS_SWIFT_UI_ACTOR
152 | @interface UIView : UIResponder <NSCoding, UIAppearance, UIAppearanceContainer, UIDynamicItem, UITraitEnvironment, UICoordinateSpace, UIFocusItem, UIFocusItemContainer, CALayerDelegate>
| `- note: 'UIView' has been explicitly marked unavailable here
153 |
154 | @property(class, nonatomic, readonly) Class layerClass; // default is [CALayer class]. Used when creating the underlying layer for the view.
SwiftCompile normal arm64_32 /Users/admin/builder/spi-builder-workspace/.dependencies/checkouts/PrettyCards/Source/Card.swift (in target 'PrettyCards' from project 'PrettyCards')
cd /Users/admin/builder/spi-builder-workspace/.swiftpm/xcode
builtin-SwiftPerFileCompile Card.swift
SwiftEmitModule normal arm64 Emitting\ module\ for\ JTAppleCalendar (in target 'JTAppleCalendar' from project 'JTAppleCalendar')
SwiftCompile normal arm64 (in target 'JTAppleCalendar' from project 'JTAppleCalendar')
cd /Users/admin/builder/spi-builder-workspace/.swiftpm/xcode
SwiftEmitModule normal arm64_32 Emitting\ module\ for\ JTAppleCalendar (in target 'JTAppleCalendar' from project 'JTAppleCalendar')
SwiftCompile normal arm64_32 (in target 'JTAppleCalendar' from project 'JTAppleCalendar')
cd /Users/admin/builder/spi-builder-workspace/.swiftpm/xcode
SwiftCompile normal arm64_32 Compiling\ JTACInteractionMonthFunctions.swift,\ JTACInteractionYearFunctions.swift,\ JTACMonthActionFunctions.swift /Users/admin/builder/spi-builder-workspace/.dependencies/checkouts/JTAppleCalendar/Sources/JTAppleCalendar/JTACInteractionMonthFunctions.swift /Users/admin/builder/spi-builder-workspace/.dependencies/checkouts/JTAppleCalendar/Sources/JTAppleCalendar/JTACInteractionYearFunctions.swift /Users/admin/builder/spi-builder-workspace/.dependencies/checkouts/JTAppleCalendar/Sources/JTAppleCalendar/JTACMonthActionFunctions.swift (in target 'JTAppleCalendar' from project 'JTAppleCalendar')
SwiftCompile normal arm64_32 /Users/admin/builder/spi-builder-workspace/.dependencies/checkouts/JTAppleCalendar/Sources/JTAppleCalendar/JTACInteractionMonthFunctions.swift (in target 'JTAppleCalendar' from project 'JTAppleCalendar')
cd /Users/admin/builder/spi-builder-workspace/.swiftpm/xcode
builtin-SwiftPerFileCompile JTACInteractionMonthFunctions.swift
SwiftCompile normal arm64_32 /Users/admin/builder/spi-builder-workspace/.dependencies/checkouts/JTAppleCalendar/Sources/JTAppleCalendar/JTACInteractionYearFunctions.swift (in target 'JTAppleCalendar' from project 'JTAppleCalendar')
cd /Users/admin/builder/spi-builder-workspace/.swiftpm/xcode
builtin-SwiftPerFileCompile JTACInteractionYearFunctions.swift
SwiftCompile normal arm64_32 /Users/admin/builder/spi-builder-workspace/.dependencies/checkouts/JTAppleCalendar/Sources/JTAppleCalendar/JTACMonthActionFunctions.swift (in target 'JTAppleCalendar' from project 'JTAppleCalendar')
cd /Users/admin/builder/spi-builder-workspace/.swiftpm/xcode
builtin-SwiftPerFileCompile JTACMonthActionFunctions.swift
PruneExplicitPrecompiledModules /Users/admin/builder/spi-builder-workspace/.derivedData/Build/Intermediates.noindex/SwiftExplicitPrecompiledModules
PruneExplicitPrecompiledModules /Users/admin/builder/spi-builder-workspace/.derivedData/SDKExplicitPrecompiledModules
PruneExplicitPrecompiledModules /Users/admin/builder/spi-builder-workspace/.derivedData/Build/Intermediates.noindex/ExplicitPrecompiledModules
2026-09-20 07:12:16.075 xcodebuild[893:5416] [MT] IDERunDestination: Supported platforms for the buildables in the current scheme is empty.
** BUILD FAILED **
The following build commands failed:
SwiftEmitModule normal arm64 Emitting\ module\ for\ PrettyCards (in target 'PrettyCards' from project 'PrettyCards')
SwiftCompile normal arm64 (in target 'PrettyCards' from project 'PrettyCards')
Building workspace Fastis with scheme Fastis
(3 failures)
BUILD FAILURE 6.4 watchOS