Build Information
Failed to build ColorKit, reference 2.0.1 (eae68b), with Swift 6.4 for watchOS using Xcode 27.0 on 24 Sep 2026 10:11:37 UTC.
Build Command
env DEVELOPER_DIR=/Applications/Xcode-27.0.0-Release.Candidate.app xcrun xcodebuild -IDEClonedSourcePackagesDirPathOverride=$PWD/.dependencies -skipMacroValidation -skipPackagePluginValidation -derivedDataPath $PWD/.derivedData build -scheme ColorKit -destination generic/platform=watchOSBuild Log
========================================
RunAll
========================================
Builder version: 5.1.0
Interrupt handler set up.
========================================
Checkout
========================================
Clone URL: https://github.com/kieranb662/SwiftUI-Color-Kit.git
Reference: 2.0.1
Initialized empty Git repository in /Users/admin/builder/spi-builder-workspace/.git/
From https://github.com/kieranb662/SwiftUI-Color-Kit
* tag 2.0.1 -> FETCH_HEAD
HEAD is now at eae68bc Add MIT License to the project
Cloned https://github.com/kieranb662/SwiftUI-Color-Kit.git
Revision (git rev-parse @):
eae68bcf5cabfeb86f491bacdab3726051ded545
SUCCESS checkout https://github.com/kieranb662/SwiftUI-Color-Kit.git at 2.0.1
========================================
Build
========================================
Selected platform: watchOS
Swift version: 6.4
Building package at path: $PWD
https://github.com/kieranb662/SwiftUI-Color-Kit.git
Command line invocation:
/Applications/Xcode-27.0.0-Release.Candidate.app/Contents/Developer/usr/bin/xcodebuild -IDEClonedSourcePackagesDirPathOverride=/Users/admin/builder/spi-builder-workspace/.dependencies -resolvePackageDependencies
Resolve Package Graph
Fetching from https://github.com/kieranb662/Sliders.git
Creating working copy of package ‘Sliders’
Checking out 2.0.2 of package ‘Sliders’
Resolve Package Graph
Resolved source packages:
ColorKit: /Users/admin/builder/spi-builder-workspace
Sliders: https://github.com/kieranb662/Sliders.git @ 2.0.2
resolved source packages: ColorKit, Sliders
2026-09-24 06:10:46.805 xcodebuild[529:3025] [MT] IDERunDestination: Supported platforms for the buildables in the current scheme is empty.
{
"dependencies" : [
{
"identity" : "sliders",
"requirement" : {
"range" : [
{
"lower_bound" : "2.0.1",
"upper_bound" : "3.0.0"
}
]
},
"type" : "sourceControl",
"url" : "https://github.com/kieranb662/Sliders.git"
}
],
"manifest_display_name" : "ColorKit",
"name" : "ColorKit",
"path" : "/Users/admin/builder/spi-builder-workspace",
"platforms" : [
{
"name" : "ios",
"version" : "16.0"
},
{
"name" : "macos",
"version" : "13.0"
},
{
"name" : "watchos",
"version" : "9.0"
}
],
"products" : [
{
"name" : "ColorKit",
"targets" : [
"ColorKit"
],
"type" : {
"library" : [
"automatic"
]
}
}
],
"targets" : [
{
"c99name" : "ColorKit",
"module_type" : "SwiftTarget",
"name" : "ColorKit",
"path" : "Sources/ColorKit",
"product_dependencies" : [
"Sliders"
],
"product_memberships" : [
"ColorKit"
],
"sources" : [
"Color Pickers/AlphaSlider.swift",
"Color Pickers/CYMKColorPicker.swift",
"Color Pickers/ColorManager.swift",
"Color Pickers/ColorPicker.swift",
"Color Pickers/ColorToken.swift",
"Color Pickers/GrayScaleSlider.swift",
"Color Pickers/HSBColorPicker.swift",
"Color Pickers/PlatformColor.swift",
"Color Pickers/RGBColorPicker.swift",
"Gradient Picker/AngularGradientPicker.swift",
"Gradient Picker/GradientData.swift",
"Gradient Picker/GradientPicker.swift",
"Gradient Picker/GradientStyles.swift",
"Gradient Picker/LinearGradientPicker.swift",
"Gradient Picker/RadialGradientPicker.swift",
"Utilities/CoreGraphics+Extension.swift"
],
"type" : "library"
}
],
"tools_version" : "6.2"
}
{
"workspace" : {
"name" : "ColorKit",
"schemes" : [
"ColorKit"
]
}
}
2026-09-24 06:11:19.070 xcodebuild[688:4238] [MT] IDERunDestination: Supported platforms for the buildables in the current scheme is empty.
Running build ...
env DEVELOPER_DIR=/Applications/Xcode-27.0.0-Release.Candidate.app xcrun xcodebuild -IDEClonedSourcePackagesDirPathOverride=$PWD/.dependencies -skipMacroValidation -skipPackagePluginValidation -derivedDataPath $PWD/.derivedData build -scheme ColorKit -destination generic/platform=watchOS
Command line invocation:
/Applications/Xcode-27.0.0-Release.Candidate.app/Contents/Developer/usr/bin/xcodebuild -IDEClonedSourcePackagesDirPathOverride=/Users/admin/builder/spi-builder-workspace/.dependencies -skipMacroValidation -skipPackagePluginValidation -derivedDataPath /Users/admin/builder/spi-builder-workspace/.derivedData build -scheme ColorKit -destination generic/platform=watchOS
Resolve Package Graph
Resolve Package Graph
Resolved source packages:
ColorKit: /Users/admin/builder/spi-builder-workspace
Sliders: https://github.com/kieranb662/Sliders.git @ 2.0.2
ComputePackagePrebuildTargetDependencyGraph
Prepare packages
CreateBuildRequest
SendProjectDescription
CreateBuildOperation
ComputeTargetDependencyGraph
note: Building targets in dependency order
note: Target dependency graph (4 targets)
Target 'ColorKit-product' in project 'ColorKit'
➜ Explicit dependency on target 'ColorKit' in project 'ColorKit'
➜ Explicit dependency on target 'Sliders-product' in project 'Sliders'
Target 'ColorKit' in project 'ColorKit'
➜ Explicit dependency on target 'Sliders-product' in project 'Sliders'
Target 'Sliders-product' in project 'Sliders'
➜ Explicit dependency on target 'Sliders' in project 'Sliders'
Target 'Sliders' in project 'Sliders' (no dependencies)
GatherProvisioningInputs
CreateBuildDescription
ExecuteExternalTool /Applications/Xcode-27.0.0-Release.Candidate.app/Contents/Developer/Toolchains/XcodeDefault.xctoolchain/usr/bin/clang -v -E -dM -isysroot /Applications/Xcode-27.0.0-Release.Candidate.app/Contents/Developer/Platforms/WatchOS.platform/Developer/SDKs/WatchOS27.0.sdk -x c -c /dev/null
ExecuteExternalTool /Applications/Xcode-27.0.0-Release.Candidate.app/Contents/Developer/Toolchains/XcodeDefault.xctoolchain/usr/bin/swiftc --version
ExecuteExternalTool /Applications/Xcode-27.0.0-Release.Candidate.app/Contents/Developer/Toolchains/XcodeDefault.xctoolchain/usr/bin/ld -version_details
Build description signature: 981e354f486a839613a6c1f9959124eb
Build description path: /Users/admin/builder/spi-builder-workspace/.derivedData/Build/Intermediates.noindex/XCBuildData/981e354f486a839613a6c1f9959124eb.xcbuilddata
CreateBuildDirectory /Users/admin/builder/spi-builder-workspace/.derivedData/ModuleCache.noindex
cd /Users/admin/builder/spi-builder-workspace/.swiftpm/xcode
builtin-create-build-directory /Users/admin/builder/spi-builder-workspace/.derivedData/ModuleCache.noindex
CreateBuildDirectory /Users/admin/builder/spi-builder-workspace/.derivedData/CompilationCache.noindex
cd /Users/admin/builder/spi-builder-workspace/.swiftpm/xcode
builtin-create-build-directory /Users/admin/builder/spi-builder-workspace/.derivedData/CompilationCache.noindex
CreateBuildDirectory /Users/admin/builder/spi-builder-workspace/.derivedData/SDKExplicitPrecompiledModules
cd /Users/admin/builder/spi-builder-workspace/.swiftpm/xcode
builtin-create-build-directory /Users/admin/builder/spi-builder-workspace/.derivedData/SDKExplicitPrecompiledModules
CreateBuildDirectory /Users/admin/builder/spi-builder-workspace/.derivedData/Build/Products
cd /Users/admin/builder/spi-builder-workspace/.swiftpm/xcode
builtin-create-build-directory /Users/admin/builder/spi-builder-workspace/.derivedData/Build/Products
CreateBuildDirectory /Users/admin/builder/spi-builder-workspace/.derivedData/Build/Intermediates.noindex
cd /Users/admin/builder/spi-builder-workspace/.swiftpm/xcode
builtin-create-build-directory /Users/admin/builder/spi-builder-workspace/.derivedData/Build/Intermediates.noindex
ClangStatCache /Applications/Xcode-27.0.0-Release.Candidate.app/Contents/Developer/Toolchains/XcodeDefault.xctoolchain/usr/bin/clang-stat-cache /Applications/Xcode-27.0.0-Release.Candidate.app/Contents/Developer/Platforms/WatchOS.platform/Developer/SDKs/WatchOS27.0.sdk /Users/admin/builder/spi-builder-workspace/.derivedData/SDKStatCaches.noindex/watchos27.0-24R360-e829b21a6f8c9b70876ba0858053c04477534ef55a1706bf4c1112bbb242f0a2.sdkstatcache
cd /Users/admin/builder/spi-builder-workspace/.swiftpm/xcode
/Applications/Xcode-27.0.0-Release.Candidate.app/Contents/Developer/Toolchains/XcodeDefault.xctoolchain/usr/bin/clang-stat-cache /Applications/Xcode-27.0.0-Release.Candidate.app/Contents/Developer/Platforms/WatchOS.platform/Developer/SDKs/WatchOS27.0.sdk -o /Users/admin/builder/spi-builder-workspace/.derivedData/SDKStatCaches.noindex/watchos27.0-24R360-e829b21a6f8c9b70876ba0858053c04477534ef55a1706bf4c1112bbb242f0a2.sdkstatcache
CreateBuildDirectory /Users/admin/builder/spi-builder-workspace/.derivedData/Build/Intermediates.noindex/SwiftExplicitPrecompiledModules
cd /Users/admin/builder/spi-builder-workspace/.swiftpm/xcode
builtin-create-build-directory /Users/admin/builder/spi-builder-workspace/.derivedData/Build/Intermediates.noindex/SwiftExplicitPrecompiledModules
CreateBuildDirectory /Users/admin/builder/spi-builder-workspace/.derivedData/Build/Intermediates.noindex/ExplicitPrecompiledModules
cd /Users/admin/builder/spi-builder-workspace/.swiftpm/xcode
builtin-create-build-directory /Users/admin/builder/spi-builder-workspace/.derivedData/Build/Intermediates.noindex/ExplicitPrecompiledModules
CreateBuildDirectory /Users/admin/builder/spi-builder-workspace/.derivedData/Build/Intermediates.noindex/PrecompiledHeaders
cd /Users/admin/builder/spi-builder-workspace/.swiftpm/xcode
builtin-create-build-directory /Users/admin/builder/spi-builder-workspace/.derivedData/Build/Intermediates.noindex/PrecompiledHeaders
CreateBuildDirectory /Users/admin/builder/spi-builder-workspace/.derivedData/Build/Intermediates.noindex/EagerLinkingTBDs/Debug-watchos
cd /Users/admin/builder/spi-builder-workspace/.swiftpm/xcode
builtin-create-build-directory /Users/admin/builder/spi-builder-workspace/.derivedData/Build/Intermediates.noindex/EagerLinkingTBDs/Debug-watchos
CreateBuildDirectory /Users/admin/builder/spi-builder-workspace/.derivedData/Build/Products/Debug-watchos
cd /Users/admin/builder/spi-builder-workspace/.swiftpm/xcode
builtin-create-build-directory /Users/admin/builder/spi-builder-workspace/.derivedData/Build/Products/Debug-watchos
CreateBuildDirectory /Users/admin/builder/spi-builder-workspace/.derivedData/Build/Products/Debug-watchos/PackageFrameworks
cd /Users/admin/builder/spi-builder-workspace/.swiftpm/xcode
builtin-create-build-directory /Users/admin/builder/spi-builder-workspace/.derivedData/Build/Products/Debug-watchos/PackageFrameworks
WriteAuxiliaryFile /Users/admin/builder/spi-builder-workspace/.derivedData/Build/Intermediates.noindex/Sliders.build/Debug-watchos/Sliders-t.build/Sliders.modulemap (in target 'Sliders' from project 'Sliders')
cd /Users/admin/builder/spi-builder-workspace/.dependencies/checkouts/Sliders
write-file /Users/admin/builder/spi-builder-workspace/.derivedData/Build/Intermediates.noindex/Sliders.build/Debug-watchos/Sliders-t.build/Sliders.modulemap
WriteAuxiliaryFile /Users/admin/builder/spi-builder-workspace/.derivedData/Build/Intermediates.noindex/Sliders.build/Debug-watchos/Sliders-t.build/Objects-normal/arm64_32/Sliders.SwiftConstValuesFileList (in target 'Sliders' from project 'Sliders')
cd /Users/admin/builder/spi-builder-workspace/.dependencies/checkouts/Sliders
write-file /Users/admin/builder/spi-builder-workspace/.derivedData/Build/Intermediates.noindex/Sliders.build/Debug-watchos/Sliders-t.build/Objects-normal/arm64_32/Sliders.SwiftConstValuesFileList
WriteAuxiliaryFile /Users/admin/builder/spi-builder-workspace/.derivedData/Build/Intermediates.noindex/Sliders.build/Debug-watchos/Sliders-t.build/Objects-normal/arm64_32/Sliders.SwiftFileList (in target 'Sliders' from project 'Sliders')
cd /Users/admin/builder/spi-builder-workspace/.dependencies/checkouts/Sliders
write-file /Users/admin/builder/spi-builder-workspace/.derivedData/Build/Intermediates.noindex/Sliders.build/Debug-watchos/Sliders-t.build/Objects-normal/arm64_32/Sliders.SwiftFileList
WriteAuxiliaryFile /Users/admin/builder/spi-builder-workspace/.derivedData/Build/Intermediates.noindex/Sliders.build/Debug-watchos/Sliders-t.build/Objects-normal/arm64_32/Sliders_const_extract_protocols.json (in target 'Sliders' from project 'Sliders')
cd /Users/admin/builder/spi-builder-workspace/.dependencies/checkouts/Sliders
write-file /Users/admin/builder/spi-builder-workspace/.derivedData/Build/Intermediates.noindex/Sliders.build/Debug-watchos/Sliders-t.build/Objects-normal/arm64_32/Sliders_const_extract_protocols.json
WriteAuxiliaryFile /Users/admin/builder/spi-builder-workspace/.derivedData/Build/Intermediates.noindex/Sliders.build/Debug-watchos/Sliders-t.build/Objects-normal/arm64/Sliders_const_extract_protocols.json (in target 'Sliders' from project 'Sliders')
cd /Users/admin/builder/spi-builder-workspace/.dependencies/checkouts/Sliders
write-file /Users/admin/builder/spi-builder-workspace/.derivedData/Build/Intermediates.noindex/Sliders.build/Debug-watchos/Sliders-t.build/Objects-normal/arm64/Sliders_const_extract_protocols.json
WriteAuxiliaryFile /Users/admin/builder/spi-builder-workspace/.derivedData/Build/Intermediates.noindex/Sliders.build/Debug-watchos/Sliders-t.build/Objects-normal/arm64_32/Sliders.LinkFileList (in target 'Sliders' from project 'Sliders')
cd /Users/admin/builder/spi-builder-workspace/.dependencies/checkouts/Sliders
write-file /Users/admin/builder/spi-builder-workspace/.derivedData/Build/Intermediates.noindex/Sliders.build/Debug-watchos/Sliders-t.build/Objects-normal/arm64_32/Sliders.LinkFileList
WriteAuxiliaryFile /Users/admin/builder/spi-builder-workspace/.derivedData/Build/Intermediates.noindex/Sliders.build/Debug-watchos/Sliders-t.build/Objects-normal/arm64_32/Sliders-OutputFileMap.json (in target 'Sliders' from project 'Sliders')
cd /Users/admin/builder/spi-builder-workspace/.dependencies/checkouts/Sliders
write-file /Users/admin/builder/spi-builder-workspace/.derivedData/Build/Intermediates.noindex/Sliders.build/Debug-watchos/Sliders-t.build/Objects-normal/arm64_32/Sliders-OutputFileMap.json
WriteAuxiliaryFile /Users/admin/builder/spi-builder-workspace/.derivedData/Build/Intermediates.noindex/Sliders.build/Debug-watchos/Sliders-t.build/Objects-normal/arm64/Sliders.LinkFileList (in target 'Sliders' from project 'Sliders')
cd /Users/admin/builder/spi-builder-workspace/.dependencies/checkouts/Sliders
write-file /Users/admin/builder/spi-builder-workspace/.derivedData/Build/Intermediates.noindex/Sliders.build/Debug-watchos/Sliders-t.build/Objects-normal/arm64/Sliders.LinkFileList
WriteAuxiliaryFile /Users/admin/builder/spi-builder-workspace/.derivedData/Build/Intermediates.noindex/Sliders.build/Debug-watchos/Sliders-t.build/Sliders.DependencyStaticMetadataFileList (in target 'Sliders' from project 'Sliders')
cd /Users/admin/builder/spi-builder-workspace/.dependencies/checkouts/Sliders
write-file /Users/admin/builder/spi-builder-workspace/.derivedData/Build/Intermediates.noindex/Sliders.build/Debug-watchos/Sliders-t.build/Sliders.DependencyStaticMetadataFileList
WriteAuxiliaryFile /Users/admin/builder/spi-builder-workspace/.derivedData/Build/Intermediates.noindex/Sliders.build/Debug-watchos/Sliders-t.build/Sliders.DependencyMetadataFileList (in target 'Sliders' from project 'Sliders')
cd /Users/admin/builder/spi-builder-workspace/.dependencies/checkouts/Sliders
write-file /Users/admin/builder/spi-builder-workspace/.derivedData/Build/Intermediates.noindex/Sliders.build/Debug-watchos/Sliders-t.build/Sliders.DependencyMetadataFileList
WriteAuxiliaryFile /Users/admin/builder/spi-builder-workspace/.derivedData/Build/Intermediates.noindex/Sliders.build/Debug-watchos/Sliders-t.build/Objects-normal/arm64/Sliders.SwiftFileList (in target 'Sliders' from project 'Sliders')
cd /Users/admin/builder/spi-builder-workspace/.dependencies/checkouts/Sliders
write-file /Users/admin/builder/spi-builder-workspace/.derivedData/Build/Intermediates.noindex/Sliders.build/Debug-watchos/Sliders-t.build/Objects-normal/arm64/Sliders.SwiftFileList
WriteAuxiliaryFile /Users/admin/builder/spi-builder-workspace/.derivedData/Build/Intermediates.noindex/Sliders.build/Debug-watchos/Sliders-t.build/Objects-normal/arm64/Sliders.SwiftConstValuesFileList (in target 'Sliders' from project 'Sliders')
cd /Users/admin/builder/spi-builder-workspace/.dependencies/checkouts/Sliders
write-file /Users/admin/builder/spi-builder-workspace/.derivedData/Build/Intermediates.noindex/Sliders.build/Debug-watchos/Sliders-t.build/Objects-normal/arm64/Sliders.SwiftConstValuesFileList
WriteAuxiliaryFile /Users/admin/builder/spi-builder-workspace/.derivedData/Build/Intermediates.noindex/Sliders.build/Debug-watchos/Sliders-t.build/Objects-normal/arm64/Sliders-OutputFileMap.json (in target 'Sliders' from project 'Sliders')
cd /Users/admin/builder/spi-builder-workspace/.dependencies/checkouts/Sliders
write-file /Users/admin/builder/spi-builder-workspace/.derivedData/Build/Intermediates.noindex/Sliders.build/Debug-watchos/Sliders-t.build/Objects-normal/arm64/Sliders-OutputFileMap.json
Copy /Users/admin/builder/spi-builder-workspace/.derivedData/Build/Intermediates.noindex/GeneratedModuleMaps-watchos/Sliders.modulemap /Users/admin/builder/spi-builder-workspace/.derivedData/Build/Intermediates.noindex/Sliders.build/Debug-watchos/Sliders-t.build/Sliders.modulemap (in target 'Sliders' from project 'Sliders')
cd /Users/admin/builder/spi-builder-workspace/.dependencies/checkouts/Sliders
builtin-copy -exclude .DS_Store -exclude CVS -exclude .svn -exclude .git -exclude .hg -resolve-src-symlinks /Users/admin/builder/spi-builder-workspace/.derivedData/Build/Intermediates.noindex/Sliders.build/Debug-watchos/Sliders-t.build/Sliders.modulemap /Users/admin/builder/spi-builder-workspace/.derivedData/Build/Intermediates.noindex/GeneratedModuleMaps-watchos
WriteAuxiliaryFile /Users/admin/builder/spi-builder-workspace/.derivedData/Build/Intermediates.noindex/ColorKit.build/Debug-watchos/ColorKit-t.build/Objects-normal/arm64_32/ColorKit.SwiftFileList (in target 'ColorKit' from project 'ColorKit')
cd /Users/admin/builder/spi-builder-workspace
write-file /Users/admin/builder/spi-builder-workspace/.derivedData/Build/Intermediates.noindex/ColorKit.build/Debug-watchos/ColorKit-t.build/Objects-normal/arm64_32/ColorKit.SwiftFileList
WriteAuxiliaryFile /Users/admin/builder/spi-builder-workspace/.derivedData/Build/Intermediates.noindex/ColorKit.build/Debug-watchos/ColorKit-t.build/Objects-normal/arm64_32/ColorKit_const_extract_protocols.json (in target 'ColorKit' from project 'ColorKit')
cd /Users/admin/builder/spi-builder-workspace
write-file /Users/admin/builder/spi-builder-workspace/.derivedData/Build/Intermediates.noindex/ColorKit.build/Debug-watchos/ColorKit-t.build/Objects-normal/arm64_32/ColorKit_const_extract_protocols.json
WriteAuxiliaryFile /Users/admin/builder/spi-builder-workspace/.derivedData/Build/Intermediates.noindex/ColorKit.build/Debug-watchos/ColorKit-t.build/Objects-normal/arm64_32/ColorKit.SwiftConstValuesFileList (in target 'ColorKit' from project 'ColorKit')
cd /Users/admin/builder/spi-builder-workspace
write-file /Users/admin/builder/spi-builder-workspace/.derivedData/Build/Intermediates.noindex/ColorKit.build/Debug-watchos/ColorKit-t.build/Objects-normal/arm64_32/ColorKit.SwiftConstValuesFileList
WriteAuxiliaryFile /Users/admin/builder/spi-builder-workspace/.derivedData/Build/Intermediates.noindex/ColorKit.build/Debug-watchos/ColorKit-t.build/Objects-normal/arm64_32/ColorKit.LinkFileList (in target 'ColorKit' from project 'ColorKit')
cd /Users/admin/builder/spi-builder-workspace
write-file /Users/admin/builder/spi-builder-workspace/.derivedData/Build/Intermediates.noindex/ColorKit.build/Debug-watchos/ColorKit-t.build/Objects-normal/arm64_32/ColorKit.LinkFileList
WriteAuxiliaryFile /Users/admin/builder/spi-builder-workspace/.derivedData/Build/Intermediates.noindex/ColorKit.build/Debug-watchos/ColorKit-t.build/Objects-normal/arm64_32/ColorKit-OutputFileMap.json (in target 'ColorKit' from project 'ColorKit')
cd /Users/admin/builder/spi-builder-workspace
write-file /Users/admin/builder/spi-builder-workspace/.derivedData/Build/Intermediates.noindex/ColorKit.build/Debug-watchos/ColorKit-t.build/Objects-normal/arm64_32/ColorKit-OutputFileMap.json
WriteAuxiliaryFile /Users/admin/builder/spi-builder-workspace/.derivedData/Build/Intermediates.noindex/ColorKit.build/Debug-watchos/ColorKit-t.build/Objects-normal/arm64/ColorKit_const_extract_protocols.json (in target 'ColorKit' from project 'ColorKit')
cd /Users/admin/builder/spi-builder-workspace
write-file /Users/admin/builder/spi-builder-workspace/.derivedData/Build/Intermediates.noindex/ColorKit.build/Debug-watchos/ColorKit-t.build/Objects-normal/arm64/ColorKit_const_extract_protocols.json
WriteAuxiliaryFile /Users/admin/builder/spi-builder-workspace/.derivedData/Build/Intermediates.noindex/ColorKit.build/Debug-watchos/ColorKit-t.build/Objects-normal/arm64/ColorKit.SwiftFileList (in target 'ColorKit' from project 'ColorKit')
cd /Users/admin/builder/spi-builder-workspace
write-file /Users/admin/builder/spi-builder-workspace/.derivedData/Build/Intermediates.noindex/ColorKit.build/Debug-watchos/ColorKit-t.build/Objects-normal/arm64/ColorKit.SwiftFileList
WriteAuxiliaryFile /Users/admin/builder/spi-builder-workspace/.derivedData/Build/Intermediates.noindex/ColorKit.build/Debug-watchos/ColorKit-t.build/Objects-normal/arm64/ColorKit.SwiftConstValuesFileList (in target 'ColorKit' from project 'ColorKit')
cd /Users/admin/builder/spi-builder-workspace
write-file /Users/admin/builder/spi-builder-workspace/.derivedData/Build/Intermediates.noindex/ColorKit.build/Debug-watchos/ColorKit-t.build/Objects-normal/arm64/ColorKit.SwiftConstValuesFileList
WriteAuxiliaryFile /Users/admin/builder/spi-builder-workspace/.derivedData/Build/Intermediates.noindex/ColorKit.build/Debug-watchos/ColorKit-t.build/Objects-normal/arm64/ColorKit.LinkFileList (in target 'ColorKit' from project 'ColorKit')
cd /Users/admin/builder/spi-builder-workspace
write-file /Users/admin/builder/spi-builder-workspace/.derivedData/Build/Intermediates.noindex/ColorKit.build/Debug-watchos/ColorKit-t.build/Objects-normal/arm64/ColorKit.LinkFileList
WriteAuxiliaryFile /Users/admin/builder/spi-builder-workspace/.derivedData/Build/Intermediates.noindex/ColorKit.build/Debug-watchos/ColorKit-t.build/Objects-normal/arm64/ColorKit-OutputFileMap.json (in target 'ColorKit' from project 'ColorKit')
cd /Users/admin/builder/spi-builder-workspace
write-file /Users/admin/builder/spi-builder-workspace/.derivedData/Build/Intermediates.noindex/ColorKit.build/Debug-watchos/ColorKit-t.build/Objects-normal/arm64/ColorKit-OutputFileMap.json
WriteAuxiliaryFile /Users/admin/builder/spi-builder-workspace/.derivedData/Build/Intermediates.noindex/ColorKit.build/Debug-watchos/ColorKit-t.build/ColorKit.modulemap (in target 'ColorKit' from project 'ColorKit')
cd /Users/admin/builder/spi-builder-workspace
write-file /Users/admin/builder/spi-builder-workspace/.derivedData/Build/Intermediates.noindex/ColorKit.build/Debug-watchos/ColorKit-t.build/ColorKit.modulemap
WriteAuxiliaryFile /Users/admin/builder/spi-builder-workspace/.derivedData/Build/Intermediates.noindex/ColorKit.build/Debug-watchos/ColorKit-t.build/ColorKit.DependencyStaticMetadataFileList (in target 'ColorKit' from project 'ColorKit')
cd /Users/admin/builder/spi-builder-workspace
write-file /Users/admin/builder/spi-builder-workspace/.derivedData/Build/Intermediates.noindex/ColorKit.build/Debug-watchos/ColorKit-t.build/ColorKit.DependencyStaticMetadataFileList
WriteAuxiliaryFile /Users/admin/builder/spi-builder-workspace/.derivedData/Build/Intermediates.noindex/ColorKit.build/Debug-watchos/ColorKit-t.build/ColorKit.DependencyMetadataFileList (in target 'ColorKit' from project 'ColorKit')
cd /Users/admin/builder/spi-builder-workspace
write-file /Users/admin/builder/spi-builder-workspace/.derivedData/Build/Intermediates.noindex/ColorKit.build/Debug-watchos/ColorKit-t.build/ColorKit.DependencyMetadataFileList
Copy /Users/admin/builder/spi-builder-workspace/.derivedData/Build/Intermediates.noindex/GeneratedModuleMaps-watchos/ColorKit.modulemap /Users/admin/builder/spi-builder-workspace/.derivedData/Build/Intermediates.noindex/ColorKit.build/Debug-watchos/ColorKit-t.build/ColorKit.modulemap (in target 'ColorKit' from project 'ColorKit')
cd /Users/admin/builder/spi-builder-workspace
builtin-copy -exclude .DS_Store -exclude CVS -exclude .svn -exclude .git -exclude .hg -resolve-src-symlinks /Users/admin/builder/spi-builder-workspace/.derivedData/Build/Intermediates.noindex/ColorKit.build/Debug-watchos/ColorKit-t.build/ColorKit.modulemap /Users/admin/builder/spi-builder-workspace/.derivedData/Build/Intermediates.noindex/GeneratedModuleMaps-watchos
SwiftDriver Sliders normal arm64_32 com.apple.xcode.tools.swift.compiler (in target 'Sliders' from project 'Sliders')
cd /Users/admin/builder/spi-builder-workspace/.swiftpm/xcode
builtin-SwiftDriver -- /Applications/Xcode-27.0.0-Release.Candidate.app/Contents/Developer/Toolchains/XcodeDefault.xctoolchain/usr/bin/swiftc -parse-as-library -module-name Sliders -Onone @/Users/admin/builder/spi-builder-workspace/.derivedData/Build/Intermediates.noindex/Sliders.build/Debug-watchos/Sliders-t.build/Objects-normal/arm64_32/Sliders.SwiftFileList -DSWIFT_PACKAGE -DDEBUG -DSWIFT_MODULE_RESOURCE_BUNDLE_UNAVAILABLE -DXcode -plugin-path /Applications/Xcode-27.0.0-Release.Candidate.app/Contents/Developer/Toolchains/XcodeDefault.xctoolchain/usr/lib/swift/host/plugins/testing -enable-experimental-feature DebugDescriptionMacro -sdk /Applications/Xcode-27.0.0-Release.Candidate.app/Contents/Developer/Platforms/WatchOS.platform/Developer/SDKs/WatchOS27.0.sdk -target arm64_32-apple-watchos9.0 -g -module-cache-path /Users/admin/builder/spi-builder-workspace/.derivedData/ModuleCache.noindex -Xfrontend -serialize-debugging-options -enable-testing -suppress-warnings -index-store-path /Users/admin/builder/spi-builder-workspace/.derivedData/Index.noindex/DataStore -Xcc -D_LIBCPP_HARDENING_MODE\=_LIBCPP_HARDENING_MODE_DEBUG -swift-version 6 -I /Users/admin/builder/spi-builder-workspace/.derivedData/Build/Products/Debug-watchos -Isystem /Applications/Xcode-27.0.0-Release.Candidate.app/Contents/Developer/Platforms/WatchOS.platform/Developer/usr/lib -F /Users/admin/builder/spi-builder-workspace/.derivedData/Build/Products/Debug-watchos -F /Applications/Xcode-27.0.0-Release.Candidate.app/Contents/Developer/Platforms/WatchOS.platform/Developer/Library/Frameworks -F /Applications/Xcode-27.0.0-Release.Candidate.app/Contents/Developer/Platforms/WatchOS.platform/Developer/SDKs/WatchOS27.0.sdk/Developer/Library/Frameworks -c -j10 -enable-batch-mode -incremental -Xcc -ivfsstatcache -Xcc /Users/admin/builder/spi-builder-workspace/.derivedData/SDKStatCaches.noindex/watchos27.0-24R360-e829b21a6f8c9b70876ba0858053c04477534ef55a1706bf4c1112bbb242f0a2.sdkstatcache -output-file-map /Users/admin/builder/spi-builder-workspace/.derivedData/Build/Intermediates.noindex/Sliders.build/Debug-watchos/Sliders-t.build/Objects-normal/arm64_32/Sliders-OutputFileMap.json -save-temps -no-color-diagnostics -explicit-module-build -module-cache-path /Users/admin/builder/spi-builder-workspace/.derivedData/Build/Intermediates.noindex/SwiftExplicitPrecompiledModules -clang-scanner-module-cache-path /Users/admin/builder/spi-builder-workspace/.derivedData/ModuleCache.noindex -sdk-module-cache-path /Users/admin/builder/spi-builder-workspace/.derivedData/SDKExplicitPrecompiledModules -emit-dependencies -emit-module -emit-module-path /Users/admin/builder/spi-builder-workspace/.derivedData/Build/Intermediates.noindex/Sliders.build/Debug-watchos/Sliders-t.build/Objects-normal/arm64_32/Sliders.swiftmodule -serialize-diagnostics -dependency-scan-serialize-diagnostics-path /Users/admin/builder/spi-builder-workspace/.derivedData/Build/Intermediates.noindex/Sliders.build/Debug-watchos/Sliders-t.build/Objects-normal/arm64_32/Sliders-dependency-scan.dia -user-module-version 2.0.2 -validate-clang-modules-once -clang-build-session-file /Users/admin/builder/spi-builder-workspace/.derivedData/ModuleCache.noindex/Session.modulevalidation -Xcc -fmodules-prune-interval\=86400 -Xcc -fmodules-prune-after\=345600 -package-name sliders -emit-const-values -const-gather-protocols-list /Users/admin/builder/spi-builder-workspace/.derivedData/Build/Intermediates.noindex/Sliders.build/Debug-watchos/Sliders-t.build/Objects-normal/arm64_32/Sliders_const_extract_protocols.json -Xcc -I/Users/admin/builder/spi-builder-workspace/.derivedData/Build/Products/Debug-watchos/include -Xcc -I/Users/admin/builder/spi-builder-workspace/.derivedData/Build/Intermediates.noindex/Sliders.build/Debug-watchos/Sliders-t.build/DerivedSources-normal/arm64_32 -Xcc -I/Users/admin/builder/spi-builder-workspace/.derivedData/Build/Intermediates.noindex/Sliders.build/Debug-watchos/Sliders-t.build/DerivedSources/arm64_32 -Xcc -I/Users/admin/builder/spi-builder-workspace/.derivedData/Build/Intermediates.noindex/Sliders.build/Debug-watchos/Sliders-t.build/DerivedSources -Xcc -DSWIFT_PACKAGE -Xcc -DDEBUG\=1 -emit-objc-header -emit-objc-header-path /Users/admin/builder/spi-builder-workspace/.derivedData/Build/Intermediates.noindex/Sliders.build/Debug-watchos/Sliders-t.build/Objects-normal/arm64_32/Sliders-Swift.h -working-directory /Users/admin/builder/spi-builder-workspace/.swiftpm/xcode -experimental-emit-module-separately -disable-cmo
SwiftDriver Sliders normal arm64 com.apple.xcode.tools.swift.compiler (in target 'Sliders' from project 'Sliders')
cd /Users/admin/builder/spi-builder-workspace/.swiftpm/xcode
builtin-SwiftDriver -- /Applications/Xcode-27.0.0-Release.Candidate.app/Contents/Developer/Toolchains/XcodeDefault.xctoolchain/usr/bin/swiftc -parse-as-library -module-name Sliders -Onone @/Users/admin/builder/spi-builder-workspace/.derivedData/Build/Intermediates.noindex/Sliders.build/Debug-watchos/Sliders-t.build/Objects-normal/arm64/Sliders.SwiftFileList -DSWIFT_PACKAGE -DDEBUG -DSWIFT_MODULE_RESOURCE_BUNDLE_UNAVAILABLE -DXcode -plugin-path /Applications/Xcode-27.0.0-Release.Candidate.app/Contents/Developer/Toolchains/XcodeDefault.xctoolchain/usr/lib/swift/host/plugins/testing -enable-experimental-feature DebugDescriptionMacro -sdk /Applications/Xcode-27.0.0-Release.Candidate.app/Contents/Developer/Platforms/WatchOS.platform/Developer/SDKs/WatchOS27.0.sdk -target arm64-apple-watchos9.0 -g -module-cache-path /Users/admin/builder/spi-builder-workspace/.derivedData/ModuleCache.noindex -Xfrontend -serialize-debugging-options -enable-testing -suppress-warnings -index-store-path /Users/admin/builder/spi-builder-workspace/.derivedData/Index.noindex/DataStore -Xcc -D_LIBCPP_HARDENING_MODE\=_LIBCPP_HARDENING_MODE_DEBUG -swift-version 6 -I /Users/admin/builder/spi-builder-workspace/.derivedData/Build/Products/Debug-watchos -Isystem /Applications/Xcode-27.0.0-Release.Candidate.app/Contents/Developer/Platforms/WatchOS.platform/Developer/usr/lib -F /Users/admin/builder/spi-builder-workspace/.derivedData/Build/Products/Debug-watchos -F /Applications/Xcode-27.0.0-Release.Candidate.app/Contents/Developer/Platforms/WatchOS.platform/Developer/Library/Frameworks -F /Applications/Xcode-27.0.0-Release.Candidate.app/Contents/Developer/Platforms/WatchOS.platform/Developer/SDKs/WatchOS27.0.sdk/Developer/Library/Frameworks -c -j10 -enable-batch-mode -incremental -Xcc -ivfsstatcache -Xcc /Users/admin/builder/spi-builder-workspace/.derivedData/SDKStatCaches.noindex/watchos27.0-24R360-e829b21a6f8c9b70876ba0858053c04477534ef55a1706bf4c1112bbb242f0a2.sdkstatcache -output-file-map /Users/admin/builder/spi-builder-workspace/.derivedData/Build/Intermediates.noindex/Sliders.build/Debug-watchos/Sliders-t.build/Objects-normal/arm64/Sliders-OutputFileMap.json -save-temps -no-color-diagnostics -explicit-module-build -module-cache-path /Users/admin/builder/spi-builder-workspace/.derivedData/Build/Intermediates.noindex/SwiftExplicitPrecompiledModules -clang-scanner-module-cache-path /Users/admin/builder/spi-builder-workspace/.derivedData/ModuleCache.noindex -sdk-module-cache-path /Users/admin/builder/spi-builder-workspace/.derivedData/SDKExplicitPrecompiledModules -emit-dependencies -emit-module -emit-module-path /Users/admin/builder/spi-builder-workspace/.derivedData/Build/Intermediates.noindex/Sliders.build/Debug-watchos/Sliders-t.build/Objects-normal/arm64/Sliders.swiftmodule -serialize-diagnostics -dependency-scan-serialize-diagnostics-path /Users/admin/builder/spi-builder-workspace/.derivedData/Build/Intermediates.noindex/Sliders.build/Debug-watchos/Sliders-t.build/Objects-normal/arm64/Sliders-dependency-scan.dia -user-module-version 2.0.2 -validate-clang-modules-once -clang-build-session-file /Users/admin/builder/spi-builder-workspace/.derivedData/ModuleCache.noindex/Session.modulevalidation -Xcc -fmodules-prune-interval\=86400 -Xcc -fmodules-prune-after\=345600 -package-name sliders -emit-const-values -const-gather-protocols-list /Users/admin/builder/spi-builder-workspace/.derivedData/Build/Intermediates.noindex/Sliders.build/Debug-watchos/Sliders-t.build/Objects-normal/arm64/Sliders_const_extract_protocols.json -Xcc -I/Users/admin/builder/spi-builder-workspace/.derivedData/Build/Products/Debug-watchos/include -Xcc -I/Users/admin/builder/spi-builder-workspace/.derivedData/Build/Intermediates.noindex/Sliders.build/Debug-watchos/Sliders-t.build/DerivedSources-normal/arm64 -Xcc -I/Users/admin/builder/spi-builder-workspace/.derivedData/Build/Intermediates.noindex/Sliders.build/Debug-watchos/Sliders-t.build/DerivedSources/arm64 -Xcc -I/Users/admin/builder/spi-builder-workspace/.derivedData/Build/Intermediates.noindex/Sliders.build/Debug-watchos/Sliders-t.build/DerivedSources -Xcc -DSWIFT_PACKAGE -Xcc -DDEBUG\=1 -emit-objc-header -emit-objc-header-path /Users/admin/builder/spi-builder-workspace/.derivedData/Build/Intermediates.noindex/Sliders.build/Debug-watchos/Sliders-t.build/Objects-normal/arm64/Sliders-Swift.h -working-directory /Users/admin/builder/spi-builder-workspace/.swiftpm/xcode -experimental-emit-module-separately -disable-cmo
SwiftExplicitDependencyGeneratePcm arm64 /Users/admin/builder/spi-builder-workspace/.derivedData/SDKExplicitPrecompiledModules/_AvailabilityInternal-42EVAC8Q6P1ZT6G3A168N97G4.pcm
SwiftExplicitDependencyGeneratePcm arm64 /Users/admin/builder/spi-builder-workspace/.derivedData/SDKExplicitPrecompiledModules/_Builtin_stdbool-B692L2PMR118794VVYBG37897.pcm
SwiftExplicitDependencyGeneratePcm arm64 /Users/admin/builder/spi-builder-workspace/.derivedData/SDKExplicitPrecompiledModules/DeveloperToolsSupport-CL5QT3CW0ZM498PFTWG64QMLA.pcm
SwiftExplicitDependencyGeneratePcm arm64 /Users/admin/builder/spi-builder-workspace/.derivedData/SDKExplicitPrecompiledModules/ptrauth-C7VQASAJ967Q4Q6SRD4I3CFWZ.pcm
SwiftExplicitDependencyGeneratePcm arm64 /Users/admin/builder/spi-builder-workspace/.derivedData/SDKExplicitPrecompiledModules/_Builtin_stdarg-3X4KLXUYEI0UGBILP4X7D0CYW.pcm
SwiftExplicitDependencyGeneratePcm arm64 /Users/admin/builder/spi-builder-workspace/.derivedData/SDKExplicitPrecompiledModules/_Builtin_float-E4M4A8689VXF1T7P7BV56IKBT.pcm
SwiftExplicitDependencyGeneratePcm arm64 /Users/admin/builder/spi-builder-workspace/.derivedData/SDKExplicitPrecompiledModules/_SwiftConcurrencyShims-CTPSFSTDCBVSSQFHL6I305U72.pcm
SwiftExplicitDependencyGeneratePcm arm64 /Users/admin/builder/spi-builder-workspace/.derivedData/SDKExplicitPrecompiledModules/ptrcheck-8K07997SIHO7YGY7UQ3LOQ3TJ.pcm
SwiftExplicitDependencyGeneratePcm arm64_32 /Users/admin/builder/spi-builder-workspace/.derivedData/SDKExplicitPrecompiledModules/DeveloperToolsSupport-3FQKKPF3BW0SWE1YUZ86OZWIB.pcm
SwiftExplicitDependencyGeneratePcm arm64_32 /Users/admin/builder/spi-builder-workspace/.derivedData/SDKExplicitPrecompiledModules/_SwiftConcurrencyShims-58G4ISYSYDV3AT1DDGEE0QCUF.pcm
SwiftExplicitDependencyGeneratePcm arm64_32 /Users/admin/builder/spi-builder-workspace/.derivedData/SDKExplicitPrecompiledModules/_Builtin_stdbool-84ZA1VDW90AGWZ2LF5KOCM8DZ.pcm
SwiftExplicitDependencyGeneratePcm arm64_32 /Users/admin/builder/spi-builder-workspace/.derivedData/SDKExplicitPrecompiledModules/SwiftShims-D9VBB138U50XYYGW2C2V21N3L.pcm
SwiftExplicitDependencyGeneratePcm arm64_32 /Users/admin/builder/spi-builder-workspace/.derivedData/SDKExplicitPrecompiledModules/_Builtin_float-372PLGDQ1U3B6Z5EA5DJMDORJ.pcm
SwiftExplicitDependencyGeneratePcm arm64_32 /Users/admin/builder/spi-builder-workspace/.derivedData/SDKExplicitPrecompiledModules/ptrcheck-EAZ3I917ZFA9H6ZCL6PGLG4TR.pcm
SwiftExplicitDependencyGeneratePcm arm64_32 /Users/admin/builder/spi-builder-workspace/.derivedData/SDKExplicitPrecompiledModules/ptrauth-EW7YZZ7LEZE1QZF2T8148IPSA.pcm
SwiftExplicitDependencyGeneratePcm arm64 /Users/admin/builder/spi-builder-workspace/.derivedData/SDKExplicitPrecompiledModules/SwiftShims-AJ4AZYHQNC33R5RLN7AGEIOMP.pcm
SwiftExplicitDependencyGeneratePcm arm64_32 /Users/admin/builder/spi-builder-workspace/.derivedData/SDKExplicitPrecompiledModules/_AvailabilityInternal-22ZP1ILSQW16KHXZS5GBZHOCS.pcm
SwiftExplicitDependencyGeneratePcm arm64_32 /Users/admin/builder/spi-builder-workspace/.derivedData/SDKExplicitPrecompiledModules/_Builtin_stdarg-EYJP6DFYQL9GJLH1TJ84A8MHV.pcm
SwiftExplicitDependencyGeneratePcm arm64_32 /Users/admin/builder/spi-builder-workspace/.derivedData/SDKExplicitPrecompiledModules/_Builtin_stddef-2F9BFIPBQ5EWNSK5G7G7V4EKL.pcm
SwiftExplicitDependencyGeneratePcm arm64 /Users/admin/builder/spi-builder-workspace/.derivedData/SDKExplicitPrecompiledModules/_Builtin_stddef-5OH846KKUPSJJT7GCX9XU1TKG.pcm
SwiftExplicitDependencyGeneratePcm arm64 /Users/admin/builder/spi-builder-workspace/.derivedData/SDKExplicitPrecompiledModules/_DarwinFoundation1-7YQ9TVI7XTOGQU9OADRXP33D1.pcm
SwiftExplicitDependencyGeneratePcm arm64_32 /Users/admin/builder/spi-builder-workspace/.derivedData/SDKExplicitPrecompiledModules/_DarwinFoundation1-5SNIO0SFHX9KJZTLQGIPAPXUZ.pcm
SwiftExplicitDependencyGeneratePcm arm64 /Users/admin/builder/spi-builder-workspace/.derivedData/SDKExplicitPrecompiledModules/_DarwinFoundation2-CUPL4FH2SA95GMALQP4M6O8UA.pcm
SwiftExplicitDependencyGeneratePcm arm64 /Users/admin/builder/spi-builder-workspace/.derivedData/SDKExplicitPrecompiledModules/_Builtin_limits-75TRA1C7IHYOFCG3KJXQVTHJ4.pcm
SwiftExplicitDependencyGeneratePcm arm64_32 /Users/admin/builder/spi-builder-workspace/.derivedData/SDKExplicitPrecompiledModules/_Builtin_limits-AQMEC9CLG0FZQN6TLGDQ6WF78.pcm
SwiftExplicitDependencyGeneratePcm arm64_32 /Users/admin/builder/spi-builder-workspace/.derivedData/SDKExplicitPrecompiledModules/_DarwinFoundation2-FP2Q8F1Q2HR151SBYKTU6Q8B.pcm
SwiftExplicitDependencyGeneratePcm arm64 /Users/admin/builder/spi-builder-workspace/.derivedData/SDKExplicitPrecompiledModules/sys_types-9KPVYINL86WUSHF45TU8PWZZ1.pcm
SwiftExplicitDependencyGeneratePcm arm64 /Users/admin/builder/spi-builder-workspace/.derivedData/SDKExplicitPrecompiledModules/_Builtin_tgmath-7JP2AE1NQHA1DV5JYP2OHQ3BF.pcm
SwiftExplicitDependencyGeneratePcm arm64 /Users/admin/builder/spi-builder-workspace/.derivedData/SDKExplicitPrecompiledModules/string_h-4N9Z22C0HUO8GV7GFPCLZRZA2.pcm
SwiftExplicitDependencyGeneratePcm arm64 /Users/admin/builder/spi-builder-workspace/.derivedData/SDKExplicitPrecompiledModules/_Builtin_stdint-6TUACK4YPMARFT56PLIO388SJ.pcm
SwiftExplicitDependencyGeneratePcm arm64_32 /Users/admin/builder/spi-builder-workspace/.derivedData/SDKExplicitPrecompiledModules/_Builtin_tgmath-414CVW1GW3IL0HRLCNNCS6Q0U.pcm
SwiftExplicitDependencyGeneratePcm arm64_32 /Users/admin/builder/spi-builder-workspace/.derivedData/SDKExplicitPrecompiledModules/string_h-8QY7P4ZQXQAF14WVDITTM4R70.pcm
SwiftExplicitDependencyGeneratePcm arm64_32 /Users/admin/builder/spi-builder-workspace/.derivedData/SDKExplicitPrecompiledModules/_Builtin_stdint-6IWJLTRH2WB6RCG4THPA65RDS.pcm
SwiftExplicitDependencyGeneratePcm arm64_32 /Users/admin/builder/spi-builder-workspace/.derivedData/SDKExplicitPrecompiledModules/sys_types-65NN51P1G7GN2GUAUPC53JJ7N.pcm
SwiftExplicitDependencyGeneratePcm arm64 /Users/admin/builder/spi-builder-workspace/.derivedData/SDKExplicitPrecompiledModules/_Builtin_intrinsics-SQV576LJA0QE7RW5HF7CQ1BX.pcm
SwiftExplicitDependencyGeneratePcm arm64 /Users/admin/builder/spi-builder-workspace/.derivedData/SDKExplicitPrecompiledModules/_Builtin_stdatomic-25T9UW3XDYID74302F31PX0RP.pcm
SwiftExplicitDependencyGeneratePcm arm64 /Users/admin/builder/spi-builder-workspace/.derivedData/SDKExplicitPrecompiledModules/_DarwinFoundation3-EJXZKD8LN9EYM9OWP9VLJ49PK.pcm
SwiftExplicitDependencyGeneratePcm arm64_32 /Users/admin/builder/spi-builder-workspace/.derivedData/SDKExplicitPrecompiledModules/_Builtin_stdatomic-D2FE5M7JS5NQA5JDADVERWJM4.pcm
SwiftExplicitDependencyGeneratePcm arm64_32 /Users/admin/builder/spi-builder-workspace/.derivedData/SDKExplicitPrecompiledModules/_Builtin_intrinsics-2K07JIG9ZANIKHSNPO3O6L1K6.pcm
SwiftExplicitDependencyGeneratePcm arm64_32 /Users/admin/builder/spi-builder-workspace/.derivedData/SDKExplicitPrecompiledModules/_DarwinFoundation3-3YOBOPIW2MF1LRNQH7JBUBY4G.pcm
SwiftExplicitDependencyGeneratePcm arm64 /Users/admin/builder/spi-builder-workspace/.derivedData/SDKExplicitPrecompiledModules/_Builtin_inttypes-86YTNV5YADPJXFMJ82N3R4GWQ.pcm
SwiftExplicitDependencyGeneratePcm arm64_32 /Users/admin/builder/spi-builder-workspace/.derivedData/SDKExplicitPrecompiledModules/_Builtin_inttypes-BPZJ68HW1IMYWSHROAZ0IMUJP.pcm
SwiftExplicitDependencyGeneratePcm arm64 /Users/admin/builder/spi-builder-workspace/.derivedData/SDKExplicitPrecompiledModules/Darwin-CSB8C43KELVSFIQVR0803IZPN.pcm
SwiftExplicitDependencyGeneratePcm arm64_32 /Users/admin/builder/spi-builder-workspace/.derivedData/SDKExplicitPrecompiledModules/Darwin-10D35ZJWCWG7LJAF579U7I5V7.pcm
SwiftExplicitDependencyGeneratePcm arm64 /Users/admin/builder/spi-builder-workspace/.derivedData/SDKExplicitPrecompiledModules/simd-2C11HKTI5TJB05T724EWNFZXD.pcm
SwiftExplicitDependencyGeneratePcm arm64_32 /Users/admin/builder/spi-builder-workspace/.derivedData/SDKExplicitPrecompiledModules/simd-1W6O8NR1QUSWJGAN44DNNWVHX.pcm
SwiftExplicitDependencyGeneratePcm arm64 /Users/admin/builder/spi-builder-workspace/.derivedData/SDKExplicitPrecompiledModules/ObjectiveC-22CZPC4WYQC9G8T393WT2KKLW.pcm
SwiftExplicitDependencyGeneratePcm arm64 /Users/admin/builder/spi-builder-workspace/.derivedData/SDKExplicitPrecompiledModules/MachO-4RYXFVY68ZDEUZYFMVL57WEKU.pcm
SwiftExplicitDependencyGeneratePcm arm64_32 /Users/admin/builder/spi-builder-workspace/.derivedData/SDKExplicitPrecompiledModules/MachO-F47JQRYVH1SLPOQSJD8RK9MSX.pcm
SwiftExplicitDependencyGeneratePcm arm64_32 /Users/admin/builder/spi-builder-workspace/.derivedData/SDKExplicitPrecompiledModules/ObjectiveC-71AGZNHLBMR2QK817EJNUN54E.pcm
SwiftExplicitDependencyGeneratePcm arm64 /Users/admin/builder/spi-builder-workspace/.derivedData/SDKExplicitPrecompiledModules/os_object-6KYGGZ4DPVZ3BBAZ6QICZN8LI.pcm
SwiftExplicitDependencyGeneratePcm arm64_32 /Users/admin/builder/spi-builder-workspace/.derivedData/SDKExplicitPrecompiledModules/os_object-CTXVQBCWDOH6JHUXIFDUOWFRL.pcm
SwiftExplicitDependencyGeneratePcm arm64 /Users/admin/builder/spi-builder-workspace/.derivedData/SDKExplicitPrecompiledModules/os_workgroup-AHE7ULDQBKER38CYPIKDTZF4M.pcm
SwiftExplicitDependencyGeneratePcm arm64_32 /Users/admin/builder/spi-builder-workspace/.derivedData/SDKExplicitPrecompiledModules/os_workgroup-9L9R05BT5LTFRZ2NM68BZTVV2.pcm
SwiftExplicitDependencyGeneratePcm arm64 /Users/admin/builder/spi-builder-workspace/.derivedData/SDKExplicitPrecompiledModules/Spatial-EZKKX4XFW72RZCTOIG80Z93AP.pcm
SwiftExplicitDependencyGeneratePcm arm64 /Users/admin/builder/spi-builder-workspace/.derivedData/SDKExplicitPrecompiledModules/Dispatch-39VR0G01IUJ09PQKMFGOHXZ4L.pcm
SwiftExplicitDependencyGeneratePcm arm64_32 /Users/admin/builder/spi-builder-workspace/.derivedData/SDKExplicitPrecompiledModules/Spatial-4XS0QRL16224ZE9KE9TMKASKT.pcm
SwiftExplicitDependencyGeneratePcm arm64_32 /Users/admin/builder/spi-builder-workspace/.derivedData/SDKExplicitPrecompiledModules/Dispatch-CGIMI9KQKHNRQHR2IECIPRG14.pcm
SwiftExplicitDependencyGeneratePcm arm64 /Users/admin/builder/spi-builder-workspace/.derivedData/SDKExplicitPrecompiledModules/CoreFoundation-59XKO8YNRGGYNC5U5LK8B4EM.pcm
SwiftExplicitDependencyGeneratePcm arm64 /Users/admin/builder/spi-builder-workspace/.derivedData/SDKExplicitPrecompiledModules/XPC-650JAZBTM6I0OMHYO6CKM0CWJ.pcm
SwiftExplicitDependencyGeneratePcm arm64_32 /Users/admin/builder/spi-builder-workspace/.derivedData/SDKExplicitPrecompiledModules/XPC-7SLKI45KYLKXH9QET2WYS3UZ4.pcm
SwiftExplicitDependencyGeneratePcm arm64_32 /Users/admin/builder/spi-builder-workspace/.derivedData/SDKExplicitPrecompiledModules/CoreFoundation-76B9WJP9MDYT33HZQVSNNZQZD.pcm
SwiftExplicitDependencyGeneratePcm arm64 /Users/admin/builder/spi-builder-workspace/.derivedData/SDKExplicitPrecompiledModules/os-6BCTB8I5DCBBKFJ0Y0G4WQDDJ.pcm
SwiftExplicitDependencyGeneratePcm arm64_32 /Users/admin/builder/spi-builder-workspace/.derivedData/SDKExplicitPrecompiledModules/os-D9NWGT7PQGY2OD43XMA2KGLJK.pcm
SwiftExplicitDependencyGeneratePcm arm64 /Users/admin/builder/spi-builder-workspace/.derivedData/SDKExplicitPrecompiledModules/Security-69WNGEAVQP55EDBQHP3BLE8QU.pcm
SwiftExplicitDependencyGeneratePcm arm64 /Users/admin/builder/spi-builder-workspace/.derivedData/SDKExplicitPrecompiledModules/CoreGraphics-5488DA9QVJJ7QOFXPYOYIYFUX.pcm
SwiftExplicitDependencyGeneratePcm arm64 /Users/admin/builder/spi-builder-workspace/.derivedData/SDKExplicitPrecompiledModules/CoreAudioTypes-51SR7UBHOMSGMEPVFS6PLSR4M.pcm
SwiftExplicitDependencyGeneratePcm arm64_32 /Users/admin/builder/spi-builder-workspace/.derivedData/SDKExplicitPrecompiledModules/Security-1W411BS4UH2UNMNII2341429S.pcm
SwiftExplicitDependencyGeneratePcm arm64_32 /Users/admin/builder/spi-builder-workspace/.derivedData/SDKExplicitPrecompiledModules/CoreAudioTypes-AY6JAXDJMW2FLVG4UD79375PW.pcm
SwiftExplicitDependencyGeneratePcm arm64_32 /Users/admin/builder/spi-builder-workspace/.derivedData/SDKExplicitPrecompiledModules/CoreGraphics-A4WOQTM8SYZAQP223LI6RRPEK.pcm
SwiftExplicitDependencyGeneratePcm arm64 /Users/admin/builder/spi-builder-workspace/.derivedData/SDKExplicitPrecompiledModules/CoreAudio-368NRGVYQ33J8K75Y2DSNU06Y.pcm
SwiftExplicitDependencyGeneratePcm arm64_32 /Users/admin/builder/spi-builder-workspace/.derivedData/SDKExplicitPrecompiledModules/CoreAudio-1FTJGW5ZM9ZN5IKPBE4A9LGNF.pcm
SwiftExplicitDependencyGeneratePcm arm64 /Users/admin/builder/spi-builder-workspace/.derivedData/SDKExplicitPrecompiledModules/Foundation-B3IXODHI7VO4VRX2RWRXLVJZT.pcm
SwiftExplicitDependencyGeneratePcm arm64_32 /Users/admin/builder/spi-builder-workspace/.derivedData/SDKExplicitPrecompiledModules/Foundation-AIQ30TCDC2B0LBUU6FPQZ0HWI.pcm
SwiftExplicitDependencyGeneratePcm arm64 /Users/admin/builder/spi-builder-workspace/.derivedData/SDKExplicitPrecompiledModules/CoreVideo-2YRZ292TS6QDW2V2V92NZMPWM.pcm
SwiftExplicitDependencyGeneratePcm arm64 /Users/admin/builder/spi-builder-workspace/.derivedData/SDKExplicitPrecompiledModules/CoreText-BEC0M2J7FJN53VXNFDZDKL9U2.pcm
SwiftExplicitDependencyGeneratePcm arm64_32 /Users/admin/builder/spi-builder-workspace/.derivedData/SDKExplicitPrecompiledModules/CoreText-34U50N378SZT64826L0B62MN6.pcm
SwiftExplicitDependencyGeneratePcm arm64_32 /Users/admin/builder/spi-builder-workspace/.derivedData/SDKExplicitPrecompiledModules/CoreVideo-BX0NALWCB2F1YOTF0NZGV9FWU.pcm
SwiftExplicitDependencyGeneratePcm arm64 /Users/admin/builder/spi-builder-workspace/.derivedData/SDKExplicitPrecompiledModules/CoreMedia-EO02G285WTXB0RPNG3DP9O9VN.pcm
SwiftExplicitDependencyGeneratePcm arm64_32 /Users/admin/builder/spi-builder-workspace/.derivedData/SDKExplicitPrecompiledModules/CoreMedia-CU8J9TNJY5EX43FQOPTAAHU29.pcm
SwiftExplicitDependencyGeneratePcm arm64 /Users/admin/builder/spi-builder-workspace/.derivedData/SDKExplicitPrecompiledModules/UserNotifications-7VIERZPAA371031RT8VBKFYKJ.pcm
SwiftExplicitDependencyGeneratePcm arm64 /Users/admin/builder/spi-builder-workspace/.derivedData/SDKExplicitPrecompiledModules/QuartzCore-BRDP6VIMJ6A6HG4W4NYXZ8BI3.pcm
SwiftExplicitDependencyGeneratePcm arm64 /Users/admin/builder/spi-builder-workspace/.derivedData/SDKExplicitPrecompiledModules/SceneKit-4VPDXW2J8W40JMX88G7X30C4G.pcm
SwiftExplicitDependencyGeneratePcm arm64 /Users/admin/builder/spi-builder-workspace/.derivedData/SDKExplicitPrecompiledModules/_LocationEssentials-C3HYVW8P89QAUDLD9VRHUF48Q.pcm
SwiftExplicitDependencyGeneratePcm arm64 /Users/admin/builder/spi-builder-workspace/.derivedData/SDKExplicitPrecompiledModules/CoreTransferable-EULYJN53RZTIP2D6F171CT1YZ.pcm
SwiftExplicitDependencyGeneratePcm arm64 /Users/admin/builder/spi-builder-workspace/.derivedData/SDKExplicitPrecompiledModules/CoreData-DAEI6Z48P97TYC3SMMGLERAJ5.pcm
SwiftExplicitDependencyGeneratePcm arm64 /Users/admin/builder/spi-builder-workspace/.derivedData/SDKExplicitPrecompiledModules/UniformTypeIdentifiers-47SS6PHE8KOUZX5UOQUNKH397.pcm
SwiftExplicitDependencyGeneratePcm arm64 /Users/admin/builder/spi-builder-workspace/.derivedData/SDKExplicitPrecompiledModules/Symbols-B8SNL2YULCKW9SYIL0T5QLMV.pcm
SwiftExplicitDependencyGeneratePcm arm64 /Users/admin/builder/spi-builder-workspace/.derivedData/SDKExplicitPrecompiledModules/Accessibility-DB0V1GY4JDAXG2CZ5MW826DDE.pcm
SwiftExplicitDependencyGeneratePcm arm64 /Users/admin/builder/spi-builder-workspace/.derivedData/SDKExplicitPrecompiledModules/UIUtilities-AR3EDJH6PMDGNUXQGV2JND65S.pcm
SwiftExplicitDependencyGeneratePcm arm64_32 /Users/admin/builder/spi-builder-workspace/.derivedData/SDKExplicitPrecompiledModules/QuartzCore-72UYR37X0O2APTD1XMSJ20X5X.pcm
SwiftExplicitDependencyGeneratePcm arm64_32 /Users/admin/builder/spi-builder-workspace/.derivedData/SDKExplicitPrecompiledModules/SceneKit-CLOM4E4D45A8A94N3QNHOVW3H.pcm
SwiftExplicitDependencyGeneratePcm arm64_32 /Users/admin/builder/spi-builder-workspace/.derivedData/SDKExplicitPrecompiledModules/UserNotifications-F5AOMF9V2Y10QV8U00QNX8B7Q.pcm
SwiftExplicitDependencyGeneratePcm arm64 /Users/admin/builder/spi-builder-workspace/.derivedData/SDKExplicitPrecompiledModules/CoreLocation-B0A9Z3B1UDU8OLBQROLWD03N3.pcm
SwiftExplicitDependencyGeneratePcm arm64_32 /Users/admin/builder/spi-builder-workspace/.derivedData/SDKExplicitPrecompiledModules/CoreTransferable-DSXZOKFM7XQLZ0FRNNKFDWZT0.pcm
SwiftExplicitDependencyGeneratePcm arm64_32 /Users/admin/builder/spi-builder-workspace/.derivedData/SDKExplicitPrecompiledModules/UniformTypeIdentifiers-EH256724QTCKT0XATY095QHVP.pcm
SwiftExplicitDependencyGeneratePcm arm64_32 /Users/admin/builder/spi-builder-workspace/.derivedData/SDKExplicitPrecompiledModules/OSLog-DXCLJ0K1EEBRV5MFYJOV1HIUX.pcm
SwiftExplicitDependencyGeneratePcm arm64_32 /Users/admin/builder/spi-builder-workspace/.derivedData/SDKExplicitPrecompiledModules/Accessibility-BBXP8Z81UOB3UBBTO3GG9FEEO.pcm
SwiftExplicitDependencyGeneratePcm arm64 /Users/admin/builder/spi-builder-workspace/.derivedData/SDKExplicitPrecompiledModules/SwiftUICore-D4BOUT6VJWDXKNATG8P2F95W3.pcm
SwiftExplicitDependencyGeneratePcm arm64_32 /Users/admin/builder/spi-builder-workspace/.derivedData/SDKExplicitPrecompiledModules/UIUtilities-ABH83C7CSGMIJAARTF384TV0L.pcm
SwiftExplicitDependencyGeneratePcm arm64_32 /Users/admin/builder/spi-builder-workspace/.derivedData/SDKExplicitPrecompiledModules/CoreData-6STZ9DXY0E1K8LHUUEU1F4SE.pcm
SwiftExplicitDependencyGeneratePcm arm64_32 /Users/admin/builder/spi-builder-workspace/.derivedData/SDKExplicitPrecompiledModules/_LocationEssentials-1XWTF8V96VX3IAHKJO7PJZDU0.pcm
SwiftExplicitDependencyGeneratePcm arm64_32 /Users/admin/builder/spi-builder-workspace/.derivedData/SDKExplicitPrecompiledModules/Symbols-DP67QJL9W7VSYP70ZVEBE3KRT.pcm
SwiftExplicitDependencyGeneratePcm arm64_32 /Users/admin/builder/spi-builder-workspace/.derivedData/SDKExplicitPrecompiledModules/DataDetection-8EDL8T61430CB5CU94L1E3L0C.pcm
SwiftExplicitDependencyGeneratePcm arm64 /Users/admin/builder/spi-builder-workspace/.derivedData/SDKExplicitPrecompiledModules/DataDetection-8RQ09UCIV0XSYRF8TQQD54MWN.pcm
SwiftExplicitDependencyGeneratePcm arm64 /Users/admin/builder/spi-builder-workspace/.derivedData/SDKExplicitPrecompiledModules/CoreMotion-70RNUQRT1QM2F8WR42WPP4KQV.pcm
SwiftExplicitDependencyGeneratePcm arm64_32 /Users/admin/builder/spi-builder-workspace/.derivedData/SDKExplicitPrecompiledModules/SwiftUICore-TURER010MQ2QH6SN4BGDJJKP.pcm
SwiftExplicitDependencyGeneratePcm arm64 /Users/admin/builder/spi-builder-workspace/.derivedData/SDKExplicitPrecompiledModules/OSLog-ESJZZ70KT229YQNKF5CWYQVLA.pcm
SwiftExplicitDependencyGeneratePcm arm64_32 /Users/admin/builder/spi-builder-workspace/.derivedData/SDKExplicitPrecompiledModules/CoreLocation-4AZRAZ8X3W0CS36SZ1GS4LT05.pcm
SwiftExplicitDependencyGeneratePcm arm64 /Users/admin/builder/spi-builder-workspace/.derivedData/SDKExplicitPrecompiledModules/UIKit-2XWL6VFNA7WRWSTXI42YLU909.pcm
SwiftExplicitDependencyGeneratePcm arm64_32 /Users/admin/builder/spi-builder-workspace/.derivedData/SDKExplicitPrecompiledModules/CoreMotion-E9C6K7MOTJF3RC93DULCZ130U.pcm
SwiftExplicitDependencyGeneratePcm arm64_32 /Users/admin/builder/spi-builder-workspace/.derivedData/SDKExplicitPrecompiledModules/UIKit-BGAQE5HOOTG6M9C46O1HHPCDR.pcm
SwiftExplicitDependencyGeneratePcm arm64 /Users/admin/builder/spi-builder-workspace/.derivedData/SDKExplicitPrecompiledModules/MapKit-5U4CPBNVICOGB0BBK9BC7P4E9.pcm
SwiftExplicitDependencyGeneratePcm arm64 /Users/admin/builder/spi-builder-workspace/.derivedData/SDKExplicitPrecompiledModules/HomeKit-2JD3RMVTK0MFX7K570KHTLBBH.pcm
SwiftExplicitDependencyGeneratePcm arm64_32 /Users/admin/builder/spi-builder-workspace/.derivedData/SDKExplicitPrecompiledModules/HomeKit-DXH34ZWEY4P4FEELCOH3LXVCR.pcm
SwiftExplicitDependencyGeneratePcm arm64_32 /Users/admin/builder/spi-builder-workspace/.derivedData/SDKExplicitPrecompiledModules/MapKit-3RCPMYWFYVKLOR1JJH1M1L7O6.pcm
SwiftExplicitDependencyGeneratePcm arm64 /Users/admin/builder/spi-builder-workspace/.derivedData/SDKExplicitPrecompiledModules/WatchKit-22L6Z003SE8XPQ9JS14K57C9N.pcm
SwiftExplicitDependencyGeneratePcm arm64 /Users/admin/builder/spi-builder-workspace/.derivedData/SDKExplicitPrecompiledModules/SwiftUI-E6XJI4PF1Q2HPTXKL91GWARU6.pcm
SwiftExplicitDependencyGeneratePcm arm64_32 /Users/admin/builder/spi-builder-workspace/.derivedData/SDKExplicitPrecompiledModules/WatchKit-7IATJTA58S6OFDEYHG9JSLLDQ.pcm
SwiftCompile normal arm64 Compiling\ Path+Extensions.swift /Users/admin/builder/spi-builder-workspace/.dependencies/checkouts/Sliders/Sources/Sliders/Utilities/Path+Extensions.swift (in target 'Sliders' from project 'Sliders')
SwiftCompile normal arm64 /Users/admin/builder/spi-builder-workspace/.dependencies/checkouts/Sliders/Sources/Sliders/Utilities/Path+Extensions.swift (in target 'Sliders' from project 'Sliders')
cd /Users/admin/builder/spi-builder-workspace/.swiftpm/xcode
builtin-SwiftPerFileCompile Path+Extensions.swift
SwiftEmitModule normal arm64 Emitting\ module\ for\ Sliders (in target 'Sliders' from project 'Sliders')
SwiftCompile normal arm64 (in target 'Sliders' from project 'Sliders')
cd /Users/admin/builder/spi-builder-workspace/.swiftpm/xcode
SwiftCompile normal arm64 Compiling\ CoreGraphics+Extensions.swift /Users/admin/builder/spi-builder-workspace/.dependencies/checkouts/Sliders/Sources/Sliders/Utilities/CoreGraphics+Extensions.swift (in target 'Sliders' from project 'Sliders')
SwiftCompile normal arm64 /Users/admin/builder/spi-builder-workspace/.dependencies/checkouts/Sliders/Sources/Sliders/Utilities/CoreGraphics+Extensions.swift (in target 'Sliders' from project 'Sliders')
cd /Users/admin/builder/spi-builder-workspace/.swiftpm/xcode
builtin-SwiftPerFileCompile CoreGraphics+Extensions.swift
SwiftCompile normal arm64 Compiling\ TickMarks.swift /Users/admin/builder/spi-builder-workspace/.dependencies/checkouts/Sliders/Sources/Sliders/Utilities/TickMarks.swift (in target 'Sliders' from project 'Sliders')
SwiftCompile normal arm64 /Users/admin/builder/spi-builder-workspace/.dependencies/checkouts/Sliders/Sources/Sliders/Utilities/TickMarks.swift (in target 'Sliders' from project 'Sliders')
cd /Users/admin/builder/spi-builder-workspace/.swiftpm/xcode
builtin-SwiftPerFileCompile TickMarks.swift
SwiftCompile normal arm64 Compiling\ RadialSlider.swift /Users/admin/builder/spi-builder-workspace/.dependencies/checkouts/Sliders/Sources/Sliders/RadialSlider.swift (in target 'Sliders' from project 'Sliders')
SwiftCompile normal arm64 /Users/admin/builder/spi-builder-workspace/.dependencies/checkouts/Sliders/Sources/Sliders/RadialSlider.swift (in target 'Sliders' from project 'Sliders')
cd /Users/admin/builder/spi-builder-workspace/.swiftpm/xcode
builtin-SwiftPerFileCompile RadialSlider.swift
SwiftCompile normal arm64 Compiling\ TrackPad.swift /Users/admin/builder/spi-builder-workspace/.dependencies/checkouts/Sliders/Sources/Sliders/TrackPad.swift (in target 'Sliders' from project 'Sliders')
SwiftCompile normal arm64 /Users/admin/builder/spi-builder-workspace/.dependencies/checkouts/Sliders/Sources/Sliders/TrackPad.swift (in target 'Sliders' from project 'Sliders')
cd /Users/admin/builder/spi-builder-workspace/.swiftpm/xcode
builtin-SwiftPerFileCompile TrackPad.swift
SwiftCompile normal arm64 Compiling\ RadialPad.swift /Users/admin/builder/spi-builder-workspace/.dependencies/checkouts/Sliders/Sources/Sliders/RadialPad.swift (in target 'Sliders' from project 'Sliders')
SwiftCompile normal arm64 /Users/admin/builder/spi-builder-workspace/.dependencies/checkouts/Sliders/Sources/Sliders/RadialPad.swift (in target 'Sliders' from project 'Sliders')
cd /Users/admin/builder/spi-builder-workspace/.swiftpm/xcode
builtin-SwiftPerFileCompile RadialPad.swift
SwiftCompile normal arm64 Compiling\ OverFlowSlider.swift /Users/admin/builder/spi-builder-workspace/.dependencies/checkouts/Sliders/Sources/Sliders/OverFlowSlider.swift (in target 'Sliders' from project 'Sliders')
SwiftCompile normal arm64 /Users/admin/builder/spi-builder-workspace/.dependencies/checkouts/Sliders/Sources/Sliders/OverFlowSlider.swift (in target 'Sliders' from project 'Sliders')
cd /Users/admin/builder/spi-builder-workspace/.swiftpm/xcode
builtin-SwiftPerFileCompile OverFlowSlider.swift
SwiftCompile normal arm64 Compiling\ Joystick.swift,\ LSlider.swift /Users/admin/builder/spi-builder-workspace/.dependencies/checkouts/Sliders/Sources/Sliders/Joystick.swift /Users/admin/builder/spi-builder-workspace/.dependencies/checkouts/Sliders/Sources/Sliders/LSlider.swift (in target 'Sliders' from project 'Sliders')
SwiftCompile normal arm64 /Users/admin/builder/spi-builder-workspace/.dependencies/checkouts/Sliders/Sources/Sliders/Joystick.swift (in target 'Sliders' from project 'Sliders')
cd /Users/admin/builder/spi-builder-workspace/.swiftpm/xcode
builtin-SwiftPerFileCompile Joystick.swift
SwiftCompile normal arm64 /Users/admin/builder/spi-builder-workspace/.dependencies/checkouts/Sliders/Sources/Sliders/LSlider.swift (in target 'Sliders' from project 'Sliders')
cd /Users/admin/builder/spi-builder-workspace/.swiftpm/xcode
builtin-SwiftPerFileCompile LSlider.swift
SwiftCompile normal arm64 Compiling\ PSlider.swift /Users/admin/builder/spi-builder-workspace/.dependencies/checkouts/Sliders/Sources/Sliders/PSlider.swift (in target 'Sliders' from project 'Sliders')
SwiftCompile normal arm64 /Users/admin/builder/spi-builder-workspace/.dependencies/checkouts/Sliders/Sources/Sliders/PSlider.swift (in target 'Sliders' from project 'Sliders')
cd /Users/admin/builder/spi-builder-workspace/.swiftpm/xcode
builtin-SwiftPerFileCompile PSlider.swift
SwiftExplicitDependencyGeneratePcm arm64_32 /Users/admin/builder/spi-builder-workspace/.derivedData/SDKExplicitPrecompiledModules/SwiftUI-6DR5UJH94SD7QMITGWNAX9FBI.pcm
SwiftDriverJobDiscovery normal arm64 Emitting module for Sliders (in target 'Sliders' from project 'Sliders')
SwiftDriver\ Compilation\ Requirements Sliders normal arm64 com.apple.xcode.tools.swift.compiler (in target 'Sliders' from project 'Sliders')
cd /Users/admin/builder/spi-builder-workspace/.swiftpm/xcode
builtin-Swift-Compilation-Requirements -- /Applications/Xcode-27.0.0-Release.Candidate.app/Contents/Developer/Toolchains/XcodeDefault.xctoolchain/usr/bin/swiftc -parse-as-library -module-name Sliders -Onone @/Users/admin/builder/spi-builder-workspace/.derivedData/Build/Intermediates.noindex/Sliders.build/Debug-watchos/Sliders-t.build/Objects-normal/arm64/Sliders.SwiftFileList -DSWIFT_PACKAGE -DDEBUG -DSWIFT_MODULE_RESOURCE_BUNDLE_UNAVAILABLE -DXcode -plugin-path /Applications/Xcode-27.0.0-Release.Candidate.app/Contents/Developer/Toolchains/XcodeDefault.xctoolchain/usr/lib/swift/host/plugins/testing -enable-experimental-feature DebugDescriptionMacro -sdk /Applications/Xcode-27.0.0-Release.Candidate.app/Contents/Developer/Platforms/WatchOS.platform/Developer/SDKs/WatchOS27.0.sdk -target arm64-apple-watchos9.0 -g -module-cache-path /Users/admin/builder/spi-builder-workspace/.derivedData/ModuleCache.noindex -Xfrontend -serialize-debugging-options -enable-testing -suppress-warnings -index-store-path /Users/admin/builder/spi-builder-workspace/.derivedData/Index.noindex/DataStore -Xcc -D_LIBCPP_HARDENING_MODE\=_LIBCPP_HARDENING_MODE_DEBUG -swift-version 6 -I /Users/admin/builder/spi-builder-workspace/.derivedData/Build/Products/Debug-watchos -Isystem /Applications/Xcode-27.0.0-Release.Candidate.app/Contents/Developer/Platforms/WatchOS.platform/Developer/usr/lib -F /Users/admin/builder/spi-builder-workspace/.derivedData/Build/Products/Debug-watchos -F /Applications/Xcode-27.0.0-Release.Candidate.app/Contents/Developer/Platforms/WatchOS.platform/Developer/Library/Frameworks -F /Applications/Xcode-27.0.0-Release.Candidate.app/Contents/Developer/Platforms/WatchOS.platform/Developer/SDKs/WatchOS27.0.sdk/Developer/Library/Frameworks -c -j10 -enable-batch-mode -incremental -Xcc -ivfsstatcache -Xcc /Users/admin/builder/spi-builder-workspace/.derivedData/SDKStatCaches.noindex/watchos27.0-24R360-e829b21a6f8c9b70876ba0858053c04477534ef55a1706bf4c1112bbb242f0a2.sdkstatcache -output-file-map /Users/admin/builder/spi-builder-workspace/.derivedData/Build/Intermediates.noindex/Sliders.build/Debug-watchos/Sliders-t.build/Objects-normal/arm64/Sliders-OutputFileMap.json -save-temps -no-color-diagnostics -explicit-module-build -module-cache-path /Users/admin/builder/spi-builder-workspace/.derivedData/Build/Intermediates.noindex/SwiftExplicitPrecompiledModules -clang-scanner-module-cache-path /Users/admin/builder/spi-builder-workspace/.derivedData/ModuleCache.noindex -sdk-module-cache-path /Users/admin/builder/spi-builder-workspace/.derivedData/SDKExplicitPrecompiledModules -emit-dependencies -emit-module -emit-module-path /Users/admin/builder/spi-builder-workspace/.derivedData/Build/Intermediates.noindex/Sliders.build/Debug-watchos/Sliders-t.build/Objects-normal/arm64/Sliders.swiftmodule -serialize-diagnostics -dependency-scan-serialize-diagnostics-path /Users/admin/builder/spi-builder-workspace/.derivedData/Build/Intermediates.noindex/Sliders.build/Debug-watchos/Sliders-t.build/Objects-normal/arm64/Sliders-dependency-scan.dia -user-module-version 2.0.2 -validate-clang-modules-once -clang-build-session-file /Users/admin/builder/spi-builder-workspace/.derivedData/ModuleCache.noindex/Session.modulevalidation -Xcc -fmodules-prune-interval\=86400 -Xcc -fmodules-prune-after\=345600 -package-name sliders -emit-const-values -const-gather-protocols-list /Users/admin/builder/spi-builder-workspace/.derivedData/Build/Intermediates.noindex/Sliders.build/Debug-watchos/Sliders-t.build/Objects-normal/arm64/Sliders_const_extract_protocols.json -Xcc -I/Users/admin/builder/spi-builder-workspace/.derivedData/Build/Products/Debug-watchos/include -Xcc -I/Users/admin/builder/spi-builder-workspace/.derivedData/Build/Intermediates.noindex/Sliders.build/Debug-watchos/Sliders-t.build/DerivedSources-normal/arm64 -Xcc -I/Users/admin/builder/spi-builder-workspace/.derivedData/Build/Intermediates.noindex/Sliders.build/Debug-watchos/Sliders-t.build/DerivedSources/arm64 -Xcc -I/Users/admin/builder/spi-builder-workspace/.derivedData/Build/Intermediates.noindex/Sliders.build/Debug-watchos/Sliders-t.build/DerivedSources -Xcc -DSWIFT_PACKAGE -Xcc -DDEBUG\=1 -emit-objc-header -emit-objc-header-path /Users/admin/builder/spi-builder-workspace/.derivedData/Build/Intermediates.noindex/Sliders.build/Debug-watchos/Sliders-t.build/Objects-normal/arm64/Sliders-Swift.h -working-directory /Users/admin/builder/spi-builder-workspace/.swiftpm/xcode -experimental-emit-module-separately -disable-cmo
SwiftEmitModule normal arm64_32 Emitting\ module\ for\ Sliders (in target 'Sliders' from project 'Sliders')
SwiftCompile normal arm64_32 (in target 'Sliders' from project 'Sliders')
cd /Users/admin/builder/spi-builder-workspace/.swiftpm/xcode
Copy /Users/admin/builder/spi-builder-workspace/.derivedData/Build/Products/Debug-watchos/Sliders.swiftmodule/arm64-apple-watchos.swiftmodule /Users/admin/builder/spi-builder-workspace/.derivedData/Build/Intermediates.noindex/Sliders.build/Debug-watchos/Sliders-t.build/Objects-normal/arm64/Sliders.swiftmodule (in target 'Sliders' from project 'Sliders')
cd /Users/admin/builder/spi-builder-workspace/.dependencies/checkouts/Sliders
builtin-copy -exclude .DS_Store -exclude CVS -exclude .svn -exclude .git -exclude .hg -resolve-src-symlinks -rename /Users/admin/builder/spi-builder-workspace/.derivedData/Build/Intermediates.noindex/Sliders.build/Debug-watchos/Sliders-t.build/Objects-normal/arm64/Sliders.swiftmodule /Users/admin/builder/spi-builder-workspace/.derivedData/Build/Products/Debug-watchos/Sliders.swiftmodule/arm64-apple-watchos.swiftmodule
SwiftDriverJobDiscovery normal arm64_32 Emitting module for Sliders (in target 'Sliders' from project 'Sliders')
SwiftDriver\ Compilation\ Requirements Sliders normal arm64_32 com.apple.xcode.tools.swift.compiler (in target 'Sliders' from project 'Sliders')
cd /Users/admin/builder/spi-builder-workspace/.swiftpm/xcode
builtin-Swift-Compilation-Requirements -- /Applications/Xcode-27.0.0-Release.Candidate.app/Contents/Developer/Toolchains/XcodeDefault.xctoolchain/usr/bin/swiftc -parse-as-library -module-name Sliders -Onone @/Users/admin/builder/spi-builder-workspace/.derivedData/Build/Intermediates.noindex/Sliders.build/Debug-watchos/Sliders-t.build/Objects-normal/arm64_32/Sliders.SwiftFileList -DSWIFT_PACKAGE -DDEBUG -DSWIFT_MODULE_RESOURCE_BUNDLE_UNAVAILABLE -DXcode -plugin-path /Applications/Xcode-27.0.0-Release.Candidate.app/Contents/Developer/Toolchains/XcodeDefault.xctoolchain/usr/lib/swift/host/plugins/testing -enable-experimental-feature DebugDescriptionMacro -sdk /Applications/Xcode-27.0.0-Release.Candidate.app/Contents/Developer/Platforms/WatchOS.platform/Developer/SDKs/WatchOS27.0.sdk -target arm64_32-apple-watchos9.0 -g -module-cache-path /Users/admin/builder/spi-builder-workspace/.derivedData/ModuleCache.noindex -Xfrontend -serialize-debugging-options -enable-testing -suppress-warnings -index-store-path /Users/admin/builder/spi-builder-workspace/.derivedData/Index.noindex/DataStore -Xcc -D_LIBCPP_HARDENING_MODE\=_LIBCPP_HARDENING_MODE_DEBUG -swift-version 6 -I /Users/admin/builder/spi-builder-workspace/.derivedData/Build/Products/Debug-watchos -Isystem /Applications/Xcode-27.0.0-Release.Candidate.app/Contents/Developer/Platforms/WatchOS.platform/Developer/usr/lib -F /Users/admin/builder/spi-builder-workspace/.derivedData/Build/Products/Debug-watchos -F /Applications/Xcode-27.0.0-Release.Candidate.app/Contents/Developer/Platforms/WatchOS.platform/Developer/Library/Frameworks -F /Applications/Xcode-27.0.0-Release.Candidate.app/Contents/Developer/Platforms/WatchOS.platform/Developer/SDKs/WatchOS27.0.sdk/Developer/Library/Frameworks -c -j10 -enable-batch-mode -incremental -Xcc -ivfsstatcache -Xcc /Users/admin/builder/spi-builder-workspace/.derivedData/SDKStatCaches.noindex/watchos27.0-24R360-e829b21a6f8c9b70876ba0858053c04477534ef55a1706bf4c1112bbb242f0a2.sdkstatcache -output-file-map /Users/admin/builder/spi-builder-workspace/.derivedData/Build/Intermediates.noindex/Sliders.build/Debug-watchos/Sliders-t.build/Objects-normal/arm64_32/Sliders-OutputFileMap.json -save-temps -no-color-diagnostics -explicit-module-build -module-cache-path /Users/admin/builder/spi-builder-workspace/.derivedData/Build/Intermediates.noindex/SwiftExplicitPrecompiledModules -clang-scanner-module-cache-path /Users/admin/builder/spi-builder-workspace/.derivedData/ModuleCache.noindex -sdk-module-cache-path /Users/admin/builder/spi-builder-workspace/.derivedData/SDKExplicitPrecompiledModules -emit-dependencies -emit-module -emit-module-path /Users/admin/builder/spi-builder-workspace/.derivedData/Build/Intermediates.noindex/Sliders.build/Debug-watchos/Sliders-t.build/Objects-normal/arm64_32/Sliders.swiftmodule -serialize-diagnostics -dependency-scan-serialize-diagnostics-path /Users/admin/builder/spi-builder-workspace/.derivedData/Build/Intermediates.noindex/Sliders.build/Debug-watchos/Sliders-t.build/Objects-normal/arm64_32/Sliders-dependency-scan.dia -user-module-version 2.0.2 -validate-clang-modules-once -clang-build-session-file /Users/admin/builder/spi-builder-workspace/.derivedData/ModuleCache.noindex/Session.modulevalidation -Xcc -fmodules-prune-interval\=86400 -Xcc -fmodules-prune-after\=345600 -package-name sliders -emit-const-values -const-gather-protocols-list /Users/admin/builder/spi-builder-workspace/.derivedData/Build/Intermediates.noindex/Sliders.build/Debug-watchos/Sliders-t.build/Objects-normal/arm64_32/Sliders_const_extract_protocols.json -Xcc -I/Users/admin/builder/spi-builder-workspace/.derivedData/Build/Products/Debug-watchos/include -Xcc -I/Users/admin/builder/spi-builder-workspace/.derivedData/Build/Intermediates.noindex/Sliders.build/Debug-watchos/Sliders-t.build/DerivedSources-normal/arm64_32 -Xcc -I/Users/admin/builder/spi-builder-workspace/.derivedData/Build/Intermediates.noindex/Sliders.build/Debug-watchos/Sliders-t.build/DerivedSources/arm64_32 -Xcc -I/Users/admin/builder/spi-builder-workspace/.derivedData/Build/Intermediates.noindex/Sliders.build/Debug-watchos/Sliders-t.build/DerivedSources -Xcc -DSWIFT_PACKAGE -Xcc -DDEBUG\=1 -emit-objc-header -emit-objc-header-path /Users/admin/builder/spi-builder-workspace/.derivedData/Build/Intermediates.noindex/Sliders.build/Debug-watchos/Sliders-t.build/Objects-normal/arm64_32/Sliders-Swift.h -working-directory /Users/admin/builder/spi-builder-workspace/.swiftpm/xcode -experimental-emit-module-separately -disable-cmo
Copy /Users/admin/builder/spi-builder-workspace/.derivedData/Build/Products/Debug-watchos/Sliders.swiftmodule/arm64-apple-watchos.swiftdoc /Users/admin/builder/spi-builder-workspace/.derivedData/Build/Intermediates.noindex/Sliders.build/Debug-watchos/Sliders-t.build/Objects-normal/arm64/Sliders.swiftdoc (in target 'Sliders' from project 'Sliders')
cd /Users/admin/builder/spi-builder-workspace/.dependencies/checkouts/Sliders
builtin-copy -exclude .DS_Store -exclude CVS -exclude .svn -exclude .git -exclude .hg -resolve-src-symlinks -rename /Users/admin/builder/spi-builder-workspace/.derivedData/Build/Intermediates.noindex/Sliders.build/Debug-watchos/Sliders-t.build/Objects-normal/arm64/Sliders.swiftdoc /Users/admin/builder/spi-builder-workspace/.derivedData/Build/Products/Debug-watchos/Sliders.swiftmodule/arm64-apple-watchos.swiftdoc
Copy /Users/admin/builder/spi-builder-workspace/.derivedData/Build/Products/Debug-watchos/Sliders.swiftmodule/arm64-apple-watchos.abi.json /Users/admin/builder/spi-builder-workspace/.derivedData/Build/Intermediates.noindex/Sliders.build/Debug-watchos/Sliders-t.build/Objects-normal/arm64/Sliders.abi.json (in target 'Sliders' from project 'Sliders')
cd /Users/admin/builder/spi-builder-workspace/.dependencies/checkouts/Sliders
builtin-copy -exclude .DS_Store -exclude CVS -exclude .svn -exclude .git -exclude .hg -resolve-src-symlinks -rename /Users/admin/builder/spi-builder-workspace/.derivedData/Build/Intermediates.noindex/Sliders.build/Debug-watchos/Sliders-t.build/Objects-normal/arm64/Sliders.abi.json /Users/admin/builder/spi-builder-workspace/.derivedData/Build/Products/Debug-watchos/Sliders.swiftmodule/arm64-apple-watchos.abi.json
SwiftMergeGeneratedHeaders /Users/admin/builder/spi-builder-workspace/.derivedData/Build/Intermediates.noindex/GeneratedModuleMaps-watchos/Sliders-Swift.h /Users/admin/builder/spi-builder-workspace/.derivedData/Build/Intermediates.noindex/Sliders.build/Debug-watchos/Sliders-t.build/Objects-normal/arm64/Sliders-Swift.h /Users/admin/builder/spi-builder-workspace/.derivedData/Build/Intermediates.noindex/Sliders.build/Debug-watchos/Sliders-t.build/Objects-normal/arm64_32/Sliders-Swift.h (in target 'Sliders' from project 'Sliders')
cd /Users/admin/builder/spi-builder-workspace/.dependencies/checkouts/Sliders
builtin-swiftHeaderTool -arch arm64 /Users/admin/builder/spi-builder-workspace/.derivedData/Build/Intermediates.noindex/Sliders.build/Debug-watchos/Sliders-t.build/Objects-normal/arm64/Sliders-Swift.h -arch arm64_32 /Users/admin/builder/spi-builder-workspace/.derivedData/Build/Intermediates.noindex/Sliders.build/Debug-watchos/Sliders-t.build/Objects-normal/arm64_32/Sliders-Swift.h -o /Users/admin/builder/spi-builder-workspace/.derivedData/Build/Intermediates.noindex/GeneratedModuleMaps-watchos/Sliders-Swift.h
Copy /Users/admin/builder/spi-builder-workspace/.derivedData/Build/Products/Debug-watchos/Sliders.swiftmodule/arm64_32-apple-watchos.swiftmodule /Users/admin/builder/spi-builder-workspace/.derivedData/Build/Intermediates.noindex/Sliders.build/Debug-watchos/Sliders-t.build/Objects-normal/arm64_32/Sliders.swiftmodule (in target 'Sliders' from project 'Sliders')
cd /Users/admin/builder/spi-builder-workspace/.dependencies/checkouts/Sliders
builtin-copy -exclude .DS_Store -exclude CVS -exclude .svn -exclude .git -exclude .hg -resolve-src-symlinks -rename /Users/admin/builder/spi-builder-workspace/.derivedData/Build/Intermediates.noindex/Sliders.build/Debug-watchos/Sliders-t.build/Objects-normal/arm64_32/Sliders.swiftmodule /Users/admin/builder/spi-builder-workspace/.derivedData/Build/Products/Debug-watchos/Sliders.swiftmodule/arm64_32-apple-watchos.swiftmodule
Copy /Users/admin/builder/spi-builder-workspace/.derivedData/Build/Products/Debug-watchos/Sliders.swiftmodule/arm64_32-apple-watchos.swiftdoc /Users/admin/builder/spi-builder-workspace/.derivedData/Build/Intermediates.noindex/Sliders.build/Debug-watchos/Sliders-t.build/Objects-normal/arm64_32/Sliders.swiftdoc (in target 'Sliders' from project 'Sliders')
cd /Users/admin/builder/spi-builder-workspace/.dependencies/checkouts/Sliders
builtin-copy -exclude .DS_Store -exclude CVS -exclude .svn -exclude .git -exclude .hg -resolve-src-symlinks -rename /Users/admin/builder/spi-builder-workspace/.derivedData/Build/Intermediates.noindex/Sliders.build/Debug-watchos/Sliders-t.build/Objects-normal/arm64_32/Sliders.swiftdoc /Users/admin/builder/spi-builder-workspace/.derivedData/Build/Products/Debug-watchos/Sliders.swiftmodule/arm64_32-apple-watchos.swiftdoc
Copy /Users/admin/builder/spi-builder-workspace/.derivedData/Build/Products/Debug-watchos/Sliders.swiftmodule/arm64_32-apple-watchos.abi.json /Users/admin/builder/spi-builder-workspace/.derivedData/Build/Intermediates.noindex/Sliders.build/Debug-watchos/Sliders-t.build/Objects-normal/arm64_32/Sliders.abi.json (in target 'Sliders' from project 'Sliders')
cd /Users/admin/builder/spi-builder-workspace/.dependencies/checkouts/Sliders
builtin-copy -exclude .DS_Store -exclude CVS -exclude .svn -exclude .git -exclude .hg -resolve-src-symlinks -rename /Users/admin/builder/spi-builder-workspace/.derivedData/Build/Intermediates.noindex/Sliders.build/Debug-watchos/Sliders-t.build/Objects-normal/arm64_32/Sliders.abi.json /Users/admin/builder/spi-builder-workspace/.derivedData/Build/Products/Debug-watchos/Sliders.swiftmodule/arm64_32-apple-watchos.abi.json
Copy /Users/admin/builder/spi-builder-workspace/.derivedData/Build/Products/Debug-watchos/Sliders.swiftmodule/Project/arm64_32-apple-watchos.swiftsourceinfo /Users/admin/builder/spi-builder-workspace/.derivedData/Build/Intermediates.noindex/Sliders.build/Debug-watchos/Sliders-t.build/Objects-normal/arm64_32/Sliders.swiftsourceinfo (in target 'Sliders' from project 'Sliders')
cd /Users/admin/builder/spi-builder-workspace/.dependencies/checkouts/Sliders
builtin-copy -exclude .DS_Store -exclude CVS -exclude .svn -exclude .git -exclude .hg -resolve-src-symlinks -rename /Users/admin/builder/spi-builder-workspace/.derivedData/Build/Intermediates.noindex/Sliders.build/Debug-watchos/Sliders-t.build/Objects-normal/arm64_32/Sliders.swiftsourceinfo /Users/admin/builder/spi-builder-workspace/.derivedData/Build/Products/Debug-watchos/Sliders.swiftmodule/Project/arm64_32-apple-watchos.swiftsourceinfo
Copy /Users/admin/builder/spi-builder-workspace/.derivedData/Build/Products/Debug-watchos/Sliders.swiftmodule/Project/arm64-apple-watchos.swiftsourceinfo /Users/admin/builder/spi-builder-workspace/.derivedData/Build/Intermediates.noindex/Sliders.build/Debug-watchos/Sliders-t.build/Objects-normal/arm64/Sliders.swiftsourceinfo (in target 'Sliders' from project 'Sliders')
cd /Users/admin/builder/spi-builder-workspace/.dependencies/checkouts/Sliders
builtin-copy -exclude .DS_Store -exclude CVS -exclude .svn -exclude .git -exclude .hg -resolve-src-symlinks -rename /Users/admin/builder/spi-builder-workspace/.derivedData/Build/Intermediates.noindex/Sliders.build/Debug-watchos/Sliders-t.build/Objects-normal/arm64/Sliders.swiftsourceinfo /Users/admin/builder/spi-builder-workspace/.derivedData/Build/Products/Debug-watchos/Sliders.swiftmodule/Project/arm64-apple-watchos.swiftsourceinfo
SwiftCompile normal arm64_32 Compiling\ RadialPad.swift /Users/admin/builder/spi-builder-workspace/.dependencies/checkouts/Sliders/Sources/Sliders/RadialPad.swift (in target 'Sliders' from project 'Sliders')
SwiftCompile normal arm64_32 /Users/admin/builder/spi-builder-workspace/.dependencies/checkouts/Sliders/Sources/Sliders/RadialPad.swift (in target 'Sliders' from project 'Sliders')
cd /Users/admin/builder/spi-builder-workspace/.swiftpm/xcode
builtin-SwiftPerFileCompile RadialPad.swift
SwiftCompile normal arm64_32 Compiling\ Joystick.swift,\ LSlider.swift /Users/admin/builder/spi-builder-workspace/.dependencies/checkouts/Sliders/Sources/Sliders/Joystick.swift /Users/admin/builder/spi-builder-workspace/.dependencies/checkouts/Sliders/Sources/Sliders/LSlider.swift (in target 'Sliders' from project 'Sliders')
SwiftCompile normal arm64_32 /Users/admin/builder/spi-builder-workspace/.dependencies/checkouts/Sliders/Sources/Sliders/Joystick.swift (in target 'Sliders' from project 'Sliders')
cd /Users/admin/builder/spi-builder-workspace/.swiftpm/xcode
builtin-SwiftPerFileCompile Joystick.swift
SwiftCompile normal arm64_32 /Users/admin/builder/spi-builder-workspace/.dependencies/checkouts/Sliders/Sources/Sliders/LSlider.swift (in target 'Sliders' from project 'Sliders')
cd /Users/admin/builder/spi-builder-workspace/.swiftpm/xcode
builtin-SwiftPerFileCompile LSlider.swift
SwiftDriverJobDiscovery normal arm64 Compiling Joystick.swift, LSlider.swift (in target 'Sliders' from project 'Sliders')
SwiftCompile normal arm64_32 Compiling\ CoreGraphics+Extensions.swift /Users/admin/builder/spi-builder-workspace/.dependencies/checkouts/Sliders/Sources/Sliders/Utilities/CoreGraphics+Extensions.swift (in target 'Sliders' from project 'Sliders')
SwiftCompile normal arm64_32 /Users/admin/builder/spi-builder-workspace/.dependencies/checkouts/Sliders/Sources/Sliders/Utilities/CoreGraphics+Extensions.swift (in target 'Sliders' from project 'Sliders')
cd /Users/admin/builder/spi-builder-workspace/.swiftpm/xcode
builtin-SwiftPerFileCompile CoreGraphics+Extensions.swift
SwiftCompile normal arm64_32 Compiling\ PSlider.swift /Users/admin/builder/spi-builder-workspace/.dependencies/checkouts/Sliders/Sources/Sliders/PSlider.swift (in target 'Sliders' from project 'Sliders')
SwiftCompile normal arm64_32 /Users/admin/builder/spi-builder-workspace/.dependencies/checkouts/Sliders/Sources/Sliders/PSlider.swift (in target 'Sliders' from project 'Sliders')
cd /Users/admin/builder/spi-builder-workspace/.swiftpm/xcode
builtin-SwiftPerFileCompile PSlider.swift
SwiftDriverJobDiscovery normal arm64 Compiling TickMarks.swift (in target 'Sliders' from project 'Sliders')
SwiftDriverJobDiscovery normal arm64 Compiling Path+Extensions.swift (in target 'Sliders' from project 'Sliders')
SwiftCompile normal arm64_32 Compiling\ TrackPad.swift /Users/admin/builder/spi-builder-workspace/.dependencies/checkouts/Sliders/Sources/Sliders/TrackPad.swift (in target 'Sliders' from project 'Sliders')
SwiftCompile normal arm64_32 /Users/admin/builder/spi-builder-workspace/.dependencies/checkouts/Sliders/Sources/Sliders/TrackPad.swift (in target 'Sliders' from project 'Sliders')
cd /Users/admin/builder/spi-builder-workspace/.swiftpm/xcode
builtin-SwiftPerFileCompile TrackPad.swift
SwiftDriverJobDiscovery normal arm64 Compiling CoreGraphics+Extensions.swift (in target 'Sliders' from project 'Sliders')
SwiftCompile normal arm64_32 Compiling\ RadialSlider.swift /Users/admin/builder/spi-builder-workspace/.dependencies/checkouts/Sliders/Sources/Sliders/RadialSlider.swift (in target 'Sliders' from project 'Sliders')
SwiftCompile normal arm64_32 /Users/admin/builder/spi-builder-workspace/.dependencies/checkouts/Sliders/Sources/Sliders/RadialSlider.swift (in target 'Sliders' from project 'Sliders')
cd /Users/admin/builder/spi-builder-workspace/.swiftpm/xcode
builtin-SwiftPerFileCompile RadialSlider.swift
SwiftDriverJobDiscovery normal arm64 Compiling RadialPad.swift (in target 'Sliders' from project 'Sliders')
SwiftDriverJobDiscovery normal arm64 Compiling PSlider.swift (in target 'Sliders' from project 'Sliders')
SwiftCompile normal arm64_32 Compiling\ OverFlowSlider.swift /Users/admin/builder/spi-builder-workspace/.dependencies/checkouts/Sliders/Sources/Sliders/OverFlowSlider.swift (in target 'Sliders' from project 'Sliders')
SwiftCompile normal arm64_32 /Users/admin/builder/spi-builder-workspace/.dependencies/checkouts/Sliders/Sources/Sliders/OverFlowSlider.swift (in target 'Sliders' from project 'Sliders')
cd /Users/admin/builder/spi-builder-workspace/.swiftpm/xcode
builtin-SwiftPerFileCompile OverFlowSlider.swift
SwiftDriverJobDiscovery normal arm64 Compiling TrackPad.swift (in target 'Sliders' from project 'Sliders')
SwiftCompile normal arm64_32 Compiling\ TickMarks.swift /Users/admin/builder/spi-builder-workspace/.dependencies/checkouts/Sliders/Sources/Sliders/Utilities/TickMarks.swift (in target 'Sliders' from project 'Sliders')
SwiftCompile normal arm64_32 /Users/admin/builder/spi-builder-workspace/.dependencies/checkouts/Sliders/Sources/Sliders/Utilities/TickMarks.swift (in target 'Sliders' from project 'Sliders')
cd /Users/admin/builder/spi-builder-workspace/.swiftpm/xcode
builtin-SwiftPerFileCompile TickMarks.swift
SwiftCompile normal arm64_32 Compiling\ Path+Extensions.swift /Users/admin/builder/spi-builder-workspace/.dependencies/checkouts/Sliders/Sources/Sliders/Utilities/Path+Extensions.swift (in target 'Sliders' from project 'Sliders')
SwiftCompile normal arm64_32 /Users/admin/builder/spi-builder-workspace/.dependencies/checkouts/Sliders/Sources/Sliders/Utilities/Path+Extensions.swift (in target 'Sliders' from project 'Sliders')
cd /Users/admin/builder/spi-builder-workspace/.swiftpm/xcode
builtin-SwiftPerFileCompile Path+Extensions.swift
SwiftDriverJobDiscovery normal arm64 Compiling RadialSlider.swift (in target 'Sliders' from project 'Sliders')
SwiftDriverJobDiscovery normal arm64_32 Compiling RadialPad.swift (in target 'Sliders' from project 'Sliders')
SwiftCompile normal arm64 Compiling\ AdaptiveLine.swift /Users/admin/builder/spi-builder-workspace/.dependencies/checkouts/Sliders/Sources/Sliders/Utilities/AdaptiveLine.swift (in target 'Sliders' from project 'Sliders')
SwiftCompile normal arm64 /Users/admin/builder/spi-builder-workspace/.dependencies/checkouts/Sliders/Sources/Sliders/Utilities/AdaptiveLine.swift (in target 'Sliders' from project 'Sliders')
cd /Users/admin/builder/spi-builder-workspace/.swiftpm/xcode
builtin-SwiftPerFileCompile AdaptiveLine.swift
SwiftCompile normal arm64_32 Compiling\ AdaptiveLine.swift /Users/admin/builder/spi-builder-workspace/.dependencies/checkouts/Sliders/Sources/Sliders/Utilities/AdaptiveLine.swift (in target 'Sliders' from project 'Sliders')
SwiftCompile normal arm64_32 /Users/admin/builder/spi-builder-workspace/.dependencies/checkouts/Sliders/Sources/Sliders/Utilities/AdaptiveLine.swift (in target 'Sliders' from project 'Sliders')
cd /Users/admin/builder/spi-builder-workspace/.swiftpm/xcode
builtin-SwiftPerFileCompile AdaptiveLine.swift
SwiftDriverJobDiscovery normal arm64 Compiling OverFlowSlider.swift (in target 'Sliders' from project 'Sliders')
SwiftDriverJobDiscovery normal arm64_32 Compiling Path+Extensions.swift (in target 'Sliders' from project 'Sliders')
SwiftDriver ColorKit normal arm64_32 com.apple.xcode.tools.swift.compiler (in target 'ColorKit' from project 'ColorKit')
cd /Users/admin/builder/spi-builder-workspace/.swiftpm/xcode
builtin-SwiftDriver -- /Applications/Xcode-27.0.0-Release.Candidate.app/Contents/Developer/Toolchains/XcodeDefault.xctoolchain/usr/bin/swiftc -parse-as-library -module-name ColorKit -Onone @/Users/admin/builder/spi-builder-workspace/.derivedData/Build/Intermediates.noindex/ColorKit.build/Debug-watchos/ColorKit-t.build/Objects-normal/arm64_32/ColorKit.SwiftFileList -DSWIFT_PACKAGE -DDEBUG -DSWIFT_MODULE_RESOURCE_BUNDLE_UNAVAILABLE -DXcode -plugin-path /Applications/Xcode-27.0.0-Release.Candidate.app/Contents/Developer/Toolchains/XcodeDefault.xctoolchain/usr/lib/swift/host/plugins/testing -enable-experimental-feature DebugDescriptionMacro -sdk /Applications/Xcode-27.0.0-Release.Candidate.app/Contents/Developer/Platforms/WatchOS.platform/Developer/SDKs/WatchOS27.0.sdk -target arm64_32-apple-watchos9.0 -g -module-cache-path /Users/admin/builder/spi-builder-workspace/.derivedData/ModuleCache.noindex -Xfrontend -serialize-debugging-options -enable-testing -index-store-path /Users/admin/builder/spi-builder-workspace/.derivedData/Index.noindex/DataStore -Xcc -D_LIBCPP_HARDENING_MODE\=_LIBCPP_HARDENING_MODE_DEBUG -swift-version 6 -I /Users/admin/builder/spi-builder-workspace/.derivedData/Build/Products/Debug-watchos -Isystem /Applications/Xcode-27.0.0-Release.Candidate.app/Contents/Developer/Platforms/WatchOS.platform/Developer/usr/lib -F /Users/admin/builder/spi-builder-workspace/.derivedData/Build/Products/Debug-watchos/PackageFrameworks -F /Users/admin/builder/spi-builder-workspace/.derivedData/Build/Products/Debug-watchos -F /Applications/Xcode-27.0.0-Release.Candidate.app/Contents/Developer/Platforms/WatchOS.platform/Developer/Library/Frameworks -F /Applications/Xcode-27.0.0-Release.Candidate.app/Contents/Developer/Platforms/WatchOS.platform/Developer/SDKs/WatchOS27.0.sdk/Developer/Library/Frameworks -c -j10 -enable-batch-mode -incremental -Xcc -ivfsstatcache -Xcc /Users/admin/builder/spi-builder-workspace/.derivedData/SDKStatCaches.noindex/watchos27.0-24R360-e829b21a6f8c9b70876ba0858053c04477534ef55a1706bf4c1112bbb242f0a2.sdkstatcache -output-file-map /Users/admin/builder/spi-builder-workspace/.derivedData/Build/Intermediates.noindex/ColorKit.build/Debug-watchos/ColorKit-t.build/Objects-normal/arm64_32/ColorKit-OutputFileMap.json -save-temps -no-color-diagnostics -explicit-module-build -module-cache-path /Users/admin/builder/spi-builder-workspace/.derivedData/Build/Intermediates.noindex/SwiftExplicitPrecompiledModules -clang-scanner-module-cache-path /Users/admin/builder/spi-builder-workspace/.derivedData/ModuleCache.noindex -sdk-module-cache-path /Users/admin/builder/spi-builder-workspace/.derivedData/SDKExplicitPrecompiledModules -emit-dependencies -emit-module -emit-module-path /Users/admin/builder/spi-builder-workspace/.derivedData/Build/Intermediates.noindex/ColorKit.build/Debug-watchos/ColorKit-t.build/Objects-normal/arm64_32/ColorKit.swiftmodule -serialize-diagnostics -dependency-scan-serialize-diagnostics-path /Users/admin/builder/spi-builder-workspace/.derivedData/Build/Intermediates.noindex/ColorKit.build/Debug-watchos/ColorKit-t.build/Objects-normal/arm64_32/ColorKit-dependency-scan.dia -validate-clang-modules-once -clang-build-session-file /Users/admin/builder/spi-builder-workspace/.derivedData/ModuleCache.noindex/Session.modulevalidation -Xcc -fmodules-prune-interval\=86400 -Xcc -fmodules-prune-after\=345600 -package-name spi_builder_workspace -emit-const-values -const-gather-protocols-list /Users/admin/builder/spi-builder-workspace/.derivedData/Build/Intermediates.noindex/ColorKit.build/Debug-watchos/ColorKit-t.build/Objects-normal/arm64_32/ColorKit_const_extract_protocols.json -Xcc -I/Users/admin/builder/spi-builder-workspace/.derivedData/Build/Products/Debug-watchos/include -Xcc -I/Users/admin/builder/spi-builder-workspace/.derivedData/Build/Intermediates.noindex/ColorKit.build/Debug-watchos/ColorKit-t.build/DerivedSources-normal/arm64_32 -Xcc -I/Users/admin/builder/spi-builder-workspace/.derivedData/Build/Intermediates.noindex/ColorKit.build/Debug-watchos/ColorKit-t.build/DerivedSources/arm64_32 -Xcc -I/Users/admin/builder/spi-builder-workspace/.derivedData/Build/Intermediates.noindex/ColorKit.build/Debug-watchos/ColorKit-t.build/DerivedSources -Xcc -DSWIFT_PACKAGE -Xcc -DDEBUG\=1 -emit-objc-header -emit-objc-header-path /Users/admin/builder/spi-builder-workspace/.derivedData/Build/Intermediates.noindex/ColorKit.build/Debug-watchos/ColorKit-t.build/Objects-normal/arm64_32/ColorKit-Swift.h -working-directory /Users/admin/builder/spi-builder-workspace/.swiftpm/xcode -experimental-emit-module-separately -disable-cmo
SwiftDriver ColorKit normal arm64 com.apple.xcode.tools.swift.compiler (in target 'ColorKit' from project 'ColorKit')
cd /Users/admin/builder/spi-builder-workspace/.swiftpm/xcode
builtin-SwiftDriver -- /Applications/Xcode-27.0.0-Release.Candidate.app/Contents/Developer/Toolchains/XcodeDefault.xctoolchain/usr/bin/swiftc -parse-as-library -module-name ColorKit -Onone @/Users/admin/builder/spi-builder-workspace/.derivedData/Build/Intermediates.noindex/ColorKit.build/Debug-watchos/ColorKit-t.build/Objects-normal/arm64/ColorKit.SwiftFileList -DSWIFT_PACKAGE -DDEBUG -DSWIFT_MODULE_RESOURCE_BUNDLE_UNAVAILABLE -DXcode -plugin-path /Applications/Xcode-27.0.0-Release.Candidate.app/Contents/Developer/Toolchains/XcodeDefault.xctoolchain/usr/lib/swift/host/plugins/testing -enable-experimental-feature DebugDescriptionMacro -sdk /Applications/Xcode-27.0.0-Release.Candidate.app/Contents/Developer/Platforms/WatchOS.platform/Developer/SDKs/WatchOS27.0.sdk -target arm64-apple-watchos9.0 -g -module-cache-path /Users/admin/builder/spi-builder-workspace/.derivedData/ModuleCache.noindex -Xfrontend -serialize-debugging-options -enable-testing -index-store-path /Users/admin/builder/spi-builder-workspace/.derivedData/Index.noindex/DataStore -Xcc -D_LIBCPP_HARDENING_MODE\=_LIBCPP_HARDENING_MODE_DEBUG -swift-version 6 -I /Users/admin/builder/spi-builder-workspace/.derivedData/Build/Products/Debug-watchos -Isystem /Applications/Xcode-27.0.0-Release.Candidate.app/Contents/Developer/Platforms/WatchOS.platform/Developer/usr/lib -F /Users/admin/builder/spi-builder-workspace/.derivedData/Build/Products/Debug-watchos/PackageFrameworks -F /Users/admin/builder/spi-builder-workspace/.derivedData/Build/Products/Debug-watchos -F /Applications/Xcode-27.0.0-Release.Candidate.app/Contents/Developer/Platforms/WatchOS.platform/Developer/Library/Frameworks -F /Applications/Xcode-27.0.0-Release.Candidate.app/Contents/Developer/Platforms/WatchOS.platform/Developer/SDKs/WatchOS27.0.sdk/Developer/Library/Frameworks -c -j10 -enable-batch-mode -incremental -Xcc -ivfsstatcache -Xcc /Users/admin/builder/spi-builder-workspace/.derivedData/SDKStatCaches.noindex/watchos27.0-24R360-e829b21a6f8c9b70876ba0858053c04477534ef55a1706bf4c1112bbb242f0a2.sdkstatcache -output-file-map /Users/admin/builder/spi-builder-workspace/.derivedData/Build/Intermediates.noindex/ColorKit.build/Debug-watchos/ColorKit-t.build/Objects-normal/arm64/ColorKit-OutputFileMap.json -save-temps -no-color-diagnostics -explicit-module-build -module-cache-path /Users/admin/builder/spi-builder-workspace/.derivedData/Build/Intermediates.noindex/SwiftExplicitPrecompiledModules -clang-scanner-module-cache-path /Users/admin/builder/spi-builder-workspace/.derivedData/ModuleCache.noindex -sdk-module-cache-path /Users/admin/builder/spi-builder-workspace/.derivedData/SDKExplicitPrecompiledModules -emit-dependencies -emit-module -emit-module-path /Users/admin/builder/spi-builder-workspace/.derivedData/Build/Intermediates.noindex/ColorKit.build/Debug-watchos/ColorKit-t.build/Objects-normal/arm64/ColorKit.swiftmodule -serialize-diagnostics -dependency-scan-serialize-diagnostics-path /Users/admin/builder/spi-builder-workspace/.derivedData/Build/Intermediates.noindex/ColorKit.build/Debug-watchos/ColorKit-t.build/Objects-normal/arm64/ColorKit-dependency-scan.dia -validate-clang-modules-once -clang-build-session-file /Users/admin/builder/spi-builder-workspace/.derivedData/ModuleCache.noindex/Session.modulevalidation -Xcc -fmodules-prune-interval\=86400 -Xcc -fmodules-prune-after\=345600 -package-name spi_builder_workspace -emit-const-values -const-gather-protocols-list /Users/admin/builder/spi-builder-workspace/.derivedData/Build/Intermediates.noindex/ColorKit.build/Debug-watchos/ColorKit-t.build/Objects-normal/arm64/ColorKit_const_extract_protocols.json -Xcc -I/Users/admin/builder/spi-builder-workspace/.derivedData/Build/Products/Debug-watchos/include -Xcc -I/Users/admin/builder/spi-builder-workspace/.derivedData/Build/Intermediates.noindex/ColorKit.build/Debug-watchos/ColorKit-t.build/DerivedSources-normal/arm64 -Xcc -I/Users/admin/builder/spi-builder-workspace/.derivedData/Build/Intermediates.noindex/ColorKit.build/Debug-watchos/ColorKit-t.build/DerivedSources/arm64 -Xcc -I/Users/admin/builder/spi-builder-workspace/.derivedData/Build/Intermediates.noindex/ColorKit.build/Debug-watchos/ColorKit-t.build/DerivedSources -Xcc -DSWIFT_PACKAGE -Xcc -DDEBUG\=1 -emit-objc-header -emit-objc-header-path /Users/admin/builder/spi-builder-workspace/.derivedData/Build/Intermediates.noindex/ColorKit.build/Debug-watchos/ColorKit-t.build/Objects-normal/arm64/ColorKit-Swift.h -working-directory /Users/admin/builder/spi-builder-workspace/.swiftpm/xcode -experimental-emit-module-separately -disable-cmo
SwiftDriverJobDiscovery normal arm64_32 Compiling AdaptiveLine.swift (in target 'Sliders' from project 'Sliders')
SwiftDriverJobDiscovery normal arm64 Compiling AdaptiveLine.swift (in target 'Sliders' from project 'Sliders')
SwiftDriver\ Compilation Sliders normal arm64 com.apple.xcode.tools.swift.compiler (in target 'Sliders' from project 'Sliders')
cd /Users/admin/builder/spi-builder-workspace/.swiftpm/xcode
builtin-Swift-Compilation -- /Applications/Xcode-27.0.0-Release.Candidate.app/Contents/Developer/Toolchains/XcodeDefault.xctoolchain/usr/bin/swiftc -parse-as-library -module-name Sliders -Onone @/Users/admin/builder/spi-builder-workspace/.derivedData/Build/Intermediates.noindex/Sliders.build/Debug-watchos/Sliders-t.build/Objects-normal/arm64/Sliders.SwiftFileList -DSWIFT_PACKAGE -DDEBUG -DSWIFT_MODULE_RESOURCE_BUNDLE_UNAVAILABLE -DXcode -plugin-path /Applications/Xcode-27.0.0-Release.Candidate.app/Contents/Developer/Toolchains/XcodeDefault.xctoolchain/usr/lib/swift/host/plugins/testing -enable-experimental-feature DebugDescriptionMacro -sdk /Applications/Xcode-27.0.0-Release.Candidate.app/Contents/Developer/Platforms/WatchOS.platform/Developer/SDKs/WatchOS27.0.sdk -target arm64-apple-watchos9.0 -g -module-cache-path /Users/admin/builder/spi-builder-workspace/.derivedData/ModuleCache.noindex -Xfrontend -serialize-debugging-options -enable-testing -suppress-warnings -index-store-path /Users/admin/builder/spi-builder-workspace/.derivedData/Index.noindex/DataStore -Xcc -D_LIBCPP_HARDENING_MODE\=_LIBCPP_HARDENING_MODE_DEBUG -swift-version 6 -I /Users/admin/builder/spi-builder-workspace/.derivedData/Build/Products/Debug-watchos -Isystem /Applications/Xcode-27.0.0-Release.Candidate.app/Contents/Developer/Platforms/WatchOS.platform/Developer/usr/lib -F /Users/admin/builder/spi-builder-workspace/.derivedData/Build/Products/Debug-watchos -F /Applications/Xcode-27.0.0-Release.Candidate.app/Contents/Developer/Platforms/WatchOS.platform/Developer/Library/Frameworks -F /Applications/Xcode-27.0.0-Release.Candidate.app/Contents/Developer/Platforms/WatchOS.platform/Developer/SDKs/WatchOS27.0.sdk/Developer/Library/Frameworks -c -j10 -enable-batch-mode -incremental -Xcc -ivfsstatcache -Xcc /Users/admin/builder/spi-builder-workspace/.derivedData/SDKStatCaches.noindex/watchos27.0-24R360-e829b21a6f8c9b70876ba0858053c04477534ef55a1706bf4c1112bbb242f0a2.sdkstatcache -output-file-map /Users/admin/builder/spi-builder-workspace/.derivedData/Build/Intermediates.noindex/Sliders.build/Debug-watchos/Sliders-t.build/Objects-normal/arm64/Sliders-OutputFileMap.json -save-temps -no-color-diagnostics -explicit-module-build -module-cache-path /Users/admin/builder/spi-builder-workspace/.derivedData/Build/Intermediates.noindex/SwiftExplicitPrecompiledModules -clang-scanner-module-cache-path /Users/admin/builder/spi-builder-workspace/.derivedData/ModuleCache.noindex -sdk-module-cache-path /Users/admin/builder/spi-builder-workspace/.derivedData/SDKExplicitPrecompiledModules -emit-dependencies -emit-module -emit-module-path /Users/admin/builder/spi-builder-workspace/.derivedData/Build/Intermediates.noindex/Sliders.build/Debug-watchos/Sliders-t.build/Objects-normal/arm64/Sliders.swiftmodule -serialize-diagnostics -dependency-scan-serialize-diagnostics-path /Users/admin/builder/spi-builder-workspace/.derivedData/Build/Intermediates.noindex/Sliders.build/Debug-watchos/Sliders-t.build/Objects-normal/arm64/Sliders-dependency-scan.dia -user-module-version 2.0.2 -validate-clang-modules-once -clang-build-session-file /Users/admin/builder/spi-builder-workspace/.derivedData/ModuleCache.noindex/Session.modulevalidation -Xcc -fmodules-prune-interval\=86400 -Xcc -fmodules-prune-after\=345600 -package-name sliders -emit-const-values -const-gather-protocols-list /Users/admin/builder/spi-builder-workspace/.derivedData/Build/Intermediates.noindex/Sliders.build/Debug-watchos/Sliders-t.build/Objects-normal/arm64/Sliders_const_extract_protocols.json -Xcc -I/Users/admin/builder/spi-builder-workspace/.derivedData/Build/Products/Debug-watchos/include -Xcc -I/Users/admin/builder/spi-builder-workspace/.derivedData/Build/Intermediates.noindex/Sliders.build/Debug-watchos/Sliders-t.build/DerivedSources-normal/arm64 -Xcc -I/Users/admin/builder/spi-builder-workspace/.derivedData/Build/Intermediates.noindex/Sliders.build/Debug-watchos/Sliders-t.build/DerivedSources/arm64 -Xcc -I/Users/admin/builder/spi-builder-workspace/.derivedData/Build/Intermediates.noindex/Sliders.build/Debug-watchos/Sliders-t.build/DerivedSources -Xcc -DSWIFT_PACKAGE -Xcc -DDEBUG\=1 -emit-objc-header -emit-objc-header-path /Users/admin/builder/spi-builder-workspace/.derivedData/Build/Intermediates.noindex/Sliders.build/Debug-watchos/Sliders-t.build/Objects-normal/arm64/Sliders-Swift.h -working-directory /Users/admin/builder/spi-builder-workspace/.swiftpm/xcode -experimental-emit-module-separately -disable-cmo
Ld /Users/admin/builder/spi-builder-workspace/.derivedData/Build/Intermediates.noindex/Sliders.build/Debug-watchos/Sliders-t.build/Objects-normal/arm64/Binary/Sliders.o normal arm64 (in target 'Sliders' from project 'Sliders')
cd /Users/admin/builder/spi-builder-workspace/.dependencies/checkouts/Sliders
/Applications/Xcode-27.0.0-Release.Candidate.app/Contents/Developer/Toolchains/XcodeDefault.xctoolchain/usr/bin/clang -Xlinker -reproducible -target arm64-apple-watchos9.0 -r -isysroot /Applications/Xcode-27.0.0-Release.Candidate.app/Contents/Developer/Platforms/WatchOS.platform/Developer/SDKs/WatchOS27.0.sdk -O0 -w -Xlinker -no_warn_duplicate_libraries -F/Users/admin/builder/spi-builder-workspace/.derivedData/Build/Intermediates.noindex/EagerLinkingTBDs/Debug-watchos -F/Users/admin/builder/spi-builder-workspace/.derivedData/Build/Products/Debug-watchos -iframework /Applications/Xcode-27.0.0-Release.Candidate.app/Contents/Developer/Platforms/WatchOS.platform/Developer/Library/Frameworks -iframework /Applications/Xcode-27.0.0-Release.Candidate.app/Contents/Developer/Platforms/WatchOS.platform/Developer/SDKs/WatchOS27.0.sdk/Developer/Library/Frameworks -filelist /Users/admin/builder/spi-builder-workspace/.derivedData/Build/Intermediates.noindex/Sliders.build/Debug-watchos/Sliders-t.build/Objects-normal/arm64/Sliders.LinkFileList -nostdlib -Xlinker -object_path_lto -Xlinker /Users/admin/builder/spi-builder-workspace/.derivedData/Build/Intermediates.noindex/Sliders.build/Debug-watchos/Sliders-t.build/Objects-normal/arm64/Sliders_lto.o -Xlinker -no_deduplicate -Xlinker -dependency_info -Xlinker /Users/admin/builder/spi-builder-workspace/.derivedData/Build/Intermediates.noindex/Sliders.build/Debug-watchos/Sliders-t.build/Objects-normal/arm64/Sliders_dependency_info.dat -fobjc-link-runtime -L/Applications/Xcode-27.0.0-Release.Candidate.app/Contents/Developer/Toolchains/XcodeDefault.xctoolchain/usr/lib/swift/watchos -L/usr/lib/swift -Xlinker -add_ast_path -Xlinker /Users/admin/builder/spi-builder-workspace/.derivedData/Build/Intermediates.noindex/Sliders.build/Debug-watchos/Sliders-t.build/Objects-normal/arm64/Sliders.swiftmodule -o /Users/admin/builder/spi-builder-workspace/.derivedData/Build/Intermediates.noindex/Sliders.build/Debug-watchos/Sliders-t.build/Objects-normal/arm64/Binary/Sliders.o
SwiftDriverJobDiscovery normal arm64_32 Compiling TickMarks.swift (in target 'Sliders' from project 'Sliders')
SwiftDriverJobDiscovery normal arm64_32 Compiling CoreGraphics+Extensions.swift (in target 'Sliders' from project 'Sliders')
SwiftDriverJobDiscovery normal arm64_32 Compiling PSlider.swift (in target 'Sliders' from project 'Sliders')
SwiftDriverJobDiscovery normal arm64_32 Compiling TrackPad.swift (in target 'Sliders' from project 'Sliders')
SwiftEmitModule normal arm64_32 Emitting\ module\ for\ ColorKit (in target 'ColorKit' from project 'ColorKit')
SwiftCompile normal arm64_32 (in target 'ColorKit' from project 'ColorKit')
cd /Users/admin/builder/spi-builder-workspace/.swiftpm/xcode
SwiftCompile normal arm64_32 Compiling\ ColorToken.swift,\ GrayScaleSlider.swift /Users/admin/builder/spi-builder-workspace/Sources/ColorKit/Color\ Pickers/ColorToken.swift /Users/admin/builder/spi-builder-workspace/Sources/ColorKit/Color\ Pickers/GrayScaleSlider.swift (in target 'ColorKit' from project 'ColorKit')
SwiftCompile normal arm64_32 /Users/admin/builder/spi-builder-workspace/Sources/ColorKit/Color\ Pickers/ColorToken.swift (in target 'ColorKit' from project 'ColorKit')
cd /Users/admin/builder/spi-builder-workspace/.swiftpm/xcode
builtin-SwiftPerFileCompile ColorToken.swift
SwiftCompile normal arm64_32 /Users/admin/builder/spi-builder-workspace/Sources/ColorKit/Color\ Pickers/GrayScaleSlider.swift (in target 'ColorKit' from project 'ColorKit')
cd /Users/admin/builder/spi-builder-workspace/.swiftpm/xcode
builtin-SwiftPerFileCompile GrayScaleSlider.swift
SwiftCompile normal arm64_32 Compiling\ GradientStyles.swift /Users/admin/builder/spi-builder-workspace/Sources/ColorKit/Gradient\ Picker/GradientStyles.swift (in target 'ColorKit' from project 'ColorKit')
SwiftCompile normal arm64_32 /Users/admin/builder/spi-builder-workspace/Sources/ColorKit/Gradient\ Picker/GradientStyles.swift (in target 'ColorKit' from project 'ColorKit')
cd /Users/admin/builder/spi-builder-workspace/.swiftpm/xcode
builtin-SwiftPerFileCompile GradientStyles.swift
SwiftCompile normal arm64_32 Compiling\ ColorManager.swift,\ ColorPicker.swift /Users/admin/builder/spi-builder-workspace/Sources/ColorKit/Color\ Pickers/ColorManager.swift /Users/admin/builder/spi-builder-workspace/Sources/ColorKit/Color\ Pickers/ColorPicker.swift (in target 'ColorKit' from project 'ColorKit')
/Users/admin/builder/spi-builder-workspace/Sources/ColorKit/Color Pickers/ColorPicker.swift:87:22: error: 'SegmentedPickerStyle' is unavailable in watchOS
85 | }
86 | }
87 | .pickerStyle(SegmentedPickerStyle())
| `- error: 'SegmentedPickerStyle' is unavailable in watchOS
88 | }
89 |
SwiftUI.SegmentedPickerStyle:3:15: note: 'SegmentedPickerStyle' has been explicitly marked unavailable here
1 | @available(iOS 13.0, macOS 10.15, tvOS 13.0, *)
2 | @available(watchOS, unavailable)
3 | public struct SegmentedPickerStyle : PickerStyle, ~Sendable {
| `- note: 'SegmentedPickerStyle' has been explicitly marked unavailable here
4 | public init()
5 | public static func _makeView<SelectionValue>(value: _GraphValue<_PickerValue<SegmentedPickerStyle, SelectionValue>>, inputs: _ViewInputs) -> _ViewOutputs where SelectionValue : Hashable
SwiftCompile normal arm64_32 /Users/admin/builder/spi-builder-workspace/Sources/ColorKit/Color\ Pickers/ColorManager.swift (in target 'ColorKit' from project 'ColorKit')
cd /Users/admin/builder/spi-builder-workspace/.swiftpm/xcode
builtin-SwiftPerFileCompile ColorManager.swift
SwiftCompile normal arm64_32 /Users/admin/builder/spi-builder-workspace/Sources/ColorKit/Color\ Pickers/ColorPicker.swift (in target 'ColorKit' from project 'ColorKit')
cd /Users/admin/builder/spi-builder-workspace/.swiftpm/xcode
builtin-SwiftPerFileCompile ColorPicker.swift
SwiftCompile normal arm64_32 Compiling\ RadialGradientPicker.swift /Users/admin/builder/spi-builder-workspace/Sources/ColorKit/Gradient\ Picker/RadialGradientPicker.swift (in target 'ColorKit' from project 'ColorKit')
SwiftCompile normal arm64_32 /Users/admin/builder/spi-builder-workspace/Sources/ColorKit/Gradient\ Picker/RadialGradientPicker.swift (in target 'ColorKit' from project 'ColorKit')
cd /Users/admin/builder/spi-builder-workspace/.swiftpm/xcode
builtin-SwiftPerFileCompile RadialGradientPicker.swift
SwiftCompile normal arm64_32 Compiling\ GradientData.swift,\ GradientPicker.swift /Users/admin/builder/spi-builder-workspace/Sources/ColorKit/Gradient\ Picker/GradientData.swift /Users/admin/builder/spi-builder-workspace/Sources/ColorKit/Gradient\ Picker/GradientPicker.swift (in target 'ColorKit' from project 'ColorKit')
SwiftCompile normal arm64_32 /Users/admin/builder/spi-builder-workspace/Sources/ColorKit/Gradient\ Picker/GradientData.swift (in target 'ColorKit' from project 'ColorKit')
cd /Users/admin/builder/spi-builder-workspace/.swiftpm/xcode
builtin-SwiftPerFileCompile GradientData.swift
SwiftCompile normal arm64_32 /Users/admin/builder/spi-builder-workspace/Sources/ColorKit/Gradient\ Picker/GradientPicker.swift (in target 'ColorKit' from project 'ColorKit')
cd /Users/admin/builder/spi-builder-workspace/.swiftpm/xcode
builtin-SwiftPerFileCompile GradientPicker.swift
SwiftCompile normal arm64_32 Compiling\ AlphaSlider.swift,\ CYMKColorPicker.swift /Users/admin/builder/spi-builder-workspace/Sources/ColorKit/Color\ Pickers/AlphaSlider.swift /Users/admin/builder/spi-builder-workspace/Sources/ColorKit/Color\ Pickers/CYMKColorPicker.swift (in target 'ColorKit' from project 'ColorKit')
/Users/admin/builder/spi-builder-workspace/Sources/ColorKit/Color Pickers/CYMKColorPicker.swift:20:27: error: cannot find 'PlatformColor' in scope
18 | switch type {
19 | case .cyan:
20 | return [Color(PlatformColor(cmyk: (0, CGFloat(color.magenta), CGFloat(color.yellow), CGFloat(color.keyBlack) ))),
| `- error: cannot find 'PlatformColor' in scope
21 | Color(PlatformColor(cmyk: (1, CGFloat(color.magenta), CGFloat(color.yellow), CGFloat(color.keyBlack) )))]
22 | case .magenta:
SwiftCompile normal arm64_32 /Users/admin/builder/spi-builder-workspace/Sources/ColorKit/Color\ Pickers/AlphaSlider.swift (in target 'ColorKit' from project 'ColorKit')
cd /Users/admin/builder/spi-builder-workspace/.swiftpm/xcode
builtin-SwiftPerFileCompile AlphaSlider.swift
SwiftCompile normal arm64_32 /Users/admin/builder/spi-builder-workspace/Sources/ColorKit/Color\ Pickers/CYMKColorPicker.swift (in target 'ColorKit' from project 'ColorKit')
cd /Users/admin/builder/spi-builder-workspace/.swiftpm/xcode
builtin-SwiftPerFileCompile CYMKColorPicker.swift
SwiftDriverJobDiscovery normal arm64_32 Compiling RadialSlider.swift (in target 'Sliders' from project 'Sliders')
SwiftCompile normal arm64_32 Compiling\ HSBColorPicker.swift,\ PlatformColor.swift /Users/admin/builder/spi-builder-workspace/Sources/ColorKit/Color\ Pickers/HSBColorPicker.swift /Users/admin/builder/spi-builder-workspace/Sources/ColorKit/Color\ Pickers/PlatformColor.swift (in target 'ColorKit' from project 'ColorKit')
/Users/admin/builder/spi-builder-workspace/Sources/ColorKit/Color Pickers/PlatformColor.swift:16:11: error: cannot find type 'PlatformColor' in scope
14 | #endif
15 |
16 | extension PlatformColor {
| `- error: cannot find type 'PlatformColor' in scope
17 |
18 | convenience init(cmyk: (c: CGFloat, m: CGFloat, y: CGFloat, k: CGFloat)) {
/Users/admin/builder/spi-builder-workspace/Sources/ColorKit/Color Pickers/PlatformColor.swift:18:32: error: cannot find type 'CGFloat' in scope; did you mean to use 'CGFloat'?
16 | extension PlatformColor {
17 |
18 | convenience init(cmyk: (c: CGFloat, m: CGFloat, y: CGFloat, k: CGFloat)) {
| `- error: cannot find type 'CGFloat' in scope; did you mean to use 'CGFloat'?
19 | let cmyTransform = { x in
20 | return x * (1 - cmyk.k) + cmyk.k
/Users/admin/builder/spi-builder-workspace/Sources/ColorKit/Color Pickers/PlatformColor.swift:18:44: error: cannot find type 'CGFloat' in scope; did you mean to use 'CGFloat'?
16 | extension PlatformColor {
17 |
18 | convenience init(cmyk: (c: CGFloat, m: CGFloat, y: CGFloat, k: CGFloat)) {
| `- error: cannot find type 'CGFloat' in scope; did you mean to use 'CGFloat'?
19 | let cmyTransform = { x in
20 | return x * (1 - cmyk.k) + cmyk.k
/Users/admin/builder/spi-builder-workspace/Sources/ColorKit/Color Pickers/PlatformColor.swift:18:56: error: cannot find type 'CGFloat' in scope; did you mean to use 'CGFloat'?
16 | extension PlatformColor {
17 |
18 | convenience init(cmyk: (c: CGFloat, m: CGFloat, y: CGFloat, k: CGFloat)) {
| `- error: cannot find type 'CGFloat' in scope; did you mean to use 'CGFloat'?
19 | let cmyTransform = { x in
20 | return x * (1 - cmyk.k) + cmyk.k
/Users/admin/builder/spi-builder-workspace/Sources/ColorKit/Color Pickers/PlatformColor.swift:18:68: error: cannot find type 'CGFloat' in scope; did you mean to use 'CGFloat'?
16 | extension PlatformColor {
17 |
18 | convenience init(cmyk: (c: CGFloat, m: CGFloat, y: CGFloat, k: CGFloat)) {
| `- error: cannot find type 'CGFloat' in scope; did you mean to use 'CGFloat'?
19 | let cmyTransform = { x in
20 | return x * (1 - cmyk.k) + cmyk.k
Failed frontend command:
/Applications/Xcode-27.0.0-Release.Candidate.app/Contents/Developer/Toolchains/XcodeDefault.xctoolchain/usr/bin/swift-frontend -frontend -c /Users/admin/builder/spi-builder-workspace/Sources/ColorKit/Color\ Pickers/AlphaSlider.swift /Users/admin/builder/spi-builder-workspace/Sources/ColorKit/Color\ Pickers/CYMKColorPicker.swift /Users/admin/builder/spi-builder-workspace/Sources/ColorKit/Color\ Pickers/ColorManager.swift /Users/admin/builder/spi-builder-workspace/Sources/ColorKit/Color\ Pickers/ColorPicker.swift /Users/admin/builder/spi-builder-workspace/Sources/ColorKit/Color\ Pickers/ColorToken.swift /Users/admin/builder/spi-builder-workspace/Sources/ColorKit/Color\ Pickers/GrayScaleSlider.swift -primary-file /Users/admin/builder/spi-builder-workspace/Sources/ColorKit/Color\ Pickers/HSBColorPicker.swift -primary-file /Users/admin/builder/spi-builder-workspace/Sources/ColorKit/Color\ Pickers/PlatformColor.swift /Users/admin/builder/spi-builder-workspace/Sources/ColorKit/Color\ Pickers/RGBColorPicker.swift /Users/admin/builder/spi-builder-workspace/Sources/ColorKit/Gradient\ Picker/AngularGradientPicker.swift /Users/admin/builder/spi-builder-workspace/Sources/ColorKit/Gradient\ Picker/GradientData.swift /Users/admin/builder/spi-builder-workspace/Sources/ColorKit/Gradient\ Picker/GradientPicker.swift /Users/admin/builder/spi-builder-workspace/Sources/ColorKit/Gradient\ Picker/GradientStyles.swift /Users/admin/builder/spi-builder-workspace/Sources/ColorKit/Gradient\ Picker/LinearGradientPicker.swift /Users/admin/builder/spi-builder-workspace/Sources/ColorKit/Gradient\ Picker/RadialGradientPicker.swift /Users/admin/builder/spi-builder-workspace/Sources/ColorKit/Utilities/CoreGraphics+Extension.swift -emit-dependencies-path /Users/admin/builder/spi-builder-workspace/.derivedData/Build/Intermediates.noindex/ColorKit.build/Debug-watchos/ColorKit-t.build/Objects-normal/arm64_32/HSBColorPicker.d -emit-const-values-path /Users/admin/builder/spi-builder-workspace/.derivedData/Build/Intermediates.noindex/ColorKit.build/Debug-watchos/ColorKit-t.build/Objects-normal/arm64_32/HSBColorPicker.swiftconstvalues -emit-reference-dependencies-path /Users/admin/builder/spi-builder-workspace/.derivedData/Build/Intermediates.noindex/ColorKit.build/Debug-watchos/ColorKit-t.build/Objects-normal/arm64_32/HSBColorPicker.swiftdeps -serialize-diagnostics-path /Users/admin/builder/spi-builder-workspace/.derivedData/Build/Intermediates.noindex/ColorKit.build/Debug-watchos/ColorKit-t.build/Objects-normal/arm64_32/HSBColorPicker.dia -emit-dependencies-path /Users/admin/builder/spi-builder-workspace/.derivedData/Build/Intermediates.noindex/ColorKit.build/Debug-watchos/ColorKit-t.build/Objects-normal/arm64_32/PlatformColor.d -emit-const-values-path /Users/admin/builder/spi-builder-workspace/.derivedData/Build/Intermediates.noindex/ColorKit.build/Debug-watchos/ColorKit-t.build/Objects-normal/arm64_32/PlatformColor.swiftconstvalues -emit-reference-dependencies-path /Users/admin/builder/spi-builder-workspace/.derivedData/Build/Intermediates.noindex/ColorKit.build/Debug-watchos/ColorKit-t.build/Objects-normal/arm64_32/PlatformColor.swiftdeps -serialize-diagnostics-path /Users/admin/builder/spi-builder-workspace/.derivedData/Build/Intermediates.noindex/ColorKit.build/Debug-watchos/ColorKit-t.build/Objects-normal/arm64_32/PlatformColor.dia -target arm64_32-apple-watchos9.0 -disable-cross-import-overlay-search -load-resolved-plugin /Applications/Xcode-27.0.0-Release.Candidate.app/Contents/Developer/Platforms/WatchOS.platform/Developer/usr/lib/swift/host/plugins/libFoundationMacros.dylib\#/Applications/Xcode-27.0.0-Release.Candidate.app/Contents/Developer/Platforms/WatchOS.platform/Developer/usr/bin/swift-plugin-server\#FoundationMacros -load-resolved-plugin /Applications/Xcode-27.0.0-Release.Candidate.app/Contents/Developer/Platforms/WatchOS.platform/Developer/usr/lib/swift/host/plugins/libObservationMacros.dylib\#/Applications/Xcode-27.0.0-Release.Candidate.app/Contents/Developer/Platforms/WatchOS.platform/Developer/usr/bin/swift-plugin-server\#ObservationMacros -load-resolved-plugin /Applications/Xcode-27.0.0-Release.Candidate.app/Contents/Developer/Platforms/WatchOS.platform/Developer/usr/lib/swift/host/plugins/libPreviewsMacros.dylib\#/Applications/Xcode-27.0.0-Release.Candidate.app/Contents/Developer/Platforms/WatchOS.platform/Developer/usr/bin/swift-plugin-server\#PreviewsMacros -load-resolved-plugin /Applications/Xcode-27.0.0-Release.Candidate.app/Contents/Developer/Platforms/WatchOS.platform/Developer/usr/lib/swift/host/plugins/libSwiftMacros.dylib\#/Applications/Xcode-27.0.0-Release.Candidate.app/Contents/Developer/Platforms/WatchOS.platform/Developer/usr/bin/swift-plugin-server\#SwiftMacros -load-resolved-plugin /Applications/Xcode-27.0.0-Release.Candidate.app/Contents/Developer/Platforms/WatchOS.platform/Developer/usr/lib/swift/host/plugins/libSwiftUIMacros.dylib\#/Applications/Xcode-27.0.0-Release.Candidate.app/Contents/Developer/Platforms/WatchOS.platform/Developer/usr/bin/swift-plugin-server\#SwiftUIMacros -disable-implicit-swift-modules -Xcc -fno-implicit-modules -Xcc -fno-implicit-module-maps -explicit-swift-module-map-file /Users/admin/builder/spi-builder-workspace/.derivedData/Build/Intermediates.noindex/ColorKit.build/Debug-watchos/ColorKit-t.build/Objects-normal/arm64_32/ColorKit-dependencies-1.json -enable-objc-interop -sdk /Applications/Xcode-27.0.0-Release.Candidate.app/Contents/Developer/Platforms/WatchOS.platform/Developer/SDKs/WatchOS27.0.sdk -I /Users/admin/builder/spi-builder-workspace/.derivedData/Build/Products/Debug-watchos -Isystem /Applications/Xcode-27.0.0-Release.Candidate.app/Contents/Developer/Platforms/WatchOS.platform/Developer/usr/lib -F /Users/admin/builder/spi-builder-workspace/.derivedData/Build/Products/Debug-watchos/PackageFrameworks -F /Users/admin/builder/spi-builder-workspace/.derivedData/Build/Products/Debug-watchos -F /Applications/Xcode-27.0.0-Release.Candidate.app/Contents/Developer/Platforms/WatchOS.platform/Developer/Library/Frameworks -F /Applications/Xcode-27.0.0-Release.Candidate.app/Contents/Developer/Platforms/WatchOS.platform/Developer/SDKs/WatchOS27.0.sdk/Developer/Library/Frameworks -module-cache-path /Users/admin/builder/spi-builder-workspace/.derivedData/Build/Intermediates.noindex/SwiftExplicitPrecompiledModules -no-color-diagnostics -Xcc -fno-color-diagnostics -enable-testing -g -debug-info-format\=dwarf -dwarf-version\=4 -swift-version 6 -Onone -D SWIFT_PACKAGE -D DEBUG -D SWIFT_MODULE_RESOURCE_BUNDLE_UNAVAILABLE -D Xcode -serialize-debugging-options -enable-experimental-feature DebugDescriptionMacro -empty-abi-descriptor -validate-clang-modules-once -clang-build-session-file /Users/admin/builder/spi-builder-workspace/.derivedData/ModuleCache.noindex/Session.modulevalidation -Xcc -working-directory -Xcc /Users/admin/builder/spi-builder-workspace/.swiftpm/xcode -enable-anonymous-context-mangled-names -file-compilation-dir /Users/admin/builder/spi-builder-workspace/.swiftpm/xcode -Xcc -D_LIBCPP_HARDENING_MODE\=_LIBCPP_HARDENING_MODE_DEBUG -Xcc -ivfsstatcache -Xcc /Users/admin/builder/spi-builder-workspace/.derivedData/SDKStatCaches.noindex/watchos27.0-24R360-e829b21a6f8c9b70876ba0858053c04477534ef55a1706bf4c1112bbb242f0a2.sdkstatcache -Xcc -fmodules-prune-interval\=86400 -Xcc -fmodules-prune-after\=345600 -Xcc -I/Users/admin/builder/spi-builder-workspace/.derivedData/Build/Products/Debug-watchos/include -Xcc -I/Users/admin/builder/spi-builder-workspace/.derivedData/Build/Intermediates.noindex/ColorKit.build/Debug-watchos/ColorKit-t.build/DerivedSources-normal/arm64_32 -Xcc -I/Users/admin/builder/spi-builder-workspace/.derivedData/Build/Intermediates.noindex/ColorKit.build/Debug-watchos/ColorKit-t.build/DerivedSources/arm64_32 -Xcc -I/Users/admin/builder/spi-builder-workspace/.derivedData/Build/Intermediates.noindex/ColorKit.build/Debug-watchos/ColorKit-t.build/DerivedSources -Xcc -DSWIFT_PACKAGE -Xcc -DDEBUG\=1 -no-auto-bridging-header-chaining -module-name ColorKit -package-name spi_builder_workspace -const-gather-protocols-file /Users/admin/builder/spi-builder-workspace/.derivedData/Build/Intermediates.noindex/ColorKit.build/Debug-watchos/ColorKit-t.build/Objects-normal/arm64_32/ColorKit_const_extract_protocols.json -disable-clang-spi -clang-target arm64_32-apple-watchos27.0 -target-sdk-version 27.0 -target-sdk-name watchos27.0 -in-process-plugin-server-path /Applications/Xcode-27.0.0-Release.Candidate.app/Contents/Developer/Toolchains/XcodeDefault.xctoolchain/usr/lib/swift/host/libSwiftInProcPluginServer.dylib -parse-as-library -o /Users/admin/builder/spi-builder-workspace/.derivedData/Build/Intermediates.noindex/ColorKit.build/Debug-watchos/ColorKit-t.build/Objects-normal/arm64_32/HSBColorPicker.o -o /Users/admin/builder/spi-builder-workspace/.derivedData/Build/Intermediates.noindex/ColorKit.build/Debug-watchos/ColorKit-t.build/Objects-normal/arm64_32/PlatformColor.o -debug-module-path /Users/admin/builder/spi-builder-workspace/.derivedData/Build/Intermediates.noindex/ColorKit.build/Debug-watchos/ColorKit-t.build/Objects-normal/arm64_32/ColorKit.swiftmodule -index-unit-output-path /ColorKit.build/Debug-watchos/ColorKit-t.build/Objects-normal/arm64_32/HSBColorPicker.o -index-unit-output-path /ColorKit.build/Debug-watchos/ColorKit-t.build/Objects-normal/arm64_32/PlatformColor.o -index-store-path /Users/admin/builder/spi-builder-workspace/.derivedData/Index.noindex/DataStore -index-system-modules
SwiftCompile normal arm64_32 /Users/admin/builder/spi-builder-workspace/Sources/ColorKit/Color\ Pickers/HSBColorPicker.swift (in target 'ColorKit' from project 'ColorKit')
cd /Users/admin/builder/spi-builder-workspace/.swiftpm/xcode
builtin-SwiftPerFileCompile HSBColorPicker.swift
SwiftCompile normal arm64_32 /Users/admin/builder/spi-builder-workspace/Sources/ColorKit/Color\ Pickers/PlatformColor.swift (in target 'ColorKit' from project 'ColorKit')
cd /Users/admin/builder/spi-builder-workspace/.swiftpm/xcode
builtin-SwiftPerFileCompile PlatformColor.swift
SwiftEmitModule normal arm64 Emitting\ module\ for\ ColorKit (in target 'ColorKit' from project 'ColorKit')
SwiftCompile normal arm64 (in target 'ColorKit' from project 'ColorKit')
cd /Users/admin/builder/spi-builder-workspace/.swiftpm/xcode
SwiftDriverJobDiscovery normal arm64_32 Compiling Joystick.swift, LSlider.swift (in target 'Sliders' from project 'Sliders')
SwiftCompile normal arm64 Compiling\ AlphaSlider.swift,\ CYMKColorPicker.swift /Users/admin/builder/spi-builder-workspace/Sources/ColorKit/Color\ Pickers/AlphaSlider.swift /Users/admin/builder/spi-builder-workspace/Sources/ColorKit/Color\ Pickers/CYMKColorPicker.swift (in target 'ColorKit' from project 'ColorKit')
SwiftCompile normal arm64 /Users/admin/builder/spi-builder-workspace/Sources/ColorKit/Color\ Pickers/AlphaSlider.swift (in target 'ColorKit' from project 'ColorKit')
cd /Users/admin/builder/spi-builder-workspace/.swiftpm/xcode
builtin-SwiftPerFileCompile AlphaSlider.swift
SwiftCompile normal arm64 /Users/admin/builder/spi-builder-workspace/Sources/ColorKit/Color\ Pickers/CYMKColorPicker.swift (in target 'ColorKit' from project 'ColorKit')
cd /Users/admin/builder/spi-builder-workspace/.swiftpm/xcode
builtin-SwiftPerFileCompile CYMKColorPicker.swift
PruneExplicitPrecompiledModules /Users/admin/builder/spi-builder-workspace/.derivedData/SDKExplicitPrecompiledModules
PruneExplicitPrecompiledModules /Users/admin/builder/spi-builder-workspace/.derivedData/Build/Intermediates.noindex/ExplicitPrecompiledModules
PruneExplicitPrecompiledModules /Users/admin/builder/spi-builder-workspace/.derivedData/Build/Intermediates.noindex/SwiftExplicitPrecompiledModules
2026-09-24 06:11:21.255 xcodebuild[689:4281] [MT] IDERunDestination: Supported platforms for the buildables in the current scheme is empty.
** BUILD FAILED **
The following build commands failed:
SwiftCompile normal arm64_32 Compiling\ HSBColorPicker.swift,\ PlatformColor.swift /Users/admin/builder/spi-builder-workspace/Sources/ColorKit/Color\ Pickers/HSBColorPicker.swift /Users/admin/builder/spi-builder-workspace/Sources/ColorKit/Color\ Pickers/PlatformColor.swift (in target 'ColorKit' from project 'ColorKit')
SwiftCompile normal arm64_32 /Users/admin/builder/spi-builder-workspace/Sources/ColorKit/Color\ Pickers/PlatformColor.swift (in target 'ColorKit' from project 'ColorKit')
Building workspace ColorKit with scheme ColorKit
(3 failures)
Command line invocation:
/Applications/Xcode-27.0.0-Release.Candidate.app/Contents/Developer/usr/bin/xcodebuild -IDEClonedSourcePackagesDirPathOverride=/Users/admin/builder/spi-builder-workspace/.dependencies -resolvePackageDependencies
Resolve Package Graph
Resolved source packages:
Sliders: https://github.com/kieranb662/Sliders.git @ 2.0.2
ColorKit: /Users/admin/builder/spi-builder-workspace
resolved source packages: Sliders, ColorKit
2026-09-24 06:11:33.828 xcodebuild[881:5137] [MT] IDERunDestination: Supported platforms for the buildables in the current scheme is empty.
{
"dependencies" : [
{
"identity" : "sliders",
"requirement" : {
"range" : [
{
"lower_bound" : "2.0.1",
"upper_bound" : "3.0.0"
}
]
},
"type" : "sourceControl",
"url" : "https://github.com/kieranb662/Sliders.git"
}
],
"manifest_display_name" : "ColorKit",
"name" : "ColorKit",
"path" : "/Users/admin/builder/spi-builder-workspace",
"platforms" : [
{
"name" : "ios",
"version" : "16.0"
},
{
"name" : "macos",
"version" : "13.0"
},
{
"name" : "watchos",
"version" : "9.0"
}
],
"products" : [
{
"name" : "ColorKit",
"targets" : [
"ColorKit"
],
"type" : {
"library" : [
"automatic"
]
}
}
],
"targets" : [
{
"c99name" : "ColorKit",
"module_type" : "SwiftTarget",
"name" : "ColorKit",
"path" : "Sources/ColorKit",
"product_dependencies" : [
"Sliders"
],
"product_memberships" : [
"ColorKit"
],
"sources" : [
"Color Pickers/AlphaSlider.swift",
"Color Pickers/CYMKColorPicker.swift",
"Color Pickers/ColorManager.swift",
"Color Pickers/ColorPicker.swift",
"Color Pickers/ColorToken.swift",
"Color Pickers/GrayScaleSlider.swift",
"Color Pickers/HSBColorPicker.swift",
"Color Pickers/PlatformColor.swift",
"Color Pickers/RGBColorPicker.swift",
"Gradient Picker/AngularGradientPicker.swift",
"Gradient Picker/GradientData.swift",
"Gradient Picker/GradientPicker.swift",
"Gradient Picker/GradientStyles.swift",
"Gradient Picker/LinearGradientPicker.swift",
"Gradient Picker/RadialGradientPicker.swift",
"Utilities/CoreGraphics+Extension.swift"
],
"type" : "library"
}
],
"tools_version" : "6.2"
}
{
"workspace" : {
"name" : "ColorKit",
"schemes" : [
"ColorKit"
]
}
}
2026-09-24 06:11:35.151 xcodebuild[889:5212] [MT] IDERunDestination: Supported platforms for the buildables in the current scheme is empty.
Running build ...
env DEVELOPER_DIR=/Applications/Xcode-27.0.0-Release.Candidate.app xcrun xcodebuild -IDEClonedSourcePackagesDirPathOverride=$PWD/.dependencies -skipMacroValidation -skipPackagePluginValidation -derivedDataPath $PWD/.derivedData build -scheme ColorKit -destination generic/platform=watchOS
Command line invocation:
/Applications/Xcode-27.0.0-Release.Candidate.app/Contents/Developer/usr/bin/xcodebuild -IDEClonedSourcePackagesDirPathOverride=/Users/admin/builder/spi-builder-workspace/.dependencies -skipMacroValidation -skipPackagePluginValidation -derivedDataPath /Users/admin/builder/spi-builder-workspace/.derivedData build -scheme ColorKit -destination generic/platform=watchOS
Resolve Package Graph
Resolved source packages:
Sliders: https://github.com/kieranb662/Sliders.git @ 2.0.2
ColorKit: /Users/admin/builder/spi-builder-workspace
ComputePackagePrebuildTargetDependencyGraph
Prepare packages
CreateBuildRequest
SendProjectDescription
CreateBuildOperation
ComputeTargetDependencyGraph
note: Building targets in dependency order
note: Target dependency graph (4 targets)
Target 'ColorKit-product' in project 'ColorKit'
➜ Explicit dependency on target 'ColorKit' in project 'ColorKit'
➜ Explicit dependency on target 'Sliders-product' in project 'Sliders'
Target 'ColorKit' in project 'ColorKit'
➜ Explicit dependency on target 'Sliders-product' in project 'Sliders'
Target 'Sliders-product' in project 'Sliders'
➜ Explicit dependency on target 'Sliders' in project 'Sliders'
Target 'Sliders' in project 'Sliders' (no dependencies)
GatherProvisioningInputs
CreateBuildDescription
ClangStatCache /Applications/Xcode-27.0.0-Release.Candidate.app/Contents/Developer/Toolchains/XcodeDefault.xctoolchain/usr/bin/clang-stat-cache /Applications/Xcode-27.0.0-Release.Candidate.app/Contents/Developer/Platforms/WatchOS.platform/Developer/SDKs/WatchOS27.0.sdk /Users/admin/builder/spi-builder-workspace/.derivedData/SDKStatCaches.noindex/watchos27.0-24R360-e829b21a6f8c9b70876ba0858053c04477534ef55a1706bf4c1112bbb242f0a2.sdkstatcache
cd /Users/admin/builder/spi-builder-workspace/.swiftpm/xcode
/Applications/Xcode-27.0.0-Release.Candidate.app/Contents/Developer/Toolchains/XcodeDefault.xctoolchain/usr/bin/clang-stat-cache /Applications/Xcode-27.0.0-Release.Candidate.app/Contents/Developer/Platforms/WatchOS.platform/Developer/SDKs/WatchOS27.0.sdk -o /Users/admin/builder/spi-builder-workspace/.derivedData/SDKStatCaches.noindex/watchos27.0-24R360-e829b21a6f8c9b70876ba0858053c04477534ef55a1706bf4c1112bbb242f0a2.sdkstatcache
SwiftDriver Sliders normal arm64_32 com.apple.xcode.tools.swift.compiler (in target 'Sliders' from project 'Sliders')
cd /Users/admin/builder/spi-builder-workspace/.swiftpm/xcode
builtin-SwiftDriver -- /Applications/Xcode-27.0.0-Release.Candidate.app/Contents/Developer/Toolchains/XcodeDefault.xctoolchain/usr/bin/swiftc -parse-as-library -module-name Sliders -Onone @/Users/admin/builder/spi-builder-workspace/.derivedData/Build/Intermediates.noindex/Sliders.build/Debug-watchos/Sliders-t.build/Objects-normal/arm64_32/Sliders.SwiftFileList -DSWIFT_PACKAGE -DDEBUG -DSWIFT_MODULE_RESOURCE_BUNDLE_UNAVAILABLE -DXcode -plugin-path /Applications/Xcode-27.0.0-Release.Candidate.app/Contents/Developer/Toolchains/XcodeDefault.xctoolchain/usr/lib/swift/host/plugins/testing -enable-experimental-feature DebugDescriptionMacro -sdk /Applications/Xcode-27.0.0-Release.Candidate.app/Contents/Developer/Platforms/WatchOS.platform/Developer/SDKs/WatchOS27.0.sdk -target arm64_32-apple-watchos9.0 -g -module-cache-path /Users/admin/builder/spi-builder-workspace/.derivedData/ModuleCache.noindex -Xfrontend -serialize-debugging-options -enable-testing -suppress-warnings -index-store-path /Users/admin/builder/spi-builder-workspace/.derivedData/Index.noindex/DataStore -Xcc -D_LIBCPP_HARDENING_MODE\=_LIBCPP_HARDENING_MODE_DEBUG -swift-version 6 -I /Users/admin/builder/spi-builder-workspace/.derivedData/Build/Products/Debug-watchos -Isystem /Applications/Xcode-27.0.0-Release.Candidate.app/Contents/Developer/Platforms/WatchOS.platform/Developer/usr/lib -F /Users/admin/builder/spi-builder-workspace/.derivedData/Build/Products/Debug-watchos -F /Applications/Xcode-27.0.0-Release.Candidate.app/Contents/Developer/Platforms/WatchOS.platform/Developer/Library/Frameworks -F /Applications/Xcode-27.0.0-Release.Candidate.app/Contents/Developer/Platforms/WatchOS.platform/Developer/SDKs/WatchOS27.0.sdk/Developer/Library/Frameworks -c -j10 -enable-batch-mode -incremental -Xcc -ivfsstatcache -Xcc /Users/admin/builder/spi-builder-workspace/.derivedData/SDKStatCaches.noindex/watchos27.0-24R360-e829b21a6f8c9b70876ba0858053c04477534ef55a1706bf4c1112bbb242f0a2.sdkstatcache -output-file-map /Users/admin/builder/spi-builder-workspace/.derivedData/Build/Intermediates.noindex/Sliders.build/Debug-watchos/Sliders-t.build/Objects-normal/arm64_32/Sliders-OutputFileMap.json -save-temps -no-color-diagnostics -explicit-module-build -module-cache-path /Users/admin/builder/spi-builder-workspace/.derivedData/Build/Intermediates.noindex/SwiftExplicitPrecompiledModules -clang-scanner-module-cache-path /Users/admin/builder/spi-builder-workspace/.derivedData/ModuleCache.noindex -sdk-module-cache-path /Users/admin/builder/spi-builder-workspace/.derivedData/SDKExplicitPrecompiledModules -emit-dependencies -emit-module -emit-module-path /Users/admin/builder/spi-builder-workspace/.derivedData/Build/Intermediates.noindex/Sliders.build/Debug-watchos/Sliders-t.build/Objects-normal/arm64_32/Sliders.swiftmodule -serialize-diagnostics -dependency-scan-serialize-diagnostics-path /Users/admin/builder/spi-builder-workspace/.derivedData/Build/Intermediates.noindex/Sliders.build/Debug-watchos/Sliders-t.build/Objects-normal/arm64_32/Sliders-dependency-scan.dia -user-module-version 2.0.2 -validate-clang-modules-once -clang-build-session-file /Users/admin/builder/spi-builder-workspace/.derivedData/ModuleCache.noindex/Session.modulevalidation -Xcc -fmodules-prune-interval\=86400 -Xcc -fmodules-prune-after\=345600 -package-name sliders -emit-const-values -const-gather-protocols-list /Users/admin/builder/spi-builder-workspace/.derivedData/Build/Intermediates.noindex/Sliders.build/Debug-watchos/Sliders-t.build/Objects-normal/arm64_32/Sliders_const_extract_protocols.json -Xcc -I/Users/admin/builder/spi-builder-workspace/.derivedData/Build/Products/Debug-watchos/include -Xcc -I/Users/admin/builder/spi-builder-workspace/.derivedData/Build/Intermediates.noindex/Sliders.build/Debug-watchos/Sliders-t.build/DerivedSources-normal/arm64_32 -Xcc -I/Users/admin/builder/spi-builder-workspace/.derivedData/Build/Intermediates.noindex/Sliders.build/Debug-watchos/Sliders-t.build/DerivedSources/arm64_32 -Xcc -I/Users/admin/builder/spi-builder-workspace/.derivedData/Build/Intermediates.noindex/Sliders.build/Debug-watchos/Sliders-t.build/DerivedSources -Xcc -DSWIFT_PACKAGE -Xcc -DDEBUG\=1 -emit-objc-header -emit-objc-header-path /Users/admin/builder/spi-builder-workspace/.derivedData/Build/Intermediates.noindex/Sliders.build/Debug-watchos/Sliders-t.build/Objects-normal/arm64_32/Sliders-Swift.h -working-directory /Users/admin/builder/spi-builder-workspace/.swiftpm/xcode -experimental-emit-module-separately -disable-cmo
SwiftDriver ColorKit normal arm64_32 com.apple.xcode.tools.swift.compiler (in target 'ColorKit' from project 'ColorKit')
cd /Users/admin/builder/spi-builder-workspace/.swiftpm/xcode
builtin-SwiftDriver -- /Applications/Xcode-27.0.0-Release.Candidate.app/Contents/Developer/Toolchains/XcodeDefault.xctoolchain/usr/bin/swiftc -parse-as-library -module-name ColorKit -Onone @/Users/admin/builder/spi-builder-workspace/.derivedData/Build/Intermediates.noindex/ColorKit.build/Debug-watchos/ColorKit-t.build/Objects-normal/arm64_32/ColorKit.SwiftFileList -DSWIFT_PACKAGE -DDEBUG -DSWIFT_MODULE_RESOURCE_BUNDLE_UNAVAILABLE -DXcode -plugin-path /Applications/Xcode-27.0.0-Release.Candidate.app/Contents/Developer/Toolchains/XcodeDefault.xctoolchain/usr/lib/swift/host/plugins/testing -enable-experimental-feature DebugDescriptionMacro -sdk /Applications/Xcode-27.0.0-Release.Candidate.app/Contents/Developer/Platforms/WatchOS.platform/Developer/SDKs/WatchOS27.0.sdk -target arm64_32-apple-watchos9.0 -g -module-cache-path /Users/admin/builder/spi-builder-workspace/.derivedData/ModuleCache.noindex -Xfrontend -serialize-debugging-options -enable-testing -index-store-path /Users/admin/builder/spi-builder-workspace/.derivedData/Index.noindex/DataStore -Xcc -D_LIBCPP_HARDENING_MODE\=_LIBCPP_HARDENING_MODE_DEBUG -swift-version 6 -I /Users/admin/builder/spi-builder-workspace/.derivedData/Build/Products/Debug-watchos -Isystem /Applications/Xcode-27.0.0-Release.Candidate.app/Contents/Developer/Platforms/WatchOS.platform/Developer/usr/lib -F /Users/admin/builder/spi-builder-workspace/.derivedData/Build/Products/Debug-watchos/PackageFrameworks -F /Users/admin/builder/spi-builder-workspace/.derivedData/Build/Products/Debug-watchos -F /Applications/Xcode-27.0.0-Release.Candidate.app/Contents/Developer/Platforms/WatchOS.platform/Developer/Library/Frameworks -F /Applications/Xcode-27.0.0-Release.Candidate.app/Contents/Developer/Platforms/WatchOS.platform/Developer/SDKs/WatchOS27.0.sdk/Developer/Library/Frameworks -c -j10 -enable-batch-mode -incremental -Xcc -ivfsstatcache -Xcc /Users/admin/builder/spi-builder-workspace/.derivedData/SDKStatCaches.noindex/watchos27.0-24R360-e829b21a6f8c9b70876ba0858053c04477534ef55a1706bf4c1112bbb242f0a2.sdkstatcache -output-file-map /Users/admin/builder/spi-builder-workspace/.derivedData/Build/Intermediates.noindex/ColorKit.build/Debug-watchos/ColorKit-t.build/Objects-normal/arm64_32/ColorKit-OutputFileMap.json -save-temps -no-color-diagnostics -explicit-module-build -module-cache-path /Users/admin/builder/spi-builder-workspace/.derivedData/Build/Intermediates.noindex/SwiftExplicitPrecompiledModules -clang-scanner-module-cache-path /Users/admin/builder/spi-builder-workspace/.derivedData/ModuleCache.noindex -sdk-module-cache-path /Users/admin/builder/spi-builder-workspace/.derivedData/SDKExplicitPrecompiledModules -emit-dependencies -emit-module -emit-module-path /Users/admin/builder/spi-builder-workspace/.derivedData/Build/Intermediates.noindex/ColorKit.build/Debug-watchos/ColorKit-t.build/Objects-normal/arm64_32/ColorKit.swiftmodule -serialize-diagnostics -dependency-scan-serialize-diagnostics-path /Users/admin/builder/spi-builder-workspace/.derivedData/Build/Intermediates.noindex/ColorKit.build/Debug-watchos/ColorKit-t.build/Objects-normal/arm64_32/ColorKit-dependency-scan.dia -validate-clang-modules-once -clang-build-session-file /Users/admin/builder/spi-builder-workspace/.derivedData/ModuleCache.noindex/Session.modulevalidation -Xcc -fmodules-prune-interval\=86400 -Xcc -fmodules-prune-after\=345600 -package-name spi_builder_workspace -emit-const-values -const-gather-protocols-list /Users/admin/builder/spi-builder-workspace/.derivedData/Build/Intermediates.noindex/ColorKit.build/Debug-watchos/ColorKit-t.build/Objects-normal/arm64_32/ColorKit_const_extract_protocols.json -Xcc -I/Users/admin/builder/spi-builder-workspace/.derivedData/Build/Products/Debug-watchos/include -Xcc -I/Users/admin/builder/spi-builder-workspace/.derivedData/Build/Intermediates.noindex/ColorKit.build/Debug-watchos/ColorKit-t.build/DerivedSources-normal/arm64_32 -Xcc -I/Users/admin/builder/spi-builder-workspace/.derivedData/Build/Intermediates.noindex/ColorKit.build/Debug-watchos/ColorKit-t.build/DerivedSources/arm64_32 -Xcc -I/Users/admin/builder/spi-builder-workspace/.derivedData/Build/Intermediates.noindex/ColorKit.build/Debug-watchos/ColorKit-t.build/DerivedSources -Xcc -DSWIFT_PACKAGE -Xcc -DDEBUG\=1 -emit-objc-header -emit-objc-header-path /Users/admin/builder/spi-builder-workspace/.derivedData/Build/Intermediates.noindex/ColorKit.build/Debug-watchos/ColorKit-t.build/Objects-normal/arm64_32/ColorKit-Swift.h -working-directory /Users/admin/builder/spi-builder-workspace/.swiftpm/xcode -experimental-emit-module-separately -disable-cmo
SwiftDriver ColorKit normal arm64 com.apple.xcode.tools.swift.compiler (in target 'ColorKit' from project 'ColorKit')
cd /Users/admin/builder/spi-builder-workspace/.swiftpm/xcode
builtin-SwiftDriver -- /Applications/Xcode-27.0.0-Release.Candidate.app/Contents/Developer/Toolchains/XcodeDefault.xctoolchain/usr/bin/swiftc -parse-as-library -module-name ColorKit -Onone @/Users/admin/builder/spi-builder-workspace/.derivedData/Build/Intermediates.noindex/ColorKit.build/Debug-watchos/ColorKit-t.build/Objects-normal/arm64/ColorKit.SwiftFileList -DSWIFT_PACKAGE -DDEBUG -DSWIFT_MODULE_RESOURCE_BUNDLE_UNAVAILABLE -DXcode -plugin-path /Applications/Xcode-27.0.0-Release.Candidate.app/Contents/Developer/Toolchains/XcodeDefault.xctoolchain/usr/lib/swift/host/plugins/testing -enable-experimental-feature DebugDescriptionMacro -sdk /Applications/Xcode-27.0.0-Release.Candidate.app/Contents/Developer/Platforms/WatchOS.platform/Developer/SDKs/WatchOS27.0.sdk -target arm64-apple-watchos9.0 -g -module-cache-path /Users/admin/builder/spi-builder-workspace/.derivedData/ModuleCache.noindex -Xfrontend -serialize-debugging-options -enable-testing -index-store-path /Users/admin/builder/spi-builder-workspace/.derivedData/Index.noindex/DataStore -Xcc -D_LIBCPP_HARDENING_MODE\=_LIBCPP_HARDENING_MODE_DEBUG -swift-version 6 -I /Users/admin/builder/spi-builder-workspace/.derivedData/Build/Products/Debug-watchos -Isystem /Applications/Xcode-27.0.0-Release.Candidate.app/Contents/Developer/Platforms/WatchOS.platform/Developer/usr/lib -F /Users/admin/builder/spi-builder-workspace/.derivedData/Build/Products/Debug-watchos/PackageFrameworks -F /Users/admin/builder/spi-builder-workspace/.derivedData/Build/Products/Debug-watchos -F /Applications/Xcode-27.0.0-Release.Candidate.app/Contents/Developer/Platforms/WatchOS.platform/Developer/Library/Frameworks -F /Applications/Xcode-27.0.0-Release.Candidate.app/Contents/Developer/Platforms/WatchOS.platform/Developer/SDKs/WatchOS27.0.sdk/Developer/Library/Frameworks -c -j10 -enable-batch-mode -incremental -Xcc -ivfsstatcache -Xcc /Users/admin/builder/spi-builder-workspace/.derivedData/SDKStatCaches.noindex/watchos27.0-24R360-e829b21a6f8c9b70876ba0858053c04477534ef55a1706bf4c1112bbb242f0a2.sdkstatcache -output-file-map /Users/admin/builder/spi-builder-workspace/.derivedData/Build/Intermediates.noindex/ColorKit.build/Debug-watchos/ColorKit-t.build/Objects-normal/arm64/ColorKit-OutputFileMap.json -save-temps -no-color-diagnostics -explicit-module-build -module-cache-path /Users/admin/builder/spi-builder-workspace/.derivedData/Build/Intermediates.noindex/SwiftExplicitPrecompiledModules -clang-scanner-module-cache-path /Users/admin/builder/spi-builder-workspace/.derivedData/ModuleCache.noindex -sdk-module-cache-path /Users/admin/builder/spi-builder-workspace/.derivedData/SDKExplicitPrecompiledModules -emit-dependencies -emit-module -emit-module-path /Users/admin/builder/spi-builder-workspace/.derivedData/Build/Intermediates.noindex/ColorKit.build/Debug-watchos/ColorKit-t.build/Objects-normal/arm64/ColorKit.swiftmodule -serialize-diagnostics -dependency-scan-serialize-diagnostics-path /Users/admin/builder/spi-builder-workspace/.derivedData/Build/Intermediates.noindex/ColorKit.build/Debug-watchos/ColorKit-t.build/Objects-normal/arm64/ColorKit-dependency-scan.dia -validate-clang-modules-once -clang-build-session-file /Users/admin/builder/spi-builder-workspace/.derivedData/ModuleCache.noindex/Session.modulevalidation -Xcc -fmodules-prune-interval\=86400 -Xcc -fmodules-prune-after\=345600 -package-name spi_builder_workspace -emit-const-values -const-gather-protocols-list /Users/admin/builder/spi-builder-workspace/.derivedData/Build/Intermediates.noindex/ColorKit.build/Debug-watchos/ColorKit-t.build/Objects-normal/arm64/ColorKit_const_extract_protocols.json -Xcc -I/Users/admin/builder/spi-builder-workspace/.derivedData/Build/Products/Debug-watchos/include -Xcc -I/Users/admin/builder/spi-builder-workspace/.derivedData/Build/Intermediates.noindex/ColorKit.build/Debug-watchos/ColorKit-t.build/DerivedSources-normal/arm64 -Xcc -I/Users/admin/builder/spi-builder-workspace/.derivedData/Build/Intermediates.noindex/ColorKit.build/Debug-watchos/ColorKit-t.build/DerivedSources/arm64 -Xcc -I/Users/admin/builder/spi-builder-workspace/.derivedData/Build/Intermediates.noindex/ColorKit.build/Debug-watchos/ColorKit-t.build/DerivedSources -Xcc -DSWIFT_PACKAGE -Xcc -DDEBUG\=1 -emit-objc-header -emit-objc-header-path /Users/admin/builder/spi-builder-workspace/.derivedData/Build/Intermediates.noindex/ColorKit.build/Debug-watchos/ColorKit-t.build/Objects-normal/arm64/ColorKit-Swift.h -working-directory /Users/admin/builder/spi-builder-workspace/.swiftpm/xcode -experimental-emit-module-separately -disable-cmo
SwiftEmitModule normal arm64_32 Emitting\ module\ for\ Sliders (in target 'Sliders' from project 'Sliders')
SwiftCompile normal arm64_32 (in target 'Sliders' from project 'Sliders')
cd /Users/admin/builder/spi-builder-workspace/.swiftpm/xcode
SwiftCompile normal arm64_32 Compiling\ OverFlowSlider.swift /Users/admin/builder/spi-builder-workspace/.dependencies/checkouts/Sliders/Sources/Sliders/OverFlowSlider.swift (in target 'Sliders' from project 'Sliders')
SwiftCompile normal arm64_32 /Users/admin/builder/spi-builder-workspace/.dependencies/checkouts/Sliders/Sources/Sliders/OverFlowSlider.swift (in target 'Sliders' from project 'Sliders')
cd /Users/admin/builder/spi-builder-workspace/.swiftpm/xcode
builtin-SwiftPerFileCompile OverFlowSlider.swift
SwiftCompile normal arm64 Compiling\ ColorToken.swift,\ GrayScaleSlider.swift /Users/admin/builder/spi-builder-workspace/Sources/ColorKit/Color\ Pickers/ColorToken.swift /Users/admin/builder/spi-builder-workspace/Sources/ColorKit/Color\ Pickers/GrayScaleSlider.swift (in target 'ColorKit' from project 'ColorKit')
SwiftCompile normal arm64 /Users/admin/builder/spi-builder-workspace/Sources/ColorKit/Color\ Pickers/ColorToken.swift (in target 'ColorKit' from project 'ColorKit')
cd /Users/admin/builder/spi-builder-workspace/.swiftpm/xcode
builtin-SwiftPerFileCompile ColorToken.swift
SwiftCompile normal arm64 /Users/admin/builder/spi-builder-workspace/Sources/ColorKit/Color\ Pickers/GrayScaleSlider.swift (in target 'ColorKit' from project 'ColorKit')
cd /Users/admin/builder/spi-builder-workspace/.swiftpm/xcode
builtin-SwiftPerFileCompile GrayScaleSlider.swift
/Users/admin/builder/spi-builder-workspace/Sources/ColorKit/Color Pickers/ColorToken.swift:70:17: error: cannot find 'PlatformColor' in scope
68 | case .cmyk:
69 | return Color(
70 | PlatformColor(cmyk: (CGFloat(cyan), CGFloat(magenta), CGFloat(yellow), CGFloat(keyBlack)))
| `- error: cannot find 'PlatformColor' in scope
71 | )
72 | .opacity(alpha)
SwiftCompile normal arm64 Compiling\ AlphaSlider.swift,\ CYMKColorPicker.swift /Users/admin/builder/spi-builder-workspace/Sources/ColorKit/Color\ Pickers/AlphaSlider.swift /Users/admin/builder/spi-builder-workspace/Sources/ColorKit/Color\ Pickers/CYMKColorPicker.swift (in target 'ColorKit' from project 'ColorKit')
/Users/admin/builder/spi-builder-workspace/Sources/ColorKit/Color Pickers/CYMKColorPicker.swift:20:27: error: cannot find 'PlatformColor' in scope
18 | switch type {
19 | case .cyan:
20 | return [Color(PlatformColor(cmyk: (0, CGFloat(color.magenta), CGFloat(color.yellow), CGFloat(color.keyBlack) ))),
| `- error: cannot find 'PlatformColor' in scope
21 | Color(PlatformColor(cmyk: (1, CGFloat(color.magenta), CGFloat(color.yellow), CGFloat(color.keyBlack) )))]
22 | case .magenta:
/Users/admin/builder/spi-builder-workspace/Sources/ColorKit/Color Pickers/CYMKColorPicker.swift:21:27: error: cannot find 'PlatformColor' in scope
19 | case .cyan:
20 | return [Color(PlatformColor(cmyk: (0, CGFloat(color.magenta), CGFloat(color.yellow), CGFloat(color.keyBlack) ))),
21 | Color(PlatformColor(cmyk: (1, CGFloat(color.magenta), CGFloat(color.yellow), CGFloat(color.keyBlack) )))]
| `- error: cannot find 'PlatformColor' in scope
22 | case .magenta:
23 | return [Color(PlatformColor(cmyk: (CGFloat(color.cyan), 0, CGFloat(color.yellow), CGFloat(color.keyBlack) ))),
/Users/admin/builder/spi-builder-workspace/Sources/ColorKit/Color Pickers/CYMKColorPicker.swift:23:27: error: cannot find 'PlatformColor' in scope
21 | Color(PlatformColor(cmyk: (1, CGFloat(color.magenta), CGFloat(color.yellow), CGFloat(color.keyBlack) )))]
22 | case .magenta:
23 | return [Color(PlatformColor(cmyk: (CGFloat(color.cyan), 0, CGFloat(color.yellow), CGFloat(color.keyBlack) ))),
| `- error: cannot find 'PlatformColor' in scope
24 | Color(PlatformColor(cmyk: (CGFloat(color.cyan), 1, CGFloat(color.yellow), CGFloat(color.keyBlack) )))]
25 | case .yellow:
/Users/admin/builder/spi-builder-workspace/Sources/ColorKit/Color Pickers/CYMKColorPicker.swift:24:27: error: cannot find 'PlatformColor' in scope
22 | case .magenta:
23 | return [Color(PlatformColor(cmyk: (CGFloat(color.cyan), 0, CGFloat(color.yellow), CGFloat(color.keyBlack) ))),
24 | Color(PlatformColor(cmyk: (CGFloat(color.cyan), 1, CGFloat(color.yellow), CGFloat(color.keyBlack) )))]
| `- error: cannot find 'PlatformColor' in scope
25 | case .yellow:
26 | return [Color(PlatformColor(cmyk: (CGFloat(color.cyan), CGFloat(color.magenta), 0, CGFloat(color.keyBlack) ))),
/Users/admin/builder/spi-builder-workspace/Sources/ColorKit/Color Pickers/CYMKColorPicker.swift:26:27: error: cannot find 'PlatformColor' in scope
24 | Color(PlatformColor(cmyk: (CGFloat(color.cyan), 1, CGFloat(color.yellow), CGFloat(color.keyBlack) )))]
25 | case .yellow:
26 | return [Color(PlatformColor(cmyk: (CGFloat(color.cyan), CGFloat(color.magenta), 0, CGFloat(color.keyBlack) ))),
| `- error: cannot find 'PlatformColor' in scope
27 | Color(PlatformColor(cmyk: (CGFloat(color.cyan), CGFloat(color.magenta), 1, CGFloat(color.keyBlack) )))]
28 | case .black:
/Users/admin/builder/spi-builder-workspace/Sources/ColorKit/Color Pickers/CYMKColorPicker.swift:27:27: error: cannot find 'PlatformColor' in scope
25 | case .yellow:
26 | return [Color(PlatformColor(cmyk: (CGFloat(color.cyan), CGFloat(color.magenta), 0, CGFloat(color.keyBlack) ))),
27 | Color(PlatformColor(cmyk: (CGFloat(color.cyan), CGFloat(color.magenta), 1, CGFloat(color.keyBlack) )))]
| `- error: cannot find 'PlatformColor' in scope
28 | case .black:
29 | return [Color(PlatformColor(cmyk: (CGFloat(color.cyan), CGFloat(color.magenta), CGFloat(color.yellow), 0))),
/Users/admin/builder/spi-builder-workspace/Sources/ColorKit/Color Pickers/CYMKColorPicker.swift:29:27: error: cannot find 'PlatformColor' in scope
27 | Color(PlatformColor(cmyk: (CGFloat(color.cyan), CGFloat(color.magenta), 1, CGFloat(color.keyBlack) )))]
28 | case .black:
29 | return [Color(PlatformColor(cmyk: (CGFloat(color.cyan), CGFloat(color.magenta), CGFloat(color.yellow), 0))),
| `- error: cannot find 'PlatformColor' in scope
30 | Color(PlatformColor(cmyk: (CGFloat(color.cyan), CGFloat(color.magenta), CGFloat(color.yellow), 1)))]
31 |
/Users/admin/builder/spi-builder-workspace/Sources/ColorKit/Color Pickers/CYMKColorPicker.swift:30:27: error: cannot find 'PlatformColor' in scope
28 | case .black:
29 | return [Color(PlatformColor(cmyk: (CGFloat(color.cyan), CGFloat(color.magenta), CGFloat(color.yellow), 0))),
30 | Color(PlatformColor(cmyk: (CGFloat(color.cyan), CGFloat(color.magenta), CGFloat(color.yellow), 1)))]
| `- error: cannot find 'PlatformColor' in scope
31 |
32 | }
/Users/admin/builder/spi-builder-workspace/Sources/ColorKit/Color Pickers/CYMKColorPicker.swift:46:30: error: cannot find 'PlatformColor' in scope
44 | switch type {
45 | case .cyan:
46 | return Color(PlatformColor(cmyk: (CGFloat(configuration.pctFill), 0 , 0, 0)))
| `- error: cannot find 'PlatformColor' in scope
47 | case .magenta:
48 | return Color(PlatformColor(cmyk: (0,CGFloat(configuration.pctFill), 0, 0)))
/Users/admin/builder/spi-builder-workspace/Sources/ColorKit/Color Pickers/CYMKColorPicker.swift:48:30: error: cannot find 'PlatformColor' in scope
46 | return Color(PlatformColor(cmyk: (CGFloat(configuration.pctFill), 0 , 0, 0)))
47 | case .magenta:
48 | return Color(PlatformColor(cmyk: (0,CGFloat(configuration.pctFill), 0, 0)))
| `- error: cannot find 'PlatformColor' in scope
49 | case .yellow:
50 | return Color(PlatformColor(cmyk: (0, 0, CGFloat(configuration.pctFill), 0)))
/Users/admin/builder/spi-builder-workspace/Sources/ColorKit/Color Pickers/CYMKColorPicker.swift:50:30: error: cannot find 'PlatformColor' in scope
48 | return Color(PlatformColor(cmyk: (0,CGFloat(configuration.pctFill), 0, 0)))
49 | case .yellow:
50 | return Color(PlatformColor(cmyk: (0, 0, CGFloat(configuration.pctFill), 0)))
| `- error: cannot find 'PlatformColor' in scope
51 | case .black:
52 | return Color(PlatformColor(cmyk: (0, 0, 0, CGFloat(configuration.pctFill))))
/Users/admin/builder/spi-builder-workspace/Sources/ColorKit/Color Pickers/CYMKColorPicker.swift:52:30: error: cannot find 'PlatformColor' in scope
50 | return Color(PlatformColor(cmyk: (0, 0, CGFloat(configuration.pctFill), 0)))
51 | case .black:
52 | return Color(PlatformColor(cmyk: (0, 0, 0, CGFloat(configuration.pctFill))))
| `- error: cannot find 'PlatformColor' in scope
53 | }
54 | }()
Failed frontend command:
/Applications/Xcode-27.0.0-Release.Candidate.app/Contents/Developer/Toolchains/XcodeDefault.xctoolchain/usr/bin/swift-frontend -frontend -c -primary-file /Users/admin/builder/spi-builder-workspace/Sources/ColorKit/Color\ Pickers/AlphaSlider.swift -primary-file /Users/admin/builder/spi-builder-workspace/Sources/ColorKit/Color\ Pickers/CYMKColorPicker.swift /Users/admin/builder/spi-builder-workspace/Sources/ColorKit/Color\ Pickers/ColorManager.swift /Users/admin/builder/spi-builder-workspace/Sources/ColorKit/Color\ Pickers/ColorPicker.swift /Users/admin/builder/spi-builder-workspace/Sources/ColorKit/Color\ Pickers/ColorToken.swift /Users/admin/builder/spi-builder-workspace/Sources/ColorKit/Color\ Pickers/GrayScaleSlider.swift /Users/admin/builder/spi-builder-workspace/Sources/ColorKit/Color\ Pickers/HSBColorPicker.swift /Users/admin/builder/spi-builder-workspace/Sources/ColorKit/Color\ Pickers/PlatformColor.swift /Users/admin/builder/spi-builder-workspace/Sources/ColorKit/Color\ Pickers/RGBColorPicker.swift /Users/admin/builder/spi-builder-workspace/Sources/ColorKit/Gradient\ Picker/AngularGradientPicker.swift /Users/admin/builder/spi-builder-workspace/Sources/ColorKit/Gradient\ Picker/GradientData.swift /Users/admin/builder/spi-builder-workspace/Sources/ColorKit/Gradient\ Picker/GradientPicker.swift /Users/admin/builder/spi-builder-workspace/Sources/ColorKit/Gradient\ Picker/GradientStyles.swift /Users/admin/builder/spi-builder-workspace/Sources/ColorKit/Gradient\ Picker/LinearGradientPicker.swift /Users/admin/builder/spi-builder-workspace/Sources/ColorKit/Gradient\ Picker/RadialGradientPicker.swift /Users/admin/builder/spi-builder-workspace/Sources/ColorKit/Utilities/CoreGraphics+Extension.swift -emit-dependencies-path /Users/admin/builder/spi-builder-workspace/.derivedData/Build/Intermediates.noindex/ColorKit.build/Debug-watchos/ColorKit-t.build/Objects-normal/arm64/AlphaSlider.d -emit-const-values-path /Users/admin/builder/spi-builder-workspace/.derivedData/Build/Intermediates.noindex/ColorKit.build/Debug-watchos/ColorKit-t.build/Objects-normal/arm64/AlphaSlider.swiftconstvalues -emit-reference-dependencies-path /Users/admin/builder/spi-builder-workspace/.derivedData/Build/Intermediates.noindex/ColorKit.build/Debug-watchos/ColorKit-t.build/Objects-normal/arm64/AlphaSlider.swiftdeps -serialize-diagnostics-path /Users/admin/builder/spi-builder-workspace/.derivedData/Build/Intermediates.noindex/ColorKit.build/Debug-watchos/ColorKit-t.build/Objects-normal/arm64/AlphaSlider.dia -emit-dependencies-path /Users/admin/builder/spi-builder-workspace/.derivedData/Build/Intermediates.noindex/ColorKit.build/Debug-watchos/ColorKit-t.build/Objects-normal/arm64/CYMKColorPicker.d -emit-const-values-path /Users/admin/builder/spi-builder-workspace/.derivedData/Build/Intermediates.noindex/ColorKit.build/Debug-watchos/ColorKit-t.build/Objects-normal/arm64/CYMKColorPicker.swiftconstvalues -emit-reference-dependencies-path /Users/admin/builder/spi-builder-workspace/.derivedData/Build/Intermediates.noindex/ColorKit.build/Debug-watchos/ColorKit-t.build/Objects-normal/arm64/CYMKColorPicker.swiftdeps -serialize-diagnostics-path /Users/admin/builder/spi-builder-workspace/.derivedData/Build/Intermediates.noindex/ColorKit.build/Debug-watchos/ColorKit-t.build/Objects-normal/arm64/CYMKColorPicker.dia -target arm64-apple-watchos9.0 -disable-cross-import-overlay-search -load-resolved-plugin /Applications/Xcode-27.0.0-Release.Candidate.app/Contents/Developer/Platforms/WatchOS.platform/Developer/usr/lib/swift/host/plugins/libFoundationMacros.dylib\#/Applications/Xcode-27.0.0-Release.Candidate.app/Contents/Developer/Platforms/WatchOS.platform/Developer/usr/bin/swift-plugin-server\#FoundationMacros -load-resolved-plugin /Applications/Xcode-27.0.0-Release.Candidate.app/Contents/Developer/Platforms/WatchOS.platform/Developer/usr/lib/swift/host/plugins/libObservationMacros.dylib\#/Applications/Xcode-27.0.0-Release.Candidate.app/Contents/Developer/Platforms/WatchOS.platform/Developer/usr/bin/swift-plugin-server\#ObservationMacros -load-resolved-plugin /Applications/Xcode-27.0.0-Release.Candidate.app/Contents/Developer/Platforms/WatchOS.platform/Developer/usr/lib/swift/host/plugins/libPreviewsMacros.dylib\#/Applications/Xcode-27.0.0-Release.Candidate.app/Contents/Developer/Platforms/WatchOS.platform/Developer/usr/bin/swift-plugin-server\#PreviewsMacros -load-resolved-plugin /Applications/Xcode-27.0.0-Release.Candidate.app/Contents/Developer/Platforms/WatchOS.platform/Developer/usr/lib/swift/host/plugins/libSwiftMacros.dylib\#/Applications/Xcode-27.0.0-Release.Candidate.app/Contents/Developer/Platforms/WatchOS.platform/Developer/usr/bin/swift-plugin-server\#SwiftMacros -load-resolved-plugin /Applications/Xcode-27.0.0-Release.Candidate.app/Contents/Developer/Platforms/WatchOS.platform/Developer/usr/lib/swift/host/plugins/libSwiftUIMacros.dylib\#/Applications/Xcode-27.0.0-Release.Candidate.app/Contents/Developer/Platforms/WatchOS.platform/Developer/usr/bin/swift-plugin-server\#SwiftUIMacros -disable-implicit-swift-modules -Xcc -fno-implicit-modules -Xcc -fno-implicit-module-maps -explicit-swift-module-map-file /Users/admin/builder/spi-builder-workspace/.derivedData/Build/Intermediates.noindex/ColorKit.build/Debug-watchos/ColorKit-t.build/Objects-normal/arm64/ColorKit-dependencies-1.json -Xllvm -aarch64-use-tbi -enable-objc-interop -stack-check -sdk /Applications/Xcode-27.0.0-Release.Candidate.app/Contents/Developer/Platforms/WatchOS.platform/Developer/SDKs/WatchOS27.0.sdk -I /Users/admin/builder/spi-builder-workspace/.derivedData/Build/Products/Debug-watchos -Isystem /Applications/Xcode-27.0.0-Release.Candidate.app/Contents/Developer/Platforms/WatchOS.platform/Developer/usr/lib -F /Users/admin/builder/spi-builder-workspace/.derivedData/Build/Products/Debug-watchos/PackageFrameworks -F /Users/admin/builder/spi-builder-workspace/.derivedData/Build/Products/Debug-watchos -F /Applications/Xcode-27.0.0-Release.Candidate.app/Contents/Developer/Platforms/WatchOS.platform/Developer/Library/Frameworks -F /Applications/Xcode-27.0.0-Release.Candidate.app/Contents/Developer/Platforms/WatchOS.platform/Developer/SDKs/WatchOS27.0.sdk/Developer/Library/Frameworks -module-cache-path /Users/admin/builder/spi-builder-workspace/.derivedData/Build/Intermediates.noindex/SwiftExplicitPrecompiledModules -no-color-diagnostics -Xcc -fno-color-diagnostics -enable-testing -g -debug-info-format\=dwarf -dwarf-version\=4 -swift-version 6 -Onone -D SWIFT_PACKAGE -D DEBUG -D SWIFT_MODULE_RESOURCE_BUNDLE_UNAVAILABLE -D Xcode -serialize-debugging-options -enable-experimental-feature DebugDescriptionMacro -empty-abi-descriptor -validate-clang-modules-once -clang-build-session-file /Users/admin/builder/spi-builder-workspace/.derivedData/ModuleCache.noindex/Session.modulevalidation -Xcc -working-directory -Xcc /Users/admin/builder/spi-builder-workspace/.swiftpm/xcode -enable-anonymous-context-mangled-names -file-compilation-dir /Users/admin/builder/spi-builder-workspace/.swiftpm/xcode -Xcc -D_LIBCPP_HARDENING_MODE\=_LIBCPP_HARDENING_MODE_DEBUG -Xcc -ivfsstatcache -Xcc /Users/admin/builder/spi-builder-workspace/.derivedData/SDKStatCaches.noindex/watchos27.0-24R360-e829b21a6f8c9b70876ba0858053c04477534ef55a1706bf4c1112bbb242f0a2.sdkstatcache -Xcc -fmodules-prune-interval\=86400 -Xcc -fmodules-prune-after\=345600 -Xcc -I/Users/admin/builder/spi-builder-workspace/.derivedData/Build/Products/Debug-watchos/include -Xcc -I/Users/admin/builder/spi-builder-workspace/.derivedData/Build/Intermediates.noindex/ColorKit.build/Debug-watchos/ColorKit-t.build/DerivedSources-normal/arm64 -Xcc -I/Users/admin/builder/spi-builder-workspace/.derivedData/Build/Intermediates.noindex/ColorKit.build/Debug-watchos/ColorKit-t.build/DerivedSources/arm64 -Xcc -I/Users/admin/builder/spi-builder-workspace/.derivedData/Build/Intermediates.noindex/ColorKit.build/Debug-watchos/ColorKit-t.build/DerivedSources -Xcc -DSWIFT_PACKAGE -Xcc -DDEBUG\=1 -no-auto-bridging-header-chaining -module-name ColorKit -package-name spi_builder_workspace -const-gather-protocols-file /Users/admin/builder/spi-builder-workspace/.derivedData/Build/Intermediates.noindex/ColorKit.build/Debug-watchos/ColorKit-t.build/Objects-normal/arm64/ColorKit_const_extract_protocols.json -disable-clang-spi -clang-target arm64-apple-watchos27.0 -target-sdk-version 27.0 -target-sdk-name watchos27.0 -in-process-plugin-server-path /Applications/Xcode-27.0.0-Release.Candidate.app/Contents/Developer/Toolchains/XcodeDefault.xctoolchain/usr/lib/swift/host/libSwiftInProcPluginServer.dylib -parse-as-library -o /Users/admin/builder/spi-builder-workspace/.derivedData/Build/Intermediates.noindex/ColorKit.build/Debug-watchos/ColorKit-t.build/Objects-normal/arm64/AlphaSlider.o -o /Users/admin/builder/spi-builder-workspace/.derivedData/Build/Intermediates.noindex/ColorKit.build/Debug-watchos/ColorKit-t.build/Objects-normal/arm64/CYMKColorPicker.o -debug-module-path /Users/admin/builder/spi-builder-workspace/.derivedData/Build/Intermediates.noindex/ColorKit.build/Debug-watchos/ColorKit-t.build/Objects-normal/arm64/ColorKit.swiftmodule -index-unit-output-path /ColorKit.build/Debug-watchos/ColorKit-t.build/Objects-normal/arm64/AlphaSlider.o -index-unit-output-path /ColorKit.build/Debug-watchos/ColorKit-t.build/Objects-normal/arm64/CYMKColorPicker.o -index-store-path /Users/admin/builder/spi-builder-workspace/.derivedData/Index.noindex/DataStore -index-system-modules
SwiftCompile normal arm64 /Users/admin/builder/spi-builder-workspace/Sources/ColorKit/Color\ Pickers/AlphaSlider.swift (in target 'ColorKit' from project 'ColorKit')
cd /Users/admin/builder/spi-builder-workspace/.swiftpm/xcode
builtin-SwiftPerFileCompile AlphaSlider.swift
SwiftCompile normal arm64 /Users/admin/builder/spi-builder-workspace/Sources/ColorKit/Color\ Pickers/CYMKColorPicker.swift (in target 'ColorKit' from project 'ColorKit')
cd /Users/admin/builder/spi-builder-workspace/.swiftpm/xcode
builtin-SwiftPerFileCompile CYMKColorPicker.swift
SwiftEmitModule normal arm64 Emitting\ module\ for\ ColorKit (in target 'ColorKit' from project 'ColorKit')
SwiftCompile normal arm64 (in target 'ColorKit' from project 'ColorKit')
cd /Users/admin/builder/spi-builder-workspace/.swiftpm/xcode
SwiftEmitModule normal arm64_32 Emitting\ module\ for\ ColorKit (in target 'ColorKit' from project 'ColorKit')
SwiftCompile normal arm64_32 (in target 'ColorKit' from project 'ColorKit')
cd /Users/admin/builder/spi-builder-workspace/.swiftpm/xcode
SwiftCompile normal arm64_32 Compiling\ AlphaSlider.swift,\ CYMKColorPicker.swift /Users/admin/builder/spi-builder-workspace/Sources/ColorKit/Color\ Pickers/AlphaSlider.swift /Users/admin/builder/spi-builder-workspace/Sources/ColorKit/Color\ Pickers/CYMKColorPicker.swift (in target 'ColorKit' from project 'ColorKit')
/Users/admin/builder/spi-builder-workspace/Sources/ColorKit/Color Pickers/CYMKColorPicker.swift:20:27: error: cannot find 'PlatformColor' in scope
18 | switch type {
19 | case .cyan:
20 | return [Color(PlatformColor(cmyk: (0, CGFloat(color.magenta), CGFloat(color.yellow), CGFloat(color.keyBlack) ))),
| `- error: cannot find 'PlatformColor' in scope
21 | Color(PlatformColor(cmyk: (1, CGFloat(color.magenta), CGFloat(color.yellow), CGFloat(color.keyBlack) )))]
22 | case .magenta:
/Users/admin/builder/spi-builder-workspace/Sources/ColorKit/Color Pickers/CYMKColorPicker.swift:21:27: error: cannot find 'PlatformColor' in scope
19 | case .cyan:
20 | return [Color(PlatformColor(cmyk: (0, CGFloat(color.magenta), CGFloat(color.yellow), CGFloat(color.keyBlack) ))),
21 | Color(PlatformColor(cmyk: (1, CGFloat(color.magenta), CGFloat(color.yellow), CGFloat(color.keyBlack) )))]
| `- error: cannot find 'PlatformColor' in scope
22 | case .magenta:
23 | return [Color(PlatformColor(cmyk: (CGFloat(color.cyan), 0, CGFloat(color.yellow), CGFloat(color.keyBlack) ))),
/Users/admin/builder/spi-builder-workspace/Sources/ColorKit/Color Pickers/CYMKColorPicker.swift:23:27: error: cannot find 'PlatformColor' in scope
21 | Color(PlatformColor(cmyk: (1, CGFloat(color.magenta), CGFloat(color.yellow), CGFloat(color.keyBlack) )))]
22 | case .magenta:
23 | return [Color(PlatformColor(cmyk: (CGFloat(color.cyan), 0, CGFloat(color.yellow), CGFloat(color.keyBlack) ))),
| `- error: cannot find 'PlatformColor' in scope
24 | Color(PlatformColor(cmyk: (CGFloat(color.cyan), 1, CGFloat(color.yellow), CGFloat(color.keyBlack) )))]
25 | case .yellow:
/Users/admin/builder/spi-builder-workspace/Sources/ColorKit/Color Pickers/CYMKColorPicker.swift:24:27: error: cannot find 'PlatformColor' in scope
22 | case .magenta:
23 | return [Color(PlatformColor(cmyk: (CGFloat(color.cyan), 0, CGFloat(color.yellow), CGFloat(color.keyBlack) ))),
24 | Color(PlatformColor(cmyk: (CGFloat(color.cyan), 1, CGFloat(color.yellow), CGFloat(color.keyBlack) )))]
| `- error: cannot find 'PlatformColor' in scope
25 | case .yellow:
26 | return [Color(PlatformColor(cmyk: (CGFloat(color.cyan), CGFloat(color.magenta), 0, CGFloat(color.keyBlack) ))),
/Users/admin/builder/spi-builder-workspace/Sources/ColorKit/Color Pickers/CYMKColorPicker.swift:26:27: error: cannot find 'PlatformColor' in scope
24 | Color(PlatformColor(cmyk: (CGFloat(color.cyan), 1, CGFloat(color.yellow), CGFloat(color.keyBlack) )))]
25 | case .yellow:
26 | return [Color(PlatformColor(cmyk: (CGFloat(color.cyan), CGFloat(color.magenta), 0, CGFloat(color.keyBlack) ))),
| `- error: cannot find 'PlatformColor' in scope
27 | Color(PlatformColor(cmyk: (CGFloat(color.cyan), CGFloat(color.magenta), 1, CGFloat(color.keyBlack) )))]
28 | case .black:
/Users/admin/builder/spi-builder-workspace/Sources/ColorKit/Color Pickers/CYMKColorPicker.swift:27:27: error: cannot find 'PlatformColor' in scope
25 | case .yellow:
26 | return [Color(PlatformColor(cmyk: (CGFloat(color.cyan), CGFloat(color.magenta), 0, CGFloat(color.keyBlack) ))),
27 | Color(PlatformColor(cmyk: (CGFloat(color.cyan), CGFloat(color.magenta), 1, CGFloat(color.keyBlack) )))]
| `- error: cannot find 'PlatformColor' in scope
28 | case .black:
29 | return [Color(PlatformColor(cmyk: (CGFloat(color.cyan), CGFloat(color.magenta), CGFloat(color.yellow), 0))),
/Users/admin/builder/spi-builder-workspace/Sources/ColorKit/Color Pickers/CYMKColorPicker.swift:29:27: error: cannot find 'PlatformColor' in scope
27 | Color(PlatformColor(cmyk: (CGFloat(color.cyan), CGFloat(color.magenta), 1, CGFloat(color.keyBlack) )))]
28 | case .black:
29 | return [Color(PlatformColor(cmyk: (CGFloat(color.cyan), CGFloat(color.magenta), CGFloat(color.yellow), 0))),
| `- error: cannot find 'PlatformColor' in scope
30 | Color(PlatformColor(cmyk: (CGFloat(color.cyan), CGFloat(color.magenta), CGFloat(color.yellow), 1)))]
31 |
/Users/admin/builder/spi-builder-workspace/Sources/ColorKit/Color Pickers/CYMKColorPicker.swift:30:27: error: cannot find 'PlatformColor' in scope
28 | case .black:
29 | return [Color(PlatformColor(cmyk: (CGFloat(color.cyan), CGFloat(color.magenta), CGFloat(color.yellow), 0))),
30 | Color(PlatformColor(cmyk: (CGFloat(color.cyan), CGFloat(color.magenta), CGFloat(color.yellow), 1)))]
| `- error: cannot find 'PlatformColor' in scope
31 |
32 | }
/Users/admin/builder/spi-builder-workspace/Sources/ColorKit/Color Pickers/CYMKColorPicker.swift:46:30: error: cannot find 'PlatformColor' in scope
44 | switch type {
45 | case .cyan:
46 | return Color(PlatformColor(cmyk: (CGFloat(configuration.pctFill), 0 , 0, 0)))
| `- error: cannot find 'PlatformColor' in scope
47 | case .magenta:
48 | return Color(PlatformColor(cmyk: (0,CGFloat(configuration.pctFill), 0, 0)))
/Users/admin/builder/spi-builder-workspace/Sources/ColorKit/Color Pickers/CYMKColorPicker.swift:48:30: error: cannot find 'PlatformColor' in scope
46 | return Color(PlatformColor(cmyk: (CGFloat(configuration.pctFill), 0 , 0, 0)))
47 | case .magenta:
48 | return Color(PlatformColor(cmyk: (0,CGFloat(configuration.pctFill), 0, 0)))
| `- error: cannot find 'PlatformColor' in scope
49 | case .yellow:
50 | return Color(PlatformColor(cmyk: (0, 0, CGFloat(configuration.pctFill), 0)))
/Users/admin/builder/spi-builder-workspace/Sources/ColorKit/Color Pickers/CYMKColorPicker.swift:50:30: error: cannot find 'PlatformColor' in scope
48 | return Color(PlatformColor(cmyk: (0,CGFloat(configuration.pctFill), 0, 0)))
49 | case .yellow:
50 | return Color(PlatformColor(cmyk: (0, 0, CGFloat(configuration.pctFill), 0)))
| `- error: cannot find 'PlatformColor' in scope
51 | case .black:
52 | return Color(PlatformColor(cmyk: (0, 0, 0, CGFloat(configuration.pctFill))))
/Users/admin/builder/spi-builder-workspace/Sources/ColorKit/Color Pickers/CYMKColorPicker.swift:52:30: error: cannot find 'PlatformColor' in scope
50 | return Color(PlatformColor(cmyk: (0, 0, CGFloat(configuration.pctFill), 0)))
51 | case .black:
52 | return Color(PlatformColor(cmyk: (0, 0, 0, CGFloat(configuration.pctFill))))
| `- error: cannot find 'PlatformColor' in scope
53 | }
54 | }()
SwiftCompile normal arm64_32 /Users/admin/builder/spi-builder-workspace/Sources/ColorKit/Color\ Pickers/AlphaSlider.swift (in target 'ColorKit' from project 'ColorKit')
cd /Users/admin/builder/spi-builder-workspace/.swiftpm/xcode
builtin-SwiftPerFileCompile AlphaSlider.swift
SwiftCompile normal arm64_32 /Users/admin/builder/spi-builder-workspace/Sources/ColorKit/Color\ Pickers/CYMKColorPicker.swift (in target 'ColorKit' from project 'ColorKit')
cd /Users/admin/builder/spi-builder-workspace/.swiftpm/xcode
builtin-SwiftPerFileCompile CYMKColorPicker.swift
SwiftCompile normal arm64_32 Compiling\ ColorToken.swift,\ GrayScaleSlider.swift /Users/admin/builder/spi-builder-workspace/Sources/ColorKit/Color\ Pickers/ColorToken.swift /Users/admin/builder/spi-builder-workspace/Sources/ColorKit/Color\ Pickers/GrayScaleSlider.swift (in target 'ColorKit' from project 'ColorKit')
SwiftCompile normal arm64_32 /Users/admin/builder/spi-builder-workspace/Sources/ColorKit/Color\ Pickers/ColorToken.swift (in target 'ColorKit' from project 'ColorKit')
cd /Users/admin/builder/spi-builder-workspace/.swiftpm/xcode
builtin-SwiftPerFileCompile ColorToken.swift
SwiftCompile normal arm64_32 /Users/admin/builder/spi-builder-workspace/Sources/ColorKit/Color\ Pickers/GrayScaleSlider.swift (in target 'ColorKit' from project 'ColorKit')
cd /Users/admin/builder/spi-builder-workspace/.swiftpm/xcode
builtin-SwiftPerFileCompile GrayScaleSlider.swift
SwiftCompile normal arm64_32 Compiling\ LinearGradientPicker.swift /Users/admin/builder/spi-builder-workspace/Sources/ColorKit/Gradient\ Picker/LinearGradientPicker.swift (in target 'ColorKit' from project 'ColorKit')
SwiftCompile normal arm64_32 /Users/admin/builder/spi-builder-workspace/Sources/ColorKit/Gradient\ Picker/LinearGradientPicker.swift (in target 'ColorKit' from project 'ColorKit')
cd /Users/admin/builder/spi-builder-workspace/.swiftpm/xcode
builtin-SwiftPerFileCompile LinearGradientPicker.swift
SwiftCompile normal arm64_32 Compiling\ RGBColorPicker.swift,\ AngularGradientPicker.swift /Users/admin/builder/spi-builder-workspace/Sources/ColorKit/Color\ Pickers/RGBColorPicker.swift /Users/admin/builder/spi-builder-workspace/Sources/ColorKit/Gradient\ Picker/AngularGradientPicker.swift (in target 'ColorKit' from project 'ColorKit')
SwiftCompile normal arm64_32 /Users/admin/builder/spi-builder-workspace/Sources/ColorKit/Color\ Pickers/RGBColorPicker.swift (in target 'ColorKit' from project 'ColorKit')
cd /Users/admin/builder/spi-builder-workspace/.swiftpm/xcode
builtin-SwiftPerFileCompile RGBColorPicker.swift
SwiftCompile normal arm64_32 /Users/admin/builder/spi-builder-workspace/Sources/ColorKit/Gradient\ Picker/AngularGradientPicker.swift (in target 'ColorKit' from project 'ColorKit')
cd /Users/admin/builder/spi-builder-workspace/.swiftpm/xcode
builtin-SwiftPerFileCompile AngularGradientPicker.swift
SwiftCompile normal arm64_32 Compiling\ CoreGraphics+Extension.swift /Users/admin/builder/spi-builder-workspace/Sources/ColorKit/Utilities/CoreGraphics+Extension.swift (in target 'ColorKit' from project 'ColorKit')
SwiftCompile normal arm64_32 /Users/admin/builder/spi-builder-workspace/Sources/ColorKit/Utilities/CoreGraphics+Extension.swift (in target 'ColorKit' from project 'ColorKit')
cd /Users/admin/builder/spi-builder-workspace/.swiftpm/xcode
builtin-SwiftPerFileCompile CoreGraphics+Extension.swift
PruneExplicitPrecompiledModules /Users/admin/builder/spi-builder-workspace/.derivedData/Build/Intermediates.noindex/SwiftExplicitPrecompiledModules
PruneExplicitPrecompiledModules /Users/admin/builder/spi-builder-workspace/.derivedData/SDKExplicitPrecompiledModules
PruneExplicitPrecompiledModules /Users/admin/builder/spi-builder-workspace/.derivedData/Build/Intermediates.noindex/ExplicitPrecompiledModules
2026-09-24 06:11:36.189 xcodebuild[890:5235] [MT] IDERunDestination: Supported platforms for the buildables in the current scheme is empty.
** BUILD FAILED **
The following build commands failed:
SwiftCompile normal arm64 Compiling\ AlphaSlider.swift,\ CYMKColorPicker.swift /Users/admin/builder/spi-builder-workspace/Sources/ColorKit/Color\ Pickers/AlphaSlider.swift /Users/admin/builder/spi-builder-workspace/Sources/ColorKit/Color\ Pickers/CYMKColorPicker.swift (in target 'ColorKit' from project 'ColorKit')
SwiftCompile normal arm64 /Users/admin/builder/spi-builder-workspace/Sources/ColorKit/Color\ Pickers/CYMKColorPicker.swift (in target 'ColorKit' from project 'ColorKit')
Building workspace ColorKit with scheme ColorKit
(3 failures)
BUILD FAILURE 6.4 watchOS