Build Information
Failed to build CafSolutions, reference main (bcba7b), with Swift 6.4 for iOS using Xcode 27.0 on 22 Sep 2026 14:39:08 UTC.
Build Command
env DEVELOPER_DIR=/Applications/Xcode-27.0.0-Release.Candidate.app xcrun xcodebuild -IDEClonedSourcePackagesDirPathOverride=$PWD/.dependencies -skipMacroValidation -skipPackagePluginValidation -derivedDataPath $PWD/.derivedData build -scheme CafSolutions -destination generic/platform=iOSBuild Log
========================================
RunAll
========================================
Builder version: 5.1.0
Interrupt handler set up.
========================================
Checkout
========================================
Clone URL: https://github.com/combateafraude/CafSolutions.git
Reference: main
Initialized empty Git repository in /Users/admin/builder/spi-builder-workspace/.git/
From https://github.com/combateafraude/CafSolutions
* branch main -> FETCH_HEAD
* [new branch] main -> origin/main
HEAD is now at bcba7bc feat(repository): add workfile convisio-scan.yml
Cloned https://github.com/combateafraude/CafSolutions.git
Revision (git rev-parse @):
bcba7bc9636ba840646fb8fee0c05651ba635bee
SUCCESS checkout https://github.com/combateafraude/CafSolutions.git at main
========================================
Build
========================================
Selected platform: iOS
Swift version: 6.4
Building package at path: $PWD
https://github.com/combateafraude/CafSolutions.git
Command line invocation:
/Applications/Xcode-27.0.0-Release.Candidate.app/Contents/Developer/usr/bin/xcodebuild -IDEClonedSourcePackagesDirPathOverride=/Users/admin/builder/spi-builder-workspace/.dependencies -resolvePackageDependencies
Resolve Package Graph
Resolve Package Graph
Resolved source packages:
CafSolutions: /Users/admin/builder/spi-builder-workspace
resolved source packages: CafSolutions
2026-09-22 10:38:21.416 xcodebuild[529:3033] [MT] IDERunDestination: Supported platforms for the buildables in the current scheme is empty.
{
"dependencies" : [
],
"manifest_display_name" : "CafSolutions",
"name" : "CafSolutions",
"path" : "/Users/admin/builder/spi-builder-workspace",
"platforms" : [
{
"name" : "ios",
"version" : "13.0"
}
],
"products" : [
{
"name" : "CafSolutions",
"targets" : [
"CafSolutionsTarget"
],
"type" : {
"library" : [
"automatic"
]
}
}
],
"targets" : [
{
"c99name" : "CafSolutionsTarget",
"module_type" : "SwiftTarget",
"name" : "CafSolutionsTarget",
"path" : "Sources",
"product_memberships" : [
"CafSolutions"
],
"sources" : [
"Dummy.swift"
],
"target_dependencies" : [
"CafSolutions"
],
"type" : "library"
},
{
"c99name" : "CafSolutions",
"module_type" : "BinaryTarget",
"name" : "CafSolutions",
"path" : "Sources/CafSolutions.xcframework",
"product_memberships" : [
"CafSolutions"
],
"sources" : [
],
"type" : "binary"
}
],
"tools_version" : "5.3"
}
{
"workspace" : {
"name" : "CafSolutions",
"schemes" : [
"CafSolutions"
]
}
}
2026-09-22 10:39:03.034 xcodebuild[652:4205] [MT] IDERunDestination: Supported platforms for the buildables in the current scheme is empty.
Running build ...
env DEVELOPER_DIR=/Applications/Xcode-27.0.0-Release.Candidate.app xcrun xcodebuild -IDEClonedSourcePackagesDirPathOverride=$PWD/.dependencies -skipMacroValidation -skipPackagePluginValidation -derivedDataPath $PWD/.derivedData build -scheme CafSolutions -destination generic/platform=iOS
Command line invocation:
/Applications/Xcode-27.0.0-Release.Candidate.app/Contents/Developer/usr/bin/xcodebuild -IDEClonedSourcePackagesDirPathOverride=/Users/admin/builder/spi-builder-workspace/.dependencies -skipMacroValidation -skipPackagePluginValidation -derivedDataPath /Users/admin/builder/spi-builder-workspace/.derivedData build -scheme CafSolutions -destination generic/platform=iOS
Resolve Package Graph
Resolved source packages:
CafSolutions: /Users/admin/builder/spi-builder-workspace
ComputePackagePrebuildTargetDependencyGraph
Prepare packages
CreateBuildRequest
SendProjectDescription
CreateBuildOperation
ComputeTargetDependencyGraph
note: Building targets in dependency order
note: Target dependency graph (2 targets)
Target 'CafSolutions-product' in project 'CafSolutions'
➜ Explicit dependency on target 'CafSolutionsTarget' in project 'CafSolutions'
Target 'CafSolutionsTarget' in project 'CafSolutions' (no dependencies)
GatherProvisioningInputs
CreateBuildDescription
ExecuteExternalTool /Applications/Xcode-27.0.0-Release.Candidate.app/Contents/Developer/Toolchains/XcodeDefault.xctoolchain/usr/bin/clang -v -E -dM -isysroot /Applications/Xcode-27.0.0-Release.Candidate.app/Contents/Developer/Platforms/iPhoneOS.platform/Developer/SDKs/iPhoneOS27.0.sdk -x c -c /dev/null
ExecuteExternalTool /Applications/Xcode-27.0.0-Release.Candidate.app/Contents/Developer/Toolchains/XcodeDefault.xctoolchain/usr/bin/swiftc --version
ExecuteExternalTool /Applications/Xcode-27.0.0-Release.Candidate.app/Contents/Developer/Toolchains/XcodeDefault.xctoolchain/usr/bin/ld -version_details
Build description signature: 63ecfbb096f86ca6a8c56a6457190cc9
Build description path: /Users/admin/builder/spi-builder-workspace/.derivedData/Build/Intermediates.noindex/XCBuildData/63ecfbb096f86ca6a8c56a6457190cc9.xcbuilddata
error: Missing path (/Users/admin/builder/spi-builder-workspace/Sources/CafSolutions.xcframework/ios-arm64/dSYMs) from XCFramework 'CafSolutions.xcframework' as defined by 'DebugSymbolsPath' in its `Info.plist` file (in target 'CafSolutionsTarget' from project 'CafSolutions')
error: Missing path (/Users/admin/builder/spi-builder-workspace/Sources/CafSolutions.xcframework/ios-arm64/dSYMs) from XCFramework 'CafSolutions.xcframework' as defined by 'DebugSymbolsPath' in its `Info.plist` file (in target 'CafSolutions-product' from project 'CafSolutions')
2026-09-22 10:39:04.527 xcodebuild[653:4248] [MT] IDERunDestination: Supported platforms for the buildables in the current scheme is empty.
** BUILD FAILED **
The following build commands failed:
Building workspace CafSolutions with scheme CafSolutions
(1 failure)
Command line invocation:
/Applications/Xcode-27.0.0-Release.Candidate.app/Contents/Developer/usr/bin/xcodebuild -IDEClonedSourcePackagesDirPathOverride=/Users/admin/builder/spi-builder-workspace/.dependencies -resolvePackageDependencies
Resolve Package Graph
Resolved source packages:
CafSolutions: /Users/admin/builder/spi-builder-workspace
resolved source packages: CafSolutions
2026-09-22 10:39:06.151 xcodebuild[667:4352] [MT] IDERunDestination: Supported platforms for the buildables in the current scheme is empty.
{
"dependencies" : [
],
"manifest_display_name" : "CafSolutions",
"name" : "CafSolutions",
"path" : "/Users/admin/builder/spi-builder-workspace",
"platforms" : [
{
"name" : "ios",
"version" : "13.0"
}
],
"products" : [
{
"name" : "CafSolutions",
"targets" : [
"CafSolutionsTarget"
],
"type" : {
"library" : [
"automatic"
]
}
}
],
"targets" : [
{
"c99name" : "CafSolutionsTarget",
"module_type" : "SwiftTarget",
"name" : "CafSolutionsTarget",
"path" : "Sources",
"product_memberships" : [
"CafSolutions"
],
"sources" : [
"Dummy.swift"
],
"target_dependencies" : [
"CafSolutions"
],
"type" : "library"
},
{
"c99name" : "CafSolutions",
"module_type" : "BinaryTarget",
"name" : "CafSolutions",
"path" : "Sources/CafSolutions.xcframework",
"product_memberships" : [
"CafSolutions"
],
"sources" : [
],
"type" : "binary"
}
],
"tools_version" : "5.3"
}
{
"workspace" : {
"name" : "CafSolutions",
"schemes" : [
"CafSolutions"
]
}
}
2026-09-22 10:39:07.324 xcodebuild[675:4417] [MT] IDERunDestination: Supported platforms for the buildables in the current scheme is empty.
Running build ...
env DEVELOPER_DIR=/Applications/Xcode-27.0.0-Release.Candidate.app xcrun xcodebuild -IDEClonedSourcePackagesDirPathOverride=$PWD/.dependencies -skipMacroValidation -skipPackagePluginValidation -derivedDataPath $PWD/.derivedData build -scheme CafSolutions -destination generic/platform=iOS
Command line invocation:
/Applications/Xcode-27.0.0-Release.Candidate.app/Contents/Developer/usr/bin/xcodebuild -IDEClonedSourcePackagesDirPathOverride=/Users/admin/builder/spi-builder-workspace/.dependencies -skipMacroValidation -skipPackagePluginValidation -derivedDataPath /Users/admin/builder/spi-builder-workspace/.derivedData build -scheme CafSolutions -destination generic/platform=iOS
Resolve Package Graph
Resolved source packages:
CafSolutions: /Users/admin/builder/spi-builder-workspace
ComputePackagePrebuildTargetDependencyGraph
Prepare packages
CreateBuildRequest
SendProjectDescription
CreateBuildOperation
ComputeTargetDependencyGraph
note: Building targets in dependency order
note: Target dependency graph (2 targets)
Target 'CafSolutions-product' in project 'CafSolutions'
➜ Explicit dependency on target 'CafSolutionsTarget' in project 'CafSolutions'
Target 'CafSolutionsTarget' in project 'CafSolutions' (no dependencies)
GatherProvisioningInputs
CreateBuildDescription
error: Missing path (/Users/admin/builder/spi-builder-workspace/Sources/CafSolutions.xcframework/ios-arm64/dSYMs) from XCFramework 'CafSolutions.xcframework' as defined by 'DebugSymbolsPath' in its `Info.plist` file (in target 'CafSolutions-product' from project 'CafSolutions')
error: Missing path (/Users/admin/builder/spi-builder-workspace/Sources/CafSolutions.xcframework/ios-arm64/dSYMs) from XCFramework 'CafSolutions.xcframework' as defined by 'DebugSymbolsPath' in its `Info.plist` file (in target 'CafSolutionsTarget' from project 'CafSolutions')
2026-09-22 10:39:08.284 xcodebuild[676:4443] [MT] IDERunDestination: Supported platforms for the buildables in the current scheme is empty.
** BUILD FAILED **
The following build commands failed:
Building workspace CafSolutions with scheme CafSolutions
(1 failure)
BUILD FAILURE 6.4 iOS