Build Information
Failed to build PayHereSDK, reference 4.0.2 (dd60b3), with Swift 6.1 for visionOS using Xcode 16.3 on 29 Sep 2026 22:59:30 UTC.
Build Command
env DEVELOPER_DIR=/Applications/Xcode-16.3.0.app xcrun xcodebuild -IDEClonedSourcePackagesDirPathOverride=$PWD/.dependencies -skipMacroValidation -skipPackagePluginValidation -derivedDataPath $PWD/.derivedData build -scheme PayHereSDK -destination generic/platform=xrOSBuild Log
/Users/admin/builder/spi-builder-workspace/PayHereSDK/Sources/UI/Cells/PaymentOptionTableViewCell.swift:72:18: note: main actor isolation inferred from inheritance from class 'UITableViewCell'
private func setupUI() {
^
/Users/admin/builder/spi-builder-workspace/PayHereSDK/Sources/UI/Cells/PaymentOptionTableViewCell.swift:78:19: warning: 'UINib' was deprecated in visionOS 1.0: Loading Interface Builder products will not be supported in a future version of visionOS.
let nib = UINib(nibName: "PayOptionCollectionViewCell", bundle: Bundle.payHereBundle)
^
/Users/admin/builder/spi-builder-workspace/PayHereSDK/Sources/UI/Cells/PaymentOptionTableViewCell.swift:80:24: warning: 'register(_:forCellWithReuseIdentifier:)' was deprecated in visionOS 1.0: Loading Interface Builder products will not be supported in a future version of visionOS.
collectionView.register(nib, forCellWithReuseIdentifier: "PayOptionCollectionViewCell")
^
SwiftDriverJobDiscovery normal arm64 Compiling RetryPolicy.swift, ServerTrustEvaluation.swift, URLEncodedFormEncoder.swift, Validation.swift (in target 'Alamofire' from project 'Alamofire')
SwiftCompile normal arm64 Compiling\ PHBottomViewController.swift,\ PHCheckoutStep.swift,\ PHPaymentOption.swift,\ PHSheetHeightPolicy.swift /Users/admin/builder/spi-builder-workspace/PayHereSDK/Sources/UI/Controllers/PHBottomViewController.swift /Users/admin/builder/spi-builder-workspace/PayHereSDK/Sources/UI/PHCheckoutStep.swift /Users/admin/builder/spi-builder-workspace/PayHereSDK/Sources/UI/PHPaymentOption.swift /Users/admin/builder/spi-builder-workspace/PayHereSDK/Sources/UI/PHSheetHeightPolicy.swift (in target 'PayHereSDK' from project 'PayHereSDK')
SwiftCompile normal arm64 /Users/admin/builder/spi-builder-workspace/PayHereSDK/Sources/UI/Controllers/PHBottomViewController.swift (in target 'PayHereSDK' from project 'PayHereSDK')
cd /Users/admin/builder/spi-builder-workspace/.swiftpm/xcode
/Users/admin/builder/spi-builder-workspace/PayHereSDK/Sources/UI/Controllers/PHBottomViewController.swift:65:73: warning: passing non-sendable parameter 'completion' to function expecting a @Sendable closure
UIApplication.shared.open(url, options: [:], completionHandler: completion)
^
/Users/admin/builder/spi-builder-workspace/PayHereSDK/Sources/UI/Controllers/PHBottomViewController.swift:64:83: note: parameter 'completion' is implicitly non-sendable
internal var openPaymentURL: (URL, @escaping (Bool) -> Void) -> Void = { url, completion in
^
/Users/admin/builder/spi-builder-workspace/PayHereSDK/Sources/UI/Controllers/PHBottomViewController.swift:1655:17: warning: instance method 'webView(_:decidePolicyFor:decisionHandler:)' nearly matches optional requirement 'webView(_:decidePolicyFor:decisionHandler:)' of protocol 'WKNavigationDelegate'
public func webView(_ webView: WKWebView, decidePolicyFor navigationAction: WKNavigationAction, decisionHandler: @escaping (WKNavigationActionPolicy) -> Void) {
^
/Users/admin/builder/spi-builder-workspace/PayHereSDK/Sources/UI/Controllers/PHBottomViewController.swift:1655:17: note: candidate has non-matching type '(WKWebView, WKNavigationAction, @escaping (WKNavigationActionPolicy) -> Void) -> ()'
public func webView(_ webView: WKWebView, decidePolicyFor navigationAction: WKNavigationAction, decisionHandler: @escaping (WKNavigationActionPolicy) -> Void) {
^
/Users/admin/builder/spi-builder-workspace/PayHereSDK/Sources/UI/Controllers/PHBottomViewController.swift:1655:17: note: move 'webView(_:decidePolicyFor:decisionHandler:)' to another extension to silence this warning
public func webView(_ webView: WKWebView, decidePolicyFor navigationAction: WKNavigationAction, decisionHandler: @escaping (WKNavigationActionPolicy) -> Void) {
^
WebKit.WKNavigationDelegate.webView:3:28: note: requirement 'webView(_:decidePolicyFor:decisionHandler:)' declared here
@MainActor optional func webView(_ webView: WKWebView, decidePolicyFor navigationAction: WKNavigationAction, decisionHandler: @escaping @MainActor @Sendable (WKNavigationActionPolicy) -> Void)}
^
/Users/admin/builder/spi-builder-workspace/PayHereSDK/Sources/UI/Controllers/PHBottomViewController.swift:2003:17: warning: main actor-isolated instance method 'didSelectedPaymentOption(paymentMethod:selectedSection:)' cannot be used to satisfy nonisolated requirement from protocol 'PaymentOptionTableViewCellDelegate'; this is an error in the Swift 6 language mode
public func didSelectedPaymentOption(paymentMethod: PaymentMethod, selectedSection: Int) {
^
/Users/admin/builder/spi-builder-workspace/PayHereSDK/Sources/UI/Controllers/PHBottomViewController.swift:2003:17: note: add 'nonisolated' to 'didSelectedPaymentOption(paymentMethod:selectedSection:)' to make this instance method not isolated to the actor
public func didSelectedPaymentOption(paymentMethod: PaymentMethod, selectedSection: Int) {
^
nonisolated
/Users/admin/builder/spi-builder-workspace/PayHereSDK/Sources/UI/Controllers/PHBottomViewController.swift:2001:36: note: add '@preconcurrency' to the 'PaymentOptionTableViewCellDelegate' conformance to defer isolation checking to run time
extension PHBottomViewController : PaymentOptionTableViewCellDelegate{
^
@preconcurrency
/Users/admin/builder/spi-builder-workspace/PayHereSDK/Sources/UI/Cells/PaymentOptionTableViewCell.swift:13:10: note: mark the protocol requirement 'didSelectedPaymentOption(paymentMethod:selectedSection:)' 'async' to allow actor-isolated conformances
func didSelectedPaymentOption(paymentMethod : PaymentMethod,selectedSection : Int)
^
async
/Users/admin/builder/spi-builder-workspace/PayHereSDK/Sources/UI/Controllers/PHBottomViewController.swift:198:23: error: 'detents' is unavailable in visionOS
sheet.detents = [.custom(identifier: .init("payhere.content")) { [weak self] context in
^~~~~~~
/Applications/Xcode-16.3.0.app/Contents/Developer/Platforms/XROS.platform/Developer/SDKs/XROS2.4.sdk/System/Library/Frameworks/UIKit.framework/Headers/UISheetPresentationController.h:131:77: note: 'detents' has been explicitly marked unavailable here
@property (nonatomic, copy) NSArray<UISheetPresentationControllerDetent *> *detents API_UNAVAILABLE(visionos);
^
/Users/admin/builder/spi-builder-workspace/PayHereSDK/Sources/UI/Controllers/PHBottomViewController.swift:198:35: error: 'custom(identifier:resolver:)' is unavailable in visionOS
sheet.detents = [.custom(identifier: .init("payhere.content")) { [weak self] context in
^~~~~~
UIKit.UISheetPresentationController.Detent.custom:4:51: note: 'custom(identifier:resolver:)' has been explicitly marked unavailable here
@MainActor @preconcurrency public static func custom(identifier: UISheetPresentationController.Detent.Identifier? = nil, resolver: @escaping (_ context: any UISheetPresentationControllerDetentResolutionContext) -> CGFloat?) -> UISheetPresentationController.Detent }
^
/Users/admin/builder/spi-builder-workspace/PayHereSDK/Sources/UI/Controllers/PHBottomViewController.swift:202:23: error: 'prefersScrollingExpandsWhenScrolledToEdge' is unavailable in visionOS
sheet.prefersScrollingExpandsWhenScrolledToEdge = false
^~~~~~~~~~~~~~~~~~~~~~~~~~~~~~~~~~~~~~~~~
/Applications/Xcode-16.3.0.app/Contents/Developer/Platforms/XROS.platform/Developer/SDKs/XROS2.4.sdk/System/Library/Frameworks/UIKit.framework/Headers/UISheetPresentationController.h:149:28: note: 'prefersScrollingExpandsWhenScrolledToEdge' has been explicitly marked unavailable here
@property (nonatomic) BOOL prefersScrollingExpandsWhenScrolledToEdge API_UNAVAILABLE(visionos);
^
/Users/admin/builder/spi-builder-workspace/PayHereSDK/Sources/UI/Controllers/PHBottomViewController.swift:206:23: error: 'preferredCornerRadius' is unavailable in visionOS
sheet.preferredCornerRadius = nil
^~~~~~~~~~~~~~~~~~~~~
UIKit.UISheetPresentationController.preferredCornerRadius:4:41: note: 'preferredCornerRadius' has been explicitly marked unavailable here
@MainActor @preconcurrency public var preferredCornerRadius: CGFloat? { get set }}
^
/Users/admin/builder/spi-builder-workspace/PayHereSDK/Sources/UI/Controllers/PHBottomViewController.swift:287:23: error: 'invalidateDetents()' is unavailable in visionOS
sheet.invalidateDetents()
^~~~~~~~~~~~~~~~~
UIKit.UISheetPresentationController.invalidateDetents:3:24: note: 'invalidateDetents()' has been explicitly marked unavailable here
@MainActor open func invalidateDetents()}
^
/Users/admin/builder/spi-builder-workspace/PayHereSDK/Sources/UI/Controllers/PHBottomViewController.swift:423:26: warning: 'UINib' was deprecated in visionOS 1.0: Loading Interface Builder products will not be supported in a future version of visionOS.
let helaPayNib = UINib(nibName: "PayWithHelaPayTableViewCell", bundle: Bundle.payHereBundle)
^
/Users/admin/builder/spi-builder-workspace/PayHereSDK/Sources/UI/Controllers/PHBottomViewController.swift:424:24: warning: 'register(_:forCellReuseIdentifier:)' was deprecated in visionOS 1.0: Loading Interface Builder products will not be supported in a future version of visionOS.
self.tableView.register(helaPayNib, forCellReuseIdentifier: "PayWithHelaPayTableViewCell")
^
/Users/admin/builder/spi-builder-workspace/PayHereSDK/Sources/UI/Controllers/PHBottomViewController.swift:426:32: warning: 'UINib' was deprecated in visionOS 1.0: Loading Interface Builder products will not be supported in a future version of visionOS.
let paymentOptionNib = UINib(nibName: "PaymentOptionTableViewCell", bundle: Bundle.payHereBundle)
^
/Users/admin/builder/spi-builder-workspace/PayHereSDK/Sources/UI/Controllers/PHBottomViewController.swift:427:24: warning: 'register(_:forCellReuseIdentifier:)' was deprecated in visionOS 1.0: Loading Interface Builder products will not be supported in a future version of visionOS.
self.tableView.register(paymentOptionNib, forCellReuseIdentifier: "PaymentOptionTableViewCell")
^
/Users/admin/builder/spi-builder-workspace/PayHereSDK/Sources/UI/Controllers/PHBottomViewController.swift:429:19: warning: 'UINib' was deprecated in visionOS 1.0: Loading Interface Builder products will not be supported in a future version of visionOS.
let nib = UINib(nibName: "PHBottomSheetTableViewSectioHeader", bundle: Bundle.payHereBundle)
^
/Users/admin/builder/spi-builder-workspace/PayHereSDK/Sources/UI/Controllers/PHBottomViewController.swift:430:24: warning: 'register(_:forHeaderFooterViewReuseIdentifier:)' was deprecated in visionOS 1.0: Loading Interface Builder products will not be supported in a future version of visionOS.
self.tableView.register(nib, forHeaderFooterViewReuseIdentifier: "PHBottomSheetTableViewSectioHeader")
^
/Users/admin/builder/spi-builder-workspace/PayHereSDK/Sources/UI/Controllers/PHBottomViewController.swift:506:62: error: 'screen' is unavailable in visionOS
from: window.screen.coordinateSpace)
^~~~~~
/Applications/Xcode-16.3.0.app/Contents/Developer/Platforms/XROS.platform/Developer/SDKs/XROS2.4.sdk/System/Library/Frameworks/UIKit.framework/Headers/UIWindow.h:34:39: note: 'screen' has been explicitly marked unavailable here
@property(nonatomic,strong) UIScreen *screen API_AVAILABLE(ios(3.2)) API_UNAVAILABLE(visionos); // default is [UIScreen mainScreen]. changing the screen may be an expensive operation and should not be done in performance-sensitive code
^
/Users/admin/builder/spi-builder-workspace/PayHereSDK/Sources/UI/Controllers/PHBottomViewController.swift:1347:31: warning: capture of 'completion' with non-sendable type '((StatusResponse?) -> Void)?' in a '@Sendable' closure
let handler = completion ?? self.handlePaymentStatus
^
/Users/admin/builder/spi-builder-workspace/PayHereSDK/Sources/UI/Controllers/PHBottomViewController.swift:1347:31: note: a function type must be marked '@Sendable' to conform to 'Sendable'
let handler = completion ?? self.handlePaymentStatus
^
/Users/admin/builder/spi-builder-workspace/PayHereSDK/Sources/UI/Controllers/PHBottomViewController.swift:1386:13: error: 'UINotificationFeedbackGenerator' is unavailable in visionOS
UINotificationFeedbackGenerator().notificationOccurred(.success)
^~~~~~~~~~~~~~~~~~~~~~~~~~~~~~~
/Applications/Xcode-16.3.0.app/Contents/Developer/Platforms/XROS.platform/Developer/SDKs/XROS2.4.sdk/System/Library/Frameworks/UIKit.framework/Headers/UINotificationFeedbackGenerator.h:21:12: note: 'UINotificationFeedbackGenerator' has been explicitly marked unavailable here
@interface UINotificationFeedbackGenerator : UIFeedbackGenerator
^
/Users/admin/builder/spi-builder-workspace/PayHereSDK/Sources/UI/Controllers/PHBottomViewController.swift:1388:13: error: 'UINotificationFeedbackGenerator' is unavailable in visionOS
UINotificationFeedbackGenerator().notificationOccurred(.error)
^~~~~~~~~~~~~~~~~~~~~~~~~~~~~~~
/Applications/Xcode-16.3.0.app/Contents/Developer/Platforms/XROS.platform/Developer/SDKs/XROS2.4.sdk/System/Library/Frameworks/UIKit.framework/Headers/UINotificationFeedbackGenerator.h:21:12: note: 'UINotificationFeedbackGenerator' has been explicitly marked unavailable here
@interface UINotificationFeedbackGenerator : UIFeedbackGenerator
^
/Users/admin/builder/spi-builder-workspace/PayHereSDK/Sources/UI/Controllers/PHBottomViewController.swift:1765:52: error: 'screen' is unavailable in visionOS
targetView.convert(frame, from: window.screen.coordinateSpace))
^~~~~~
/Applications/Xcode-16.3.0.app/Contents/Developer/Platforms/XROS.platform/Developer/SDKs/XROS2.4.sdk/System/Library/Frameworks/UIKit.framework/Headers/UIWindow.h:34:39: note: 'screen' has been explicitly marked unavailable here
@property(nonatomic,strong) UIScreen *screen API_AVAILABLE(ios(3.2)) API_UNAVAILABLE(visionos); // default is [UIScreen mainScreen]. changing the screen may be an expensive operation and should not be done in performance-sensitive code
^
SwiftCompile normal arm64 /Users/admin/builder/spi-builder-workspace/PayHereSDK/Sources/UI/PHCheckoutStep.swift (in target 'PayHereSDK' from project 'PayHereSDK')
cd /Users/admin/builder/spi-builder-workspace/.swiftpm/xcode
SwiftCompile normal arm64 /Users/admin/builder/spi-builder-workspace/PayHereSDK/Sources/UI/PHPaymentOption.swift (in target 'PayHereSDK' from project 'PayHereSDK')
cd /Users/admin/builder/spi-builder-workspace/.swiftpm/xcode
SwiftCompile normal arm64 /Users/admin/builder/spi-builder-workspace/PayHereSDK/Sources/UI/PHSheetHeightPolicy.swift (in target 'PayHereSDK' from project 'PayHereSDK')
cd /Users/admin/builder/spi-builder-workspace/.swiftpm/xcode
Failed frontend command:
/Applications/Xcode-16.3.0.app/Contents/Developer/Toolchains/XcodeDefault.xctoolchain/usr/bin/swift-frontend -frontend -c /Users/admin/builder/spi-builder-workspace/.derivedData/Build/Intermediates.noindex/PayHereSDK.build/Debug-xros/PayHereSDK.build/DerivedSources/resource_bundle_accessor.swift /Users/admin/builder/spi-builder-workspace/PayHereSDK/Sources/API/PHConstants.swift /Users/admin/builder/spi-builder-workspace/PayHereSDK/Sources/API/PHPaymentConfiguration.swift /Users/admin/builder/spi-builder-workspace/PayHereSDK/Sources/API/PHPaymentError.swift /Users/admin/builder/spi-builder-workspace/PayHereSDK/Sources/API/PHPrecentController.swift /Users/admin/builder/spi-builder-workspace/PayHereSDK/Sources/API/PHResponse.swift /Users/admin/builder/spi-builder-workspace/PayHereSDK/Sources/API/PHViewControllerDelegate.swift /Users/admin/builder/spi-builder-workspace/PayHereSDK/Sources/API/PayHereSDK.swift /Users/admin/builder/spi-builder-workspace/PayHereSDK/Sources/API/PayHereSDKDelegate.swift /Users/admin/builder/spi-builder-workspace/PayHereSDK/Sources/Core/PHConfigs.swift /Users/admin/builder/spi-builder-workspace/PayHereSDK/Sources/Core/PHPaymentErrorMapper.swift /Users/admin/builder/spi-builder-workspace/PayHereSDK/Sources/Core/PHPaymentLifecycle.swift /Users/admin/builder/spi-builder-workspace/PayHereSDK/Sources/Core/PHPaymentPresenter.swift /Users/admin/builder/spi-builder-workspace/PayHereSDK/Sources/Core/ParamHandler.swift /Users/admin/builder/spi-builder-workspace/PayHereSDK/Sources/Models/Address.swift /Users/admin/builder/spi-builder-workspace/PayHereSDK/Sources/Models/Customer.swift /Users/admin/builder/spi-builder-workspace/PayHereSDK/Sources/Models/InitRequest.swift /Users/admin/builder/spi-builder-workspace/PayHereSDK/Sources/Models/Item.swift /Users/admin/builder/spi-builder-workspace/PayHereSDK/Sources/Models/PHEnums.swift /Users/admin/builder/spi-builder-workspace/PayHereSDK/Sources/Models/PHInitRequest.swift /Users/admin/builder/spi-builder-workspace/PayHereSDK/Sources/Models/PHInitResponse.swift /Users/admin/builder/spi-builder-workspace/PayHereSDK/Sources/Models/PHInitialRequest.swift /Users/admin/builder/spi-builder-workspace/PayHereSDK/Sources/Models/PayHereInitnSubmitResponse.swift /Users/admin/builder/spi-builder-workspace/PayHereSDK/Sources/Models/PaymentUI.swift /Users/admin/builder/spi-builder-workspace/PayHereSDK/Sources/Models/StatusResponse.swift /Users/admin/builder/spi-builder-workspace/PayHereSDK/Sources/Models/SubmitRequest.swift /Users/admin/builder/spi-builder-workspace/PayHereSDK/Sources/UI/Cells/PayOptionCollectionViewCell.swift /Users/admin/builder/spi-builder-workspace/PayHereSDK/Sources/UI/Cells/PayWithHelaPayTableViewCell.swift /Users/admin/builder/spi-builder-workspace/PayHereSDK/Sources/UI/Cells/PaymentOptionTableViewCell.swift -primary-file /Users/admin/builder/spi-builder-workspace/PayHereSDK/Sources/UI/Controllers/PHBottomViewController.swift -primary-file /Users/admin/builder/spi-builder-workspace/PayHereSDK/Sources/UI/PHCheckoutStep.swift -primary-file /Users/admin/builder/spi-builder-workspace/PayHereSDK/Sources/UI/PHPaymentOption.swift -primary-file /Users/admin/builder/spi-builder-workspace/PayHereSDK/Sources/UI/PHSheetHeightPolicy.swift /Users/admin/builder/spi-builder-workspace/PayHereSDK/Sources/UI/PHWebContentMeasurement.swift /Users/admin/builder/spi-builder-workspace/PayHereSDK/Sources/UI/PHWebLayoutMessageHandler.swift /Users/admin/builder/spi-builder-workspace/PayHereSDK/Sources/UI/PHWebViewScripts.swift /Users/admin/builder/spi-builder-workspace/PayHereSDK/Sources/UI/Theme/PHColorProfile.swift /Users/admin/builder/spi-builder-workspace/PayHereSDK/Sources/UI/Views/HeaderCollectionReusableView.swift /Users/admin/builder/spi-builder-workspace/PayHereSDK/Sources/UI/Views/PHBottomSheetTableViewSectioHeader.swift /Users/admin/builder/spi-builder-workspace/PayHereSDK/Sources/UI/Views/WVCheckMark.swift /Users/admin/builder/spi-builder-workspace/PayHereSDK/Sources/Utilities/Extention.swift /Users/admin/builder/spi-builder-workspace/PayHereSDK/Sources/Utilities/PHUtils.swift /Users/admin/builder/spi-builder-workspace/PayHereSDK/Sources/Utilities/UIFont+PayHere.swift /Users/admin/builder/spi-builder-workspace/PayHereSDK/Sources/Utilities/WaitUntil.swift /Users/admin/builder/spi-builder-workspace/.derivedData/Build/Intermediates.noindex/PayHereSDK.build/Debug-xros/PayHereSDK.build/DerivedSources/GeneratedAssetSymbols.swift -supplementary-output-file-map /Users/admin/builder/spi-builder-workspace/.derivedData/Build/Intermediates.noindex/PayHereSDK.build/Debug-xros/PayHereSDK.build/Objects-normal/arm64/supplementaryOutputs-35 -target arm64-apple-xros1.0 -Xllvm -aarch64-use-tbi -enable-objc-interop -stack-check -sdk /Applications/Xcode-16.3.0.app/Contents/Developer/Platforms/XROS.platform/Developer/SDKs/XROS2.4.sdk -I /Users/admin/builder/spi-builder-workspace/.derivedData/Build/Products/Debug-xros -I /Applications/Xcode-16.3.0.app/Contents/Developer/Platforms/XROS.platform/Developer/usr/lib -F /Users/admin/builder/spi-builder-workspace/.derivedData/Build/Products/Debug-xros/PackageFrameworks -F /Users/admin/builder/spi-builder-workspace/.derivedData/Build/Products/Debug-xros/PackageFrameworks -F /Users/admin/builder/spi-builder-workspace/.derivedData/Build/Products/Debug-xros/PackageFrameworks -F /Users/admin/builder/spi-builder-workspace/.derivedData/Build/Products/Debug-xros -F /Applications/Xcode-16.3.0.app/Contents/Developer/Platforms/XROS.platform/Developer/Library/Frameworks -F /Applications/Xcode-16.3.0.app/Contents/Developer/Platforms/XROS.platform/Developer/SDKs/XROS2.4.sdk/Developer/Library/Frameworks -no-color-diagnostics -enable-testing -g -debug-info-format\=dwarf -dwarf-version\=4 -module-cache-path /Users/admin/builder/spi-builder-workspace/.derivedData/ModuleCache.noindex -profile-generate -profile-coverage-mapping -swift-version 5 -enforce-exclusivity\=checked -stats-output-dir /Users/admin/builder/spi-builder-workspace/.swiftpm/xcode/.stats -Onone -D SWIFT_PACKAGE -D DEBUG -serialize-debugging-options -const-gather-protocols-file /Users/admin/builder/spi-builder-workspace/.derivedData/Build/Intermediates.noindex/PayHereSDK.build/Debug-xros/PayHereSDK.build/Objects-normal/arm64/PayHereSDK_const_extract_protocols.json -enable-upcoming-feature StrictConcurrency -enable-upcoming-feature DisableOutwardActorInference -enable-upcoming-feature GlobalActorIsolatedTypesUsability -enable-upcoming-feature InferSendableFromCaptures -enable-experimental-feature DebugDescriptionMacro -strict-concurrency\=complete -empty-abi-descriptor -plugin-path /Applications/Xcode-16.3.0.app/Contents/Developer/Toolchains/XcodeDefault.xctoolchain/usr/lib/swift/host/plugins/testing -validate-clang-modules-once -clang-build-session-file /Users/admin/builder/spi-builder-workspace/.derivedData/ModuleCache.noindex/Session.modulevalidation -Xcc -working-directory -Xcc /Users/admin/builder/spi-builder-workspace/.swiftpm/xcode -resource-dir /Applications/Xcode-16.3.0.app/Contents/Developer/Toolchains/XcodeDefault.xctoolchain/usr/lib/swift -enable-anonymous-context-mangled-names -file-compilation-dir /Users/admin/builder/spi-builder-workspace/.swiftpm/xcode -Xcc -fmodule-map-file\=/Users/admin/builder/spi-builder-workspace/.derivedData/Build/Intermediates.noindex/GeneratedModuleMaps-xros/SDWebImage.modulemap -Xcc -ivfsstatcache -Xcc /Users/admin/builder/spi-builder-workspace/.derivedData/SDKStatCaches.noindex/xros2.4-22O233-407b76dbb837030756cbe1ab3f0b01b6.sdkstatcache -Xcc -I/Users/admin/builder/spi-builder-workspace/.derivedData/Build/Intermediates.noindex/PayHereSDK.build/Debug-xros/PayHereSDK.build/swift-overrides.hmap -Xcc -I/Users/admin/builder/spi-builder-workspace/.dependencies/checkouts/SDWebImage/SDWebImage/include -Xcc -I/Users/admin/builder/spi-builder-workspace/.derivedData/Build/Products/Debug-xros/include -Xcc -I/Users/admin/builder/spi-builder-workspace/.derivedData/Build/Intermediates.noindex/PayHereSDK.build/Debug-xros/PayHereSDK.build/DerivedSources-normal/arm64 -Xcc -I/Users/admin/builder/spi-builder-workspace/.derivedData/Build/Intermediates.noindex/PayHereSDK.build/Debug-xros/PayHereSDK.build/DerivedSources/arm64 -Xcc -I/Users/admin/builder/spi-builder-workspace/.derivedData/Build/Intermediates.noindex/PayHereSDK.build/Debug-xros/PayHereSDK.build/DerivedSources -Xcc -DSWIFT_PACKAGE -Xcc -DDEBUG\=1 -module-name PayHereSDK -frontend-parseable-output -disable-clang-spi -target-sdk-version 2.4 -target-sdk-name xros2.4 -external-plugin-path /Applications/Xcode-16.3.0.app/Contents/Developer/Platforms/XROS.platform/Developer/usr/lib/swift/host/plugins\#/Applications/Xcode-16.3.0.app/Contents/Developer/Platforms/XROS.platform/Developer/usr/bin/swift-plugin-server -external-plugin-path /Applications/Xcode-16.3.0.app/Contents/Developer/Platforms/XROS.platform/Developer/usr/local/lib/swift/host/plugins\#/Applications/Xcode-16.3.0.app/Contents/Developer/Platforms/XROS.platform/Developer/usr/bin/swift-plugin-server -in-process-plugin-server-path /Applications/Xcode-16.3.0.app/Contents/Developer/Toolchains/XcodeDefault.xctoolchain/usr/lib/swift/host/libSwiftInProcPluginServer.dylib -plugin-path /Applications/Xcode-16.3.0.app/Contents/Developer/Toolchains/XcodeDefault.xctoolchain/usr/lib/swift/host/plugins -plugin-path /Applications/Xcode-16.3.0.app/Contents/Developer/Toolchains/XcodeDefault.xctoolchain/usr/local/lib/swift/host/plugins -o /Users/admin/builder/spi-builder-workspace/.derivedData/Build/Intermediates.noindex/PayHereSDK.build/Debug-xros/PayHereSDK.build/Objects-normal/arm64/PHBottomViewController.o -o /Users/admin/builder/spi-builder-workspace/.derivedData/Build/Intermediates.noindex/PayHereSDK.build/Debug-xros/PayHereSDK.build/Objects-normal/arm64/PHCheckoutStep.o -o /Users/admin/builder/spi-builder-workspace/.derivedData/Build/Intermediates.noindex/PayHereSDK.build/Debug-xros/PayHereSDK.build/Objects-normal/arm64/PHPaymentOption.o -o /Users/admin/builder/spi-builder-workspace/.derivedData/Build/Intermediates.noindex/PayHereSDK.build/Debug-xros/PayHereSDK.build/Objects-normal/arm64/PHSheetHeightPolicy.o -index-unit-output-path /PayHereSDK.build/Debug-xros/PayHereSDK.build/Objects-normal/arm64/PHBottomViewController.o -index-unit-output-path /PayHereSDK.build/Debug-xros/PayHereSDK.build/Objects-normal/arm64/PHCheckoutStep.o -index-unit-output-path /PayHereSDK.build/Debug-xros/PayHereSDK.build/Objects-normal/arm64/PHPaymentOption.o -index-unit-output-path /PayHereSDK.build/Debug-xros/PayHereSDK.build/Objects-normal/arm64/PHSheetHeightPolicy.o -index-store-path /Users/admin/builder/spi-builder-workspace/.derivedData/Index.noindex/DataStore -index-system-modules
SwiftDriverJobDiscovery normal arm64 Compiling ParameterEncoder.swift, ParameterEncoding.swift, Protected.swift, Request.swift, RequestTaskMap.swift (in target 'Alamofire' from project 'Alamofire')
SwiftCompile normal arm64 Compiling\ PHPaymentErrorMapper.swift,\ PHPaymentLifecycle.swift,\ PHPaymentPresenter.swift,\ ParamHandler.swift,\ Address.swift /Users/admin/builder/spi-builder-workspace/PayHereSDK/Sources/Core/PHPaymentErrorMapper.swift /Users/admin/builder/spi-builder-workspace/PayHereSDK/Sources/Core/PHPaymentLifecycle.swift /Users/admin/builder/spi-builder-workspace/PayHereSDK/Sources/Core/PHPaymentPresenter.swift /Users/admin/builder/spi-builder-workspace/PayHereSDK/Sources/Core/ParamHandler.swift /Users/admin/builder/spi-builder-workspace/PayHereSDK/Sources/Models/Address.swift (in target 'PayHereSDK' from project 'PayHereSDK')
SwiftCompile normal arm64 /Users/admin/builder/spi-builder-workspace/PayHereSDK/Sources/Core/PHPaymentErrorMapper.swift (in target 'PayHereSDK' from project 'PayHereSDK')
cd /Users/admin/builder/spi-builder-workspace/.swiftpm/xcode
SwiftCompile normal arm64 /Users/admin/builder/spi-builder-workspace/PayHereSDK/Sources/Core/PHPaymentLifecycle.swift (in target 'PayHereSDK' from project 'PayHereSDK')
cd /Users/admin/builder/spi-builder-workspace/.swiftpm/xcode
SwiftCompile normal arm64 /Users/admin/builder/spi-builder-workspace/PayHereSDK/Sources/Core/PHPaymentPresenter.swift (in target 'PayHereSDK' from project 'PayHereSDK')
cd /Users/admin/builder/spi-builder-workspace/.swiftpm/xcode
/Users/admin/builder/spi-builder-workspace/PayHereSDK/Sources/Core/PHPaymentPresenter.swift:27:30: warning: 'UIStoryboard' was deprecated in visionOS 1.0: Loading Interface Builder products will not be supported in a future version of visionOS.
let storyBoard = UIStoryboard(name: "PayHere", bundle: Bundle.payHereBundle)
^
/Users/admin/builder/spi-builder-workspace/PayHereSDK/Sources/Core/PHPaymentPresenter.swift:47:47: warning: converting non-sendable function value to '@MainActor @Sendable @convention(block) () -> Void' may introduce data races
DispatchQueue.main.async(execute: presentation)
^
/Users/admin/builder/spi-builder-workspace/PayHereSDK/Sources/Core/PHPaymentPresenter.swift:27:30: warning: call to main actor-isolated initializer 'init(name:bundle:)' in a synchronous nonisolated context; this is an error in the Swift 6 language mode
let storyBoard = UIStoryboard(name: "PayHere", bundle: Bundle.payHereBundle)
^
/Applications/Xcode-16.3.0.app/Contents/Developer/Platforms/XROS.platform/Developer/SDKs/XROS2.4.sdk/System/Library/Frameworks/UIKit.framework/Headers/UIStoryboard.h:22:1: note: calls to initializer 'init(name:bundle:)' from outside of its actor context are implicitly asynchronous
+ (UIStoryboard *)storyboardWithName:(NSString *)name bundle:(nullable NSBundle *)storyboardBundleOrNil;
^
/Users/admin/builder/spi-builder-workspace/PayHereSDK/Sources/Core/PHPaymentPresenter.swift:28:54: warning: call to main actor-isolated instance method 'instantiateViewController(withIdentifier:)' in a synchronous nonisolated context; this is an error in the Swift 6 language mode
guard let initialController = storyBoard.instantiateViewController(withIdentifier: "PHBottomViewController") as? PHBottomViewController else {
^
UIKit.UIStoryboard.instantiateViewController:2:22: note: calls to instance method 'instantiateViewController(withIdentifier:)' from outside of its actor context are implicitly asynchronous
@MainActor open func instantiateViewController(withIdentifier identifier: String) -> UIViewController}
^
/Users/admin/builder/spi-builder-workspace/PayHereSDK/Sources/Core/PHPaymentPresenter.swift:34:31: warning: main actor-isolated property 'initialRequest' can not be mutated from a nonisolated context; this is an error in the Swift 6 language mode
initialController.initialRequest = request
^
/Users/admin/builder/spi-builder-workspace/PayHereSDK/Sources/UI/Controllers/PHBottomViewController.swift:58:18: note: mutation of this property is only permitted within the actor
internal var initialRequest : PHInitialRequest?
^
/Users/admin/builder/spi-builder-workspace/PayHereSDK/Sources/Core/PHPaymentPresenter.swift:35:31: warning: main actor-isolated property 'isSandBoxEnabled' can not be mutated from a nonisolated context; this is an error in the Swift 6 language mode
initialController.isSandBoxEnabled = merchantID.starts(with: "1")
^
/Users/admin/builder/spi-builder-workspace/PayHereSDK/Sources/UI/Controllers/PHBottomViewController.swift:59:18: note: mutation of this property is only permitted within the actor
internal var isSandBoxEnabled : Bool = false
^
/Users/admin/builder/spi-builder-workspace/PayHereSDK/Sources/Core/PHPaymentPresenter.swift:36:31: warning: main actor-isolated property 'configuration' can not be mutated from a nonisolated context; this is an error in the Swift 6 language mode
initialController.configuration = configuration
^
/Users/admin/builder/spi-builder-workspace/PayHereSDK/Sources/UI/Controllers/PHBottomViewController.swift:62:18: note: mutation of this property is only permitted within the actor
internal var configuration : PHPaymentConfiguration = .default
^
/Users/admin/builder/spi-builder-workspace/PayHereSDK/Sources/Core/PHPaymentPresenter.swift:37:31: warning: main actor-isolated property 'delegate' can not be mutated from a nonisolated context; this is an error in the Swift 6 language mode
initialController.delegate = delegate
^
/Users/admin/builder/spi-builder-workspace/PayHereSDK/Sources/UI/Controllers/PHBottomViewController.swift:157:23: note: mutation of this property is only permitted within the actor
internal weak var delegate: PayHereSDKDelegate?
^
/Users/admin/builder/spi-builder-workspace/PayHereSDK/Sources/Core/PHPaymentPresenter.swift:39:31: warning: call to main actor-isolated instance method 'configurePresentation(from:)' in a synchronous nonisolated context; this is an error in the Swift 6 language mode
initialController.configurePresentation(from: from)
^
/Users/admin/builder/spi-builder-workspace/PayHereSDK/Sources/UI/Controllers/PHBottomViewController.swift:188:19: note: calls to instance method 'configurePresentation(from:)' from outside of its actor context are implicitly asynchronous
internal func configurePresentation(from presenter: UIViewController) {
^
/Users/admin/builder/spi-builder-workspace/PayHereSDK/Sources/UI/Controllers/PHBottomViewController.swift:188:19: note: main actor isolation inferred from inheritance from class 'UIViewController'
internal func configurePresentation(from presenter: UIViewController) {
^
/Users/admin/builder/spi-builder-workspace/PayHereSDK/Sources/Core/PHPaymentPresenter.swift:41:18: warning: call to main actor-isolated instance method 'present(_:animated:completion:)' in a synchronous nonisolated context; this is an error in the Swift 6 language mode
from.present(initialController, animated: true, completion: nil)
^
UIKit.UIViewController.present:3:24: note: calls to instance method 'present(_:animated:completion:)' from outside of its actor context are implicitly asynchronous
@MainActor open func present(_ viewControllerToPresent: UIViewController, animated flag: Bool, completion: (() -> Void)? = nil)}
^
SwiftCompile normal arm64 /Users/admin/builder/spi-builder-workspace/PayHereSDK/Sources/Core/ParamHandler.swift (in target 'PayHereSDK' from project 'PayHereSDK')
cd /Users/admin/builder/spi-builder-workspace/.swiftpm/xcode
/Users/admin/builder/spi-builder-workspace/PayHereSDK/Sources/Core/ParamHandler.swift:14:43: warning: 'InitRequest' is deprecated: Use PHInitRequest instead
public static func createParams(req : InitRequest)->[String : String?]{
^
SwiftCompile normal arm64 /Users/admin/builder/spi-builder-workspace/PayHereSDK/Sources/Models/Address.swift (in target 'PayHereSDK' from project 'PayHereSDK')
cd /Users/admin/builder/spi-builder-workspace/.swiftpm/xcode
SwiftDriverJobDiscovery normal arm64 Compiling CachedResponseHandler.swift, Combine.swift, Concurrency.swift, EventMonitor.swift (in target 'Alamofire' from project 'Alamofire')
SwiftCompile normal arm64 Compiling\ PHInitResponse.swift,\ PHInitialRequest.swift,\ PayHereInitnSubmitResponse.swift,\ PaymentUI.swift,\ StatusResponse.swift /Users/admin/builder/spi-builder-workspace/PayHereSDK/Sources/Models/PHInitResponse.swift /Users/admin/builder/spi-builder-workspace/PayHereSDK/Sources/Models/PHInitialRequest.swift /Users/admin/builder/spi-builder-workspace/PayHereSDK/Sources/Models/PayHereInitnSubmitResponse.swift /Users/admin/builder/spi-builder-workspace/PayHereSDK/Sources/Models/PaymentUI.swift /Users/admin/builder/spi-builder-workspace/PayHereSDK/Sources/Models/StatusResponse.swift (in target 'PayHereSDK' from project 'PayHereSDK')
SwiftCompile normal arm64 /Users/admin/builder/spi-builder-workspace/PayHereSDK/Sources/Models/PHInitResponse.swift (in target 'PayHereSDK' from project 'PayHereSDK')
cd /Users/admin/builder/spi-builder-workspace/.swiftpm/xcode
SwiftCompile normal arm64 /Users/admin/builder/spi-builder-workspace/PayHereSDK/Sources/Models/PHInitialRequest.swift (in target 'PayHereSDK' from project 'PayHereSDK')
cd /Users/admin/builder/spi-builder-workspace/.swiftpm/xcode
SwiftCompile normal arm64 /Users/admin/builder/spi-builder-workspace/PayHereSDK/Sources/Models/PayHereInitnSubmitResponse.swift (in target 'PayHereSDK' from project 'PayHereSDK')
cd /Users/admin/builder/spi-builder-workspace/.swiftpm/xcode
SwiftCompile normal arm64 /Users/admin/builder/spi-builder-workspace/PayHereSDK/Sources/Models/PaymentUI.swift (in target 'PayHereSDK' from project 'PayHereSDK')
cd /Users/admin/builder/spi-builder-workspace/.swiftpm/xcode
SwiftCompile normal arm64 /Users/admin/builder/spi-builder-workspace/PayHereSDK/Sources/Models/StatusResponse.swift (in target 'PayHereSDK' from project 'PayHereSDK')
cd /Users/admin/builder/spi-builder-workspace/.swiftpm/xcode
SwiftDriverJobDiscovery normal arm64 Compiling Customer.swift, InitRequest.swift, Item.swift, PHEnums.swift, PHInitRequest.swift (in target 'PayHereSDK' from project 'PayHereSDK')
SwiftDriverJobDiscovery normal arm64 Emitting module for PayHereSDK (in target 'PayHereSDK' from project 'PayHereSDK')
SwiftDriver\ Compilation Alamofire normal arm64 com.apple.xcode.tools.swift.compiler (in target 'Alamofire' from project 'Alamofire')
cd /Users/admin/builder/spi-builder-workspace/.swiftpm/xcode
builtin-Swift-Compilation -- /Applications/Xcode-16.3.0.app/Contents/Developer/Toolchains/XcodeDefault.xctoolchain/usr/bin/swiftc -module-name Alamofire -Onone -enforce-exclusivity\=checked @/Users/admin/builder/spi-builder-workspace/.derivedData/Build/Intermediates.noindex/Alamofire.build/Debug-xros/Alamofire.build/Objects-normal/arm64/Alamofire.SwiftFileList -DSWIFT_PACKAGE -DDEBUG -stats-output-dir .stats -strict-concurrency\=complete -enable-upcoming-feature StrictConcurrency -enable-upcoming-feature DisableOutwardActorInference -enable-upcoming-feature GlobalActorIsolatedTypesUsability -enable-upcoming-feature InferSendableFromCaptures -plugin-path /Applications/Xcode-16.3.0.app/Contents/Developer/Toolchains/XcodeDefault.xctoolchain/usr/lib/swift/host/plugins/testing -enable-experimental-feature DebugDescriptionMacro -sdk /Applications/Xcode-16.3.0.app/Contents/Developer/Platforms/XROS.platform/Developer/SDKs/XROS2.4.sdk -target arm64-apple-xros1.0 -g -module-cache-path /Users/admin/builder/spi-builder-workspace/.derivedData/ModuleCache.noindex -Xfrontend -serialize-debugging-options -profile-coverage-mapping -profile-generate -enable-testing -suppress-warnings -index-store-path /Users/admin/builder/spi-builder-workspace/.derivedData/Index.noindex/DataStore -swift-version 5 -I /Users/admin/builder/spi-builder-workspace/.derivedData/Build/Products/Debug-xros -I /Applications/Xcode-16.3.0.app/Contents/Developer/Platforms/XROS.platform/Developer/usr/lib -F /Users/admin/builder/spi-builder-workspace/.derivedData/Build/Products/Debug-xros -F /Applications/Xcode-16.3.0.app/Contents/Developer/Platforms/XROS.platform/Developer/Library/Frameworks -F /Applications/Xcode-16.3.0.app/Contents/Developer/Platforms/XROS.platform/Developer/SDKs/XROS2.4.sdk/Developer/Library/Frameworks -c -j10 -enable-batch-mode -incremental -Xcc -ivfsstatcache -Xcc /Users/admin/builder/spi-builder-workspace/.derivedData/SDKStatCaches.noindex/xros2.4-22O233-407b76dbb837030756cbe1ab3f0b01b6.sdkstatcache -output-file-map /Users/admin/builder/spi-builder-workspace/.derivedData/Build/Intermediates.noindex/Alamofire.build/Debug-xros/Alamofire.build/Objects-normal/arm64/Alamofire-OutputFileMap.json -use-frontend-parseable-output -save-temps -no-color-diagnostics -serialize-diagnostics -emit-dependencies -emit-module -emit-module-path /Users/admin/builder/spi-builder-workspace/.derivedData/Build/Intermediates.noindex/Alamofire.build/Debug-xros/Alamofire.build/Objects-normal/arm64/Alamofire.swiftmodule -user-module-version 5.12.2 -validate-clang-modules-once -clang-build-session-file /Users/admin/builder/spi-builder-workspace/.derivedData/ModuleCache.noindex/Session.modulevalidation -package-name alamofire -Xcc -I/Users/admin/builder/spi-builder-workspace/.derivedData/Build/Intermediates.noindex/Alamofire.build/Debug-xros/Alamofire.build/swift-overrides.hmap -emit-const-values -Xfrontend -const-gather-protocols-file -Xfrontend /Users/admin/builder/spi-builder-workspace/.derivedData/Build/Intermediates.noindex/Alamofire.build/Debug-xros/Alamofire.build/Objects-normal/arm64/Alamofire_const_extract_protocols.json -Xcc -I/Users/admin/builder/spi-builder-workspace/.derivedData/Build/Products/Debug-xros/include -Xcc -I/Users/admin/builder/spi-builder-workspace/.derivedData/Build/Intermediates.noindex/Alamofire.build/Debug-xros/Alamofire.build/DerivedSources-normal/arm64 -Xcc -I/Users/admin/builder/spi-builder-workspace/.derivedData/Build/Intermediates.noindex/Alamofire.build/Debug-xros/Alamofire.build/DerivedSources/arm64 -Xcc -I/Users/admin/builder/spi-builder-workspace/.derivedData/Build/Intermediates.noindex/Alamofire.build/Debug-xros/Alamofire.build/DerivedSources -Xcc -DSWIFT_PACKAGE -Xcc -DDEBUG\=1 -emit-objc-header -emit-objc-header-path /Users/admin/builder/spi-builder-workspace/.derivedData/Build/Intermediates.noindex/Alamofire.build/Debug-xros/Alamofire.build/Objects-normal/arm64/Alamofire-Swift.h -working-directory /Users/admin/builder/spi-builder-workspace/.swiftpm/xcode -experimental-emit-module-separately -disable-cmo
SwiftDriver\ Compilation\ Requirements PayHereSDK normal arm64 com.apple.xcode.tools.swift.compiler (in target 'PayHereSDK' from project 'PayHereSDK')
cd /Users/admin/builder/spi-builder-workspace/.swiftpm/xcode
builtin-Swift-Compilation-Requirements -- /Applications/Xcode-16.3.0.app/Contents/Developer/Toolchains/XcodeDefault.xctoolchain/usr/bin/swiftc -module-name PayHereSDK -Onone -enforce-exclusivity\=checked @/Users/admin/builder/spi-builder-workspace/.derivedData/Build/Intermediates.noindex/PayHereSDK.build/Debug-xros/PayHereSDK.build/Objects-normal/arm64/PayHereSDK.SwiftFileList -DSWIFT_PACKAGE -DDEBUG -Xcc -fmodule-map-file\=/Users/admin/builder/spi-builder-workspace/.derivedData/Build/Intermediates.noindex/GeneratedModuleMaps-xros/SDWebImage.modulemap -stats-output-dir .stats -strict-concurrency\=complete -enable-upcoming-feature StrictConcurrency -enable-upcoming-feature DisableOutwardActorInference -enable-upcoming-feature GlobalActorIsolatedTypesUsability -enable-upcoming-feature InferSendableFromCaptures -plugin-path /Applications/Xcode-16.3.0.app/Contents/Developer/Toolchains/XcodeDefault.xctoolchain/usr/lib/swift/host/plugins/testing -enable-experimental-feature DebugDescriptionMacro -sdk /Applications/Xcode-16.3.0.app/Contents/Developer/Platforms/XROS.platform/Developer/SDKs/XROS2.4.sdk -target arm64-apple-xros1.0 -g -module-cache-path /Users/admin/builder/spi-builder-workspace/.derivedData/ModuleCache.noindex -Xfrontend -serialize-debugging-options -profile-coverage-mapping -profile-generate -enable-testing -index-store-path /Users/admin/builder/spi-builder-workspace/.derivedData/Index.noindex/DataStore -swift-version 5 -I /Users/admin/builder/spi-builder-workspace/.derivedData/Build/Products/Debug-xros -I /Applications/Xcode-16.3.0.app/Contents/Developer/Platforms/XROS.platform/Developer/usr/lib -F /Users/admin/builder/spi-builder-workspace/.derivedData/Build/Products/Debug-xros/PackageFrameworks -F /Users/admin/builder/spi-builder-workspace/.derivedData/Build/Products/Debug-xros/PackageFrameworks -F /Users/admin/builder/spi-builder-workspace/.derivedData/Build/Products/Debug-xros/PackageFrameworks -F /Users/admin/builder/spi-builder-workspace/.derivedData/Build/Products/Debug-xros -F /Applications/Xcode-16.3.0.app/Contents/Developer/Platforms/XROS.platform/Developer/Library/Frameworks -F /Applications/Xcode-16.3.0.app/Contents/Developer/Platforms/XROS.platform/Developer/SDKs/XROS2.4.sdk/Developer/Library/Frameworks -c -j10 -enable-batch-mode -incremental -Xcc -ivfsstatcache -Xcc /Users/admin/builder/spi-builder-workspace/.derivedData/SDKStatCaches.noindex/xros2.4-22O233-407b76dbb837030756cbe1ab3f0b01b6.sdkstatcache -output-file-map /Users/admin/builder/spi-builder-workspace/.derivedData/Build/Intermediates.noindex/PayHereSDK.build/Debug-xros/PayHereSDK.build/Objects-normal/arm64/PayHereSDK-OutputFileMap.json -use-frontend-parseable-output -save-temps -no-color-diagnostics -serialize-diagnostics -emit-dependencies -emit-module -emit-module-path /Users/admin/builder/spi-builder-workspace/.derivedData/Build/Intermediates.noindex/PayHereSDK.build/Debug-xros/PayHereSDK.build/Objects-normal/arm64/PayHereSDK.swiftmodule -validate-clang-modules-once -clang-build-session-file /Users/admin/builder/spi-builder-workspace/.derivedData/ModuleCache.noindex/Session.modulevalidation -Xcc -I/Users/admin/builder/spi-builder-workspace/.derivedData/Build/Intermediates.noindex/PayHereSDK.build/Debug-xros/PayHereSDK.build/swift-overrides.hmap -emit-const-values -Xfrontend -const-gather-protocols-file -Xfrontend /Users/admin/builder/spi-builder-workspace/.derivedData/Build/Intermediates.noindex/PayHereSDK.build/Debug-xros/PayHereSDK.build/Objects-normal/arm64/PayHereSDK_const_extract_protocols.json -Xcc -I/Users/admin/builder/spi-builder-workspace/.dependencies/checkouts/SDWebImage/SDWebImage/include -Xcc -I/Users/admin/builder/spi-builder-workspace/.derivedData/Build/Products/Debug-xros/include -Xcc -I/Users/admin/builder/spi-builder-workspace/.derivedData/Build/Intermediates.noindex/PayHereSDK.build/Debug-xros/PayHereSDK.build/DerivedSources-normal/arm64 -Xcc -I/Users/admin/builder/spi-builder-workspace/.derivedData/Build/Intermediates.noindex/PayHereSDK.build/Debug-xros/PayHereSDK.build/DerivedSources/arm64 -Xcc -I/Users/admin/builder/spi-builder-workspace/.derivedData/Build/Intermediates.noindex/PayHereSDK.build/Debug-xros/PayHereSDK.build/DerivedSources -Xcc -DSWIFT_PACKAGE -Xcc -DDEBUG\=1 -emit-objc-header -emit-objc-header-path /Users/admin/builder/spi-builder-workspace/.derivedData/Build/Intermediates.noindex/PayHereSDK.build/Debug-xros/PayHereSDK.build/Objects-normal/arm64/PayHereSDK-Swift.h -working-directory /Users/admin/builder/spi-builder-workspace/.swiftpm/xcode -experimental-emit-module-separately -disable-cmo
Ld /Users/admin/builder/spi-builder-workspace/.derivedData/Build/Products/Debug-xros/Alamofire.o normal (in target 'Alamofire' from project 'Alamofire')
cd /Users/admin/builder/spi-builder-workspace/.dependencies/checkouts/Alamofire
/Applications/Xcode-16.3.0.app/Contents/Developer/Toolchains/XcodeDefault.xctoolchain/usr/bin/clang -Xlinker -reproducible -target arm64-apple-xros1.0 -r -isysroot /Applications/Xcode-16.3.0.app/Contents/Developer/Platforms/XROS.platform/Developer/SDKs/XROS2.4.sdk -O0 -w -L/Users/admin/builder/spi-builder-workspace/.derivedData/Build/Intermediates.noindex/EagerLinkingTBDs/Debug-xros -L/Users/admin/builder/spi-builder-workspace/.derivedData/Build/Products/Debug-xros -L/Applications/Xcode-16.3.0.app/Contents/Developer/Platforms/XROS.platform/Developer/usr/lib -F/Users/admin/builder/spi-builder-workspace/.derivedData/Build/Intermediates.noindex/EagerLinkingTBDs/Debug-xros -F/Users/admin/builder/spi-builder-workspace/.derivedData/Build/Products/Debug-xros -iframework /Applications/Xcode-16.3.0.app/Contents/Developer/Platforms/XROS.platform/Developer/Library/Frameworks -iframework /Applications/Xcode-16.3.0.app/Contents/Developer/Platforms/XROS.platform/Developer/SDKs/XROS2.4.sdk/Developer/Library/Frameworks -filelist /Users/admin/builder/spi-builder-workspace/.derivedData/Build/Intermediates.noindex/Alamofire.build/Debug-xros/Alamofire.build/Objects-normal/arm64/Alamofire.LinkFileList -nostdlib -Xlinker -object_path_lto -Xlinker /Users/admin/builder/spi-builder-workspace/.derivedData/Build/Intermediates.noindex/Alamofire.build/Debug-xros/Alamofire.build/Objects-normal/arm64/Alamofire_lto.o -rdynamic -Xlinker -no_deduplicate -Xlinker -debug_variant -Xlinker -dependency_info -Xlinker /Users/admin/builder/spi-builder-workspace/.derivedData/Build/Intermediates.noindex/Alamofire.build/Debug-xros/Alamofire.build/Objects-normal/arm64/Alamofire_dependency_info.dat -fobjc-link-runtime -L/Applications/Xcode-16.3.0.app/Contents/Developer/Toolchains/XcodeDefault.xctoolchain/usr/lib/swift/xros -L/usr/lib/swift -Xlinker -add_ast_path -Xlinker /Users/admin/builder/spi-builder-workspace/.derivedData/Build/Intermediates.noindex/Alamofire.build/Debug-xros/Alamofire.build/Objects-normal/arm64/Alamofire.swiftmodule -o /Users/admin/builder/spi-builder-workspace/.derivedData/Build/Products/Debug-xros/Alamofire.o
SwiftMergeGeneratedHeaders /Users/admin/builder/spi-builder-workspace/.derivedData/Build/Intermediates.noindex/GeneratedModuleMaps-xros/PayHereSDK-Swift.h /Users/admin/builder/spi-builder-workspace/.derivedData/Build/Intermediates.noindex/PayHereSDK.build/Debug-xros/PayHereSDK.build/Objects-normal/arm64/PayHereSDK-Swift.h (in target 'PayHereSDK' from project 'PayHereSDK')
cd /Users/admin/builder/spi-builder-workspace
builtin-swiftHeaderTool -arch arm64 /Users/admin/builder/spi-builder-workspace/.derivedData/Build/Intermediates.noindex/PayHereSDK.build/Debug-xros/PayHereSDK.build/Objects-normal/arm64/PayHereSDK-Swift.h -o /Users/admin/builder/spi-builder-workspace/.derivedData/Build/Intermediates.noindex/GeneratedModuleMaps-xros/PayHereSDK-Swift.h
Copy /Users/admin/builder/spi-builder-workspace/.derivedData/Build/Products/Debug-xros/PayHereSDK.swiftmodule/arm64-apple-xros.swiftmodule /Users/admin/builder/spi-builder-workspace/.derivedData/Build/Intermediates.noindex/PayHereSDK.build/Debug-xros/PayHereSDK.build/Objects-normal/arm64/PayHereSDK.swiftmodule (in target 'PayHereSDK' from project 'PayHereSDK')
cd /Users/admin/builder/spi-builder-workspace
builtin-copy -exclude .DS_Store -exclude CVS -exclude .svn -exclude .git -exclude .hg -resolve-src-symlinks -rename /Users/admin/builder/spi-builder-workspace/.derivedData/Build/Intermediates.noindex/PayHereSDK.build/Debug-xros/PayHereSDK.build/Objects-normal/arm64/PayHereSDK.swiftmodule /Users/admin/builder/spi-builder-workspace/.derivedData/Build/Products/Debug-xros/PayHereSDK.swiftmodule/arm64-apple-xros.swiftmodule
Copy /Users/admin/builder/spi-builder-workspace/.derivedData/Build/Products/Debug-xros/PayHereSDK.swiftmodule/arm64-apple-xros.swiftdoc /Users/admin/builder/spi-builder-workspace/.derivedData/Build/Intermediates.noindex/PayHereSDK.build/Debug-xros/PayHereSDK.build/Objects-normal/arm64/PayHereSDK.swiftdoc (in target 'PayHereSDK' from project 'PayHereSDK')
cd /Users/admin/builder/spi-builder-workspace
builtin-copy -exclude .DS_Store -exclude CVS -exclude .svn -exclude .git -exclude .hg -resolve-src-symlinks -rename /Users/admin/builder/spi-builder-workspace/.derivedData/Build/Intermediates.noindex/PayHereSDK.build/Debug-xros/PayHereSDK.build/Objects-normal/arm64/PayHereSDK.swiftdoc /Users/admin/builder/spi-builder-workspace/.derivedData/Build/Products/Debug-xros/PayHereSDK.swiftmodule/arm64-apple-xros.swiftdoc
Copy /Users/admin/builder/spi-builder-workspace/.derivedData/Build/Products/Debug-xros/PayHereSDK.swiftmodule/arm64-apple-xros.abi.json /Users/admin/builder/spi-builder-workspace/.derivedData/Build/Intermediates.noindex/PayHereSDK.build/Debug-xros/PayHereSDK.build/Objects-normal/arm64/PayHereSDK.abi.json (in target 'PayHereSDK' from project 'PayHereSDK')
cd /Users/admin/builder/spi-builder-workspace
builtin-copy -exclude .DS_Store -exclude CVS -exclude .svn -exclude .git -exclude .hg -resolve-src-symlinks -rename /Users/admin/builder/spi-builder-workspace/.derivedData/Build/Intermediates.noindex/PayHereSDK.build/Debug-xros/PayHereSDK.build/Objects-normal/arm64/PayHereSDK.abi.json /Users/admin/builder/spi-builder-workspace/.derivedData/Build/Products/Debug-xros/PayHereSDK.swiftmodule/arm64-apple-xros.abi.json
Copy /Users/admin/builder/spi-builder-workspace/.derivedData/Build/Products/Debug-xros/PayHereSDK.swiftmodule/Project/arm64-apple-xros.swiftsourceinfo /Users/admin/builder/spi-builder-workspace/.derivedData/Build/Intermediates.noindex/PayHereSDK.build/Debug-xros/PayHereSDK.build/Objects-normal/arm64/PayHereSDK.swiftsourceinfo (in target 'PayHereSDK' from project 'PayHereSDK')
cd /Users/admin/builder/spi-builder-workspace
builtin-copy -exclude .DS_Store -exclude CVS -exclude .svn -exclude .git -exclude .hg -resolve-src-symlinks -rename /Users/admin/builder/spi-builder-workspace/.derivedData/Build/Intermediates.noindex/PayHereSDK.build/Debug-xros/PayHereSDK.build/Objects-normal/arm64/PayHereSDK.swiftsourceinfo /Users/admin/builder/spi-builder-workspace/.derivedData/Build/Products/Debug-xros/PayHereSDK.swiftmodule/Project/arm64-apple-xros.swiftsourceinfo
ExtractAppIntentsMetadata (in target 'Alamofire' from project 'Alamofire')
cd /Users/admin/builder/spi-builder-workspace/.dependencies/checkouts/Alamofire
/Applications/Xcode-16.3.0.app/Contents/Developer/Toolchains/XcodeDefault.xctoolchain/usr/bin/appintentsmetadataprocessor --toolchain-dir /Applications/Xcode-16.3.0.app/Contents/Developer/Toolchains/XcodeDefault.xctoolchain --module-name Alamofire --sdk-root /Applications/Xcode-16.3.0.app/Contents/Developer/Platforms/XROS.platform/Developer/SDKs/XROS2.4.sdk --xcode-version 16E140 --platform-family xrOS --deployment-target 1.0 --bundle-identifier alamofire.Alamofire --output /Users/admin/builder/spi-builder-workspace/.derivedData/Build/Products/Debug-xros/Alamofire.appintents --target-triple arm64-apple-xros1.0 --binary-file /Users/admin/builder/spi-builder-workspace/.derivedData/Build/Products/Debug-xros/Alamofire.o --dependency-file /Users/admin/builder/spi-builder-workspace/.derivedData/Build/Intermediates.noindex/Alamofire.build/Debug-xros/Alamofire.build/Objects-normal/arm64/Alamofire_dependency_info.dat --stringsdata-file /Users/admin/builder/spi-builder-workspace/.derivedData/Build/Intermediates.noindex/Alamofire.build/Debug-xros/Alamofire.build/Objects-normal/arm64/ExtractedAppShortcutsMetadata.stringsdata --source-file-list /Users/admin/builder/spi-builder-workspace/.derivedData/Build/Intermediates.noindex/Alamofire.build/Debug-xros/Alamofire.build/Objects-normal/arm64/Alamofire.SwiftFileList --metadata-file-list /Users/admin/builder/spi-builder-workspace/.derivedData/Build/Intermediates.noindex/Alamofire.build/Debug-xros/Alamofire.build/Alamofire.DependencyMetadataFileList --static-metadata-file-list /Users/admin/builder/spi-builder-workspace/.derivedData/Build/Intermediates.noindex/Alamofire.build/Debug-xros/Alamofire.build/Alamofire.DependencyStaticMetadataFileList --swift-const-vals-list /Users/admin/builder/spi-builder-workspace/.derivedData/Build/Intermediates.noindex/Alamofire.build/Debug-xros/Alamofire.build/Objects-normal/arm64/Alamofire.SwiftConstValuesFileList --force --compile-time-extraction --deployment-aware-processing --validate-assistant-intents --no-app-shortcuts-localization
2026-09-29 15:59:22.719 appintentsmetadataprocessor[1195:6564] Starting appintentsmetadataprocessor export
2026-09-29 15:59:22.762 appintentsmetadataprocessor[1195:6564] Extracted no relevant App Intents symbols, skipping writing output
RegisterExecutionPolicyException /Users/admin/builder/spi-builder-workspace/.derivedData/Build/Products/Debug-xros/Alamofire.o (in target 'Alamofire' from project 'Alamofire')
cd /Users/admin/builder/spi-builder-workspace/.dependencies/checkouts/Alamofire
builtin-RegisterExecutionPolicyException /Users/admin/builder/spi-builder-workspace/.derivedData/Build/Products/Debug-xros/Alamofire.o
SwiftDriverJobDiscovery normal arm64 Compiling resource_bundle_accessor.swift, PHConstants.swift, PHPaymentConfiguration.swift, PHPaymentError.swift, PHPrecentController.swift (in target 'PayHereSDK' from project 'PayHereSDK')
SwiftDriverJobDiscovery normal arm64 Compiling PHUtils.swift, UIFont+PayHere.swift, WaitUntil.swift, GeneratedAssetSymbols.swift (in target 'PayHereSDK' from project 'PayHereSDK')
SwiftDriverJobDiscovery normal arm64 Compiling PHResponse.swift, PHViewControllerDelegate.swift, PayHereSDK.swift, PayHereSDKDelegate.swift, PHConfigs.swift (in target 'PayHereSDK' from project 'PayHereSDK')
SwiftDriverJobDiscovery normal arm64 Compiling HeaderCollectionReusableView.swift, PHBottomSheetTableViewSectioHeader.swift, WVCheckMark.swift, Extention.swift (in target 'PayHereSDK' from project 'PayHereSDK')
SwiftDriverJobDiscovery normal arm64 Compiling PHPaymentErrorMapper.swift, PHPaymentLifecycle.swift, PHPaymentPresenter.swift, ParamHandler.swift, Address.swift (in target 'PayHereSDK' from project 'PayHereSDK')
SwiftDriverJobDiscovery normal arm64 Compiling SubmitRequest.swift, PayOptionCollectionViewCell.swift, PayWithHelaPayTableViewCell.swift, PaymentOptionTableViewCell.swift (in target 'PayHereSDK' from project 'PayHereSDK')
SwiftDriverJobDiscovery normal arm64 Compiling PHInitResponse.swift, PHInitialRequest.swift, PayHereInitnSubmitResponse.swift, PaymentUI.swift, StatusResponse.swift (in target 'PayHereSDK' from project 'PayHereSDK')
SwiftDriverJobDiscovery normal arm64 Compiling PHWebContentMeasurement.swift, PHWebLayoutMessageHandler.swift, PHWebViewScripts.swift, PHColorProfile.swift (in target 'PayHereSDK' from project 'PayHereSDK')
** BUILD FAILED **
The following build commands failed:
SwiftCompile normal arm64 /Users/admin/builder/spi-builder-workspace/PayHereSDK/Sources/UI/Controllers/PHBottomViewController.swift (in target 'PayHereSDK' from project 'PayHereSDK')
SwiftCompile normal arm64 Compiling\ PHBottomViewController.swift,\ PHCheckoutStep.swift,\ PHPaymentOption.swift,\ PHSheetHeightPolicy.swift /Users/admin/builder/spi-builder-workspace/PayHereSDK/Sources/UI/Controllers/PHBottomViewController.swift /Users/admin/builder/spi-builder-workspace/PayHereSDK/Sources/UI/PHCheckoutStep.swift /Users/admin/builder/spi-builder-workspace/PayHereSDK/Sources/UI/PHPaymentOption.swift /Users/admin/builder/spi-builder-workspace/PayHereSDK/Sources/UI/PHSheetHeightPolicy.swift (in target 'PayHereSDK' from project 'PayHereSDK')
Building workspace spi-builder-workspace with scheme PayHereSDK
(3 failures)
Command line invocation:
/Applications/Xcode-16.3.0.app/Contents/Developer/usr/bin/xcodebuild -IDEClonedSourcePackagesDirPathOverride=/Users/admin/builder/spi-builder-workspace/.dependencies -resolvePackageDependencies
Resolve Package Graph
Resolved source packages:
SDWebImage: https://github.com/SDWebImage/SDWebImage.git @ 5.21.7
PayHereSDK: /Users/admin/builder/spi-builder-workspace
ObjectMapper: https://github.com/tristanhimmelman/ObjectMapper.git @ 4.4.3
Alamofire: https://github.com/Alamofire/Alamofire.git @ 5.12.2
resolved source packages: SDWebImage, PayHereSDK, ObjectMapper, Alamofire
{
"dependencies" : [
{
"identity" : "alamofire",
"requirement" : {
"range" : [
{
"lower_bound" : "5.12.2",
"upper_bound" : "6.0.0"
}
]
},
"type" : "sourceControl",
"url" : "https://github.com/Alamofire/Alamofire.git"
},
{
"identity" : "objectmapper",
"requirement" : {
"range" : [
{
"lower_bound" : "4.2.0",
"upper_bound" : "5.0.0"
}
]
},
"type" : "sourceControl",
"url" : "https://github.com/tristanhimmelman/ObjectMapper.git"
},
{
"identity" : "sdwebimage",
"requirement" : {
"range" : [
{
"lower_bound" : "5.0.0",
"upper_bound" : "6.0.0"
}
]
},
"type" : "sourceControl",
"url" : "https://github.com/SDWebImage/SDWebImage.git"
}
],
"manifest_display_name" : "PayHereSDK",
"name" : "PayHereSDK",
"path" : "/Users/admin/builder/spi-builder-workspace",
"platforms" : [
{
"name" : "ios",
"version" : "13.0"
}
],
"products" : [
{
"name" : "PayHereSDK",
"targets" : [
"PayHereSDK"
],
"type" : {
"library" : [
"automatic"
]
}
}
],
"swift_languages_versions" : [
"5"
],
"targets" : [
{
"c99name" : "PayHereSDKTests",
"module_type" : "SwiftTarget",
"name" : "PayHereSDKTests",
"path" : "Tests/PayHereSDKTests",
"product_dependencies" : [
"ObjectMapper",
"Alamofire",
"SDWebImage"
],
"sources" : [
"PHCardFormLayoutTests.swift",
"PHPaymentErrorTests.swift",
"PHPaymentImageTests.swift",
"PHPaymentLifecycleTests.swift",
"PHSheetHeightPolicyTests.swift"
],
"target_dependencies" : [
"PayHereSDK"
],
"type" : "test"
},
{
"c99name" : "PayHereSDK",
"module_type" : "SwiftTarget",
"name" : "PayHereSDK",
"path" : "PayHereSDK/Sources",
"product_dependencies" : [
"Alamofire",
"ObjectMapper",
"SDWebImage"
],
"product_memberships" : [
"PayHereSDK"
],
"resources" : [
{
"path" : "/Users/admin/builder/spi-builder-workspace/PayHereSDK/Sources/Resources/Assets/colors.xcassets",
"rule" : {
"process" : {
}
}
},
{
"path" : "/Users/admin/builder/spi-builder-workspace/PayHereSDK/Sources/Resources/Assets/image.xcassets",
"rule" : {
"process" : {
}
}
},
{
"path" : "/Users/admin/builder/spi-builder-workspace/PayHereSDK/Sources/Resources/Fonts/HPay.ttf",
"rule" : {
"process" : {
}
}
},
{
"path" : "/Users/admin/builder/spi-builder-workspace/PayHereSDK/Sources/Resources/Fonts/HPayBold.ttf",
"rule" : {
"process" : {
}
}
},
{
"path" : "/Users/admin/builder/spi-builder-workspace/PayHereSDK/Sources/Resources/Nibs/HeaderCollectionReusableView.xib",
"rule" : {
"process" : {
}
}
},
{
"path" : "/Users/admin/builder/spi-builder-workspace/PayHereSDK/Sources/Resources/Nibs/PHBottomSheetTableViewSectioHeader.xib",
"rule" : {
"process" : {
}
}
},
{
"path" : "/Users/admin/builder/spi-builder-workspace/PayHereSDK/Sources/Resources/Nibs/PayOptionCollectionViewCell.xib",
"rule" : {
"process" : {
}
}
},
{
"path" : "/Users/admin/builder/spi-builder-workspace/PayHereSDK/Sources/Resources/Nibs/PayWithHelaPayTableViewCell.xib",
"rule" : {
"process" : {
}
}
},
{
"path" : "/Users/admin/builder/spi-builder-workspace/PayHereSDK/Sources/Resources/Nibs/PaymentOptionTableViewCell.xib",
"rule" : {
"process" : {
}
}
},
{
"path" : "/Users/admin/builder/spi-builder-workspace/PayHereSDK/Sources/Resources/PrivacyInfo.xcprivacy",
"rule" : {
"process" : {
}
}
},
{
"path" : "/Users/admin/builder/spi-builder-workspace/PayHereSDK/Sources/Resources/Storyboards/PayHere.storyboard",
"rule" : {
"process" : {
}
}
}
],
"sources" : [
"API/PHConstants.swift",
"API/PHPaymentConfiguration.swift",
"API/PHPaymentError.swift",
"API/PHPrecentController.swift",
"API/PHResponse.swift",
"API/PHViewControllerDelegate.swift",
"API/PayHereSDK.swift",
"API/PayHereSDKDelegate.swift",
"Core/PHConfigs.swift",
"Core/PHPaymentErrorMapper.swift",
"Core/PHPaymentLifecycle.swift",
"Core/PHPaymentPresenter.swift",
"Core/ParamHandler.swift",
"Models/Address.swift",
"Models/Customer.swift",
"Models/InitRequest.swift",
"Models/Item.swift",
"Models/PHEnums.swift",
"Models/PHInitRequest.swift",
"Models/PHInitResponse.swift",
"Models/PHInitialRequest.swift",
"Models/PayHereInitnSubmitResponse.swift",
"Models/PaymentUI.swift",
"Models/StatusResponse.swift",
"Models/SubmitRequest.swift",
"UI/Cells/PayOptionCollectionViewCell.swift",
"UI/Cells/PayWithHelaPayTableViewCell.swift",
"UI/Cells/PaymentOptionTableViewCell.swift",
"UI/Controllers/PHBottomViewController.swift",
"UI/PHCheckoutStep.swift",
"UI/PHPaymentOption.swift",
"UI/PHSheetHeightPolicy.swift",
"UI/PHWebContentMeasurement.swift",
"UI/PHWebLayoutMessageHandler.swift",
"UI/PHWebViewScripts.swift",
"UI/Theme/PHColorProfile.swift",
"UI/Views/HeaderCollectionReusableView.swift",
"UI/Views/PHBottomSheetTableViewSectioHeader.swift",
"UI/Views/WVCheckMark.swift",
"Utilities/Extention.swift",
"Utilities/PHUtils.swift",
"Utilities/UIFont+PayHere.swift",
"Utilities/WaitUntil.swift"
],
"type" : "library"
}
],
"tools_version" : "5.5"
}
{
"workspace" : {
"name" : "spi-builder-workspace",
"schemes" : [
"PayHereSDK"
]
}
}
Running build ...
env DEVELOPER_DIR=/Applications/Xcode-16.3.0.app xcrun xcodebuild -IDEClonedSourcePackagesDirPathOverride=$PWD/.dependencies -skipMacroValidation -skipPackagePluginValidation -derivedDataPath $PWD/.derivedData build -scheme PayHereSDK -destination generic/platform=xrOS
Command line invocation:
/Applications/Xcode-16.3.0.app/Contents/Developer/usr/bin/xcodebuild -IDEClonedSourcePackagesDirPathOverride=/Users/admin/builder/spi-builder-workspace/.dependencies -skipMacroValidation -skipPackagePluginValidation -derivedDataPath /Users/admin/builder/spi-builder-workspace/.derivedData build -scheme PayHereSDK -destination generic/platform=xrOS
Resolve Package Graph
Resolved source packages:
ObjectMapper: https://github.com/tristanhimmelman/ObjectMapper.git @ 4.4.3
PayHereSDK: /Users/admin/builder/spi-builder-workspace
SDWebImage: https://github.com/SDWebImage/SDWebImage.git @ 5.21.7
Alamofire: https://github.com/Alamofire/Alamofire.git @ 5.12.2
ComputePackagePrebuildTargetDependencyGraph
Prepare packages
CreateBuildRequest
SendProjectDescription
CreateBuildOperation
ComputeTargetDependencyGraph
note: Building targets in dependency order
note: Target dependency graph (11 targets)
Target 'PayHereSDK' in project 'PayHereSDK'
➜ Explicit dependency on target 'PayHereSDK' in project 'PayHereSDK'
➜ Explicit dependency on target 'PayHereSDK_PayHereSDK' in project 'PayHereSDK'
➜ Explicit dependency on target 'Alamofire' in project 'Alamofire'
➜ Explicit dependency on target 'ObjectMapper' in project 'ObjectMapper'
➜ Explicit dependency on target 'SDWebImage' in project 'SDWebImage'
Target 'PayHereSDK' in project 'PayHereSDK'
➜ Explicit dependency on target 'PayHereSDK_PayHereSDK' in project 'PayHereSDK'
➜ Explicit dependency on target 'Alamofire' in project 'Alamofire'
➜ Explicit dependency on target 'ObjectMapper' in project 'ObjectMapper'
➜ Explicit dependency on target 'SDWebImage' in project 'SDWebImage'
Target 'SDWebImage' in project 'SDWebImage'
➜ Explicit dependency on target 'SDWebImage' in project 'SDWebImage'
➜ Explicit dependency on target 'SDWebImage_SDWebImage' in project 'SDWebImage'
Target 'SDWebImage' in project 'SDWebImage'
➜ Explicit dependency on target 'SDWebImage_SDWebImage' in project 'SDWebImage'
Target 'SDWebImage_SDWebImage' in project 'SDWebImage' (no dependencies)
Target 'ObjectMapper' in project 'ObjectMapper'
➜ Explicit dependency on target 'ObjectMapper' in project 'ObjectMapper'
Target 'ObjectMapper' in project 'ObjectMapper' (no dependencies)
Target 'Alamofire' in project 'Alamofire'
➜ Explicit dependency on target 'Alamofire' in project 'Alamofire'
➜ Explicit dependency on target 'Alamofire_Alamofire' in project 'Alamofire'
Target 'Alamofire' in project 'Alamofire'
➜ Explicit dependency on target 'Alamofire_Alamofire' in project 'Alamofire'
Target 'Alamofire_Alamofire' in project 'Alamofire' (no dependencies)
Target 'PayHereSDK_PayHereSDK' in project 'PayHereSDK' (no dependencies)
GatherProvisioningInputs
CreateBuildDescription
ExecuteExternalTool /Applications/Xcode-16.3.0.app/Contents/Developer/usr/bin/ibtool --version --output-format xml1
ExecuteExternalTool /Applications/Xcode-16.3.0.app/Contents/Developer/Toolchains/XcodeDefault.xctoolchain/usr/bin/swiftc --version
ExecuteExternalTool /Applications/Xcode-16.3.0.app/Contents/Developer/Toolchains/XcodeDefault.xctoolchain/usr/bin/clang -v -E -dM -isysroot /Applications/Xcode-16.3.0.app/Contents/Developer/Platforms/XROS.platform/Developer/SDKs/XROS2.4.sdk -x c -c /dev/null
ExecuteExternalTool /Applications/Xcode-16.3.0.app/Contents/Developer/usr/bin/actool --version --output-format xml1
ExecuteExternalTool /Applications/Xcode-16.3.0.app/Contents/Developer/Toolchains/XcodeDefault.xctoolchain/usr/bin/clang -v -E -dM -arch arm64 -isysroot /Applications/Xcode-16.3.0.app/Contents/Developer/Platforms/XROS.platform/Developer/SDKs/XROS2.4.sdk -x objective-c -c /dev/null
ExecuteExternalTool /Applications/Xcode-16.3.0.app/Contents/Developer/Toolchains/XcodeDefault.xctoolchain/usr/bin/ld -version_details
ExecuteExternalTool /Applications/Xcode-16.3.0.app/Contents/Developer/Toolchains/XcodeDefault.xctoolchain/usr/bin/clang -v -E -dM -arch arm64 -isysroot /Applications/Xcode-16.3.0.app/Contents/Developer/Platforms/XROS.platform/Developer/SDKs/XROS2.4.sdk -x c -c /dev/null
Build description signature: 0df6c4f009270b700108bdb687e58fc5
Build description path: /Users/admin/builder/spi-builder-workspace/.derivedData/Build/Intermediates.noindex/XCBuildData/0df6c4f009270b700108bdb687e58fc5.xcbuilddata
ClangStatCache /Applications/Xcode-16.3.0.app/Contents/Developer/Toolchains/XcodeDefault.xctoolchain/usr/bin/clang-stat-cache /Applications/Xcode-16.3.0.app/Contents/Developer/Platforms/XROS.platform/Developer/SDKs/XROS2.4.sdk /Users/admin/builder/spi-builder-workspace/.derivedData/SDKStatCaches.noindex/xros2.4-22O233-407b76dbb837030756cbe1ab3f0b01b6.sdkstatcache
cd /Users/admin/builder/spi-builder-workspace/.swiftpm/xcode
/Applications/Xcode-16.3.0.app/Contents/Developer/Toolchains/XcodeDefault.xctoolchain/usr/bin/clang-stat-cache /Applications/Xcode-16.3.0.app/Contents/Developer/Platforms/XROS.platform/Developer/SDKs/XROS2.4.sdk -o /Users/admin/builder/spi-builder-workspace/.derivedData/SDKStatCaches.noindex/xros2.4-22O233-407b76dbb837030756cbe1ab3f0b01b6.sdkstatcache
ProcessInfoPlistFile /Users/admin/builder/spi-builder-workspace/.derivedData/Build/Products/Debug-xros/SDWebImage_SDWebImage.bundle/Info.plist /Users/admin/builder/spi-builder-workspace/.derivedData/Build/Intermediates.noindex/SDWebImage.build/Debug-xros/SDWebImage_SDWebImage.build/empty-SDWebImage_SDWebImage.plist (in target 'SDWebImage_SDWebImage' from project 'SDWebImage')
cd /Users/admin/builder/spi-builder-workspace/.dependencies/checkouts/SDWebImage
builtin-infoPlistUtility /Users/admin/builder/spi-builder-workspace/.derivedData/Build/Intermediates.noindex/SDWebImage.build/Debug-xros/SDWebImage_SDWebImage.build/empty-SDWebImage_SDWebImage.plist -producttype com.apple.product-type.bundle -expandbuildsettings -format binary -platform xros -o /Users/admin/builder/spi-builder-workspace/.derivedData/Build/Products/Debug-xros/SDWebImage_SDWebImage.bundle/Info.plist
ProcessInfoPlistFile /Users/admin/builder/spi-builder-workspace/.derivedData/Build/Products/Debug-xros/Alamofire_Alamofire.bundle/Info.plist /Users/admin/builder/spi-builder-workspace/.derivedData/Build/Intermediates.noindex/Alamofire.build/Debug-xros/Alamofire_Alamofire.build/empty-Alamofire_Alamofire.plist (in target 'Alamofire_Alamofire' from project 'Alamofire')
cd /Users/admin/builder/spi-builder-workspace/.dependencies/checkouts/Alamofire
builtin-infoPlistUtility /Users/admin/builder/spi-builder-workspace/.derivedData/Build/Intermediates.noindex/Alamofire.build/Debug-xros/Alamofire_Alamofire.build/empty-Alamofire_Alamofire.plist -producttype com.apple.product-type.bundle -expandbuildsettings -format binary -platform xros -o /Users/admin/builder/spi-builder-workspace/.derivedData/Build/Products/Debug-xros/Alamofire_Alamofire.bundle/Info.plist
ProcessInfoPlistFile /Users/admin/builder/spi-builder-workspace/.derivedData/Build/Products/Debug-xros/PayHereSDK_PayHereSDK.bundle/Info.plist /Users/admin/builder/spi-builder-workspace/.derivedData/Build/Intermediates.noindex/PayHereSDK.build/Debug-xros/PayHereSDK_PayHereSDK.build/empty-PayHereSDK_PayHereSDK.plist (in target 'PayHereSDK_PayHereSDK' from project 'PayHereSDK')
cd /Users/admin/builder/spi-builder-workspace
builtin-infoPlistUtility /Users/admin/builder/spi-builder-workspace/.derivedData/Build/Intermediates.noindex/PayHereSDK.build/Debug-xros/PayHereSDK_PayHereSDK.build/empty-PayHereSDK_PayHereSDK.plist -producttype com.apple.product-type.bundle -expandbuildsettings -format binary -platform xros -additionalcontentfile /Users/admin/builder/spi-builder-workspace/.derivedData/Build/Intermediates.noindex/PayHereSDK.build/Debug-xros/PayHereSDK_PayHereSDK.build/HeaderCollectionReusableView-PartialInfo.plist -additionalcontentfile /Users/admin/builder/spi-builder-workspace/.derivedData/Build/Intermediates.noindex/PayHereSDK.build/Debug-xros/PayHereSDK_PayHereSDK.build/PHBottomSheetTableViewSectioHeader-PartialInfo.plist -additionalcontentfile /Users/admin/builder/spi-builder-workspace/.derivedData/Build/Intermediates.noindex/PayHereSDK.build/Debug-xros/PayHereSDK_PayHereSDK.build/PayOptionCollectionViewCell-PartialInfo.plist -additionalcontentfile /Users/admin/builder/spi-builder-workspace/.derivedData/Build/Intermediates.noindex/PayHereSDK.build/Debug-xros/PayHereSDK_PayHereSDK.build/PayWithHelaPayTableViewCell-PartialInfo.plist -additionalcontentfile /Users/admin/builder/spi-builder-workspace/.derivedData/Build/Intermediates.noindex/PayHereSDK.build/Debug-xros/PayHereSDK_PayHereSDK.build/PaymentOptionTableViewCell-PartialInfo.plist -additionalcontentfile /Users/admin/builder/spi-builder-workspace/.derivedData/Build/Intermediates.noindex/PayHereSDK.build/Debug-xros/PayHereSDK_PayHereSDK.build/PayHere-SBPartialInfo.plist -additionalcontentfile /Users/admin/builder/spi-builder-workspace/.derivedData/Build/Intermediates.noindex/PayHereSDK.build/Debug-xros/PayHereSDK_PayHereSDK.build/assetcatalog_generated_info.plist -o /Users/admin/builder/spi-builder-workspace/.derivedData/Build/Products/Debug-xros/PayHereSDK_PayHereSDK.bundle/Info.plist
SwiftDriver ObjectMapper normal arm64 com.apple.xcode.tools.swift.compiler (in target 'ObjectMapper' from project 'ObjectMapper')
cd /Users/admin/builder/spi-builder-workspace/.swiftpm/xcode
builtin-SwiftDriver -- /Applications/Xcode-16.3.0.app/Contents/Developer/Toolchains/XcodeDefault.xctoolchain/usr/bin/swiftc -module-name ObjectMapper -Onone -enforce-exclusivity\=checked @/Users/admin/builder/spi-builder-workspace/.derivedData/Build/Intermediates.noindex/ObjectMapper.build/Debug-xros/ObjectMapper.build/Objects-normal/arm64/ObjectMapper.SwiftFileList -DSWIFT_PACKAGE -DDEBUG -DXcode -plugin-path /Applications/Xcode-16.3.0.app/Contents/Developer/Toolchains/XcodeDefault.xctoolchain/usr/lib/swift/host/plugins/testing -enable-experimental-feature DebugDescriptionMacro -sdk /Applications/Xcode-16.3.0.app/Contents/Developer/Platforms/XROS.platform/Developer/SDKs/XROS2.4.sdk -target arm64-apple-xros1.0 -g -module-cache-path /Users/admin/builder/spi-builder-workspace/.derivedData/ModuleCache.noindex -Xfrontend -serialize-debugging-options -profile-coverage-mapping -profile-generate -enable-testing -suppress-warnings -index-store-path /Users/admin/builder/spi-builder-workspace/.derivedData/Index.noindex/DataStore -swift-version 5 -I /Users/admin/builder/spi-builder-workspace/.derivedData/Build/Products/Debug-xros -I /Applications/Xcode-16.3.0.app/Contents/Developer/Platforms/XROS.platform/Developer/usr/lib -F /Users/admin/builder/spi-builder-workspace/.derivedData/Build/Products/Debug-xros -F /Applications/Xcode-16.3.0.app/Contents/Developer/Platforms/XROS.platform/Developer/Library/Frameworks -F /Applications/Xcode-16.3.0.app/Contents/Developer/Platforms/XROS.platform/Developer/SDKs/XROS2.4.sdk/Developer/Library/Frameworks -c -j10 -enable-batch-mode -incremental -Xcc -ivfsstatcache -Xcc /Users/admin/builder/spi-builder-workspace/.derivedData/SDKStatCaches.noindex/xros2.4-22O233-407b76dbb837030756cbe1ab3f0b01b6.sdkstatcache -output-file-map /Users/admin/builder/spi-builder-workspace/.derivedData/Build/Intermediates.noindex/ObjectMapper.build/Debug-xros/ObjectMapper.build/Objects-normal/arm64/ObjectMapper-OutputFileMap.json -use-frontend-parseable-output -save-temps -no-color-diagnostics -serialize-diagnostics -emit-dependencies -emit-module -emit-module-path /Users/admin/builder/spi-builder-workspace/.derivedData/Build/Intermediates.noindex/ObjectMapper.build/Debug-xros/ObjectMapper.build/Objects-normal/arm64/ObjectMapper.swiftmodule -validate-clang-modules-once -clang-build-session-file /Users/admin/builder/spi-builder-workspace/.derivedData/ModuleCache.noindex/Session.modulevalidation -Xcc -I/Users/admin/builder/spi-builder-workspace/.derivedData/Build/Intermediates.noindex/ObjectMapper.build/Debug-xros/ObjectMapper.build/swift-overrides.hmap -emit-const-values -Xfrontend -const-gather-protocols-file -Xfrontend /Users/admin/builder/spi-builder-workspace/.derivedData/Build/Intermediates.noindex/ObjectMapper.build/Debug-xros/ObjectMapper.build/Objects-normal/arm64/ObjectMapper_const_extract_protocols.json -Xcc -I/Users/admin/builder/spi-builder-workspace/.derivedData/Build/Products/Debug-xros/include -Xcc -I/Users/admin/builder/spi-builder-workspace/.derivedData/Build/Intermediates.noindex/ObjectMapper.build/Debug-xros/ObjectMapper.build/DerivedSources-normal/arm64 -Xcc -I/Users/admin/builder/spi-builder-workspace/.derivedData/Build/Intermediates.noindex/ObjectMapper.build/Debug-xros/ObjectMapper.build/DerivedSources/arm64 -Xcc -I/Users/admin/builder/spi-builder-workspace/.derivedData/Build/Intermediates.noindex/ObjectMapper.build/Debug-xros/ObjectMapper.build/DerivedSources -Xcc -DSWIFT_PACKAGE -Xcc -DDEBUG\=1 -emit-objc-header -emit-objc-header-path /Users/admin/builder/spi-builder-workspace/.derivedData/Build/Intermediates.noindex/ObjectMapper.build/Debug-xros/ObjectMapper.build/Objects-normal/arm64/ObjectMapper-Swift.h -working-directory /Users/admin/builder/spi-builder-workspace/.swiftpm/xcode -experimental-emit-module-separately -disable-cmo
SwiftDriver Alamofire normal arm64 com.apple.xcode.tools.swift.compiler (in target 'Alamofire' from project 'Alamofire')
cd /Users/admin/builder/spi-builder-workspace/.swiftpm/xcode
builtin-SwiftDriver -- /Applications/Xcode-16.3.0.app/Contents/Developer/Toolchains/XcodeDefault.xctoolchain/usr/bin/swiftc -module-name Alamofire -Onone -enforce-exclusivity\=checked @/Users/admin/builder/spi-builder-workspace/.derivedData/Build/Intermediates.noindex/Alamofire.build/Debug-xros/Alamofire.build/Objects-normal/arm64/Alamofire.SwiftFileList -DSWIFT_PACKAGE -DDEBUG -DXcode -enable-upcoming-feature ExistentialAny -plugin-path /Applications/Xcode-16.3.0.app/Contents/Developer/Toolchains/XcodeDefault.xctoolchain/usr/lib/swift/host/plugins/testing -enable-experimental-feature DebugDescriptionMacro -sdk /Applications/Xcode-16.3.0.app/Contents/Developer/Platforms/XROS.platform/Developer/SDKs/XROS2.4.sdk -target arm64-apple-xros1.0 -g -module-cache-path /Users/admin/builder/spi-builder-workspace/.derivedData/ModuleCache.noindex -Xfrontend -serialize-debugging-options -profile-coverage-mapping -profile-generate -enable-testing -suppress-warnings -index-store-path /Users/admin/builder/spi-builder-workspace/.derivedData/Index.noindex/DataStore -swift-version 5 -I /Users/admin/builder/spi-builder-workspace/.derivedData/Build/Products/Debug-xros -I /Applications/Xcode-16.3.0.app/Contents/Developer/Platforms/XROS.platform/Developer/usr/lib -F /Users/admin/builder/spi-builder-workspace/.derivedData/Build/Products/Debug-xros -F /Applications/Xcode-16.3.0.app/Contents/Developer/Platforms/XROS.platform/Developer/Library/Frameworks -F /Applications/Xcode-16.3.0.app/Contents/Developer/Platforms/XROS.platform/Developer/SDKs/XROS2.4.sdk/Developer/Library/Frameworks -c -j10 -enable-batch-mode -incremental -Xcc -ivfsstatcache -Xcc /Users/admin/builder/spi-builder-workspace/.derivedData/SDKStatCaches.noindex/xros2.4-22O233-407b76dbb837030756cbe1ab3f0b01b6.sdkstatcache -output-file-map /Users/admin/builder/spi-builder-workspace/.derivedData/Build/Intermediates.noindex/Alamofire.build/Debug-xros/Alamofire.build/Objects-normal/arm64/Alamofire-OutputFileMap.json -use-frontend-parseable-output -save-temps -no-color-diagnostics -serialize-diagnostics -emit-dependencies -emit-module -emit-module-path /Users/admin/builder/spi-builder-workspace/.derivedData/Build/Intermediates.noindex/Alamofire.build/Debug-xros/Alamofire.build/Objects-normal/arm64/Alamofire.swiftmodule -user-module-version 5.12.2 -validate-clang-modules-once -clang-build-session-file /Users/admin/builder/spi-builder-workspace/.derivedData/ModuleCache.noindex/Session.modulevalidation -package-name alamofire -Xcc -I/Users/admin/builder/spi-builder-workspace/.derivedData/Build/Intermediates.noindex/Alamofire.build/Debug-xros/Alamofire.build/swift-overrides.hmap -emit-const-values -Xfrontend -const-gather-protocols-file -Xfrontend /Users/admin/builder/spi-builder-workspace/.derivedData/Build/Intermediates.noindex/Alamofire.build/Debug-xros/Alamofire.build/Objects-normal/arm64/Alamofire_const_extract_protocols.json -Xcc -I/Users/admin/builder/spi-builder-workspace/.derivedData/Build/Products/Debug-xros/include -Xcc -I/Users/admin/builder/spi-builder-workspace/.derivedData/Build/Intermediates.noindex/Alamofire.build/Debug-xros/Alamofire.build/DerivedSources-normal/arm64 -Xcc -I/Users/admin/builder/spi-builder-workspace/.derivedData/Build/Intermediates.noindex/Alamofire.build/Debug-xros/Alamofire.build/DerivedSources/arm64 -Xcc -I/Users/admin/builder/spi-builder-workspace/.derivedData/Build/Intermediates.noindex/Alamofire.build/Debug-xros/Alamofire.build/DerivedSources -Xcc -DSWIFT_PACKAGE -Xcc -DDEBUG\=1 -emit-objc-header -emit-objc-header-path /Users/admin/builder/spi-builder-workspace/.derivedData/Build/Intermediates.noindex/Alamofire.build/Debug-xros/Alamofire.build/Objects-normal/arm64/Alamofire-Swift.h -working-directory /Users/admin/builder/spi-builder-workspace/.swiftpm/xcode -experimental-emit-module-separately -disable-cmo
SwiftCompile normal arm64 Compiling\ CodableTransform.swift,\ CustomDateFormatTransform.swift,\ DataTransform.swift /Users/admin/builder/spi-builder-workspace/.dependencies/checkouts/ObjectMapper/Sources/CodableTransform.swift /Users/admin/builder/spi-builder-workspace/.dependencies/checkouts/ObjectMapper/Sources/CustomDateFormatTransform.swift /Users/admin/builder/spi-builder-workspace/.dependencies/checkouts/ObjectMapper/Sources/DataTransform.swift (in target 'ObjectMapper' from project 'ObjectMapper')
SwiftCompile normal arm64 /Users/admin/builder/spi-builder-workspace/.dependencies/checkouts/ObjectMapper/Sources/CodableTransform.swift (in target 'ObjectMapper' from project 'ObjectMapper')
cd /Users/admin/builder/spi-builder-workspace/.swiftpm/xcode
SwiftCompile normal arm64 /Users/admin/builder/spi-builder-workspace/.dependencies/checkouts/ObjectMapper/Sources/CustomDateFormatTransform.swift (in target 'ObjectMapper' from project 'ObjectMapper')
cd /Users/admin/builder/spi-builder-workspace/.swiftpm/xcode
SwiftCompile normal arm64 /Users/admin/builder/spi-builder-workspace/.dependencies/checkouts/ObjectMapper/Sources/DataTransform.swift (in target 'ObjectMapper' from project 'ObjectMapper')
cd /Users/admin/builder/spi-builder-workspace/.swiftpm/xcode
SwiftCompile normal arm64 Compiling\ EnumOperators.swift,\ EnumTransform.swift,\ FromJSON.swift /Users/admin/builder/spi-builder-workspace/.dependencies/checkouts/ObjectMapper/Sources/EnumOperators.swift /Users/admin/builder/spi-builder-workspace/.dependencies/checkouts/ObjectMapper/Sources/EnumTransform.swift /Users/admin/builder/spi-builder-workspace/.dependencies/checkouts/ObjectMapper/Sources/FromJSON.swift (in target 'ObjectMapper' from project 'ObjectMapper')
SwiftCompile normal arm64 /Users/admin/builder/spi-builder-workspace/.dependencies/checkouts/ObjectMapper/Sources/EnumOperators.swift (in target 'ObjectMapper' from project 'ObjectMapper')
cd /Users/admin/builder/spi-builder-workspace/.swiftpm/xcode
SwiftCompile normal arm64 /Users/admin/builder/spi-builder-workspace/.dependencies/checkouts/ObjectMapper/Sources/EnumTransform.swift (in target 'ObjectMapper' from project 'ObjectMapper')
cd /Users/admin/builder/spi-builder-workspace/.swiftpm/xcode
SwiftCompile normal arm64 /Users/admin/builder/spi-builder-workspace/.dependencies/checkouts/ObjectMapper/Sources/FromJSON.swift (in target 'ObjectMapper' from project 'ObjectMapper')
cd /Users/admin/builder/spi-builder-workspace/.swiftpm/xcode
SwiftEmitModule normal arm64 Emitting\ module\ for\ ObjectMapper (in target 'ObjectMapper' from project 'ObjectMapper')
EmitSwiftModule normal arm64 (in target 'ObjectMapper' from project 'ObjectMapper')
cd /Users/admin/builder/spi-builder-workspace/.swiftpm/xcode
SwiftCompile normal arm64 Compiling\ Mapper.swift,\ NSDecimalNumberTransform.swift /Users/admin/builder/spi-builder-workspace/.dependencies/checkouts/ObjectMapper/Sources/Mapper.swift /Users/admin/builder/spi-builder-workspace/.dependencies/checkouts/ObjectMapper/Sources/NSDecimalNumberTransform.swift (in target 'ObjectMapper' from project 'ObjectMapper')
SwiftCompile normal arm64 /Users/admin/builder/spi-builder-workspace/.dependencies/checkouts/ObjectMapper/Sources/Mapper.swift (in target 'ObjectMapper' from project 'ObjectMapper')
cd /Users/admin/builder/spi-builder-workspace/.swiftpm/xcode
SwiftCompile normal arm64 /Users/admin/builder/spi-builder-workspace/.dependencies/checkouts/ObjectMapper/Sources/NSDecimalNumberTransform.swift (in target 'ObjectMapper' from project 'ObjectMapper')
cd /Users/admin/builder/spi-builder-workspace/.swiftpm/xcode
SwiftCompile normal arm64 Compiling\ Operators.swift,\ ToJSON.swift /Users/admin/builder/spi-builder-workspace/.dependencies/checkouts/ObjectMapper/Sources/Operators.swift /Users/admin/builder/spi-builder-workspace/.dependencies/checkouts/ObjectMapper/Sources/ToJSON.swift (in target 'ObjectMapper' from project 'ObjectMapper')
SwiftCompile normal arm64 /Users/admin/builder/spi-builder-workspace/.dependencies/checkouts/ObjectMapper/Sources/Operators.swift (in target 'ObjectMapper' from project 'ObjectMapper')
cd /Users/admin/builder/spi-builder-workspace/.swiftpm/xcode
SwiftCompile normal arm64 /Users/admin/builder/spi-builder-workspace/.dependencies/checkouts/ObjectMapper/Sources/ToJSON.swift (in target 'ObjectMapper' from project 'ObjectMapper')
cd /Users/admin/builder/spi-builder-workspace/.swiftpm/xcode
SwiftCompile normal arm64 Compiling\ HexColorTransform.swift,\ ISO8601DateTransform.swift,\ ImmutableMappable.swift /Users/admin/builder/spi-builder-workspace/.dependencies/checkouts/ObjectMapper/Sources/HexColorTransform.swift /Users/admin/builder/spi-builder-workspace/.dependencies/checkouts/ObjectMapper/Sources/ISO8601DateTransform.swift /Users/admin/builder/spi-builder-workspace/.dependencies/checkouts/ObjectMapper/Sources/ImmutableMappable.swift (in target 'ObjectMapper' from project 'ObjectMapper')
SwiftCompile normal arm64 /Users/admin/builder/spi-builder-workspace/.dependencies/checkouts/ObjectMapper/Sources/HexColorTransform.swift (in target 'ObjectMapper' from project 'ObjectMapper')
cd /Users/admin/builder/spi-builder-workspace/.swiftpm/xcode
SwiftCompile normal arm64 /Users/admin/builder/spi-builder-workspace/.dependencies/checkouts/ObjectMapper/Sources/ISO8601DateTransform.swift (in target 'ObjectMapper' from project 'ObjectMapper')
cd /Users/admin/builder/spi-builder-workspace/.swiftpm/xcode
SwiftCompile normal arm64 /Users/admin/builder/spi-builder-workspace/.dependencies/checkouts/ObjectMapper/Sources/ImmutableMappable.swift (in target 'ObjectMapper' from project 'ObjectMapper')
cd /Users/admin/builder/spi-builder-workspace/.swiftpm/xcode
SwiftCompile normal arm64 Compiling\ TransformOf.swift,\ TransformOperators.swift /Users/admin/builder/spi-builder-workspace/.dependencies/checkouts/ObjectMapper/Sources/TransformOf.swift /Users/admin/builder/spi-builder-workspace/.dependencies/checkouts/ObjectMapper/Sources/TransformOperators.swift (in target 'ObjectMapper' from project 'ObjectMapper')
SwiftCompile normal arm64 /Users/admin/builder/spi-builder-workspace/.dependencies/checkouts/ObjectMapper/Sources/TransformOf.swift (in target 'ObjectMapper' from project 'ObjectMapper')
cd /Users/admin/builder/spi-builder-workspace/.swiftpm/xcode
SwiftCompile normal arm64 /Users/admin/builder/spi-builder-workspace/.dependencies/checkouts/ObjectMapper/Sources/TransformOperators.swift (in target 'ObjectMapper' from project 'ObjectMapper')
cd /Users/admin/builder/spi-builder-workspace/.swiftpm/xcode
SwiftCompile normal arm64 Compiling\ MapError.swift,\ Mappable.swift /Users/admin/builder/spi-builder-workspace/.dependencies/checkouts/ObjectMapper/Sources/MapError.swift /Users/admin/builder/spi-builder-workspace/.dependencies/checkouts/ObjectMapper/Sources/Mappable.swift (in target 'ObjectMapper' from project 'ObjectMapper')
SwiftCompile normal arm64 /Users/admin/builder/spi-builder-workspace/.dependencies/checkouts/ObjectMapper/Sources/MapError.swift (in target 'ObjectMapper' from project 'ObjectMapper')
cd /Users/admin/builder/spi-builder-workspace/.swiftpm/xcode
SwiftCompile normal arm64 /Users/admin/builder/spi-builder-workspace/.dependencies/checkouts/ObjectMapper/Sources/Mappable.swift (in target 'ObjectMapper' from project 'ObjectMapper')
cd /Users/admin/builder/spi-builder-workspace/.swiftpm/xcode
SwiftCompile normal arm64 Compiling\ TransformType.swift,\ URLTransform.swift /Users/admin/builder/spi-builder-workspace/.dependencies/checkouts/ObjectMapper/Sources/TransformType.swift /Users/admin/builder/spi-builder-workspace/.dependencies/checkouts/ObjectMapper/Sources/URLTransform.swift (in target 'ObjectMapper' from project 'ObjectMapper')
SwiftCompile normal arm64 /Users/admin/builder/spi-builder-workspace/.dependencies/checkouts/ObjectMapper/Sources/TransformType.swift (in target 'ObjectMapper' from project 'ObjectMapper')
cd /Users/admin/builder/spi-builder-workspace/.swiftpm/xcode
SwiftCompile normal arm64 /Users/admin/builder/spi-builder-workspace/.dependencies/checkouts/ObjectMapper/Sources/URLTransform.swift (in target 'ObjectMapper' from project 'ObjectMapper')
cd /Users/admin/builder/spi-builder-workspace/.swiftpm/xcode
SwiftCompile normal arm64 Compiling\ IntegerOperators.swift,\ Map.swift /Users/admin/builder/spi-builder-workspace/.dependencies/checkouts/ObjectMapper/Sources/IntegerOperators.swift /Users/admin/builder/spi-builder-workspace/.dependencies/checkouts/ObjectMapper/Sources/Map.swift (in target 'ObjectMapper' from project 'ObjectMapper')
SwiftCompile normal arm64 /Users/admin/builder/spi-builder-workspace/.dependencies/checkouts/ObjectMapper/Sources/IntegerOperators.swift (in target 'ObjectMapper' from project 'ObjectMapper')
cd /Users/admin/builder/spi-builder-workspace/.swiftpm/xcode
SwiftCompile normal arm64 /Users/admin/builder/spi-builder-workspace/.dependencies/checkouts/ObjectMapper/Sources/Map.swift (in target 'ObjectMapper' from project 'ObjectMapper')
cd /Users/admin/builder/spi-builder-workspace/.swiftpm/xcode
SwiftEmitModule normal arm64 Emitting\ module\ for\ Alamofire (in target 'Alamofire' from project 'Alamofire')
EmitSwiftModule normal arm64 (in target 'Alamofire' from project 'Alamofire')
cd /Users/admin/builder/spi-builder-workspace/.swiftpm/xcode
SwiftDriverJobDiscovery normal arm64 Compiling TransformType.swift, URLTransform.swift (in target 'ObjectMapper' from project 'ObjectMapper')
SwiftCompile normal arm64 Compiling\ DateFormatterTransform.swift,\ DateTransform.swift,\ DictionaryTransform.swift /Users/admin/builder/spi-builder-workspace/.dependencies/checkouts/ObjectMapper/Sources/DateFormatterTransform.swift /Users/admin/builder/spi-builder-workspace/.dependencies/checkouts/ObjectMapper/Sources/DateTransform.swift /Users/admin/builder/spi-builder-workspace/.dependencies/checkouts/ObjectMapper/Sources/DictionaryTransform.swift (in target 'ObjectMapper' from project 'ObjectMapper')
SwiftCompile normal arm64 /Users/admin/builder/spi-builder-workspace/.dependencies/checkouts/ObjectMapper/Sources/DateFormatterTransform.swift (in target 'ObjectMapper' from project 'ObjectMapper')
cd /Users/admin/builder/spi-builder-workspace/.swiftpm/xcode
SwiftCompile normal arm64 /Users/admin/builder/spi-builder-workspace/.dependencies/checkouts/ObjectMapper/Sources/DateTransform.swift (in target 'ObjectMapper' from project 'ObjectMapper')
cd /Users/admin/builder/spi-builder-workspace/.swiftpm/xcode
SwiftCompile normal arm64 /Users/admin/builder/spi-builder-workspace/.dependencies/checkouts/ObjectMapper/Sources/DictionaryTransform.swift (in target 'ObjectMapper' from project 'ObjectMapper')
cd /Users/admin/builder/spi-builder-workspace/.swiftpm/xcode
SwiftDriverJobDiscovery normal arm64 Compiling EnumOperators.swift, EnumTransform.swift, FromJSON.swift (in target 'ObjectMapper' from project 'ObjectMapper')
SwiftCompile normal arm64 Compiling\ Response.swift,\ Session.swift,\ SessionDelegate.swift,\ URLConvertible+URLRequestConvertible.swift,\ UploadRequest.swift /Users/admin/builder/spi-builder-workspace/.dependencies/checkouts/Alamofire/Source/Core/Response.swift /Users/admin/builder/spi-builder-workspace/.dependencies/checkouts/Alamofire/Source/Core/Session.swift /Users/admin/builder/spi-builder-workspace/.dependencies/checkouts/Alamofire/Source/Core/SessionDelegate.swift /Users/admin/builder/spi-builder-workspace/.dependencies/checkouts/Alamofire/Source/Core/URLConvertible+URLRequestConvertible.swift /Users/admin/builder/spi-builder-workspace/.dependencies/checkouts/Alamofire/Source/Core/UploadRequest.swift (in target 'Alamofire' from project 'Alamofire')
SwiftCompile normal arm64 /Users/admin/builder/spi-builder-workspace/.dependencies/checkouts/Alamofire/Source/Core/Response.swift (in target 'Alamofire' from project 'Alamofire')
cd /Users/admin/builder/spi-builder-workspace/.swiftpm/xcode
SwiftCompile normal arm64 /Users/admin/builder/spi-builder-workspace/.dependencies/checkouts/Alamofire/Source/Core/Session.swift (in target 'Alamofire' from project 'Alamofire')
cd /Users/admin/builder/spi-builder-workspace/.swiftpm/xcode
SwiftCompile normal arm64 /Users/admin/builder/spi-builder-workspace/.dependencies/checkouts/Alamofire/Source/Core/SessionDelegate.swift (in target 'Alamofire' from project 'Alamofire')
cd /Users/admin/builder/spi-builder-workspace/.swiftpm/xcode
SwiftCompile normal arm64 /Users/admin/builder/spi-builder-workspace/.dependencies/checkouts/Alamofire/Source/Core/URLConvertible+URLRequestConvertible.swift (in target 'Alamofire' from project 'Alamofire')
cd /Users/admin/builder/spi-builder-workspace/.swiftpm/xcode
SwiftCompile normal arm64 /Users/admin/builder/spi-builder-workspace/.dependencies/checkouts/Alamofire/Source/Core/UploadRequest.swift (in target 'Alamofire' from project 'Alamofire')
cd /Users/admin/builder/spi-builder-workspace/.swiftpm/xcode
SwiftDriverJobDiscovery normal arm64 Compiling MapError.swift, Mappable.swift (in target 'ObjectMapper' from project 'ObjectMapper')
SwiftCompile normal arm64 Compiling\ ParameterEncoder.swift,\ ParameterEncoding.swift,\ Protected.swift,\ Request.swift,\ RequestTaskMap.swift /Users/admin/builder/spi-builder-workspace/.dependencies/checkouts/Alamofire/Source/Core/ParameterEncoder.swift /Users/admin/builder/spi-builder-workspace/.dependencies/checkouts/Alamofire/Source/Core/ParameterEncoding.swift /Users/admin/builder/spi-builder-workspace/.dependencies/checkouts/Alamofire/Source/Core/Protected.swift /Users/admin/builder/spi-builder-workspace/.dependencies/checkouts/Alamofire/Source/Core/Request.swift /Users/admin/builder/spi-builder-workspace/.dependencies/checkouts/Alamofire/Source/Core/RequestTaskMap.swift (in target 'Alamofire' from project 'Alamofire')
SwiftCompile normal arm64 /Users/admin/builder/spi-builder-workspace/.dependencies/checkouts/Alamofire/Source/Core/ParameterEncoder.swift (in target 'Alamofire' from project 'Alamofire')
cd /Users/admin/builder/spi-builder-workspace/.swiftpm/xcode
SwiftCompile normal arm64 /Users/admin/builder/spi-builder-workspace/.dependencies/checkouts/Alamofire/Source/Core/ParameterEncoding.swift (in target 'Alamofire' from project 'Alamofire')
cd /Users/admin/builder/spi-builder-workspace/.swiftpm/xcode
SwiftCompile normal arm64 /Users/admin/builder/spi-builder-workspace/.dependencies/checkouts/Alamofire/Source/Core/Protected.swift (in target 'Alamofire' from project 'Alamofire')
cd /Users/admin/builder/spi-builder-workspace/.swiftpm/xcode
SwiftCompile normal arm64 /Users/admin/builder/spi-builder-workspace/.dependencies/checkouts/Alamofire/Source/Core/Request.swift (in target 'Alamofire' from project 'Alamofire')
cd /Users/admin/builder/spi-builder-workspace/.swiftpm/xcode
SwiftCompile normal arm64 /Users/admin/builder/spi-builder-workspace/.dependencies/checkouts/Alamofire/Source/Core/RequestTaskMap.swift (in target 'Alamofire' from project 'Alamofire')
cd /Users/admin/builder/spi-builder-workspace/.swiftpm/xcode
SwiftDriverJobDiscovery normal arm64 Compiling CodableTransform.swift, CustomDateFormatTransform.swift, DataTransform.swift (in target 'ObjectMapper' from project 'ObjectMapper')
SwiftCompile normal arm64 Compiling\ resource_bundle_accessor.swift,\ Alamofire.swift,\ AFError.swift,\ DataRequest.swift,\ DataStreamRequest.swift /Users/admin/builder/spi-builder-workspace/.derivedData/Build/Intermediates.noindex/Alamofire.build/Debug-xros/Alamofire.build/DerivedSources/resource_bundle_accessor.swift /Users/admin/builder/spi-builder-workspace/.dependencies/checkouts/Alamofire/Source/Alamofire.swift /Users/admin/builder/spi-builder-workspace/.dependencies/checkouts/Alamofire/Source/Core/AFError.swift /Users/admin/builder/spi-builder-workspace/.dependencies/checkouts/Alamofire/Source/Core/DataRequest.swift /Users/admin/builder/spi-builder-workspace/.dependencies/checkouts/Alamofire/Source/Core/DataStreamRequest.swift (in target 'Alamofire' from project 'Alamofire')
SwiftCompile normal arm64 /Users/admin/builder/spi-builder-workspace/.derivedData/Build/Intermediates.noindex/Alamofire.build/Debug-xros/Alamofire.build/DerivedSources/resource_bundle_accessor.swift (in target 'Alamofire' from project 'Alamofire')
cd /Users/admin/builder/spi-builder-workspace/.swiftpm/xcode
SwiftCompile normal arm64 /Users/admin/builder/spi-builder-workspace/.dependencies/checkouts/Alamofire/Source/Alamofire.swift (in target 'Alamofire' from project 'Alamofire')
cd /Users/admin/builder/spi-builder-workspace/.swiftpm/xcode
SwiftCompile normal arm64 /Users/admin/builder/spi-builder-workspace/.dependencies/checkouts/Alamofire/Source/Core/AFError.swift (in target 'Alamofire' from project 'Alamofire')
cd /Users/admin/builder/spi-builder-workspace/.swiftpm/xcode
SwiftCompile normal arm64 /Users/admin/builder/spi-builder-workspace/.dependencies/checkouts/Alamofire/Source/Core/DataRequest.swift (in target 'Alamofire' from project 'Alamofire')
cd /Users/admin/builder/spi-builder-workspace/.swiftpm/xcode
SwiftCompile normal arm64 /Users/admin/builder/spi-builder-workspace/.dependencies/checkouts/Alamofire/Source/Core/DataStreamRequest.swift (in target 'Alamofire' from project 'Alamofire')
cd /Users/admin/builder/spi-builder-workspace/.swiftpm/xcode
SwiftDriverJobDiscovery normal arm64 Emitting module for ObjectMapper (in target 'ObjectMapper' from project 'ObjectMapper')
SwiftDriver\ Compilation\ Requirements ObjectMapper normal arm64 com.apple.xcode.tools.swift.compiler (in target 'ObjectMapper' from project 'ObjectMapper')
cd /Users/admin/builder/spi-builder-workspace/.swiftpm/xcode
builtin-Swift-Compilation-Requirements -- /Applications/Xcode-16.3.0.app/Contents/Developer/Toolchains/XcodeDefault.xctoolchain/usr/bin/swiftc -module-name ObjectMapper -Onone -enforce-exclusivity\=checked @/Users/admin/builder/spi-builder-workspace/.derivedData/Build/Intermediates.noindex/ObjectMapper.build/Debug-xros/ObjectMapper.build/Objects-normal/arm64/ObjectMapper.SwiftFileList -DSWIFT_PACKAGE -DDEBUG -DXcode -plugin-path /Applications/Xcode-16.3.0.app/Contents/Developer/Toolchains/XcodeDefault.xctoolchain/usr/lib/swift/host/plugins/testing -enable-experimental-feature DebugDescriptionMacro -sdk /Applications/Xcode-16.3.0.app/Contents/Developer/Platforms/XROS.platform/Developer/SDKs/XROS2.4.sdk -target arm64-apple-xros1.0 -g -module-cache-path /Users/admin/builder/spi-builder-workspace/.derivedData/ModuleCache.noindex -Xfrontend -serialize-debugging-options -profile-coverage-mapping -profile-generate -enable-testing -suppress-warnings -index-store-path /Users/admin/builder/spi-builder-workspace/.derivedData/Index.noindex/DataStore -swift-version 5 -I /Users/admin/builder/spi-builder-workspace/.derivedData/Build/Products/Debug-xros -I /Applications/Xcode-16.3.0.app/Contents/Developer/Platforms/XROS.platform/Developer/usr/lib -F /Users/admin/builder/spi-builder-workspace/.derivedData/Build/Products/Debug-xros -F /Applications/Xcode-16.3.0.app/Contents/Developer/Platforms/XROS.platform/Developer/Library/Frameworks -F /Applications/Xcode-16.3.0.app/Contents/Developer/Platforms/XROS.platform/Developer/SDKs/XROS2.4.sdk/Developer/Library/Frameworks -c -j10 -enable-batch-mode -incremental -Xcc -ivfsstatcache -Xcc /Users/admin/builder/spi-builder-workspace/.derivedData/SDKStatCaches.noindex/xros2.4-22O233-407b76dbb837030756cbe1ab3f0b01b6.sdkstatcache -output-file-map /Users/admin/builder/spi-builder-workspace/.derivedData/Build/Intermediates.noindex/ObjectMapper.build/Debug-xros/ObjectMapper.build/Objects-normal/arm64/ObjectMapper-OutputFileMap.json -use-frontend-parseable-output -save-temps -no-color-diagnostics -serialize-diagnostics -emit-dependencies -emit-module -emit-module-path /Users/admin/builder/spi-builder-workspace/.derivedData/Build/Intermediates.noindex/ObjectMapper.build/Debug-xros/ObjectMapper.build/Objects-normal/arm64/ObjectMapper.swiftmodule -validate-clang-modules-once -clang-build-session-file /Users/admin/builder/spi-builder-workspace/.derivedData/ModuleCache.noindex/Session.modulevalidation -Xcc -I/Users/admin/builder/spi-builder-workspace/.derivedData/Build/Intermediates.noindex/ObjectMapper.build/Debug-xros/ObjectMapper.build/swift-overrides.hmap -emit-const-values -Xfrontend -const-gather-protocols-file -Xfrontend /Users/admin/builder/spi-builder-workspace/.derivedData/Build/Intermediates.noindex/ObjectMapper.build/Debug-xros/ObjectMapper.build/Objects-normal/arm64/ObjectMapper_const_extract_protocols.json -Xcc -I/Users/admin/builder/spi-builder-workspace/.derivedData/Build/Products/Debug-xros/include -Xcc -I/Users/admin/builder/spi-builder-workspace/.derivedData/Build/Intermediates.noindex/ObjectMapper.build/Debug-xros/ObjectMapper.build/DerivedSources-normal/arm64 -Xcc -I/Users/admin/builder/spi-builder-workspace/.derivedData/Build/Intermediates.noindex/ObjectMapper.build/Debug-xros/ObjectMapper.build/DerivedSources/arm64 -Xcc -I/Users/admin/builder/spi-builder-workspace/.derivedData/Build/Intermediates.noindex/ObjectMapper.build/Debug-xros/ObjectMapper.build/DerivedSources -Xcc -DSWIFT_PACKAGE -Xcc -DDEBUG\=1 -emit-objc-header -emit-objc-header-path /Users/admin/builder/spi-builder-workspace/.derivedData/Build/Intermediates.noindex/ObjectMapper.build/Debug-xros/ObjectMapper.build/Objects-normal/arm64/ObjectMapper-Swift.h -working-directory /Users/admin/builder/spi-builder-workspace/.swiftpm/xcode -experimental-emit-module-separately -disable-cmo
SwiftDriverJobDiscovery normal arm64 Compiling Operators.swift, ToJSON.swift (in target 'ObjectMapper' from project 'ObjectMapper')
SwiftCompile normal arm64 Compiling\ URLRequest+Alamofire.swift,\ URLSessionConfiguration+Alamofire.swift,\ AlamofireExtended.swift,\ AuthenticationInterceptor.swift /Users/admin/builder/spi-builder-workspace/.dependencies/checkouts/Alamofire/Source/Extensions/URLRequest+Alamofire.swift /Users/admin/builder/spi-builder-workspace/.dependencies/checkouts/Alamofire/Source/Extensions/URLSessionConfiguration+Alamofire.swift /Users/admin/builder/spi-builder-workspace/.dependencies/checkouts/Alamofire/Source/Features/AlamofireExtended.swift /Users/admin/builder/spi-builder-workspace/.dependencies/checkouts/Alamofire/Source/Features/AuthenticationInterceptor.swift (in target 'Alamofire' from project 'Alamofire')
SwiftCompile normal arm64 /Users/admin/builder/spi-builder-workspace/.dependencies/checkouts/Alamofire/Source/Extensions/URLRequest+Alamofire.swift (in target 'Alamofire' from project 'Alamofire')
cd /Users/admin/builder/spi-builder-workspace/.swiftpm/xcode
SwiftCompile normal arm64 /Users/admin/builder/spi-builder-workspace/.dependencies/checkouts/Alamofire/Source/Extensions/URLSessionConfiguration+Alamofire.swift (in target 'Alamofire' from project 'Alamofire')
cd /Users/admin/builder/spi-builder-workspace/.swiftpm/xcode
SwiftCompile normal arm64 /Users/admin/builder/spi-builder-workspace/.dependencies/checkouts/Alamofire/Source/Features/AlamofireExtended.swift (in target 'Alamofire' from project 'Alamofire')
cd /Users/admin/builder/spi-builder-workspace/.swiftpm/xcode
SwiftCompile normal arm64 /Users/admin/builder/spi-builder-workspace/.dependencies/checkouts/Alamofire/Source/Features/AuthenticationInterceptor.swift (in target 'Alamofire' from project 'Alamofire')
cd /Users/admin/builder/spi-builder-workspace/.swiftpm/xcode
Copy /Users/admin/builder/spi-builder-workspace/.derivedData/Build/Products/Debug-xros/ObjectMapper.swiftmodule/arm64-apple-xros.abi.json /Users/admin/builder/spi-builder-workspace/.derivedData/Build/Intermediates.noindex/ObjectMapper.build/Debug-xros/ObjectMapper.build/Objects-normal/arm64/ObjectMapper.abi.json (in target 'ObjectMapper' from project 'ObjectMapper')
cd /Users/admin/builder/spi-builder-workspace/.dependencies/checkouts/ObjectMapper
builtin-copy -exclude .DS_Store -exclude CVS -exclude .svn -exclude .git -exclude .hg -resolve-src-symlinks -rename /Users/admin/builder/spi-builder-workspace/.derivedData/Build/Intermediates.noindex/ObjectMapper.build/Debug-xros/ObjectMapper.build/Objects-normal/arm64/ObjectMapper.abi.json /Users/admin/builder/spi-builder-workspace/.derivedData/Build/Products/Debug-xros/ObjectMapper.swiftmodule/arm64-apple-xros.abi.json
SwiftDriverJobDiscovery normal arm64 Compiling HexColorTransform.swift, ISO8601DateTransform.swift, ImmutableMappable.swift (in target 'ObjectMapper' from project 'ObjectMapper')
SwiftCompile normal arm64 Compiling\ CachedResponseHandler.swift,\ Combine.swift,\ Concurrency.swift,\ EventMonitor.swift /Users/admin/builder/spi-builder-workspace/.dependencies/checkouts/Alamofire/Source/Features/CachedResponseHandler.swift /Users/admin/builder/spi-builder-workspace/.dependencies/checkouts/Alamofire/Source/Features/Combine.swift /Users/admin/builder/spi-builder-workspace/.dependencies/checkouts/Alamofire/Source/Features/Concurrency.swift /Users/admin/builder/spi-builder-workspace/.dependencies/checkouts/Alamofire/Source/Features/EventMonitor.swift (in target 'Alamofire' from project 'Alamofire')
SwiftCompile normal arm64 /Users/admin/builder/spi-builder-workspace/.dependencies/checkouts/Alamofire/Source/Features/CachedResponseHandler.swift (in target 'Alamofire' from project 'Alamofire')
cd /Users/admin/builder/spi-builder-workspace/.swiftpm/xcode
SwiftCompile normal arm64 /Users/admin/builder/spi-builder-workspace/.dependencies/checkouts/Alamofire/Source/Features/Combine.swift (in target 'Alamofire' from project 'Alamofire')
cd /Users/admin/builder/spi-builder-workspace/.swiftpm/xcode
SwiftCompile normal arm64 /Users/admin/builder/spi-builder-workspace/.dependencies/checkouts/Alamofire/Source/Features/Concurrency.swift (in target 'Alamofire' from project 'Alamofire')
cd /Users/admin/builder/spi-builder-workspace/.swiftpm/xcode
SwiftCompile normal arm64 /Users/admin/builder/spi-builder-workspace/.dependencies/checkouts/Alamofire/Source/Features/EventMonitor.swift (in target 'Alamofire' from project 'Alamofire')
cd /Users/admin/builder/spi-builder-workspace/.swiftpm/xcode
SwiftCompile normal arm64 Compiling\ WebSocketRequest.swift,\ DispatchQueue+Alamofire.swift,\ OperationQueue+Alamofire.swift,\ Result+Alamofire.swift,\ StringEncoding+Alamofire.swift /Users/admin/builder/spi-builder-workspace/.dependencies/checkouts/Alamofire/Source/Core/WebSocketRequest.swift /Users/admin/builder/spi-builder-workspace/.dependencies/checkouts/Alamofire/Source/Extensions/DispatchQueue+Alamofire.swift /Users/admin/builder/spi-builder-workspace/.dependencies/checkouts/Alamofire/Source/Extensions/OperationQueue+Alamofire.swift /Users/admin/builder/spi-builder-workspace/.dependencies/checkouts/Alamofire/Source/Extensions/Result+Alamofire.swift /Users/admin/builder/spi-builder-workspace/.dependencies/checkouts/Alamofire/Source/Extensions/StringEncoding+Alamofire.swift (in target 'Alamofire' from project 'Alamofire')
SwiftCompile normal arm64 /Users/admin/builder/spi-builder-workspace/.dependencies/checkouts/Alamofire/Source/Core/WebSocketRequest.swift (in target 'Alamofire' from project 'Alamofire')
cd /Users/admin/builder/spi-builder-workspace/.swiftpm/xcode
SwiftCompile normal arm64 /Users/admin/builder/spi-builder-workspace/.dependencies/checkouts/Alamofire/Source/Extensions/DispatchQueue+Alamofire.swift (in target 'Alamofire' from project 'Alamofire')
cd /Users/admin/builder/spi-builder-workspace/.swiftpm/xcode
SwiftCompile normal arm64 /Users/admin/builder/spi-builder-workspace/.dependencies/checkouts/Alamofire/Source/Extensions/OperationQueue+Alamofire.swift (in target 'Alamofire' from project 'Alamofire')
cd /Users/admin/builder/spi-builder-workspace/.swiftpm/xcode
SwiftCompile normal arm64 /Users/admin/builder/spi-builder-workspace/.dependencies/checkouts/Alamofire/Source/Extensions/Result+Alamofire.swift (in target 'Alamofire' from project 'Alamofire')
cd /Users/admin/builder/spi-builder-workspace/.swiftpm/xcode
SwiftCompile normal arm64 /Users/admin/builder/spi-builder-workspace/.dependencies/checkouts/Alamofire/Source/Extensions/StringEncoding+Alamofire.swift (in target 'Alamofire' from project 'Alamofire')
cd /Users/admin/builder/spi-builder-workspace/.swiftpm/xcode
SwiftDriverJobDiscovery normal arm64 Compiling Mapper.swift, NSDecimalNumberTransform.swift (in target 'ObjectMapper' from project 'ObjectMapper')
SwiftCompile normal arm64 Compiling\ RetryPolicy.swift,\ ServerTrustEvaluation.swift,\ URLEncodedFormEncoder.swift,\ Validation.swift /Users/admin/builder/spi-builder-workspace/.dependencies/checkouts/Alamofire/Source/Features/RetryPolicy.swift /Users/admin/builder/spi-builder-workspace/.dependencies/checkouts/Alamofire/Source/Features/ServerTrustEvaluation.swift /Users/admin/builder/spi-builder-workspace/.dependencies/checkouts/Alamofire/Source/Features/URLEncodedFormEncoder.swift /Users/admin/builder/spi-builder-workspace/.dependencies/checkouts/Alamofire/Source/Features/Validation.swift (in target 'Alamofire' from project 'Alamofire')
SwiftCompile normal arm64 /Users/admin/builder/spi-builder-workspace/.dependencies/checkouts/Alamofire/Source/Features/RetryPolicy.swift (in target 'Alamofire' from project 'Alamofire')
cd /Users/admin/builder/spi-builder-workspace/.swiftpm/xcode
SwiftCompile normal arm64 /Users/admin/builder/spi-builder-workspace/.dependencies/checkouts/Alamofire/Source/Features/ServerTrustEvaluation.swift (in target 'Alamofire' from project 'Alamofire')
cd /Users/admin/builder/spi-builder-workspace/.swiftpm/xcode
SwiftCompile normal arm64 /Users/admin/builder/spi-builder-workspace/.dependencies/checkouts/Alamofire/Source/Features/URLEncodedFormEncoder.swift (in target 'Alamofire' from project 'Alamofire')
cd /Users/admin/builder/spi-builder-workspace/.swiftpm/xcode
SwiftCompile normal arm64 /Users/admin/builder/spi-builder-workspace/.dependencies/checkouts/Alamofire/Source/Features/Validation.swift (in target 'Alamofire' from project 'Alamofire')
cd /Users/admin/builder/spi-builder-workspace/.swiftpm/xcode
SwiftDriverJobDiscovery normal arm64 Compiling IntegerOperators.swift, Map.swift (in target 'ObjectMapper' from project 'ObjectMapper')
SwiftCompile normal arm64 Compiling\ RedirectHandler.swift,\ RequestCompression.swift,\ RequestInterceptor.swift,\ ResponseSerialization.swift /Users/admin/builder/spi-builder-workspace/.dependencies/checkouts/Alamofire/Source/Features/RedirectHandler.swift /Users/admin/builder/spi-builder-workspace/.dependencies/checkouts/Alamofire/Source/Features/RequestCompression.swift /Users/admin/builder/spi-builder-workspace/.dependencies/checkouts/Alamofire/Source/Features/RequestInterceptor.swift /Users/admin/builder/spi-builder-workspace/.dependencies/checkouts/Alamofire/Source/Features/ResponseSerialization.swift (in target 'Alamofire' from project 'Alamofire')
SwiftCompile normal arm64 /Users/admin/builder/spi-builder-workspace/.dependencies/checkouts/Alamofire/Source/Features/RedirectHandler.swift (in target 'Alamofire' from project 'Alamofire')
cd /Users/admin/builder/spi-builder-workspace/.swiftpm/xcode
SwiftCompile normal arm64 /Users/admin/builder/spi-builder-workspace/.dependencies/checkouts/Alamofire/Source/Features/RequestCompression.swift (in target 'Alamofire' from project 'Alamofire')
cd /Users/admin/builder/spi-builder-workspace/.swiftpm/xcode
SwiftCompile normal arm64 /Users/admin/builder/spi-builder-workspace/.dependencies/checkouts/Alamofire/Source/Features/RequestInterceptor.swift (in target 'Alamofire' from project 'Alamofire')
cd /Users/admin/builder/spi-builder-workspace/.swiftpm/xcode
SwiftCompile normal arm64 /Users/admin/builder/spi-builder-workspace/.dependencies/checkouts/Alamofire/Source/Features/ResponseSerialization.swift (in target 'Alamofire' from project 'Alamofire')
cd /Users/admin/builder/spi-builder-workspace/.swiftpm/xcode
SwiftDriverJobDiscovery normal arm64 Compiling DateFormatterTransform.swift, DateTransform.swift, DictionaryTransform.swift (in target 'ObjectMapper' from project 'ObjectMapper')
SwiftCompile normal arm64 Compiling\ MultipartFormData.swift,\ MultipartUpload.swift,\ NetworkReachabilityManager.swift,\ OfflineRetrier.swift /Users/admin/builder/spi-builder-workspace/.dependencies/checkouts/Alamofire/Source/Features/MultipartFormData.swift /Users/admin/builder/spi-builder-workspace/.dependencies/checkouts/Alamofire/Source/Features/MultipartUpload.swift /Users/admin/builder/spi-builder-workspace/.dependencies/checkouts/Alamofire/Source/Features/NetworkReachabilityManager.swift /Users/admin/builder/spi-builder-workspace/.dependencies/checkouts/Alamofire/Source/Features/OfflineRetrier.swift (in target 'Alamofire' from project 'Alamofire')
SwiftCompile normal arm64 /Users/admin/builder/spi-builder-workspace/.dependencies/checkouts/Alamofire/Source/Features/MultipartFormData.swift (in target 'Alamofire' from project 'Alamofire')
cd /Users/admin/builder/spi-builder-workspace/.swiftpm/xcode
SwiftCompile normal arm64 /Users/admin/builder/spi-builder-workspace/.dependencies/checkouts/Alamofire/Source/Features/MultipartUpload.swift (in target 'Alamofire' from project 'Alamofire')
cd /Users/admin/builder/spi-builder-workspace/.swiftpm/xcode
SwiftCompile normal arm64 /Users/admin/builder/spi-builder-workspace/.dependencies/checkouts/Alamofire/Source/Features/NetworkReachabilityManager.swift (in target 'Alamofire' from project 'Alamofire')
cd /Users/admin/builder/spi-builder-workspace/.swiftpm/xcode
SwiftCompile normal arm64 /Users/admin/builder/spi-builder-workspace/.dependencies/checkouts/Alamofire/Source/Features/OfflineRetrier.swift (in target 'Alamofire' from project 'Alamofire')
cd /Users/admin/builder/spi-builder-workspace/.swiftpm/xcode
SwiftDriverJobDiscovery normal arm64 Compiling TransformOf.swift, TransformOperators.swift (in target 'ObjectMapper' from project 'ObjectMapper')
SwiftDriverJobDiscovery normal arm64 Compiling URLRequest+Alamofire.swift, URLSessionConfiguration+Alamofire.swift, AlamofireExtended.swift, AuthenticationInterceptor.swift (in target 'Alamofire' from project 'Alamofire')
SwiftDriver\ Compilation ObjectMapper normal arm64 com.apple.xcode.tools.swift.compiler (in target 'ObjectMapper' from project 'ObjectMapper')
cd /Users/admin/builder/spi-builder-workspace/.swiftpm/xcode
builtin-Swift-Compilation -- /Applications/Xcode-16.3.0.app/Contents/Developer/Toolchains/XcodeDefault.xctoolchain/usr/bin/swiftc -module-name ObjectMapper -Onone -enforce-exclusivity\=checked @/Users/admin/builder/spi-builder-workspace/.derivedData/Build/Intermediates.noindex/ObjectMapper.build/Debug-xros/ObjectMapper.build/Objects-normal/arm64/ObjectMapper.SwiftFileList -DSWIFT_PACKAGE -DDEBUG -DXcode -plugin-path /Applications/Xcode-16.3.0.app/Contents/Developer/Toolchains/XcodeDefault.xctoolchain/usr/lib/swift/host/plugins/testing -enable-experimental-feature DebugDescriptionMacro -sdk /Applications/Xcode-16.3.0.app/Contents/Developer/Platforms/XROS.platform/Developer/SDKs/XROS2.4.sdk -target arm64-apple-xros1.0 -g -module-cache-path /Users/admin/builder/spi-builder-workspace/.derivedData/ModuleCache.noindex -Xfrontend -serialize-debugging-options -profile-coverage-mapping -profile-generate -enable-testing -suppress-warnings -index-store-path /Users/admin/builder/spi-builder-workspace/.derivedData/Index.noindex/DataStore -swift-version 5 -I /Users/admin/builder/spi-builder-workspace/.derivedData/Build/Products/Debug-xros -I /Applications/Xcode-16.3.0.app/Contents/Developer/Platforms/XROS.platform/Developer/usr/lib -F /Users/admin/builder/spi-builder-workspace/.derivedData/Build/Products/Debug-xros -F /Applications/Xcode-16.3.0.app/Contents/Developer/Platforms/XROS.platform/Developer/Library/Frameworks -F /Applications/Xcode-16.3.0.app/Contents/Developer/Platforms/XROS.platform/Developer/SDKs/XROS2.4.sdk/Developer/Library/Frameworks -c -j10 -enable-batch-mode -incremental -Xcc -ivfsstatcache -Xcc /Users/admin/builder/spi-builder-workspace/.derivedData/SDKStatCaches.noindex/xros2.4-22O233-407b76dbb837030756cbe1ab3f0b01b6.sdkstatcache -output-file-map /Users/admin/builder/spi-builder-workspace/.derivedData/Build/Intermediates.noindex/ObjectMapper.build/Debug-xros/ObjectMapper.build/Objects-normal/arm64/ObjectMapper-OutputFileMap.json -use-frontend-parseable-output -save-temps -no-color-diagnostics -serialize-diagnostics -emit-dependencies -emit-module -emit-module-path /Users/admin/builder/spi-builder-workspace/.derivedData/Build/Intermediates.noindex/ObjectMapper.build/Debug-xros/ObjectMapper.build/Objects-normal/arm64/ObjectMapper.swiftmodule -validate-clang-modules-once -clang-build-session-file /Users/admin/builder/spi-builder-workspace/.derivedData/ModuleCache.noindex/Session.modulevalidation -Xcc -I/Users/admin/builder/spi-builder-workspace/.derivedData/Build/Intermediates.noindex/ObjectMapper.build/Debug-xros/ObjectMapper.build/swift-overrides.hmap -emit-const-values -Xfrontend -const-gather-protocols-file -Xfrontend /Users/admin/builder/spi-builder-workspace/.derivedData/Build/Intermediates.noindex/ObjectMapper.build/Debug-xros/ObjectMapper.build/Objects-normal/arm64/ObjectMapper_const_extract_protocols.json -Xcc -I/Users/admin/builder/spi-builder-workspace/.derivedData/Build/Products/Debug-xros/include -Xcc -I/Users/admin/builder/spi-builder-workspace/.derivedData/Build/Intermediates.noindex/ObjectMapper.build/Debug-xros/ObjectMapper.build/DerivedSources-normal/arm64 -Xcc -I/Users/admin/builder/spi-builder-workspace/.derivedData/Build/Intermediates.noindex/ObjectMapper.build/Debug-xros/ObjectMapper.build/DerivedSources/arm64 -Xcc -I/Users/admin/builder/spi-builder-workspace/.derivedData/Build/Intermediates.noindex/ObjectMapper.build/Debug-xros/ObjectMapper.build/DerivedSources -Xcc -DSWIFT_PACKAGE -Xcc -DDEBUG\=1 -emit-objc-header -emit-objc-header-path /Users/admin/builder/spi-builder-workspace/.derivedData/Build/Intermediates.noindex/ObjectMapper.build/Debug-xros/ObjectMapper.build/Objects-normal/arm64/ObjectMapper-Swift.h -working-directory /Users/admin/builder/spi-builder-workspace/.swiftpm/xcode -experimental-emit-module-separately -disable-cmo
SwiftCompile normal arm64 Compiling\ DownloadRequest.swift,\ HTTPHeaders.swift,\ HTTPMethod.swift,\ Instant.swift,\ Notifications.swift /Users/admin/builder/spi-builder-workspace/.dependencies/checkouts/Alamofire/Source/Core/DownloadRequest.swift /Users/admin/builder/spi-builder-workspace/.dependencies/checkouts/Alamofire/Source/Core/HTTPHeaders.swift /Users/admin/builder/spi-builder-workspace/.dependencies/checkouts/Alamofire/Source/Core/HTTPMethod.swift /Users/admin/builder/spi-builder-workspace/.dependencies/checkouts/Alamofire/Source/Core/Instant.swift /Users/admin/builder/spi-builder-workspace/.dependencies/checkouts/Alamofire/Source/Core/Notifications.swift (in target 'Alamofire' from project 'Alamofire')
SwiftCompile normal arm64 /Users/admin/builder/spi-builder-workspace/.dependencies/checkouts/Alamofire/Source/Core/DownloadRequest.swift (in target 'Alamofire' from project 'Alamofire')
cd /Users/admin/builder/spi-builder-workspace/.swiftpm/xcode
SwiftCompile normal arm64 /Users/admin/builder/spi-builder-workspace/.dependencies/checkouts/Alamofire/Source/Core/HTTPHeaders.swift (in target 'Alamofire' from project 'Alamofire')
cd /Users/admin/builder/spi-builder-workspace/.swiftpm/xcode
SwiftCompile normal arm64 /Users/admin/builder/spi-builder-workspace/.dependencies/checkouts/Alamofire/Source/Core/HTTPMethod.swift (in target 'Alamofire' from project 'Alamofire')
cd /Users/admin/builder/spi-builder-workspace/.swiftpm/xcode
SwiftCompile normal arm64 /Users/admin/builder/spi-builder-workspace/.dependencies/checkouts/Alamofire/Source/Core/Instant.swift (in target 'Alamofire' from project 'Alamofire')
cd /Users/admin/builder/spi-builder-workspace/.swiftpm/xcode
SwiftCompile normal arm64 /Users/admin/builder/spi-builder-workspace/.dependencies/checkouts/Alamofire/Source/Core/Notifications.swift (in target 'Alamofire' from project 'Alamofire')
cd /Users/admin/builder/spi-builder-workspace/.swiftpm/xcode
SwiftDriverJobDiscovery normal arm64 Compiling WebSocketRequest.swift, DispatchQueue+Alamofire.swift, OperationQueue+Alamofire.swift, Result+Alamofire.swift, StringEncoding+Alamofire.swift (in target 'Alamofire' from project 'Alamofire')
Ld /Users/admin/builder/spi-builder-workspace/.derivedData/Build/Products/Debug-xros/ObjectMapper.o normal (in target 'ObjectMapper' from project 'ObjectMapper')
cd /Users/admin/builder/spi-builder-workspace/.dependencies/checkouts/ObjectMapper
/Applications/Xcode-16.3.0.app/Contents/Developer/Toolchains/XcodeDefault.xctoolchain/usr/bin/clang -Xlinker -reproducible -target arm64-apple-xros1.0 -r -isysroot /Applications/Xcode-16.3.0.app/Contents/Developer/Platforms/XROS.platform/Developer/SDKs/XROS2.4.sdk -O0 -w -L/Users/admin/builder/spi-builder-workspace/.derivedData/Build/Intermediates.noindex/EagerLinkingTBDs/Debug-xros -L/Users/admin/builder/spi-builder-workspace/.derivedData/Build/Products/Debug-xros -L/Applications/Xcode-16.3.0.app/Contents/Developer/Platforms/XROS.platform/Developer/usr/lib -F/Users/admin/builder/spi-builder-workspace/.derivedData/Build/Intermediates.noindex/EagerLinkingTBDs/Debug-xros -F/Users/admin/builder/spi-builder-workspace/.derivedData/Build/Products/Debug-xros -iframework /Applications/Xcode-16.3.0.app/Contents/Developer/Platforms/XROS.platform/Developer/Library/Frameworks -iframework /Applications/Xcode-16.3.0.app/Contents/Developer/Platforms/XROS.platform/Developer/SDKs/XROS2.4.sdk/Developer/Library/Frameworks -filelist /Users/admin/builder/spi-builder-workspace/.derivedData/Build/Intermediates.noindex/ObjectMapper.build/Debug-xros/ObjectMapper.build/Objects-normal/arm64/ObjectMapper.LinkFileList -nostdlib -Xlinker -object_path_lto -Xlinker /Users/admin/builder/spi-builder-workspace/.derivedData/Build/Intermediates.noindex/ObjectMapper.build/Debug-xros/ObjectMapper.build/Objects-normal/arm64/ObjectMapper_lto.o -rdynamic -Xlinker -no_deduplicate -Xlinker -debug_variant -Xlinker -dependency_info -Xlinker /Users/admin/builder/spi-builder-workspace/.derivedData/Build/Intermediates.noindex/ObjectMapper.build/Debug-xros/ObjectMapper.build/Objects-normal/arm64/ObjectMapper_dependency_info.dat -fobjc-link-runtime -L/Applications/Xcode-16.3.0.app/Contents/Developer/Toolchains/XcodeDefault.xctoolchain/usr/lib/swift/xros -L/usr/lib/swift -Xlinker -add_ast_path -Xlinker /Users/admin/builder/spi-builder-workspace/.derivedData/Build/Intermediates.noindex/ObjectMapper.build/Debug-xros/ObjectMapper.build/Objects-normal/arm64/ObjectMapper.swiftmodule -o /Users/admin/builder/spi-builder-workspace/.derivedData/Build/Products/Debug-xros/ObjectMapper.o
ExtractAppIntentsMetadata (in target 'ObjectMapper' from project 'ObjectMapper')
cd /Users/admin/builder/spi-builder-workspace/.dependencies/checkouts/ObjectMapper
/Applications/Xcode-16.3.0.app/Contents/Developer/Toolchains/XcodeDefault.xctoolchain/usr/bin/appintentsmetadataprocessor --toolchain-dir /Applications/Xcode-16.3.0.app/Contents/Developer/Toolchains/XcodeDefault.xctoolchain --module-name ObjectMapper --sdk-root /Applications/Xcode-16.3.0.app/Contents/Developer/Platforms/XROS.platform/Developer/SDKs/XROS2.4.sdk --xcode-version 16E140 --platform-family xrOS --deployment-target 1.0 --bundle-identifier objectmapper.ObjectMapper --output /Users/admin/builder/spi-builder-workspace/.derivedData/Build/Products/Debug-xros/ObjectMapper.appintents --target-triple arm64-apple-xros1.0 --binary-file /Users/admin/builder/spi-builder-workspace/.derivedData/Build/Products/Debug-xros/ObjectMapper.o --dependency-file /Users/admin/builder/spi-builder-workspace/.derivedData/Build/Intermediates.noindex/ObjectMapper.build/Debug-xros/ObjectMapper.build/Objects-normal/arm64/ObjectMapper_dependency_info.dat --stringsdata-file /Users/admin/builder/spi-builder-workspace/.derivedData/Build/Intermediates.noindex/ObjectMapper.build/Debug-xros/ObjectMapper.build/Objects-normal/arm64/ExtractedAppShortcutsMetadata.stringsdata --source-file-list /Users/admin/builder/spi-builder-workspace/.derivedData/Build/Intermediates.noindex/ObjectMapper.build/Debug-xros/ObjectMapper.build/Objects-normal/arm64/ObjectMapper.SwiftFileList --metadata-file-list /Users/admin/builder/spi-builder-workspace/.derivedData/Build/Intermediates.noindex/ObjectMapper.build/Debug-xros/ObjectMapper.build/ObjectMapper.DependencyMetadataFileList --static-metadata-file-list /Users/admin/builder/spi-builder-workspace/.derivedData/Build/Intermediates.noindex/ObjectMapper.build/Debug-xros/ObjectMapper.build/ObjectMapper.DependencyStaticMetadataFileList --swift-const-vals-list /Users/admin/builder/spi-builder-workspace/.derivedData/Build/Intermediates.noindex/ObjectMapper.build/Debug-xros/ObjectMapper.build/Objects-normal/arm64/ObjectMapper.SwiftConstValuesFileList --force --compile-time-extraction --deployment-aware-processing --validate-assistant-intents --no-app-shortcuts-localization
2026-09-29 15:59:28.684 appintentsmetadataprocessor[1253:6908] Starting appintentsmetadataprocessor export
2026-09-29 15:59:28.724 appintentsmetadataprocessor[1253:6908] Extracted no relevant App Intents symbols, skipping writing output
SwiftDriverJobDiscovery normal arm64 Compiling RedirectHandler.swift, RequestCompression.swift, RequestInterceptor.swift, ResponseSerialization.swift (in target 'Alamofire' from project 'Alamofire')
RegisterExecutionPolicyException /Users/admin/builder/spi-builder-workspace/.derivedData/Build/Products/Debug-xros/ObjectMapper.o (in target 'ObjectMapper' from project 'ObjectMapper')
cd /Users/admin/builder/spi-builder-workspace/.dependencies/checkouts/ObjectMapper
builtin-RegisterExecutionPolicyException /Users/admin/builder/spi-builder-workspace/.derivedData/Build/Products/Debug-xros/ObjectMapper.o
SwiftDriverJobDiscovery normal arm64 Compiling Response.swift, Session.swift, SessionDelegate.swift, URLConvertible+URLRequestConvertible.swift, UploadRequest.swift (in target 'Alamofire' from project 'Alamofire')
SwiftDriverJobDiscovery normal arm64 Emitting module for Alamofire (in target 'Alamofire' from project 'Alamofire')
SwiftDriver\ Compilation\ Requirements Alamofire normal arm64 com.apple.xcode.tools.swift.compiler (in target 'Alamofire' from project 'Alamofire')
cd /Users/admin/builder/spi-builder-workspace/.swiftpm/xcode
builtin-Swift-Compilation-Requirements -- /Applications/Xcode-16.3.0.app/Contents/Developer/Toolchains/XcodeDefault.xctoolchain/usr/bin/swiftc -module-name Alamofire -Onone -enforce-exclusivity\=checked @/Users/admin/builder/spi-builder-workspace/.derivedData/Build/Intermediates.noindex/Alamofire.build/Debug-xros/Alamofire.build/Objects-normal/arm64/Alamofire.SwiftFileList -DSWIFT_PACKAGE -DDEBUG -DXcode -enable-upcoming-feature ExistentialAny -plugin-path /Applications/Xcode-16.3.0.app/Contents/Developer/Toolchains/XcodeDefault.xctoolchain/usr/lib/swift/host/plugins/testing -enable-experimental-feature DebugDescriptionMacro -sdk /Applications/Xcode-16.3.0.app/Contents/Developer/Platforms/XROS.platform/Developer/SDKs/XROS2.4.sdk -target arm64-apple-xros1.0 -g -module-cache-path /Users/admin/builder/spi-builder-workspace/.derivedData/ModuleCache.noindex -Xfrontend -serialize-debugging-options -profile-coverage-mapping -profile-generate -enable-testing -suppress-warnings -index-store-path /Users/admin/builder/spi-builder-workspace/.derivedData/Index.noindex/DataStore -swift-version 5 -I /Users/admin/builder/spi-builder-workspace/.derivedData/Build/Products/Debug-xros -I /Applications/Xcode-16.3.0.app/Contents/Developer/Platforms/XROS.platform/Developer/usr/lib -F /Users/admin/builder/spi-builder-workspace/.derivedData/Build/Products/Debug-xros -F /Applications/Xcode-16.3.0.app/Contents/Developer/Platforms/XROS.platform/Developer/Library/Frameworks -F /Applications/Xcode-16.3.0.app/Contents/Developer/Platforms/XROS.platform/Developer/SDKs/XROS2.4.sdk/Developer/Library/Frameworks -c -j10 -enable-batch-mode -incremental -Xcc -ivfsstatcache -Xcc /Users/admin/builder/spi-builder-workspace/.derivedData/SDKStatCaches.noindex/xros2.4-22O233-407b76dbb837030756cbe1ab3f0b01b6.sdkstatcache -output-file-map /Users/admin/builder/spi-builder-workspace/.derivedData/Build/Intermediates.noindex/Alamofire.build/Debug-xros/Alamofire.build/Objects-normal/arm64/Alamofire-OutputFileMap.json -use-frontend-parseable-output -save-temps -no-color-diagnostics -serialize-diagnostics -emit-dependencies -emit-module -emit-module-path /Users/admin/builder/spi-builder-workspace/.derivedData/Build/Intermediates.noindex/Alamofire.build/Debug-xros/Alamofire.build/Objects-normal/arm64/Alamofire.swiftmodule -user-module-version 5.12.2 -validate-clang-modules-once -clang-build-session-file /Users/admin/builder/spi-builder-workspace/.derivedData/ModuleCache.noindex/Session.modulevalidation -package-name alamofire -Xcc -I/Users/admin/builder/spi-builder-workspace/.derivedData/Build/Intermediates.noindex/Alamofire.build/Debug-xros/Alamofire.build/swift-overrides.hmap -emit-const-values -Xfrontend -const-gather-protocols-file -Xfrontend /Users/admin/builder/spi-builder-workspace/.derivedData/Build/Intermediates.noindex/Alamofire.build/Debug-xros/Alamofire.build/Objects-normal/arm64/Alamofire_const_extract_protocols.json -Xcc -I/Users/admin/builder/spi-builder-workspace/.derivedData/Build/Products/Debug-xros/include -Xcc -I/Users/admin/builder/spi-builder-workspace/.derivedData/Build/Intermediates.noindex/Alamofire.build/Debug-xros/Alamofire.build/DerivedSources-normal/arm64 -Xcc -I/Users/admin/builder/spi-builder-workspace/.derivedData/Build/Intermediates.noindex/Alamofire.build/Debug-xros/Alamofire.build/DerivedSources/arm64 -Xcc -I/Users/admin/builder/spi-builder-workspace/.derivedData/Build/Intermediates.noindex/Alamofire.build/Debug-xros/Alamofire.build/DerivedSources -Xcc -DSWIFT_PACKAGE -Xcc -DDEBUG\=1 -emit-objc-header -emit-objc-header-path /Users/admin/builder/spi-builder-workspace/.derivedData/Build/Intermediates.noindex/Alamofire.build/Debug-xros/Alamofire.build/Objects-normal/arm64/Alamofire-Swift.h -working-directory /Users/admin/builder/spi-builder-workspace/.swiftpm/xcode -experimental-emit-module-separately -disable-cmo
Copy /Users/admin/builder/spi-builder-workspace/.derivedData/Build/Products/Debug-xros/Alamofire.swiftmodule/arm64-apple-xros.abi.json /Users/admin/builder/spi-builder-workspace/.derivedData/Build/Intermediates.noindex/Alamofire.build/Debug-xros/Alamofire.build/Objects-normal/arm64/Alamofire.abi.json (in target 'Alamofire' from project 'Alamofire')
cd /Users/admin/builder/spi-builder-workspace/.dependencies/checkouts/Alamofire
builtin-copy -exclude .DS_Store -exclude CVS -exclude .svn -exclude .git -exclude .hg -resolve-src-symlinks -rename /Users/admin/builder/spi-builder-workspace/.derivedData/Build/Intermediates.noindex/Alamofire.build/Debug-xros/Alamofire.build/Objects-normal/arm64/Alamofire.abi.json /Users/admin/builder/spi-builder-workspace/.derivedData/Build/Products/Debug-xros/Alamofire.swiftmodule/arm64-apple-xros.abi.json
Copy /Users/admin/builder/spi-builder-workspace/.derivedData/Build/Products/Debug-xros/Alamofire.swiftmodule/arm64-apple-xros.swiftmodule /Users/admin/builder/spi-builder-workspace/.derivedData/Build/Intermediates.noindex/Alamofire.build/Debug-xros/Alamofire.build/Objects-normal/arm64/Alamofire.swiftmodule (in target 'Alamofire' from project 'Alamofire')
cd /Users/admin/builder/spi-builder-workspace/.dependencies/checkouts/Alamofire
builtin-copy -exclude .DS_Store -exclude CVS -exclude .svn -exclude .git -exclude .hg -resolve-src-symlinks -rename /Users/admin/builder/spi-builder-workspace/.derivedData/Build/Intermediates.noindex/Alamofire.build/Debug-xros/Alamofire.build/Objects-normal/arm64/Alamofire.swiftmodule /Users/admin/builder/spi-builder-workspace/.derivedData/Build/Products/Debug-xros/Alamofire.swiftmodule/arm64-apple-xros.swiftmodule
SwiftDriverJobDiscovery normal arm64 Compiling MultipartFormData.swift, MultipartUpload.swift, NetworkReachabilityManager.swift, OfflineRetrier.swift (in target 'Alamofire' from project 'Alamofire')
SwiftDriver PayHereSDK normal arm64 com.apple.xcode.tools.swift.compiler (in target 'PayHereSDK' from project 'PayHereSDK')
cd /Users/admin/builder/spi-builder-workspace/.swiftpm/xcode
builtin-SwiftDriver -- /Applications/Xcode-16.3.0.app/Contents/Developer/Toolchains/XcodeDefault.xctoolchain/usr/bin/swiftc -module-name PayHereSDK -Onone -enforce-exclusivity\=checked @/Users/admin/builder/spi-builder-workspace/.derivedData/Build/Intermediates.noindex/PayHereSDK.build/Debug-xros/PayHereSDK.build/Objects-normal/arm64/PayHereSDK.SwiftFileList -DSWIFT_PACKAGE -DDEBUG -Xcc -fmodule-map-file\=/Users/admin/builder/spi-builder-workspace/.derivedData/Build/Intermediates.noindex/GeneratedModuleMaps-xros/SDWebImage.modulemap -DXcode -plugin-path /Applications/Xcode-16.3.0.app/Contents/Developer/Toolchains/XcodeDefault.xctoolchain/usr/lib/swift/host/plugins/testing -enable-experimental-feature DebugDescriptionMacro -sdk /Applications/Xcode-16.3.0.app/Contents/Developer/Platforms/XROS.platform/Developer/SDKs/XROS2.4.sdk -target arm64-apple-xros1.0 -g -module-cache-path /Users/admin/builder/spi-builder-workspace/.derivedData/ModuleCache.noindex -Xfrontend -serialize-debugging-options -profile-coverage-mapping -profile-generate -enable-testing -index-store-path /Users/admin/builder/spi-builder-workspace/.derivedData/Index.noindex/DataStore -swift-version 5 -I /Users/admin/builder/spi-builder-workspace/.derivedData/Build/Products/Debug-xros -I /Applications/Xcode-16.3.0.app/Contents/Developer/Platforms/XROS.platform/Developer/usr/lib -F /Users/admin/builder/spi-builder-workspace/.derivedData/Build/Products/Debug-xros/PackageFrameworks -F /Users/admin/builder/spi-builder-workspace/.derivedData/Build/Products/Debug-xros/PackageFrameworks -F /Users/admin/builder/spi-builder-workspace/.derivedData/Build/Products/Debug-xros/PackageFrameworks -F /Users/admin/builder/spi-builder-workspace/.derivedData/Build/Products/Debug-xros -F /Applications/Xcode-16.3.0.app/Contents/Developer/Platforms/XROS.platform/Developer/Library/Frameworks -F /Applications/Xcode-16.3.0.app/Contents/Developer/Platforms/XROS.platform/Developer/SDKs/XROS2.4.sdk/Developer/Library/Frameworks -c -j10 -enable-batch-mode -incremental -Xcc -ivfsstatcache -Xcc /Users/admin/builder/spi-builder-workspace/.derivedData/SDKStatCaches.noindex/xros2.4-22O233-407b76dbb837030756cbe1ab3f0b01b6.sdkstatcache -output-file-map /Users/admin/builder/spi-builder-workspace/.derivedData/Build/Intermediates.noindex/PayHereSDK.build/Debug-xros/PayHereSDK.build/Objects-normal/arm64/PayHereSDK-OutputFileMap.json -use-frontend-parseable-output -save-temps -no-color-diagnostics -serialize-diagnostics -emit-dependencies -emit-module -emit-module-path /Users/admin/builder/spi-builder-workspace/.derivedData/Build/Intermediates.noindex/PayHereSDK.build/Debug-xros/PayHereSDK.build/Objects-normal/arm64/PayHereSDK.swiftmodule -validate-clang-modules-once -clang-build-session-file /Users/admin/builder/spi-builder-workspace/.derivedData/ModuleCache.noindex/Session.modulevalidation -Xcc -I/Users/admin/builder/spi-builder-workspace/.derivedData/Build/Intermediates.noindex/PayHereSDK.build/Debug-xros/PayHereSDK.build/swift-overrides.hmap -emit-const-values -Xfrontend -const-gather-protocols-file -Xfrontend /Users/admin/builder/spi-builder-workspace/.derivedData/Build/Intermediates.noindex/PayHereSDK.build/Debug-xros/PayHereSDK.build/Objects-normal/arm64/PayHereSDK_const_extract_protocols.json -Xcc -I/Users/admin/builder/spi-builder-workspace/.dependencies/checkouts/SDWebImage/SDWebImage/include -Xcc -I/Users/admin/builder/spi-builder-workspace/.derivedData/Build/Products/Debug-xros/include -Xcc -I/Users/admin/builder/spi-builder-workspace/.derivedData/Build/Intermediates.noindex/PayHereSDK.build/Debug-xros/PayHereSDK.build/DerivedSources-normal/arm64 -Xcc -I/Users/admin/builder/spi-builder-workspace/.derivedData/Build/Intermediates.noindex/PayHereSDK.build/Debug-xros/PayHereSDK.build/DerivedSources/arm64 -Xcc -I/Users/admin/builder/spi-builder-workspace/.derivedData/Build/Intermediates.noindex/PayHereSDK.build/Debug-xros/PayHereSDK.build/DerivedSources -Xcc -DSWIFT_PACKAGE -Xcc -DDEBUG\=1 -emit-objc-header -emit-objc-header-path /Users/admin/builder/spi-builder-workspace/.derivedData/Build/Intermediates.noindex/PayHereSDK.build/Debug-xros/PayHereSDK.build/Objects-normal/arm64/PayHereSDK-Swift.h -working-directory /Users/admin/builder/spi-builder-workspace/.swiftpm/xcode -experimental-emit-module-separately -disable-cmo
SwiftDriverJobDiscovery normal arm64 Compiling ParameterEncoder.swift, ParameterEncoding.swift, Protected.swift, Request.swift, RequestTaskMap.swift (in target 'Alamofire' from project 'Alamofire')
SwiftDriverJobDiscovery normal arm64 Compiling CachedResponseHandler.swift, Combine.swift, Concurrency.swift, EventMonitor.swift (in target 'Alamofire' from project 'Alamofire')
SwiftCompile normal arm64 Compiling\ resource_bundle_accessor.swift,\ PHConstants.swift,\ PHPaymentConfiguration.swift,\ PHPaymentError.swift,\ PHPrecentController.swift /Users/admin/builder/spi-builder-workspace/.derivedData/Build/Intermediates.noindex/PayHereSDK.build/Debug-xros/PayHereSDK.build/DerivedSources/resource_bundle_accessor.swift /Users/admin/builder/spi-builder-workspace/PayHereSDK/Sources/API/PHConstants.swift /Users/admin/builder/spi-builder-workspace/PayHereSDK/Sources/API/PHPaymentConfiguration.swift /Users/admin/builder/spi-builder-workspace/PayHereSDK/Sources/API/PHPaymentError.swift /Users/admin/builder/spi-builder-workspace/PayHereSDK/Sources/API/PHPrecentController.swift (in target 'PayHereSDK' from project 'PayHereSDK')
SwiftCompile normal arm64 /Users/admin/builder/spi-builder-workspace/.derivedData/Build/Intermediates.noindex/PayHereSDK.build/Debug-xros/PayHereSDK.build/DerivedSources/resource_bundle_accessor.swift (in target 'PayHereSDK' from project 'PayHereSDK')
cd /Users/admin/builder/spi-builder-workspace/.swiftpm/xcode
SwiftCompile normal arm64 /Users/admin/builder/spi-builder-workspace/PayHereSDK/Sources/API/PHConstants.swift (in target 'PayHereSDK' from project 'PayHereSDK')
cd /Users/admin/builder/spi-builder-workspace/.swiftpm/xcode
SwiftCompile normal arm64 /Users/admin/builder/spi-builder-workspace/PayHereSDK/Sources/API/PHPaymentConfiguration.swift (in target 'PayHereSDK' from project 'PayHereSDK')
cd /Users/admin/builder/spi-builder-workspace/.swiftpm/xcode
SwiftCompile normal arm64 /Users/admin/builder/spi-builder-workspace/PayHereSDK/Sources/API/PHPaymentError.swift (in target 'PayHereSDK' from project 'PayHereSDK')
cd /Users/admin/builder/spi-builder-workspace/.swiftpm/xcode
SwiftCompile normal arm64 /Users/admin/builder/spi-builder-workspace/PayHereSDK/Sources/API/PHPrecentController.swift (in target 'PayHereSDK' from project 'PayHereSDK')
cd /Users/admin/builder/spi-builder-workspace/.swiftpm/xcode
SwiftCompile normal arm64 Compiling\ PHPaymentErrorMapper.swift,\ PHPaymentLifecycle.swift,\ PHPaymentPresenter.swift,\ ParamHandler.swift,\ Address.swift /Users/admin/builder/spi-builder-workspace/PayHereSDK/Sources/Core/PHPaymentErrorMapper.swift /Users/admin/builder/spi-builder-workspace/PayHereSDK/Sources/Core/PHPaymentLifecycle.swift /Users/admin/builder/spi-builder-workspace/PayHereSDK/Sources/Core/PHPaymentPresenter.swift /Users/admin/builder/spi-builder-workspace/PayHereSDK/Sources/Core/ParamHandler.swift /Users/admin/builder/spi-builder-workspace/PayHereSDK/Sources/Models/Address.swift (in target 'PayHereSDK' from project 'PayHereSDK')
SwiftCompile normal arm64 /Users/admin/builder/spi-builder-workspace/PayHereSDK/Sources/Core/PHPaymentErrorMapper.swift (in target 'PayHereSDK' from project 'PayHereSDK')
cd /Users/admin/builder/spi-builder-workspace/.swiftpm/xcode
SwiftCompile normal arm64 /Users/admin/builder/spi-builder-workspace/PayHereSDK/Sources/Core/PHPaymentLifecycle.swift (in target 'PayHereSDK' from project 'PayHereSDK')
cd /Users/admin/builder/spi-builder-workspace/.swiftpm/xcode
SwiftCompile normal arm64 /Users/admin/builder/spi-builder-workspace/PayHereSDK/Sources/Core/PHPaymentPresenter.swift (in target 'PayHereSDK' from project 'PayHereSDK')
cd /Users/admin/builder/spi-builder-workspace/.swiftpm/xcode
/Users/admin/builder/spi-builder-workspace/PayHereSDK/Sources/Core/PHPaymentPresenter.swift:27:30: warning: 'UIStoryboard' was deprecated in visionOS 1.0: Loading Interface Builder products will not be supported in a future version of visionOS.
let storyBoard = UIStoryboard(name: "PayHere", bundle: Bundle.payHereBundle)
^
SwiftCompile normal arm64 /Users/admin/builder/spi-builder-workspace/PayHereSDK/Sources/Core/ParamHandler.swift (in target 'PayHereSDK' from project 'PayHereSDK')
cd /Users/admin/builder/spi-builder-workspace/.swiftpm/xcode
/Users/admin/builder/spi-builder-workspace/PayHereSDK/Sources/Core/ParamHandler.swift:14:43: warning: 'InitRequest' is deprecated: Use PHInitRequest instead
public static func createParams(req : InitRequest)->[String : String?]{
^
SwiftCompile normal arm64 /Users/admin/builder/spi-builder-workspace/PayHereSDK/Sources/Models/Address.swift (in target 'PayHereSDK' from project 'PayHereSDK')
cd /Users/admin/builder/spi-builder-workspace/.swiftpm/xcode
SwiftEmitModule normal arm64 Emitting\ module\ for\ PayHereSDK (in target 'PayHereSDK' from project 'PayHereSDK')
EmitSwiftModule normal arm64 (in target 'PayHereSDK' from project 'PayHereSDK')
cd /Users/admin/builder/spi-builder-workspace/.swiftpm/xcode
/Users/admin/builder/spi-builder-workspace/PayHereSDK/Sources/Core/ParamHandler.swift:14:43: warning: 'InitRequest' is deprecated: Use PHInitRequest instead
public static func createParams(req : InitRequest)->[String : String?]{
^
SwiftCompile normal arm64 Compiling\ PHWebContentMeasurement.swift,\ PHWebLayoutMessageHandler.swift,\ PHWebViewScripts.swift,\ PHColorProfile.swift /Users/admin/builder/spi-builder-workspace/PayHereSDK/Sources/UI/PHWebContentMeasurement.swift /Users/admin/builder/spi-builder-workspace/PayHereSDK/Sources/UI/PHWebLayoutMessageHandler.swift /Users/admin/builder/spi-builder-workspace/PayHereSDK/Sources/UI/PHWebViewScripts.swift /Users/admin/builder/spi-builder-workspace/PayHereSDK/Sources/UI/Theme/PHColorProfile.swift (in target 'PayHereSDK' from project 'PayHereSDK')
SwiftCompile normal arm64 /Users/admin/builder/spi-builder-workspace/PayHereSDK/Sources/UI/PHWebContentMeasurement.swift (in target 'PayHereSDK' from project 'PayHereSDK')
cd /Users/admin/builder/spi-builder-workspace/.swiftpm/xcode
SwiftCompile normal arm64 /Users/admin/builder/spi-builder-workspace/PayHereSDK/Sources/UI/PHWebLayoutMessageHandler.swift (in target 'PayHereSDK' from project 'PayHereSDK')
cd /Users/admin/builder/spi-builder-workspace/.swiftpm/xcode
SwiftCompile normal arm64 /Users/admin/builder/spi-builder-workspace/PayHereSDK/Sources/UI/PHWebViewScripts.swift (in target 'PayHereSDK' from project 'PayHereSDK')
cd /Users/admin/builder/spi-builder-workspace/.swiftpm/xcode
SwiftCompile normal arm64 /Users/admin/builder/spi-builder-workspace/PayHereSDK/Sources/UI/Theme/PHColorProfile.swift (in target 'PayHereSDK' from project 'PayHereSDK')
cd /Users/admin/builder/spi-builder-workspace/.swiftpm/xcode
SwiftCompile normal arm64 Compiling\ PHUtils.swift,\ UIFont+PayHere.swift,\ WaitUntil.swift,\ GeneratedAssetSymbols.swift /Users/admin/builder/spi-builder-workspace/PayHereSDK/Sources/Utilities/PHUtils.swift /Users/admin/builder/spi-builder-workspace/PayHereSDK/Sources/Utilities/UIFont+PayHere.swift /Users/admin/builder/spi-builder-workspace/PayHereSDK/Sources/Utilities/WaitUntil.swift /Users/admin/builder/spi-builder-workspace/.derivedData/Build/Intermediates.noindex/PayHereSDK.build/Debug-xros/PayHereSDK.build/DerivedSources/GeneratedAssetSymbols.swift (in target 'PayHereSDK' from project 'PayHereSDK')
SwiftCompile normal arm64 /Users/admin/builder/spi-builder-workspace/PayHereSDK/Sources/Utilities/PHUtils.swift (in target 'PayHereSDK' from project 'PayHereSDK')
cd /Users/admin/builder/spi-builder-workspace/.swiftpm/xcode
SwiftCompile normal arm64 /Users/admin/builder/spi-builder-workspace/PayHereSDK/Sources/Utilities/UIFont+PayHere.swift (in target 'PayHereSDK' from project 'PayHereSDK')
cd /Users/admin/builder/spi-builder-workspace/.swiftpm/xcode
SwiftCompile normal arm64 /Users/admin/builder/spi-builder-workspace/PayHereSDK/Sources/Utilities/WaitUntil.swift (in target 'PayHereSDK' from project 'PayHereSDK')
cd /Users/admin/builder/spi-builder-workspace/.swiftpm/xcode
SwiftCompile normal arm64 /Users/admin/builder/spi-builder-workspace/.derivedData/Build/Intermediates.noindex/PayHereSDK.build/Debug-xros/PayHereSDK.build/DerivedSources/GeneratedAssetSymbols.swift (in target 'PayHereSDK' from project 'PayHereSDK')
cd /Users/admin/builder/spi-builder-workspace/.swiftpm/xcode
SwiftCompile normal arm64 Compiling\ SubmitRequest.swift,\ PayOptionCollectionViewCell.swift,\ PayWithHelaPayTableViewCell.swift,\ PaymentOptionTableViewCell.swift /Users/admin/builder/spi-builder-workspace/PayHereSDK/Sources/Models/SubmitRequest.swift /Users/admin/builder/spi-builder-workspace/PayHereSDK/Sources/UI/Cells/PayOptionCollectionViewCell.swift /Users/admin/builder/spi-builder-workspace/PayHereSDK/Sources/UI/Cells/PayWithHelaPayTableViewCell.swift /Users/admin/builder/spi-builder-workspace/PayHereSDK/Sources/UI/Cells/PaymentOptionTableViewCell.swift (in target 'PayHereSDK' from project 'PayHereSDK')
SwiftCompile normal arm64 /Users/admin/builder/spi-builder-workspace/PayHereSDK/Sources/Models/SubmitRequest.swift (in target 'PayHereSDK' from project 'PayHereSDK')
cd /Users/admin/builder/spi-builder-workspace/.swiftpm/xcode
SwiftCompile normal arm64 /Users/admin/builder/spi-builder-workspace/PayHereSDK/Sources/UI/Cells/PayOptionCollectionViewCell.swift (in target 'PayHereSDK' from project 'PayHereSDK')
cd /Users/admin/builder/spi-builder-workspace/.swiftpm/xcode
SwiftCompile normal arm64 /Users/admin/builder/spi-builder-workspace/PayHereSDK/Sources/UI/Cells/PayWithHelaPayTableViewCell.swift (in target 'PayHereSDK' from project 'PayHereSDK')
cd /Users/admin/builder/spi-builder-workspace/.swiftpm/xcode
SwiftCompile normal arm64 /Users/admin/builder/spi-builder-workspace/PayHereSDK/Sources/UI/Cells/PaymentOptionTableViewCell.swift (in target 'PayHereSDK' from project 'PayHereSDK')
cd /Users/admin/builder/spi-builder-workspace/.swiftpm/xcode
/Users/admin/builder/spi-builder-workspace/PayHereSDK/Sources/UI/Cells/PaymentOptionTableViewCell.swift:41:15: warning: 'awakeFromNib()' was deprecated in visionOS 1.0: Loading Interface Builder products will not be supported in a future version of visionOS.
super.awakeFromNib()
^
/Users/admin/builder/spi-builder-workspace/PayHereSDK/Sources/UI/Cells/PaymentOptionTableViewCell.swift:78:19: warning: 'UINib' was deprecated in visionOS 1.0: Loading Interface Builder products will not be supported in a future version of visionOS.
let nib = UINib(nibName: "PayOptionCollectionViewCell", bundle: Bundle.payHereBundle)
^
/Users/admin/builder/spi-builder-workspace/PayHereSDK/Sources/UI/Cells/PaymentOptionTableViewCell.swift:80:24: warning: 'register(_:forCellWithReuseIdentifier:)' was deprecated in visionOS 1.0: Loading Interface Builder products will not be supported in a future version of visionOS.
collectionView.register(nib, forCellWithReuseIdentifier: "PayOptionCollectionViewCell")
^
SwiftCompile normal arm64 Compiling\ HeaderCollectionReusableView.swift,\ PHBottomSheetTableViewSectioHeader.swift,\ WVCheckMark.swift,\ Extention.swift /Users/admin/builder/spi-builder-workspace/PayHereSDK/Sources/UI/Views/HeaderCollectionReusableView.swift /Users/admin/builder/spi-builder-workspace/PayHereSDK/Sources/UI/Views/PHBottomSheetTableViewSectioHeader.swift /Users/admin/builder/spi-builder-workspace/PayHereSDK/Sources/UI/Views/WVCheckMark.swift /Users/admin/builder/spi-builder-workspace/PayHereSDK/Sources/Utilities/Extention.swift (in target 'PayHereSDK' from project 'PayHereSDK')
SwiftCompile normal arm64 /Users/admin/builder/spi-builder-workspace/PayHereSDK/Sources/UI/Views/HeaderCollectionReusableView.swift (in target 'PayHereSDK' from project 'PayHereSDK')
cd /Users/admin/builder/spi-builder-workspace/.swiftpm/xcode
/Users/admin/builder/spi-builder-workspace/PayHereSDK/Sources/UI/Views/HeaderCollectionReusableView.swift:17:15: warning: 'awakeFromNib()' was deprecated in visionOS 1.0: Loading Interface Builder products will not be supported in a future version of visionOS.
super.awakeFromNib()
^
SwiftCompile normal arm64 /Users/admin/builder/spi-builder-workspace/PayHereSDK/Sources/UI/Views/PHBottomSheetTableViewSectioHeader.swift (in target 'PayHereSDK' from project 'PayHereSDK')
cd /Users/admin/builder/spi-builder-workspace/.swiftpm/xcode
SwiftCompile normal arm64 /Users/admin/builder/spi-builder-workspace/PayHereSDK/Sources/UI/Views/WVCheckMark.swift (in target 'PayHereSDK' from project 'PayHereSDK')
cd /Users/admin/builder/spi-builder-workspace/.swiftpm/xcode
SwiftCompile normal arm64 /Users/admin/builder/spi-builder-workspace/PayHereSDK/Sources/Utilities/Extention.swift (in target 'PayHereSDK' from project 'PayHereSDK')
cd /Users/admin/builder/spi-builder-workspace/.swiftpm/xcode
SwiftCompile normal arm64 Compiling\ PHBottomViewController.swift,\ PHCheckoutStep.swift,\ PHPaymentOption.swift,\ PHSheetHeightPolicy.swift /Users/admin/builder/spi-builder-workspace/PayHereSDK/Sources/UI/Controllers/PHBottomViewController.swift /Users/admin/builder/spi-builder-workspace/PayHereSDK/Sources/UI/PHCheckoutStep.swift /Users/admin/builder/spi-builder-workspace/PayHereSDK/Sources/UI/PHPaymentOption.swift /Users/admin/builder/spi-builder-workspace/PayHereSDK/Sources/UI/PHSheetHeightPolicy.swift (in target 'PayHereSDK' from project 'PayHereSDK')
SwiftCompile normal arm64 /Users/admin/builder/spi-builder-workspace/PayHereSDK/Sources/UI/Controllers/PHBottomViewController.swift (in target 'PayHereSDK' from project 'PayHereSDK')
cd /Users/admin/builder/spi-builder-workspace/.swiftpm/xcode
/Users/admin/builder/spi-builder-workspace/PayHereSDK/Sources/UI/Controllers/PHBottomViewController.swift:198:23: error: 'detents' is unavailable in visionOS
sheet.detents = [.custom(identifier: .init("payhere.content")) { [weak self] context in
^~~~~~~
/Applications/Xcode-16.3.0.app/Contents/Developer/Platforms/XROS.platform/Developer/SDKs/XROS2.4.sdk/System/Library/Frameworks/UIKit.framework/Headers/UISheetPresentationController.h:131:77: note: 'detents' has been explicitly marked unavailable here
@property (nonatomic, copy) NSArray<UISheetPresentationControllerDetent *> *detents API_UNAVAILABLE(visionos);
^
/Users/admin/builder/spi-builder-workspace/PayHereSDK/Sources/UI/Controllers/PHBottomViewController.swift:198:35: error: 'custom(identifier:resolver:)' is unavailable in visionOS
sheet.detents = [.custom(identifier: .init("payhere.content")) { [weak self] context in
^~~~~~
UIKit.UISheetPresentationController.Detent.custom:4:51: note: 'custom(identifier:resolver:)' has been explicitly marked unavailable here
@MainActor @preconcurrency public static func custom(identifier: UISheetPresentationController.Detent.Identifier? = nil, resolver: @escaping (_ context: any UISheetPresentationControllerDetentResolutionContext) -> CGFloat?) -> UISheetPresentationController.Detent }
^
/Users/admin/builder/spi-builder-workspace/PayHereSDK/Sources/UI/Controllers/PHBottomViewController.swift:202:23: error: 'prefersScrollingExpandsWhenScrolledToEdge' is unavailable in visionOS
sheet.prefersScrollingExpandsWhenScrolledToEdge = false
^~~~~~~~~~~~~~~~~~~~~~~~~~~~~~~~~~~~~~~~~
/Applications/Xcode-16.3.0.app/Contents/Developer/Platforms/XROS.platform/Developer/SDKs/XROS2.4.sdk/System/Library/Frameworks/UIKit.framework/Headers/UISheetPresentationController.h:149:28: note: 'prefersScrollingExpandsWhenScrolledToEdge' has been explicitly marked unavailable here
@property (nonatomic) BOOL prefersScrollingExpandsWhenScrolledToEdge API_UNAVAILABLE(visionos);
^
/Users/admin/builder/spi-builder-workspace/PayHereSDK/Sources/UI/Controllers/PHBottomViewController.swift:206:23: error: 'preferredCornerRadius' is unavailable in visionOS
sheet.preferredCornerRadius = nil
^~~~~~~~~~~~~~~~~~~~~
UIKit.UISheetPresentationController.preferredCornerRadius:4:41: note: 'preferredCornerRadius' has been explicitly marked unavailable here
@MainActor @preconcurrency public var preferredCornerRadius: CGFloat? { get set }}
^
/Users/admin/builder/spi-builder-workspace/PayHereSDK/Sources/UI/Controllers/PHBottomViewController.swift:287:23: error: 'invalidateDetents()' is unavailable in visionOS
sheet.invalidateDetents()
^~~~~~~~~~~~~~~~~
UIKit.UISheetPresentationController.invalidateDetents:3:24: note: 'invalidateDetents()' has been explicitly marked unavailable here
@MainActor open func invalidateDetents()}
^
/Users/admin/builder/spi-builder-workspace/PayHereSDK/Sources/UI/Controllers/PHBottomViewController.swift:423:26: warning: 'UINib' was deprecated in visionOS 1.0: Loading Interface Builder products will not be supported in a future version of visionOS.
let helaPayNib = UINib(nibName: "PayWithHelaPayTableViewCell", bundle: Bundle.payHereBundle)
^
/Users/admin/builder/spi-builder-workspace/PayHereSDK/Sources/UI/Controllers/PHBottomViewController.swift:424:24: warning: 'register(_:forCellReuseIdentifier:)' was deprecated in visionOS 1.0: Loading Interface Builder products will not be supported in a future version of visionOS.
self.tableView.register(helaPayNib, forCellReuseIdentifier: "PayWithHelaPayTableViewCell")
^
/Users/admin/builder/spi-builder-workspace/PayHereSDK/Sources/UI/Controllers/PHBottomViewController.swift:426:32: warning: 'UINib' was deprecated in visionOS 1.0: Loading Interface Builder products will not be supported in a future version of visionOS.
let paymentOptionNib = UINib(nibName: "PaymentOptionTableViewCell", bundle: Bundle.payHereBundle)
^
/Users/admin/builder/spi-builder-workspace/PayHereSDK/Sources/UI/Controllers/PHBottomViewController.swift:427:24: warning: 'register(_:forCellReuseIdentifier:)' was deprecated in visionOS 1.0: Loading Interface Builder products will not be supported in a future version of visionOS.
self.tableView.register(paymentOptionNib, forCellReuseIdentifier: "PaymentOptionTableViewCell")
^
/Users/admin/builder/spi-builder-workspace/PayHereSDK/Sources/UI/Controllers/PHBottomViewController.swift:429:19: warning: 'UINib' was deprecated in visionOS 1.0: Loading Interface Builder products will not be supported in a future version of visionOS.
let nib = UINib(nibName: "PHBottomSheetTableViewSectioHeader", bundle: Bundle.payHereBundle)
^
/Users/admin/builder/spi-builder-workspace/PayHereSDK/Sources/UI/Controllers/PHBottomViewController.swift:430:24: warning: 'register(_:forHeaderFooterViewReuseIdentifier:)' was deprecated in visionOS 1.0: Loading Interface Builder products will not be supported in a future version of visionOS.
self.tableView.register(nib, forHeaderFooterViewReuseIdentifier: "PHBottomSheetTableViewSectioHeader")
^
/Users/admin/builder/spi-builder-workspace/PayHereSDK/Sources/UI/Controllers/PHBottomViewController.swift:506:62: error: 'screen' is unavailable in visionOS
from: window.screen.coordinateSpace)
^~~~~~
/Applications/Xcode-16.3.0.app/Contents/Developer/Platforms/XROS.platform/Developer/SDKs/XROS2.4.sdk/System/Library/Frameworks/UIKit.framework/Headers/UIWindow.h:34:39: note: 'screen' has been explicitly marked unavailable here
@property(nonatomic,strong) UIScreen *screen API_AVAILABLE(ios(3.2)) API_UNAVAILABLE(visionos); // default is [UIScreen mainScreen]. changing the screen may be an expensive operation and should not be done in performance-sensitive code
^
/Users/admin/builder/spi-builder-workspace/PayHereSDK/Sources/UI/Controllers/PHBottomViewController.swift:1386:13: error: 'UINotificationFeedbackGenerator' is unavailable in visionOS
UINotificationFeedbackGenerator().notificationOccurred(.success)
^~~~~~~~~~~~~~~~~~~~~~~~~~~~~~~
/Applications/Xcode-16.3.0.app/Contents/Developer/Platforms/XROS.platform/Developer/SDKs/XROS2.4.sdk/System/Library/Frameworks/UIKit.framework/Headers/UINotificationFeedbackGenerator.h:21:12: note: 'UINotificationFeedbackGenerator' has been explicitly marked unavailable here
@interface UINotificationFeedbackGenerator : UIFeedbackGenerator
^
/Users/admin/builder/spi-builder-workspace/PayHereSDK/Sources/UI/Controllers/PHBottomViewController.swift:1388:13: error: 'UINotificationFeedbackGenerator' is unavailable in visionOS
UINotificationFeedbackGenerator().notificationOccurred(.error)
^~~~~~~~~~~~~~~~~~~~~~~~~~~~~~~
/Applications/Xcode-16.3.0.app/Contents/Developer/Platforms/XROS.platform/Developer/SDKs/XROS2.4.sdk/System/Library/Frameworks/UIKit.framework/Headers/UINotificationFeedbackGenerator.h:21:12: note: 'UINotificationFeedbackGenerator' has been explicitly marked unavailable here
@interface UINotificationFeedbackGenerator : UIFeedbackGenerator
^
/Users/admin/builder/spi-builder-workspace/PayHereSDK/Sources/UI/Controllers/PHBottomViewController.swift:1765:52: error: 'screen' is unavailable in visionOS
targetView.convert(frame, from: window.screen.coordinateSpace))
^~~~~~
/Applications/Xcode-16.3.0.app/Contents/Developer/Platforms/XROS.platform/Developer/SDKs/XROS2.4.sdk/System/Library/Frameworks/UIKit.framework/Headers/UIWindow.h:34:39: note: 'screen' has been explicitly marked unavailable here
@property(nonatomic,strong) UIScreen *screen API_AVAILABLE(ios(3.2)) API_UNAVAILABLE(visionos); // default is [UIScreen mainScreen]. changing the screen may be an expensive operation and should not be done in performance-sensitive code
^
SwiftCompile normal arm64 /Users/admin/builder/spi-builder-workspace/PayHereSDK/Sources/UI/PHCheckoutStep.swift (in target 'PayHereSDK' from project 'PayHereSDK')
cd /Users/admin/builder/spi-builder-workspace/.swiftpm/xcode
SwiftCompile normal arm64 /Users/admin/builder/spi-builder-workspace/PayHereSDK/Sources/UI/PHPaymentOption.swift (in target 'PayHereSDK' from project 'PayHereSDK')
cd /Users/admin/builder/spi-builder-workspace/.swiftpm/xcode
SwiftCompile normal arm64 /Users/admin/builder/spi-builder-workspace/PayHereSDK/Sources/UI/PHSheetHeightPolicy.swift (in target 'PayHereSDK' from project 'PayHereSDK')
cd /Users/admin/builder/spi-builder-workspace/.swiftpm/xcode
Failed frontend command:
/Applications/Xcode-16.3.0.app/Contents/Developer/Toolchains/XcodeDefault.xctoolchain/usr/bin/swift-frontend -frontend -c /Users/admin/builder/spi-builder-workspace/.derivedData/Build/Intermediates.noindex/PayHereSDK.build/Debug-xros/PayHereSDK.build/DerivedSources/resource_bundle_accessor.swift /Users/admin/builder/spi-builder-workspace/PayHereSDK/Sources/API/PHConstants.swift /Users/admin/builder/spi-builder-workspace/PayHereSDK/Sources/API/PHPaymentConfiguration.swift /Users/admin/builder/spi-builder-workspace/PayHereSDK/Sources/API/PHPaymentError.swift /Users/admin/builder/spi-builder-workspace/PayHereSDK/Sources/API/PHPrecentController.swift /Users/admin/builder/spi-builder-workspace/PayHereSDK/Sources/API/PHResponse.swift /Users/admin/builder/spi-builder-workspace/PayHereSDK/Sources/API/PHViewControllerDelegate.swift /Users/admin/builder/spi-builder-workspace/PayHereSDK/Sources/API/PayHereSDK.swift /Users/admin/builder/spi-builder-workspace/PayHereSDK/Sources/API/PayHereSDKDelegate.swift /Users/admin/builder/spi-builder-workspace/PayHereSDK/Sources/Core/PHConfigs.swift /Users/admin/builder/spi-builder-workspace/PayHereSDK/Sources/Core/PHPaymentErrorMapper.swift /Users/admin/builder/spi-builder-workspace/PayHereSDK/Sources/Core/PHPaymentLifecycle.swift /Users/admin/builder/spi-builder-workspace/PayHereSDK/Sources/Core/PHPaymentPresenter.swift /Users/admin/builder/spi-builder-workspace/PayHereSDK/Sources/Core/ParamHandler.swift /Users/admin/builder/spi-builder-workspace/PayHereSDK/Sources/Models/Address.swift /Users/admin/builder/spi-builder-workspace/PayHereSDK/Sources/Models/Customer.swift /Users/admin/builder/spi-builder-workspace/PayHereSDK/Sources/Models/InitRequest.swift /Users/admin/builder/spi-builder-workspace/PayHereSDK/Sources/Models/Item.swift /Users/admin/builder/spi-builder-workspace/PayHereSDK/Sources/Models/PHEnums.swift /Users/admin/builder/spi-builder-workspace/PayHereSDK/Sources/Models/PHInitRequest.swift /Users/admin/builder/spi-builder-workspace/PayHereSDK/Sources/Models/PHInitResponse.swift /Users/admin/builder/spi-builder-workspace/PayHereSDK/Sources/Models/PHInitialRequest.swift /Users/admin/builder/spi-builder-workspace/PayHereSDK/Sources/Models/PayHereInitnSubmitResponse.swift /Users/admin/builder/spi-builder-workspace/PayHereSDK/Sources/Models/PaymentUI.swift /Users/admin/builder/spi-builder-workspace/PayHereSDK/Sources/Models/StatusResponse.swift /Users/admin/builder/spi-builder-workspace/PayHereSDK/Sources/Models/SubmitRequest.swift /Users/admin/builder/spi-builder-workspace/PayHereSDK/Sources/UI/Cells/PayOptionCollectionViewCell.swift /Users/admin/builder/spi-builder-workspace/PayHereSDK/Sources/UI/Cells/PayWithHelaPayTableViewCell.swift /Users/admin/builder/spi-builder-workspace/PayHereSDK/Sources/UI/Cells/PaymentOptionTableViewCell.swift -primary-file /Users/admin/builder/spi-builder-workspace/PayHereSDK/Sources/UI/Controllers/PHBottomViewController.swift -primary-file /Users/admin/builder/spi-builder-workspace/PayHereSDK/Sources/UI/PHCheckoutStep.swift -primary-file /Users/admin/builder/spi-builder-workspace/PayHereSDK/Sources/UI/PHPaymentOption.swift -primary-file /Users/admin/builder/spi-builder-workspace/PayHereSDK/Sources/UI/PHSheetHeightPolicy.swift /Users/admin/builder/spi-builder-workspace/PayHereSDK/Sources/UI/PHWebContentMeasurement.swift /Users/admin/builder/spi-builder-workspace/PayHereSDK/Sources/UI/PHWebLayoutMessageHandler.swift /Users/admin/builder/spi-builder-workspace/PayHereSDK/Sources/UI/PHWebViewScripts.swift /Users/admin/builder/spi-builder-workspace/PayHereSDK/Sources/UI/Theme/PHColorProfile.swift /Users/admin/builder/spi-builder-workspace/PayHereSDK/Sources/UI/Views/HeaderCollectionReusableView.swift /Users/admin/builder/spi-builder-workspace/PayHereSDK/Sources/UI/Views/PHBottomSheetTableViewSectioHeader.swift /Users/admin/builder/spi-builder-workspace/PayHereSDK/Sources/UI/Views/WVCheckMark.swift /Users/admin/builder/spi-builder-workspace/PayHereSDK/Sources/Utilities/Extention.swift /Users/admin/builder/spi-builder-workspace/PayHereSDK/Sources/Utilities/PHUtils.swift /Users/admin/builder/spi-builder-workspace/PayHereSDK/Sources/Utilities/UIFont+PayHere.swift /Users/admin/builder/spi-builder-workspace/PayHereSDK/Sources/Utilities/WaitUntil.swift /Users/admin/builder/spi-builder-workspace/.derivedData/Build/Intermediates.noindex/PayHereSDK.build/Debug-xros/PayHereSDK.build/DerivedSources/GeneratedAssetSymbols.swift -supplementary-output-file-map /Users/admin/builder/spi-builder-workspace/.derivedData/Build/Intermediates.noindex/PayHereSDK.build/Debug-xros/PayHereSDK.build/Objects-normal/arm64/supplementaryOutputs-35 -target arm64-apple-xros1.0 -Xllvm -aarch64-use-tbi -enable-objc-interop -stack-check -sdk /Applications/Xcode-16.3.0.app/Contents/Developer/Platforms/XROS.platform/Developer/SDKs/XROS2.4.sdk -I /Users/admin/builder/spi-builder-workspace/.derivedData/Build/Products/Debug-xros -I /Applications/Xcode-16.3.0.app/Contents/Developer/Platforms/XROS.platform/Developer/usr/lib -F /Users/admin/builder/spi-builder-workspace/.derivedData/Build/Products/Debug-xros/PackageFrameworks -F /Users/admin/builder/spi-builder-workspace/.derivedData/Build/Products/Debug-xros/PackageFrameworks -F /Users/admin/builder/spi-builder-workspace/.derivedData/Build/Products/Debug-xros/PackageFrameworks -F /Users/admin/builder/spi-builder-workspace/.derivedData/Build/Products/Debug-xros -F /Applications/Xcode-16.3.0.app/Contents/Developer/Platforms/XROS.platform/Developer/Library/Frameworks -F /Applications/Xcode-16.3.0.app/Contents/Developer/Platforms/XROS.platform/Developer/SDKs/XROS2.4.sdk/Developer/Library/Frameworks -no-color-diagnostics -enable-testing -g -debug-info-format\=dwarf -dwarf-version\=4 -module-cache-path /Users/admin/builder/spi-builder-workspace/.derivedData/ModuleCache.noindex -profile-generate -profile-coverage-mapping -swift-version 5 -enforce-exclusivity\=checked -Onone -D SWIFT_PACKAGE -D DEBUG -D Xcode -serialize-debugging-options -const-gather-protocols-file /Users/admin/builder/spi-builder-workspace/.derivedData/Build/Intermediates.noindex/PayHereSDK.build/Debug-xros/PayHereSDK.build/Objects-normal/arm64/PayHereSDK_const_extract_protocols.json -enable-experimental-feature DebugDescriptionMacro -empty-abi-descriptor -plugin-path /Applications/Xcode-16.3.0.app/Contents/Developer/Toolchains/XcodeDefault.xctoolchain/usr/lib/swift/host/plugins/testing -validate-clang-modules-once -clang-build-session-file /Users/admin/builder/spi-builder-workspace/.derivedData/ModuleCache.noindex/Session.modulevalidation -Xcc -working-directory -Xcc /Users/admin/builder/spi-builder-workspace/.swiftpm/xcode -resource-dir /Applications/Xcode-16.3.0.app/Contents/Developer/Toolchains/XcodeDefault.xctoolchain/usr/lib/swift -enable-anonymous-context-mangled-names -file-compilation-dir /Users/admin/builder/spi-builder-workspace/.swiftpm/xcode -Xcc -fmodule-map-file\=/Users/admin/builder/spi-builder-workspace/.derivedData/Build/Intermediates.noindex/GeneratedModuleMaps-xros/SDWebImage.modulemap -Xcc -ivfsstatcache -Xcc /Users/admin/builder/spi-builder-workspace/.derivedData/SDKStatCaches.noindex/xros2.4-22O233-407b76dbb837030756cbe1ab3f0b01b6.sdkstatcache -Xcc -I/Users/admin/builder/spi-builder-workspace/.derivedData/Build/Intermediates.noindex/PayHereSDK.build/Debug-xros/PayHereSDK.build/swift-overrides.hmap -Xcc -I/Users/admin/builder/spi-builder-workspace/.dependencies/checkouts/SDWebImage/SDWebImage/include -Xcc -I/Users/admin/builder/spi-builder-workspace/.derivedData/Build/Products/Debug-xros/include -Xcc -I/Users/admin/builder/spi-builder-workspace/.derivedData/Build/Intermediates.noindex/PayHereSDK.build/Debug-xros/PayHereSDK.build/DerivedSources-normal/arm64 -Xcc -I/Users/admin/builder/spi-builder-workspace/.derivedData/Build/Intermediates.noindex/PayHereSDK.build/Debug-xros/PayHereSDK.build/DerivedSources/arm64 -Xcc -I/Users/admin/builder/spi-builder-workspace/.derivedData/Build/Intermediates.noindex/PayHereSDK.build/Debug-xros/PayHereSDK.build/DerivedSources -Xcc -DSWIFT_PACKAGE -Xcc -DDEBUG\=1 -module-name PayHereSDK -frontend-parseable-output -disable-clang-spi -target-sdk-version 2.4 -target-sdk-name xros2.4 -external-plugin-path /Applications/Xcode-16.3.0.app/Contents/Developer/Platforms/XROS.platform/Developer/usr/lib/swift/host/plugins\#/Applications/Xcode-16.3.0.app/Contents/Developer/Platforms/XROS.platform/Developer/usr/bin/swift-plugin-server -external-plugin-path /Applications/Xcode-16.3.0.app/Contents/Developer/Platforms/XROS.platform/Developer/usr/local/lib/swift/host/plugins\#/Applications/Xcode-16.3.0.app/Contents/Developer/Platforms/XROS.platform/Developer/usr/bin/swift-plugin-server -in-process-plugin-server-path /Applications/Xcode-16.3.0.app/Contents/Developer/Toolchains/XcodeDefault.xctoolchain/usr/lib/swift/host/libSwiftInProcPluginServer.dylib -plugin-path /Applications/Xcode-16.3.0.app/Contents/Developer/Toolchains/XcodeDefault.xctoolchain/usr/lib/swift/host/plugins -plugin-path /Applications/Xcode-16.3.0.app/Contents/Developer/Toolchains/XcodeDefault.xctoolchain/usr/local/lib/swift/host/plugins -o /Users/admin/builder/spi-builder-workspace/.derivedData/Build/Intermediates.noindex/PayHereSDK.build/Debug-xros/PayHereSDK.build/Objects-normal/arm64/PHBottomViewController.o -o /Users/admin/builder/spi-builder-workspace/.derivedData/Build/Intermediates.noindex/PayHereSDK.build/Debug-xros/PayHereSDK.build/Objects-normal/arm64/PHCheckoutStep.o -o /Users/admin/builder/spi-builder-workspace/.derivedData/Build/Intermediates.noindex/PayHereSDK.build/Debug-xros/PayHereSDK.build/Objects-normal/arm64/PHPaymentOption.o -o /Users/admin/builder/spi-builder-workspace/.derivedData/Build/Intermediates.noindex/PayHereSDK.build/Debug-xros/PayHereSDK.build/Objects-normal/arm64/PHSheetHeightPolicy.o -index-unit-output-path /PayHereSDK.build/Debug-xros/PayHereSDK.build/Objects-normal/arm64/PHBottomViewController.o -index-unit-output-path /PayHereSDK.build/Debug-xros/PayHereSDK.build/Objects-normal/arm64/PHCheckoutStep.o -index-unit-output-path /PayHereSDK.build/Debug-xros/PayHereSDK.build/Objects-normal/arm64/PHPaymentOption.o -index-unit-output-path /PayHereSDK.build/Debug-xros/PayHereSDK.build/Objects-normal/arm64/PHSheetHeightPolicy.o -index-store-path /Users/admin/builder/spi-builder-workspace/.derivedData/Index.noindex/DataStore -index-system-modules
SwiftDriverJobDiscovery normal arm64 Compiling resource_bundle_accessor.swift, Alamofire.swift, AFError.swift, DataRequest.swift, DataStreamRequest.swift (in target 'Alamofire' from project 'Alamofire')
SwiftCompile normal arm64 Compiling\ PHResponse.swift,\ PHViewControllerDelegate.swift,\ PayHereSDK.swift,\ PayHereSDKDelegate.swift,\ PHConfigs.swift /Users/admin/builder/spi-builder-workspace/PayHereSDK/Sources/API/PHResponse.swift /Users/admin/builder/spi-builder-workspace/PayHereSDK/Sources/API/PHViewControllerDelegate.swift /Users/admin/builder/spi-builder-workspace/PayHereSDK/Sources/API/PayHereSDK.swift /Users/admin/builder/spi-builder-workspace/PayHereSDK/Sources/API/PayHereSDKDelegate.swift /Users/admin/builder/spi-builder-workspace/PayHereSDK/Sources/Core/PHConfigs.swift (in target 'PayHereSDK' from project 'PayHereSDK')
SwiftCompile normal arm64 /Users/admin/builder/spi-builder-workspace/PayHereSDK/Sources/API/PHResponse.swift (in target 'PayHereSDK' from project 'PayHereSDK')
cd /Users/admin/builder/spi-builder-workspace/.swiftpm/xcode
SwiftCompile normal arm64 /Users/admin/builder/spi-builder-workspace/PayHereSDK/Sources/API/PHViewControllerDelegate.swift (in target 'PayHereSDK' from project 'PayHereSDK')
cd /Users/admin/builder/spi-builder-workspace/.swiftpm/xcode
SwiftCompile normal arm64 /Users/admin/builder/spi-builder-workspace/PayHereSDK/Sources/API/PayHereSDK.swift (in target 'PayHereSDK' from project 'PayHereSDK')
cd /Users/admin/builder/spi-builder-workspace/.swiftpm/xcode
SwiftCompile normal arm64 /Users/admin/builder/spi-builder-workspace/PayHereSDK/Sources/API/PayHereSDKDelegate.swift (in target 'PayHereSDK' from project 'PayHereSDK')
cd /Users/admin/builder/spi-builder-workspace/.swiftpm/xcode
SwiftCompile normal arm64 /Users/admin/builder/spi-builder-workspace/PayHereSDK/Sources/Core/PHConfigs.swift (in target 'PayHereSDK' from project 'PayHereSDK')
cd /Users/admin/builder/spi-builder-workspace/.swiftpm/xcode
SwiftDriverJobDiscovery normal arm64 Compiling RetryPolicy.swift, ServerTrustEvaluation.swift, URLEncodedFormEncoder.swift, Validation.swift (in target 'Alamofire' from project 'Alamofire')
SwiftCompile normal arm64 Compiling\ Customer.swift,\ InitRequest.swift,\ Item.swift,\ PHEnums.swift,\ PHInitRequest.swift /Users/admin/builder/spi-builder-workspace/PayHereSDK/Sources/Models/Customer.swift /Users/admin/builder/spi-builder-workspace/PayHereSDK/Sources/Models/InitRequest.swift /Users/admin/builder/spi-builder-workspace/PayHereSDK/Sources/Models/Item.swift /Users/admin/builder/spi-builder-workspace/PayHereSDK/Sources/Models/PHEnums.swift /Users/admin/builder/spi-builder-workspace/PayHereSDK/Sources/Models/PHInitRequest.swift (in target 'PayHereSDK' from project 'PayHereSDK')
SwiftCompile normal arm64 /Users/admin/builder/spi-builder-workspace/PayHereSDK/Sources/Models/Customer.swift (in target 'PayHereSDK' from project 'PayHereSDK')
cd /Users/admin/builder/spi-builder-workspace/.swiftpm/xcode
SwiftCompile normal arm64 /Users/admin/builder/spi-builder-workspace/PayHereSDK/Sources/Models/InitRequest.swift (in target 'PayHereSDK' from project 'PayHereSDK')
cd /Users/admin/builder/spi-builder-workspace/.swiftpm/xcode
SwiftCompile normal arm64 /Users/admin/builder/spi-builder-workspace/PayHereSDK/Sources/Models/Item.swift (in target 'PayHereSDK' from project 'PayHereSDK')
cd /Users/admin/builder/spi-builder-workspace/.swiftpm/xcode
SwiftCompile normal arm64 /Users/admin/builder/spi-builder-workspace/PayHereSDK/Sources/Models/PHEnums.swift (in target 'PayHereSDK' from project 'PayHereSDK')
cd /Users/admin/builder/spi-builder-workspace/.swiftpm/xcode
SwiftCompile normal arm64 /Users/admin/builder/spi-builder-workspace/PayHereSDK/Sources/Models/PHInitRequest.swift (in target 'PayHereSDK' from project 'PayHereSDK')
cd /Users/admin/builder/spi-builder-workspace/.swiftpm/xcode
SwiftDriverJobDiscovery normal arm64 Compiling DownloadRequest.swift, HTTPHeaders.swift, HTTPMethod.swift, Instant.swift, Notifications.swift (in target 'Alamofire' from project 'Alamofire')
SwiftCompile normal arm64 Compiling\ PHInitResponse.swift,\ PHInitialRequest.swift,\ PayHereInitnSubmitResponse.swift,\ PaymentUI.swift,\ StatusResponse.swift /Users/admin/builder/spi-builder-workspace/PayHereSDK/Sources/Models/PHInitResponse.swift /Users/admin/builder/spi-builder-workspace/PayHereSDK/Sources/Models/PHInitialRequest.swift /Users/admin/builder/spi-builder-workspace/PayHereSDK/Sources/Models/PayHereInitnSubmitResponse.swift /Users/admin/builder/spi-builder-workspace/PayHereSDK/Sources/Models/PaymentUI.swift /Users/admin/builder/spi-builder-workspace/PayHereSDK/Sources/Models/StatusResponse.swift (in target 'PayHereSDK' from project 'PayHereSDK')
SwiftCompile normal arm64 /Users/admin/builder/spi-builder-workspace/PayHereSDK/Sources/Models/PHInitResponse.swift (in target 'PayHereSDK' from project 'PayHereSDK')
cd /Users/admin/builder/spi-builder-workspace/.swiftpm/xcode
SwiftCompile normal arm64 /Users/admin/builder/spi-builder-workspace/PayHereSDK/Sources/Models/PHInitialRequest.swift (in target 'PayHereSDK' from project 'PayHereSDK')
cd /Users/admin/builder/spi-builder-workspace/.swiftpm/xcode
SwiftCompile normal arm64 /Users/admin/builder/spi-builder-workspace/PayHereSDK/Sources/Models/PayHereInitnSubmitResponse.swift (in target 'PayHereSDK' from project 'PayHereSDK')
cd /Users/admin/builder/spi-builder-workspace/.swiftpm/xcode
SwiftCompile normal arm64 /Users/admin/builder/spi-builder-workspace/PayHereSDK/Sources/Models/PaymentUI.swift (in target 'PayHereSDK' from project 'PayHereSDK')
cd /Users/admin/builder/spi-builder-workspace/.swiftpm/xcode
SwiftCompile normal arm64 /Users/admin/builder/spi-builder-workspace/PayHereSDK/Sources/Models/StatusResponse.swift (in target 'PayHereSDK' from project 'PayHereSDK')
cd /Users/admin/builder/spi-builder-workspace/.swiftpm/xcode
SwiftDriverJobDiscovery normal arm64 Compiling resource_bundle_accessor.swift, PHConstants.swift, PHPaymentConfiguration.swift, PHPaymentError.swift, PHPrecentController.swift (in target 'PayHereSDK' from project 'PayHereSDK')
SwiftDriverJobDiscovery normal arm64 Compiling PHUtils.swift, UIFont+PayHere.swift, WaitUntil.swift, GeneratedAssetSymbols.swift (in target 'PayHereSDK' from project 'PayHereSDK')
SwiftDriver\ Compilation Alamofire normal arm64 com.apple.xcode.tools.swift.compiler (in target 'Alamofire' from project 'Alamofire')
cd /Users/admin/builder/spi-builder-workspace/.swiftpm/xcode
builtin-Swift-Compilation -- /Applications/Xcode-16.3.0.app/Contents/Developer/Toolchains/XcodeDefault.xctoolchain/usr/bin/swiftc -module-name Alamofire -Onone -enforce-exclusivity\=checked @/Users/admin/builder/spi-builder-workspace/.derivedData/Build/Intermediates.noindex/Alamofire.build/Debug-xros/Alamofire.build/Objects-normal/arm64/Alamofire.SwiftFileList -DSWIFT_PACKAGE -DDEBUG -DXcode -enable-upcoming-feature ExistentialAny -plugin-path /Applications/Xcode-16.3.0.app/Contents/Developer/Toolchains/XcodeDefault.xctoolchain/usr/lib/swift/host/plugins/testing -enable-experimental-feature DebugDescriptionMacro -sdk /Applications/Xcode-16.3.0.app/Contents/Developer/Platforms/XROS.platform/Developer/SDKs/XROS2.4.sdk -target arm64-apple-xros1.0 -g -module-cache-path /Users/admin/builder/spi-builder-workspace/.derivedData/ModuleCache.noindex -Xfrontend -serialize-debugging-options -profile-coverage-mapping -profile-generate -enable-testing -suppress-warnings -index-store-path /Users/admin/builder/spi-builder-workspace/.derivedData/Index.noindex/DataStore -swift-version 5 -I /Users/admin/builder/spi-builder-workspace/.derivedData/Build/Products/Debug-xros -I /Applications/Xcode-16.3.0.app/Contents/Developer/Platforms/XROS.platform/Developer/usr/lib -F /Users/admin/builder/spi-builder-workspace/.derivedData/Build/Products/Debug-xros -F /Applications/Xcode-16.3.0.app/Contents/Developer/Platforms/XROS.platform/Developer/Library/Frameworks -F /Applications/Xcode-16.3.0.app/Contents/Developer/Platforms/XROS.platform/Developer/SDKs/XROS2.4.sdk/Developer/Library/Frameworks -c -j10 -enable-batch-mode -incremental -Xcc -ivfsstatcache -Xcc /Users/admin/builder/spi-builder-workspace/.derivedData/SDKStatCaches.noindex/xros2.4-22O233-407b76dbb837030756cbe1ab3f0b01b6.sdkstatcache -output-file-map /Users/admin/builder/spi-builder-workspace/.derivedData/Build/Intermediates.noindex/Alamofire.build/Debug-xros/Alamofire.build/Objects-normal/arm64/Alamofire-OutputFileMap.json -use-frontend-parseable-output -save-temps -no-color-diagnostics -serialize-diagnostics -emit-dependencies -emit-module -emit-module-path /Users/admin/builder/spi-builder-workspace/.derivedData/Build/Intermediates.noindex/Alamofire.build/Debug-xros/Alamofire.build/Objects-normal/arm64/Alamofire.swiftmodule -user-module-version 5.12.2 -validate-clang-modules-once -clang-build-session-file /Users/admin/builder/spi-builder-workspace/.derivedData/ModuleCache.noindex/Session.modulevalidation -package-name alamofire -Xcc -I/Users/admin/builder/spi-builder-workspace/.derivedData/Build/Intermediates.noindex/Alamofire.build/Debug-xros/Alamofire.build/swift-overrides.hmap -emit-const-values -Xfrontend -const-gather-protocols-file -Xfrontend /Users/admin/builder/spi-builder-workspace/.derivedData/Build/Intermediates.noindex/Alamofire.build/Debug-xros/Alamofire.build/Objects-normal/arm64/Alamofire_const_extract_protocols.json -Xcc -I/Users/admin/builder/spi-builder-workspace/.derivedData/Build/Products/Debug-xros/include -Xcc -I/Users/admin/builder/spi-builder-workspace/.derivedData/Build/Intermediates.noindex/Alamofire.build/Debug-xros/Alamofire.build/DerivedSources-normal/arm64 -Xcc -I/Users/admin/builder/spi-builder-workspace/.derivedData/Build/Intermediates.noindex/Alamofire.build/Debug-xros/Alamofire.build/DerivedSources/arm64 -Xcc -I/Users/admin/builder/spi-builder-workspace/.derivedData/Build/Intermediates.noindex/Alamofire.build/Debug-xros/Alamofire.build/DerivedSources -Xcc -DSWIFT_PACKAGE -Xcc -DDEBUG\=1 -emit-objc-header -emit-objc-header-path /Users/admin/builder/spi-builder-workspace/.derivedData/Build/Intermediates.noindex/Alamofire.build/Debug-xros/Alamofire.build/Objects-normal/arm64/Alamofire-Swift.h -working-directory /Users/admin/builder/spi-builder-workspace/.swiftpm/xcode -experimental-emit-module-separately -disable-cmo
SwiftDriverJobDiscovery normal arm64 Compiling PHResponse.swift, PHViewControllerDelegate.swift, PayHereSDK.swift, PayHereSDKDelegate.swift, PHConfigs.swift (in target 'PayHereSDK' from project 'PayHereSDK')
Ld /Users/admin/builder/spi-builder-workspace/.derivedData/Build/Products/Debug-xros/Alamofire.o normal (in target 'Alamofire' from project 'Alamofire')
cd /Users/admin/builder/spi-builder-workspace/.dependencies/checkouts/Alamofire
/Applications/Xcode-16.3.0.app/Contents/Developer/Toolchains/XcodeDefault.xctoolchain/usr/bin/clang -Xlinker -reproducible -target arm64-apple-xros1.0 -r -isysroot /Applications/Xcode-16.3.0.app/Contents/Developer/Platforms/XROS.platform/Developer/SDKs/XROS2.4.sdk -O0 -w -L/Users/admin/builder/spi-builder-workspace/.derivedData/Build/Intermediates.noindex/EagerLinkingTBDs/Debug-xros -L/Users/admin/builder/spi-builder-workspace/.derivedData/Build/Products/Debug-xros -L/Applications/Xcode-16.3.0.app/Contents/Developer/Platforms/XROS.platform/Developer/usr/lib -F/Users/admin/builder/spi-builder-workspace/.derivedData/Build/Intermediates.noindex/EagerLinkingTBDs/Debug-xros -F/Users/admin/builder/spi-builder-workspace/.derivedData/Build/Products/Debug-xros -iframework /Applications/Xcode-16.3.0.app/Contents/Developer/Platforms/XROS.platform/Developer/Library/Frameworks -iframework /Applications/Xcode-16.3.0.app/Contents/Developer/Platforms/XROS.platform/Developer/SDKs/XROS2.4.sdk/Developer/Library/Frameworks -filelist /Users/admin/builder/spi-builder-workspace/.derivedData/Build/Intermediates.noindex/Alamofire.build/Debug-xros/Alamofire.build/Objects-normal/arm64/Alamofire.LinkFileList -nostdlib -Xlinker -object_path_lto -Xlinker /Users/admin/builder/spi-builder-workspace/.derivedData/Build/Intermediates.noindex/Alamofire.build/Debug-xros/Alamofire.build/Objects-normal/arm64/Alamofire_lto.o -rdynamic -Xlinker -no_deduplicate -Xlinker -debug_variant -Xlinker -dependency_info -Xlinker /Users/admin/builder/spi-builder-workspace/.derivedData/Build/Intermediates.noindex/Alamofire.build/Debug-xros/Alamofire.build/Objects-normal/arm64/Alamofire_dependency_info.dat -fobjc-link-runtime -L/Applications/Xcode-16.3.0.app/Contents/Developer/Toolchains/XcodeDefault.xctoolchain/usr/lib/swift/xros -L/usr/lib/swift -Xlinker -add_ast_path -Xlinker /Users/admin/builder/spi-builder-workspace/.derivedData/Build/Intermediates.noindex/Alamofire.build/Debug-xros/Alamofire.build/Objects-normal/arm64/Alamofire.swiftmodule -o /Users/admin/builder/spi-builder-workspace/.derivedData/Build/Products/Debug-xros/Alamofire.o
SwiftDriverJobDiscovery normal arm64 Compiling HeaderCollectionReusableView.swift, PHBottomSheetTableViewSectioHeader.swift, WVCheckMark.swift, Extention.swift (in target 'PayHereSDK' from project 'PayHereSDK')
ExtractAppIntentsMetadata (in target 'Alamofire' from project 'Alamofire')
cd /Users/admin/builder/spi-builder-workspace/.dependencies/checkouts/Alamofire
/Applications/Xcode-16.3.0.app/Contents/Developer/Toolchains/XcodeDefault.xctoolchain/usr/bin/appintentsmetadataprocessor --toolchain-dir /Applications/Xcode-16.3.0.app/Contents/Developer/Toolchains/XcodeDefault.xctoolchain --module-name Alamofire --sdk-root /Applications/Xcode-16.3.0.app/Contents/Developer/Platforms/XROS.platform/Developer/SDKs/XROS2.4.sdk --xcode-version 16E140 --platform-family xrOS --deployment-target 1.0 --bundle-identifier alamofire.Alamofire --output /Users/admin/builder/spi-builder-workspace/.derivedData/Build/Products/Debug-xros/Alamofire.appintents --target-triple arm64-apple-xros1.0 --binary-file /Users/admin/builder/spi-builder-workspace/.derivedData/Build/Products/Debug-xros/Alamofire.o --dependency-file /Users/admin/builder/spi-builder-workspace/.derivedData/Build/Intermediates.noindex/Alamofire.build/Debug-xros/Alamofire.build/Objects-normal/arm64/Alamofire_dependency_info.dat --stringsdata-file /Users/admin/builder/spi-builder-workspace/.derivedData/Build/Intermediates.noindex/Alamofire.build/Debug-xros/Alamofire.build/Objects-normal/arm64/ExtractedAppShortcutsMetadata.stringsdata --source-file-list /Users/admin/builder/spi-builder-workspace/.derivedData/Build/Intermediates.noindex/Alamofire.build/Debug-xros/Alamofire.build/Objects-normal/arm64/Alamofire.SwiftFileList --metadata-file-list /Users/admin/builder/spi-builder-workspace/.derivedData/Build/Intermediates.noindex/Alamofire.build/Debug-xros/Alamofire.build/Alamofire.DependencyMetadataFileList --static-metadata-file-list /Users/admin/builder/spi-builder-workspace/.derivedData/Build/Intermediates.noindex/Alamofire.build/Debug-xros/Alamofire.build/Alamofire.DependencyStaticMetadataFileList --swift-const-vals-list /Users/admin/builder/spi-builder-workspace/.derivedData/Build/Intermediates.noindex/Alamofire.build/Debug-xros/Alamofire.build/Objects-normal/arm64/Alamofire.SwiftConstValuesFileList --force --compile-time-extraction --deployment-aware-processing --validate-assistant-intents --no-app-shortcuts-localization
2026-09-29 15:59:29.322 appintentsmetadataprocessor[1273:7001] Starting appintentsmetadataprocessor export
2026-09-29 15:59:29.364 appintentsmetadataprocessor[1273:7001] Extracted no relevant App Intents symbols, skipping writing output
SwiftDriverJobDiscovery normal arm64 Compiling PHWebContentMeasurement.swift, PHWebLayoutMessageHandler.swift, PHWebViewScripts.swift, PHColorProfile.swift (in target 'PayHereSDK' from project 'PayHereSDK')
SwiftDriverJobDiscovery normal arm64 Compiling PHPaymentErrorMapper.swift, PHPaymentLifecycle.swift, PHPaymentPresenter.swift, ParamHandler.swift, Address.swift (in target 'PayHereSDK' from project 'PayHereSDK')
RegisterExecutionPolicyException /Users/admin/builder/spi-builder-workspace/.derivedData/Build/Products/Debug-xros/Alamofire.o (in target 'Alamofire' from project 'Alamofire')
cd /Users/admin/builder/spi-builder-workspace/.dependencies/checkouts/Alamofire
builtin-RegisterExecutionPolicyException /Users/admin/builder/spi-builder-workspace/.derivedData/Build/Products/Debug-xros/Alamofire.o
SwiftDriverJobDiscovery normal arm64 Compiling SubmitRequest.swift, PayOptionCollectionViewCell.swift, PayWithHelaPayTableViewCell.swift, PaymentOptionTableViewCell.swift (in target 'PayHereSDK' from project 'PayHereSDK')
SwiftDriverJobDiscovery normal arm64 Emitting module for PayHereSDK (in target 'PayHereSDK' from project 'PayHereSDK')
SwiftDriver\ Compilation\ Requirements PayHereSDK normal arm64 com.apple.xcode.tools.swift.compiler (in target 'PayHereSDK' from project 'PayHereSDK')
cd /Users/admin/builder/spi-builder-workspace/.swiftpm/xcode
builtin-Swift-Compilation-Requirements -- /Applications/Xcode-16.3.0.app/Contents/Developer/Toolchains/XcodeDefault.xctoolchain/usr/bin/swiftc -module-name PayHereSDK -Onone -enforce-exclusivity\=checked @/Users/admin/builder/spi-builder-workspace/.derivedData/Build/Intermediates.noindex/PayHereSDK.build/Debug-xros/PayHereSDK.build/Objects-normal/arm64/PayHereSDK.SwiftFileList -DSWIFT_PACKAGE -DDEBUG -Xcc -fmodule-map-file\=/Users/admin/builder/spi-builder-workspace/.derivedData/Build/Intermediates.noindex/GeneratedModuleMaps-xros/SDWebImage.modulemap -DXcode -plugin-path /Applications/Xcode-16.3.0.app/Contents/Developer/Toolchains/XcodeDefault.xctoolchain/usr/lib/swift/host/plugins/testing -enable-experimental-feature DebugDescriptionMacro -sdk /Applications/Xcode-16.3.0.app/Contents/Developer/Platforms/XROS.platform/Developer/SDKs/XROS2.4.sdk -target arm64-apple-xros1.0 -g -module-cache-path /Users/admin/builder/spi-builder-workspace/.derivedData/ModuleCache.noindex -Xfrontend -serialize-debugging-options -profile-coverage-mapping -profile-generate -enable-testing -index-store-path /Users/admin/builder/spi-builder-workspace/.derivedData/Index.noindex/DataStore -swift-version 5 -I /Users/admin/builder/spi-builder-workspace/.derivedData/Build/Products/Debug-xros -I /Applications/Xcode-16.3.0.app/Contents/Developer/Platforms/XROS.platform/Developer/usr/lib -F /Users/admin/builder/spi-builder-workspace/.derivedData/Build/Products/Debug-xros/PackageFrameworks -F /Users/admin/builder/spi-builder-workspace/.derivedData/Build/Products/Debug-xros/PackageFrameworks -F /Users/admin/builder/spi-builder-workspace/.derivedData/Build/Products/Debug-xros/PackageFrameworks -F /Users/admin/builder/spi-builder-workspace/.derivedData/Build/Products/Debug-xros -F /Applications/Xcode-16.3.0.app/Contents/Developer/Platforms/XROS.platform/Developer/Library/Frameworks -F /Applications/Xcode-16.3.0.app/Contents/Developer/Platforms/XROS.platform/Developer/SDKs/XROS2.4.sdk/Developer/Library/Frameworks -c -j10 -enable-batch-mode -incremental -Xcc -ivfsstatcache -Xcc /Users/admin/builder/spi-builder-workspace/.derivedData/SDKStatCaches.noindex/xros2.4-22O233-407b76dbb837030756cbe1ab3f0b01b6.sdkstatcache -output-file-map /Users/admin/builder/spi-builder-workspace/.derivedData/Build/Intermediates.noindex/PayHereSDK.build/Debug-xros/PayHereSDK.build/Objects-normal/arm64/PayHereSDK-OutputFileMap.json -use-frontend-parseable-output -save-temps -no-color-diagnostics -serialize-diagnostics -emit-dependencies -emit-module -emit-module-path /Users/admin/builder/spi-builder-workspace/.derivedData/Build/Intermediates.noindex/PayHereSDK.build/Debug-xros/PayHereSDK.build/Objects-normal/arm64/PayHereSDK.swiftmodule -validate-clang-modules-once -clang-build-session-file /Users/admin/builder/spi-builder-workspace/.derivedData/ModuleCache.noindex/Session.modulevalidation -Xcc -I/Users/admin/builder/spi-builder-workspace/.derivedData/Build/Intermediates.noindex/PayHereSDK.build/Debug-xros/PayHereSDK.build/swift-overrides.hmap -emit-const-values -Xfrontend -const-gather-protocols-file -Xfrontend /Users/admin/builder/spi-builder-workspace/.derivedData/Build/Intermediates.noindex/PayHereSDK.build/Debug-xros/PayHereSDK.build/Objects-normal/arm64/PayHereSDK_const_extract_protocols.json -Xcc -I/Users/admin/builder/spi-builder-workspace/.dependencies/checkouts/SDWebImage/SDWebImage/include -Xcc -I/Users/admin/builder/spi-builder-workspace/.derivedData/Build/Products/Debug-xros/include -Xcc -I/Users/admin/builder/spi-builder-workspace/.derivedData/Build/Intermediates.noindex/PayHereSDK.build/Debug-xros/PayHereSDK.build/DerivedSources-normal/arm64 -Xcc -I/Users/admin/builder/spi-builder-workspace/.derivedData/Build/Intermediates.noindex/PayHereSDK.build/Debug-xros/PayHereSDK.build/DerivedSources/arm64 -Xcc -I/Users/admin/builder/spi-builder-workspace/.derivedData/Build/Intermediates.noindex/PayHereSDK.build/Debug-xros/PayHereSDK.build/DerivedSources -Xcc -DSWIFT_PACKAGE -Xcc -DDEBUG\=1 -emit-objc-header -emit-objc-header-path /Users/admin/builder/spi-builder-workspace/.derivedData/Build/Intermediates.noindex/PayHereSDK.build/Debug-xros/PayHereSDK.build/Objects-normal/arm64/PayHereSDK-Swift.h -working-directory /Users/admin/builder/spi-builder-workspace/.swiftpm/xcode -experimental-emit-module-separately -disable-cmo
SwiftMergeGeneratedHeaders /Users/admin/builder/spi-builder-workspace/.derivedData/Build/Intermediates.noindex/GeneratedModuleMaps-xros/PayHereSDK-Swift.h /Users/admin/builder/spi-builder-workspace/.derivedData/Build/Intermediates.noindex/PayHereSDK.build/Debug-xros/PayHereSDK.build/Objects-normal/arm64/PayHereSDK-Swift.h (in target 'PayHereSDK' from project 'PayHereSDK')
cd /Users/admin/builder/spi-builder-workspace
builtin-swiftHeaderTool -arch arm64 /Users/admin/builder/spi-builder-workspace/.derivedData/Build/Intermediates.noindex/PayHereSDK.build/Debug-xros/PayHereSDK.build/Objects-normal/arm64/PayHereSDK-Swift.h -o /Users/admin/builder/spi-builder-workspace/.derivedData/Build/Intermediates.noindex/GeneratedModuleMaps-xros/PayHereSDK-Swift.h
Copy /Users/admin/builder/spi-builder-workspace/.derivedData/Build/Products/Debug-xros/PayHereSDK.swiftmodule/arm64-apple-xros.swiftmodule /Users/admin/builder/spi-builder-workspace/.derivedData/Build/Intermediates.noindex/PayHereSDK.build/Debug-xros/PayHereSDK.build/Objects-normal/arm64/PayHereSDK.swiftmodule (in target 'PayHereSDK' from project 'PayHereSDK')
cd /Users/admin/builder/spi-builder-workspace
builtin-copy -exclude .DS_Store -exclude CVS -exclude .svn -exclude .git -exclude .hg -resolve-src-symlinks -rename /Users/admin/builder/spi-builder-workspace/.derivedData/Build/Intermediates.noindex/PayHereSDK.build/Debug-xros/PayHereSDK.build/Objects-normal/arm64/PayHereSDK.swiftmodule /Users/admin/builder/spi-builder-workspace/.derivedData/Build/Products/Debug-xros/PayHereSDK.swiftmodule/arm64-apple-xros.swiftmodule
Copy /Users/admin/builder/spi-builder-workspace/.derivedData/Build/Products/Debug-xros/PayHereSDK.swiftmodule/Project/arm64-apple-xros.swiftsourceinfo /Users/admin/builder/spi-builder-workspace/.derivedData/Build/Intermediates.noindex/PayHereSDK.build/Debug-xros/PayHereSDK.build/Objects-normal/arm64/PayHereSDK.swiftsourceinfo (in target 'PayHereSDK' from project 'PayHereSDK')
cd /Users/admin/builder/spi-builder-workspace
builtin-copy -exclude .DS_Store -exclude CVS -exclude .svn -exclude .git -exclude .hg -resolve-src-symlinks -rename /Users/admin/builder/spi-builder-workspace/.derivedData/Build/Intermediates.noindex/PayHereSDK.build/Debug-xros/PayHereSDK.build/Objects-normal/arm64/PayHereSDK.swiftsourceinfo /Users/admin/builder/spi-builder-workspace/.derivedData/Build/Products/Debug-xros/PayHereSDK.swiftmodule/Project/arm64-apple-xros.swiftsourceinfo
Copy /Users/admin/builder/spi-builder-workspace/.derivedData/Build/Products/Debug-xros/PayHereSDK.swiftmodule/arm64-apple-xros.abi.json /Users/admin/builder/spi-builder-workspace/.derivedData/Build/Intermediates.noindex/PayHereSDK.build/Debug-xros/PayHereSDK.build/Objects-normal/arm64/PayHereSDK.abi.json (in target 'PayHereSDK' from project 'PayHereSDK')
cd /Users/admin/builder/spi-builder-workspace
builtin-copy -exclude .DS_Store -exclude CVS -exclude .svn -exclude .git -exclude .hg -resolve-src-symlinks -rename /Users/admin/builder/spi-builder-workspace/.derivedData/Build/Intermediates.noindex/PayHereSDK.build/Debug-xros/PayHereSDK.build/Objects-normal/arm64/PayHereSDK.abi.json /Users/admin/builder/spi-builder-workspace/.derivedData/Build/Products/Debug-xros/PayHereSDK.swiftmodule/arm64-apple-xros.abi.json
SwiftDriverJobDiscovery normal arm64 Compiling Customer.swift, InitRequest.swift, Item.swift, PHEnums.swift, PHInitRequest.swift (in target 'PayHereSDK' from project 'PayHereSDK')
SwiftDriverJobDiscovery normal arm64 Compiling PHInitResponse.swift, PHInitialRequest.swift, PayHereInitnSubmitResponse.swift, PaymentUI.swift, StatusResponse.swift (in target 'PayHereSDK' from project 'PayHereSDK')
** BUILD FAILED **
The following build commands failed:
SwiftCompile normal arm64 /Users/admin/builder/spi-builder-workspace/PayHereSDK/Sources/UI/Controllers/PHBottomViewController.swift (in target 'PayHereSDK' from project 'PayHereSDK')
SwiftCompile normal arm64 Compiling\ PHBottomViewController.swift,\ PHCheckoutStep.swift,\ PHPaymentOption.swift,\ PHSheetHeightPolicy.swift /Users/admin/builder/spi-builder-workspace/PayHereSDK/Sources/UI/Controllers/PHBottomViewController.swift /Users/admin/builder/spi-builder-workspace/PayHereSDK/Sources/UI/PHCheckoutStep.swift /Users/admin/builder/spi-builder-workspace/PayHereSDK/Sources/UI/PHPaymentOption.swift /Users/admin/builder/spi-builder-workspace/PayHereSDK/Sources/UI/PHSheetHeightPolicy.swift (in target 'PayHereSDK' from project 'PayHereSDK')
Building workspace spi-builder-workspace with scheme PayHereSDK
(3 failures)
BUILD FAILURE 6.1 visionOS