The Swift Package Index logo.Swift Package Index

Build Information

Failed to build swift-lichess, reference v1.0.0 (209789), with Swift 6.3 for Linux on 13 Oct 2026 03:52:23 UTC.

Build Command

bash -c docker run --pull=always --rm -v "checkouts-54344845-1":/host -w "$PWD" -e JAVA_HOME="/root/.sdkman/candidates/java/current" -e SPI_BUILD="1" -e SPI_PROCESSING="1" registry.gitlab.com/saguaro1/spi-images:basic-6.3-latest swift build --triple x86_64-unknown-linux-gnu 2>&1

Build Log

========================================
RunAll
========================================
Builder version: 5.1.1
Interrupt handler set up.
========================================
Checkout
========================================
Clone URL: https://github.com/navanchauhan/swift-lichess.git
Reference: v1.0.0
Initialized empty Git repository in /host/spi-builder-workspace/.git/
hint: Using 'master' as the name for the initial branch. This default branch name
hint: is subject to change. To configure the initial branch name to use in all
hint: of your new repositories, which will suppress this warning, call:
hint:
hint: 	git config --global init.defaultBranch <name>
hint:
hint: Names commonly chosen instead of 'master' are 'main', 'trunk' and
hint: 'development'. The just-created branch can be renamed via this command:
hint:
hint: 	git branch -m <name>
From https://github.com/navanchauhan/swift-lichess
 * tag               v1.0.0     -> FETCH_HEAD
HEAD is now at 2097899 build: add SPI configuration for LichessClient
Cloned https://github.com/navanchauhan/swift-lichess.git
Revision (git rev-parse @):
2097899dae503df62eac54dbdc97421562b67e35
SPI manifest file found: $PWD/.spi.yml
SUCCESS checkout https://github.com/navanchauhan/swift-lichess.git at v1.0.0
========================================
Build
========================================
Selected platform:         linux
Swift version:             6.3
Building package at path:  $PWD
https://github.com/navanchauhan/swift-lichess.git
Running build ...
bash -c docker run --pull=always --rm -v "checkouts-54344845-1":/host -w "$PWD" -e JAVA_HOME="/root/.sdkman/candidates/java/current" -e SPI_BUILD="1" -e SPI_PROCESSING="1" registry.gitlab.com/saguaro1/spi-images:basic-6.3-latest swift build --triple x86_64-unknown-linux-gnu 2>&1
basic-6.3-latest: Pulling from saguaro1/spi-images
Digest: sha256:3ca70b9b8664d81efdd98fa96053b1e7cad14580e7715018d5ab4380e807ba72
Status: Image is up to date for registry.gitlab.com/saguaro1/spi-images:basic-6.3-latest
Fetching https://github.com/apple/swift-docc-plugin
Fetching https://github.com/apple/swift-openapi-urlsession
Fetching https://github.com/apple/swift-openapi-runtime
Fetching https://github.com/apple/swift-openapi-generator
[1/1200] Fetching swift-openapi-urlsession
[1201/8397] Fetching swift-openapi-urlsession, swift-openapi-runtime
[1202/10742] Fetching swift-openapi-urlsession, swift-openapi-runtime, swift-docc-plugin
[10743/29500] Fetching swift-openapi-urlsession, swift-openapi-runtime, swift-docc-plugin, swift-openapi-generator
Fetched https://github.com/apple/swift-openapi-urlsession from cache (0.61s)
Fetched https://github.com/apple/swift-docc-plugin from cache (0.61s)
[7385/25955] Fetching swift-openapi-runtime, swift-openapi-generator
Fetched https://github.com/apple/swift-openapi-runtime from cache (1.01s)
Fetched https://github.com/apple/swift-openapi-generator from cache (1.01s)
Computing version for https://github.com/apple/swift-openapi-urlsession
Computed https://github.com/apple/swift-openapi-urlsession at 1.3.2 (1.97s)
Fetching https://github.com/apple/swift-collections
Fetching https://github.com/apple/swift-http-types
[1/1939] Fetching swift-http-types
Fetched https://github.com/apple/swift-http-types from cache (0.48s)
[1/28744] Fetching swift-collections
Fetched https://github.com/apple/swift-collections from cache (1.37s)
Computing version for https://github.com/apple/swift-openapi-runtime
Computed https://github.com/apple/swift-openapi-runtime at 1.13.0 (1.53s)
Computing version for https://github.com/apple/swift-http-types
Computed https://github.com/apple/swift-http-types at 1.8.0 (0.16s)
Computing version for https://github.com/apple/swift-docc-plugin
Computed https://github.com/apple/swift-docc-plugin at 1.5.0 (0.88s)
Fetching https://github.com/swiftlang/swift-docc-symbolkit
[1/3837] Fetching swift-docc-symbolkit
Fetched https://github.com/swiftlang/swift-docc-symbolkit from cache (1.07s)
Computing version for https://github.com/swiftlang/swift-docc-symbolkit
Computed https://github.com/swiftlang/swift-docc-symbolkit at 1.0.0 (1.28s)
Computing version for https://github.com/apple/swift-collections
Computed https://github.com/apple/swift-collections at 1.7.3 (0.25s)
Computing version for https://github.com/apple/swift-openapi-generator
Computed https://github.com/apple/swift-openapi-generator at 1.14.0 (0.21s)
Fetching https://github.com/mattpolzin/OpenAPIKit
Fetching https://github.com/apple/swift-argument-parser
Fetching https://github.com/apple/swift-algorithms
Fetching https://github.com/jpsim/Yams
[1/6159] Fetching swift-algorithms
[248/18041] Fetching swift-algorithms, yams
[11864/37153] Fetching swift-algorithms, yams, swift-argument-parser
[37154/223588] Fetching swift-algorithms, yams, swift-argument-parser, openapikit
Fetched https://github.com/apple/swift-algorithms from cache (5.98s)
Fetched https://github.com/apple/swift-argument-parser from cache (5.99s)
Fetched https://github.com/jpsim/Yams from cache (6.00s)
Fetched https://github.com/mattpolzin/OpenAPIKit from cache (6.05s)
Computing version for https://github.com/apple/swift-algorithms
Computed https://github.com/apple/swift-algorithms at 1.2.1 (6.23s)
Fetching https://github.com/apple/swift-numerics.git
[1/6743] Fetching swift-numerics
Fetched https://github.com/apple/swift-numerics.git from cache (0.54s)
Computing version for https://github.com/mattpolzin/OpenAPIKit
Computed https://github.com/mattpolzin/OpenAPIKit at 6.4.0 (0.69s)
Computing version for https://github.com/apple/swift-numerics.git
Computed https://github.com/apple/swift-numerics.git at 1.1.1 (0.14s)
Computing version for https://github.com/apple/swift-argument-parser
Computed https://github.com/apple/swift-argument-parser at 1.8.2 (0.15s)
Computing version for https://github.com/jpsim/Yams
Computed https://github.com/jpsim/Yams at 6.2.2 (0.14s)
Creating working copy for https://github.com/apple/swift-docc-plugin
Working copy of https://github.com/apple/swift-docc-plugin resolved at 1.5.0
Creating working copy for https://github.com/apple/swift-http-types
Working copy of https://github.com/apple/swift-http-types resolved at 1.8.0
Creating working copy for https://github.com/apple/swift-collections
Working copy of https://github.com/apple/swift-collections resolved at 1.7.3
Creating working copy for https://github.com/apple/swift-algorithms
Working copy of https://github.com/apple/swift-algorithms resolved at 1.2.1
Creating working copy for https://github.com/swiftlang/swift-docc-symbolkit
Working copy of https://github.com/swiftlang/swift-docc-symbolkit resolved at 1.0.0
Creating working copy for https://github.com/mattpolzin/OpenAPIKit
Working copy of https://github.com/mattpolzin/OpenAPIKit resolved at 6.4.0
Creating working copy for https://github.com/apple/swift-numerics.git
Working copy of https://github.com/apple/swift-numerics.git resolved at 1.1.1
Creating working copy for https://github.com/apple/swift-openapi-generator
Working copy of https://github.com/apple/swift-openapi-generator resolved at 1.14.0
Creating working copy for https://github.com/apple/swift-argument-parser
Working copy of https://github.com/apple/swift-argument-parser resolved at 1.8.2
Creating working copy for https://github.com/apple/swift-openapi-runtime
Working copy of https://github.com/apple/swift-openapi-runtime resolved at 1.13.0
Creating working copy for https://github.com/apple/swift-openapi-urlsession
Working copy of https://github.com/apple/swift-openapi-urlsession resolved at 1.3.2
Creating working copy for https://github.com/jpsim/Yams
Working copy of https://github.com/jpsim/Yams resolved at 6.2.2
warning: 'spi-builder-workspace': found 2 file(s) which are unhandled; explicitly declare them as resources or exclude from the target
    /host/spi-builder-workspace/Sources/LichessClient/openapi-generator-config.yaml
    /host/spi-builder-workspace/Sources/LichessClient/openapi.json
[1/1] Compiling plugin Swift-DocC Preview
[2/2] Compiling plugin Swift-DocC
[3/3] Compiling plugin OpenAPIGeneratorCommand
[4/4] Compiling plugin OpenAPIGenerator
[5/5] Compiling plugin GenerateManual
[6/6] Compiling plugin GenerateDoccReference
Building for debugging...
[6/125] Write sources
[39/125] Write swift-version-24593BA9C3E375BF.txt
[41/163] Emitting module InternalCollectionsUtilities
[42/166] Compiling InternalCollectionsUtilities MutableSpan+Extras.swift
[43/166] Compiling InternalCollectionsUtilities OutputSpan+Extras.swift
[44/166] Compiling InternalCollectionsUtilities RandomAccessCollection+Offsets.swift
[45/166] Compiling InternalCollectionsUtilities Span+Extras.swift
[46/166] Compiling InternalCollectionsUtilities _UnsafeBitSet+_Word.swift
[47/166] Compiling InternalCollectionsUtilities _UnsafeBitSet.swift
[48/166] Compiling InternalCollectionsUtilities UnsafeBufferPointer+Extras.swift
[49/166] Compiling InternalCollectionsUtilities UnsafeMutableBufferPointer+Extras.swift
[50/166] Compiling InternalCollectionsUtilities Iterable+CopyContents.swift
[51/166] Compiling InternalCollectionsUtilities Iterable+Equality.swift
[52/166] Compiling InternalCollectionsUtilities LifetimeOverride.swift
[53/166] Compiling InternalCollectionsUtilities MutableRef.swift
[54/166] Compiling InternalCollectionsUtilities UnsafeRawBufferPointer+Extras.swift
[55/166] Compiling InternalCollectionsUtilities _SortedCollection.swift
[56/166] Compiling InternalCollectionsUtilities _UniqueCollection.swift
[57/166] Compiling InternalCollectionsUtilities FixedWidthInteger+roundUpToPowerOfTwo.swift
[58/166] Compiling InternalCollectionsUtilities Integer rank.swift
[59/166] Compiling InternalCollectionsUtilities UInt+first and last set bit.swift
[60/166] Compiling InternalCollectionsUtilities UInt+reversed.swift
[61/166] Compiling InternalCollectionsUtilities UnsafeMutablePointer+Extras.swift
[62/166] Compiling InternalCollectionsUtilities UnsafeMutableRawBufferPointer+Extras.swift
[63/166] Compiling InternalCollectionsUtilities UnsafePointer+Extras.swift
[64/166] Compiling InternalCollectionsUtilities Strideable+LimitHelpers.swift
[65/166] Compiling InternalCollectionsUtilities String+Padding.swift
[66/166] Compiling InternalCollectionsUtilities TemporaryAllocation.swift
[67/166] Compiling InternalCollectionsUtilities _UnsafeBitSet+Index.swift
[68/166] Compiling InternalCollectionsUtilities BorrowingIteratorProtocol+Equality.swift
[69/166] Compiling InternalCollectionsUtilities BorrowingIteratorProtocol+Extras.swift
[70/166] Compiling InternalCollectionsUtilities Debugging.swift
[71/166] Compiling InternalCollectionsUtilities Descriptions.swift
[74/167] Emitting module HTTPTypes
[75/167] Compiling HTTPTypes HTTPFieldValue.swift
[76/172] Wrapping AST for InternalCollectionsUtilities for debugging
[78/172] Compiling SpanPreview OutputSpan+InputSpanHelpers.swift
[79/172] Compiling SpanPreview InputSpan.swift
[80/172] Compiling SpanPreview MutableSpan+InputSpanHelpers.swift
[81/172] Emitting module SpanPreview
[83/173] Compiling HTTPTypes HTTPRequest.swift
[83/174] Wrapping AST for SpanPreview for debugging
[85/215] Compiling HTTPTypes HTTPResponse.swift
[86/215] Compiling DequeModule UniqueDeque+Consumption.swift
[87/215] Compiling DequeModule UniqueDeque+ContainerOperations.swift
[88/215] Compiling DequeModule UniqueDeque+Deprecations.swift
[89/215] Compiling DequeModule UniqueDeque+Descriptions.swift
[90/215] Compiling DequeModule UniqueDeque+Equatable.swift
[91/215] Compiling DequeModule UniqueDeque+Hashable.swift
[92/215] Compiling DequeModule _DequeBuffer.swift
[93/215] Compiling DequeModule _DequeBufferHeader.swift
[94/215] Compiling DequeModule RigidDeque+Append.swift
[95/215] Compiling DequeModule RigidDeque+Consumption.swift
[96/215] Compiling DequeModule RigidDeque+ContainerOperations.swift
[97/215] Compiling DequeModule RigidDeque+Deprecations.swift
[98/220] Compiling DequeModule RigidDeque+Descriptions.swift
[99/220] Compiling DequeModule RigidDeque+Equatable.swift
[100/220] Compiling DequeModule RigidDeque+Hashable.swift
[101/220] Compiling DequeModule RigidDeque+Initializers.swift
[102/220] Compiling DequeModule RigidDeque+Insertions.swift
[103/220] Compiling DequeModule RigidDeque+Iterable.swift
[104/220] Compiling DequeModule RigidDeque+Prepend.swift
[105/220] Compiling DequeModule RigidDeque+Removals.swift
[106/220] Compiling DequeModule RigidDeque+Replacements.swift
[107/220] Compiling DequeModule RigidDeque+Testing.swift
[108/220] Compiling DequeModule RigidDeque.swift
[109/220] Compiling DequeModule UniqueDeque+Append.swift
[110/220] Compiling DequeModule Deque+Codable.swift
[111/220] Compiling DequeModule Deque+Collection.swift
[112/220] Compiling DequeModule Deque+CustomReflectable.swift
[113/220] Compiling DequeModule Deque+Descriptions.swift
[114/220] Compiling DequeModule Deque+Equatable.swift
[115/220] Compiling DequeModule Deque+ExpressibleByArrayLiteral.swift
[116/220] Compiling HTTPTypes HTTPFields.swift
[119/220] Compiling HTTPTypes HTTPRequest+URL.swift
[120/220] Compiling HTTPTypes HTTPParsedFields.swift
[121/221] Wrapping AST for HTTPTypes for debugging
[123/285] Compiling OpenAPIRuntime Converter+Common.swift
[124/285] Compiling OpenAPIRuntime Converter+Server.swift
[125/285] Compiling OpenAPIRuntime Converter.swift
[126/285] Compiling OpenAPIRuntime CurrencyExtensions.swift
[127/285] Compiling OpenAPIRuntime OpenAPIMIMEType+Multipart.swift
[128/285] Compiling OpenAPIRuntime URICodeCodingKey.swift
[129/285] Compiling OpenAPIRuntime UndocumentedPayload.swift
[130/285] Compiling OpenAPIRuntime WarningSuppressingAnnotations.swift
[131/285] Compiling OpenAPIRuntime CodableExtensions.swift
[132/285] Compiling OpenAPIRuntime Configuration.swift
[133/285] Compiling OpenAPIRuntime Converter+Client.swift
[134/285] Emitting module DequeModule
[135/285] Compiling OpenAPIRuntime ServerSentEvents.swift
[136/285] Compiling OpenAPIRuntime ServerSentEventsDecoding.swift
[137/285] Compiling OpenAPIRuntime ServerSentEventsEncoding.swift
[138/285] Compiling OpenAPIRuntime AsyncSequenceCommon.swift
[139/285] Compiling OpenAPIRuntime ClientTransport.swift
[141/286] Compiling OpenAPIRuntime ErrorExtensions.swift
[142/286] Compiling OpenAPIRuntime FoundationExtensions.swift
[143/286] Compiling OpenAPIRuntime ParameterStyles.swift
[144/286] Compiling OpenAPIRuntime ServerVariable.swift
[145/286] Compiling OpenAPIRuntime URLExtensions.swift
[146/286] Compiling OpenAPIRuntime Deprecated.swift
[147/286] Compiling OpenAPIRuntime ClientError.swift
[148/286] Compiling OpenAPIRuntime CodingErrors.swift
[149/286] Compiling OpenAPIRuntime RuntimeError.swift
[150/286] Emitting module OpenAPIRuntime
[152/286] Compiling OpenAPIRuntime CurrencyTypes.swift
[153/286] Compiling OpenAPIRuntime ErrorHandlingMiddleware.swift
[154/286] Compiling OpenAPIRuntime HTTPBody.swift
[155/286] Compiling OpenAPIRuntime QuerySpaceNormalizingMiddleware.swift
[156/286] Compiling OpenAPIRuntime SendableMetatype.swift
[157/286] Compiling OpenAPIRuntime ServerTransport.swift
[158/286] Compiling OpenAPIRuntime UniversalClient.swift
[159/286] Compiling OpenAPIRuntime UniversalServer.swift
[159/294] Wrapping AST for DequeModule for debugging
[163/294] Compiling OpenAPIRuntime URICoderConfiguration.swift
[164/294] Compiling OpenAPIRuntime URIEncodedNode.swift
[165/294] Compiling OpenAPIRuntime URIParsedTypes.swift
[166/294] Compiling OpenAPIRuntime URIDecoder.swift
[167/294] Compiling OpenAPIRuntime URIValueFromNodeDecoder+Keyed.swift
[168/294] Compiling OpenAPIRuntime URIValueFromNodeDecoder+Single.swift
[169/294] Compiling OpenAPIRuntime URIValueFromNodeDecoder+Unkeyed.swift
[179/294] Compiling OpenAPIRuntime Acceptable.swift
[180/294] Compiling OpenAPIRuntime Base64EncodedData.swift
[181/294] Compiling OpenAPIRuntime ByteUtilities.swift
[182/294] Compiling OpenAPIRuntime ContentDisposition.swift
[183/294] Compiling OpenAPIRuntime CopyOnWriteBox.swift
[184/294] Compiling OpenAPIRuntime Lock.swift
[185/294] Compiling OpenAPIRuntime OpenAPIMIMEType.swift
[186/294] Compiling OpenAPIRuntime OpenAPIValue.swift
[187/294] Compiling OpenAPIRuntime PrettyStringConvertible.swift
[188/294] Compiling OpenAPIRuntime ServerError.swift
[189/294] Compiling OpenAPIRuntime JSONLinesDecoding.swift
[190/294] Compiling OpenAPIRuntime JSONLinesEncoding.swift
[191/294] Compiling OpenAPIRuntime JSONSequenceDecoding.swift
[192/294] Compiling OpenAPIRuntime JSONSequenceEncoding.swift
[197/294] Compiling OpenAPIRuntime MultipartBoundaryGenerator.swift
[198/294] Compiling OpenAPIRuntime MultipartBytesToFramesSequence.swift
[199/294] Compiling OpenAPIRuntime MultipartFramesToBytesSequence.swift
[200/294] Compiling OpenAPIRuntime MultipartFramesToRawPartsSequence.swift
[201/294] Compiling OpenAPIRuntime MultipartInternalTypes.swift
[202/294] Compiling OpenAPIRuntime MultipartPublicTypes.swift
[203/294] Compiling OpenAPIRuntime MultipartPublicTypesExtensions.swift
[204/294] Compiling OpenAPIRuntime MultipartRawPartsToFramesSequence.swift
[205/294] Compiling OpenAPIRuntime MultipartValidation.swift
[206/294] Compiling OpenAPIRuntime URIValueFromNodeDecoder.swift
[207/294] Compiling OpenAPIRuntime URIEncoder.swift
[208/294] Compiling OpenAPIRuntime URIValueToNodeEncoder+Keyed.swift
[209/294] Compiling OpenAPIRuntime URIValueToNodeEncoder+Single.swift
[210/294] Compiling OpenAPIRuntime URIValueToNodeEncoder+Unkeyed.swift
[211/294] Compiling OpenAPIRuntime URIValueToNodeEncoder.swift
[212/294] Compiling OpenAPIRuntime URIParser.swift
[213/294] Compiling OpenAPIRuntime URISerializer.swift
[214/295] Wrapping AST for OpenAPIRuntime for debugging
[216/302] Compiling OpenAPIURLSession URLSessionTransport.swift
[217/302] Compiling OpenAPIURLSession HTTPBodyOutputStreamBridge.swift
[218/302] Compiling OpenAPIURLSession URLSession+Extensions.swift
[219/302] Compiling OpenAPIURLSession BidirectionalStreamingURLSessionDelegate.swift
[220/302] Compiling OpenAPIURLSession BufferedStream.swift
[221/302] Emitting module OpenAPIURLSession
[222/302] Compiling OpenAPIURLSession Lock.swift
[223/303] Wrapping AST for OpenAPIURLSession for debugging
[225/335] Compiling LichessClient LichessClient+Players.swift
/host/spi-builder-workspace/Sources/LichessClient/LichessClient+OAuth.swift:2:8: error: no such module 'CryptoKit'
  1 | import Foundation
  2 | import CryptoKit
    |        `- error: no such module 'CryptoKit'
  3 | import OpenAPIRuntime
  4 |
[226/335] Compiling LichessClient LichessClient+Puzzles.swift
/host/spi-builder-workspace/Sources/LichessClient/LichessClient+OAuth.swift:2:8: error: no such module 'CryptoKit'
  1 | import Foundation
  2 | import CryptoKit
    |        `- error: no such module 'CryptoKit'
  3 | import OpenAPIRuntime
  4 |
[227/335] Compiling LichessClient LichessClient+Simuls.swift
/host/spi-builder-workspace/Sources/LichessClient/LichessClient+OAuth.swift:2:8: error: no such module 'CryptoKit'
  1 | import Foundation
  2 | import CryptoKit
    |        `- error: no such module 'CryptoKit'
  3 | import OpenAPIRuntime
  4 |
[228/335] Compiling LichessClient LichessClient+Streamers.swift
/host/spi-builder-workspace/Sources/LichessClient/LichessClient+OAuth.swift:2:8: error: no such module 'CryptoKit'
  1 | import Foundation
  2 | import CryptoKit
    |        `- error: no such module 'CryptoKit'
  3 | import OpenAPIRuntime
  4 |
[229/335] Compiling LichessClient LichessClient+Tablebase.swift
/host/spi-builder-workspace/Sources/LichessClient/LichessClient+OAuth.swift:2:8: error: no such module 'CryptoKit'
  1 | import Foundation
  2 | import CryptoKit
    |        `- error: no such module 'CryptoKit'
  3 | import OpenAPIRuntime
  4 |
[230/335] Compiling LichessClient LichessClient+Teams.swift
/host/spi-builder-workspace/Sources/LichessClient/LichessClient+OAuth.swift:2:8: error: no such module 'CryptoKit'
  1 | import Foundation
  2 | import CryptoKit
    |        `- error: no such module 'CryptoKit'
  3 | import OpenAPIRuntime
  4 |
[231/335] Compiling LichessClient LichessClient+Timeline.swift
/host/spi-builder-workspace/Sources/LichessClient/LichessClient+OAuth.swift:2:8: error: no such module 'CryptoKit'
  1 | import Foundation
  2 | import CryptoKit
    |        `- error: no such module 'CryptoKit'
  3 | import OpenAPIRuntime
  4 |
[232/335] Compiling LichessClient LichessClient+Tournaments.swift
/host/spi-builder-workspace/Sources/LichessClient/LichessClient+OAuth.swift:2:8: error: no such module 'CryptoKit'
  1 | import Foundation
  2 | import CryptoKit
    |        `- error: no such module 'CryptoKit'
  3 | import OpenAPIRuntime
  4 |
[233/339] Compiling LichessClient LichessClient+Streams.swift
/host/spi-builder-workspace/Sources/LichessClient/LichessClient+OAuth.swift:2:8: error: no such module 'CryptoKit'
  1 | import Foundation
  2 | import CryptoKit
    |        `- error: no such module 'CryptoKit'
  3 | import OpenAPIRuntime
  4 |
[234/339] Compiling LichessClient LichessClient+Studies.swift
/host/spi-builder-workspace/Sources/LichessClient/LichessClient+OAuth.swift:2:8: error: no such module 'CryptoKit'
  1 | import Foundation
  2 | import CryptoKit
    |        `- error: no such module 'CryptoKit'
  3 | import OpenAPIRuntime
  4 |
[235/339] Compiling LichessClient LichessClient+Swiss.swift
/host/spi-builder-workspace/Sources/LichessClient/LichessClient+OAuth.swift:2:8: error: no such module 'CryptoKit'
  1 | import Foundation
  2 | import CryptoKit
    |        `- error: no such module 'CryptoKit'
  3 | import OpenAPIRuntime
  4 |
[236/339] Compiling LichessClient LichessClient+TV.swift
/host/spi-builder-workspace/Sources/LichessClient/LichessClient+OAuth.swift:2:8: error: no such module 'CryptoKit'
  1 | import Foundation
  2 | import CryptoKit
    |        `- error: no such module 'CryptoKit'
  3 | import OpenAPIRuntime
  4 |
[237/339] Compiling LichessClient LichessClient+Challenges.swift
/host/spi-builder-workspace/Sources/LichessClient/LichessClient+OAuth.swift:2:8: error: no such module 'CryptoKit'
  1 | import Foundation
  2 | import CryptoKit
    |        `- error: no such module 'CryptoKit'
  3 | import OpenAPIRuntime
  4 |
[238/339] Compiling LichessClient LichessClient+CloudEval.swift
/host/spi-builder-workspace/Sources/LichessClient/LichessClient+OAuth.swift:2:8: error: no such module 'CryptoKit'
  1 | import Foundation
  2 | import CryptoKit
    |        `- error: no such module 'CryptoKit'
  3 | import OpenAPIRuntime
  4 |
[239/339] Compiling LichessClient LichessClient+Crosstable.swift
/host/spi-builder-workspace/Sources/LichessClient/LichessClient+OAuth.swift:2:8: error: no such module 'CryptoKit'
  1 | import Foundation
  2 | import CryptoKit
    |        `- error: no such module 'CryptoKit'
  3 | import OpenAPIRuntime
  4 |
[240/339] Compiling LichessClient LichessClient+Events.swift
/host/spi-builder-workspace/Sources/LichessClient/LichessClient+OAuth.swift:2:8: error: no such module 'CryptoKit'
  1 | import Foundation
  2 | import CryptoKit
    |        `- error: no such module 'CryptoKit'
  3 | import OpenAPIRuntime
  4 |
[241/339] Compiling LichessClient LichessClient+ExternalEngine.swift
/host/spi-builder-workspace/Sources/LichessClient/LichessClient+OAuth.swift:2:8: error: no such module 'CryptoKit'
  1 | import Foundation
  2 | import CryptoKit
    |        `- error: no such module 'CryptoKit'
  3 | import OpenAPIRuntime
  4 |
[242/339] Compiling LichessClient LichessClient+Admin.swift
/host/spi-builder-workspace/Sources/LichessClient/LichessClient+OAuth.swift:2:8: error: no such module 'CryptoKit'
  1 | import Foundation
  2 | import CryptoKit
    |        `- error: no such module 'CryptoKit'
  3 | import OpenAPIRuntime
  4 |
[243/339] Compiling LichessClient LichessClient+Board.swift
/host/spi-builder-workspace/Sources/LichessClient/LichessClient+OAuth.swift:2:8: error: no such module 'CryptoKit'
  1 | import Foundation
  2 | import CryptoKit
    |        `- error: no such module 'CryptoKit'
  3 | import OpenAPIRuntime
  4 |
[244/339] Compiling LichessClient LichessClient+Bot.swift
/host/spi-builder-workspace/Sources/LichessClient/LichessClient+OAuth.swift:2:8: error: no such module 'CryptoKit'
  1 | import Foundation
  2 | import CryptoKit
    |        `- error: no such module 'CryptoKit'
  3 | import OpenAPIRuntime
  4 |
[245/339] Compiling LichessClient LichessClient+Broadcasts.swift
/host/spi-builder-workspace/Sources/LichessClient/LichessClient+OAuth.swift:2:8: error: no such module 'CryptoKit'
  1 | import Foundation
  2 | import CryptoKit
    |        `- error: no such module 'CryptoKit'
  3 | import OpenAPIRuntime
  4 |
[246/339] Compiling LichessClient LichessClient+BulkPairing.swift
/host/spi-builder-workspace/Sources/LichessClient/LichessClient+OAuth.swift:2:8: error: no such module 'CryptoKit'
  1 | import Foundation
  2 | import CryptoKit
    |        `- error: no such module 'CryptoKit'
  3 | import OpenAPIRuntime
  4 |
[247/339] Compiling LichessClient LichessClient+FIDE.swift
/host/spi-builder-workspace/Sources/LichessClient/LichessClient+OAuth.swift:2:8: error: no such module 'CryptoKit'
  1 | import Foundation
  2 | import CryptoKit
    |        `- error: no such module 'CryptoKit'
  3 | import OpenAPIRuntime
  4 |
[248/339] Compiling LichessClient LichessClient+GameExport.swift
/host/spi-builder-workspace/Sources/LichessClient/LichessClient+OAuth.swift:2:8: error: no such module 'CryptoKit'
  1 | import Foundation
  2 | import CryptoKit
    |        `- error: no such module 'CryptoKit'
  3 | import OpenAPIRuntime
  4 |
[249/339] Compiling LichessClient LichessClient+OAuth.swift
/host/spi-builder-workspace/Sources/LichessClient/LichessClient+OAuth.swift:2:8: error: no such module 'CryptoKit'
  1 | import Foundation
  2 | import CryptoKit
    |        `- error: no such module 'CryptoKit'
  3 | import OpenAPIRuntime
  4 |
[250/339] Compiling LichessClient LichessClient+OpeningExplorer.swift
/host/spi-builder-workspace/Sources/LichessClient/LichessClient+OAuth.swift:2:8: error: no such module 'CryptoKit'
  1 | import Foundation
  2 | import CryptoKit
    |        `- error: no such module 'CryptoKit'
  3 | import OpenAPIRuntime
  4 |
[251/339] Compiling LichessClient LichessClient+Users.swift
/host/spi-builder-workspace/Sources/LichessClient/LichessClient+OAuth.swift:2:8: error: no such module 'CryptoKit'
  1 | import Foundation
  2 | import CryptoKit
    |        `- error: no such module 'CryptoKit'
  3 | import OpenAPIRuntime
  4 |
[252/339] Compiling LichessClient LichessClient.swift
/host/spi-builder-workspace/Sources/LichessClient/LichessClient+OAuth.swift:2:8: error: no such module 'CryptoKit'
  1 | import Foundation
  2 | import CryptoKit
    |        `- error: no such module 'CryptoKit'
  3 | import OpenAPIRuntime
  4 |
[253/339] Compiling LichessClient Middlewares.swift
/host/spi-builder-workspace/Sources/LichessClient/LichessClient+OAuth.swift:2:8: error: no such module 'CryptoKit'
  1 | import Foundation
  2 | import CryptoKit
    |        `- error: no such module 'CryptoKit'
  3 | import OpenAPIRuntime
  4 |
[254/339] Compiling LichessClient Streaming.swift
/host/spi-builder-workspace/Sources/LichessClient/LichessClient+OAuth.swift:2:8: error: no such module 'CryptoKit'
  1 | import Foundation
  2 | import CryptoKit
    |        `- error: no such module 'CryptoKit'
  3 | import OpenAPIRuntime
  4 |
error: emit-module command failed with exit code 1 (use -v to see invocation)
[255/339] Emitting module LichessClient
/host/spi-builder-workspace/Sources/LichessClient/LichessClient+OAuth.swift:2:8: error: no such module 'CryptoKit'
  1 | import Foundation
  2 | import CryptoKit
    |        `- error: no such module 'CryptoKit'
  3 | import OpenAPIRuntime
  4 |
[256/339] Compiling LichessClient ContentHelpers.swift
/host/spi-builder-workspace/Sources/LichessClient/LichessClient+OAuth.swift:2:8: error: no such module 'CryptoKit'
  1 | import Foundation
  2 | import CryptoKit
    |        `- error: no such module 'CryptoKit'
  3 | import OpenAPIRuntime
  4 |
[257/339] Compiling LichessClient Client.swift
/host/spi-builder-workspace/Sources/LichessClient/LichessClient+OAuth.swift:2:8: error: no such module 'CryptoKit'
  1 | import Foundation
  2 | import CryptoKit
    |        `- error: no such module 'CryptoKit'
  3 | import OpenAPIRuntime
  4 |
[258/339] Compiling LichessClient Types.swift
/host/spi-builder-workspace/Sources/LichessClient/LichessClient+OAuth.swift:2:8: error: no such module 'CryptoKit'
  1 | import Foundation
  2 | import CryptoKit
    |        `- error: no such module 'CryptoKit'
  3 | import OpenAPIRuntime
  4 |
[259/339] Compiling LichessClient GeneratorWorkarounds.swift
/host/spi-builder-workspace/Sources/LichessClient/LichessClient+OAuth.swift:2:8: error: no such module 'CryptoKit'
  1 | import Foundation
  2 | import CryptoKit
    |        `- error: no such module 'CryptoKit'
  3 | import OpenAPIRuntime
  4 |
[260/339] Compiling LichessClient LichessClient+Account.swift
/host/spi-builder-workspace/Sources/LichessClient/LichessClient+OAuth.swift:2:8: error: no such module 'CryptoKit'
  1 | import Foundation
  2 | import CryptoKit
    |        `- error: no such module 'CryptoKit'
  3 | import OpenAPIRuntime
  4 |
BUILD FAILURE 6.3 linux