Build Information
Failed to build swift_qrcodejs, reference 2.2.2 (374dc7), with Swift 6.4 for iOS using Xcode 27.0 on 17 Sep 2026 10:08:11 UTC.
Build Command
env DEVELOPER_DIR=/Applications/Xcode-27.0.0-Release.Candidate.app xcrun xcodebuild -IDEClonedSourcePackagesDirPathOverride=$PWD/.dependencies -skipMacroValidation -skipPackagePluginValidation -derivedDataPath $PWD/.derivedData build -scheme swift_qrcodejs-Package -destination generic/platform=iOSBuild Log
========================================
RunAll
========================================
Builder version: 5.1.0
Interrupt handler set up.
========================================
Checkout
========================================
Clone URL: https://github.com/ApolloZhu/swift_qrcodejs.git
Reference: 2.2.2
Initialized empty Git repository in /Users/admin/builder/spi-builder-workspace/.git/
From https://github.com/ApolloZhu/swift_qrcodejs
* tag 2.2.2 -> FETCH_HEAD
HEAD is now at 374dc7f Carthage "workaround"
Cloned https://github.com/ApolloZhu/swift_qrcodejs.git
Revision (git rev-parse @):
374dc7f7b9e76c6aeb393f6a84590c6d387e1ecb
SUCCESS checkout https://github.com/ApolloZhu/swift_qrcodejs.git at 2.2.2
========================================
Build
========================================
Selected platform: iOS
Swift version: 6.4
Building package at path: $PWD
https://github.com/ApolloZhu/swift_qrcodejs.git
Command line invocation:
/Applications/Xcode-27.0.0-Release.Candidate.app/Contents/Developer/usr/bin/xcodebuild -IDEClonedSourcePackagesDirPathOverride=/Users/admin/builder/spi-builder-workspace/.dependencies -resolvePackageDependencies
resolved source packages:
{
"dependencies" : [
],
"manifest_display_name" : "swift_qrcodejs",
"name" : "swift_qrcodejs",
"path" : "/Users/admin/builder/spi-builder-workspace",
"platforms" : [
],
"products" : [
{
"name" : "QRCodeSwift",
"targets" : [
"QRCodeSwift"
],
"type" : {
"library" : [
"automatic"
]
}
}
],
"targets" : [
{
"c99name" : "QRCodeSwiftTests",
"module_type" : "SwiftTarget",
"name" : "QRCodeSwiftTests",
"path" : "Tests/QRCodeSwiftTests",
"sources" : [
"QRCodeSwiftTests.swift"
],
"target_dependencies" : [
"QRCodeSwift"
],
"type" : "test"
},
{
"c99name" : "QRCodeSwift",
"module_type" : "SwiftTarget",
"name" : "QRCodeSwift",
"path" : "Sources",
"product_memberships" : [
"QRCodeSwift"
],
"sources" : [
"BCH.swift",
"QR8bitByte.swift",
"QRBitBuffer.swift",
"QRCode.swift",
"QRCodeError.swift",
"QRCodeModel.swift",
"QRCodeType.swift",
"QRErrorCorrectLevel.swift",
"QRMaskPattern.swift",
"QRMath.swift",
"QRMode.swift",
"QRPatternLocator.swift",
"QRPolynomial.swift",
"QRRSBlock.swift"
],
"type" : "library"
}
],
"tools_version" : "5.0"
}
{
"project" : {
"configurations" : [
"Debug",
"Release"
],
"name" : "swift_qrcodejs",
"schemes" : [
"swift_qrcodejs-Package"
],
"targets" : [
"QRCodeSwift",
"QRCodeSwiftTests",
"swift_qrcodejsPackageDescription",
"swift_qrcodejsPackageTests"
]
}
}
Running build ...
env DEVELOPER_DIR=/Applications/Xcode-27.0.0-Release.Candidate.app xcrun xcodebuild -IDEClonedSourcePackagesDirPathOverride=$PWD/.dependencies -skipMacroValidation -skipPackagePluginValidation -derivedDataPath $PWD/.derivedData build -scheme swift_qrcodejs-Package -destination generic/platform=iOS
Command line invocation:
/Applications/Xcode-27.0.0-Release.Candidate.app/Contents/Developer/usr/bin/xcodebuild -IDEClonedSourcePackagesDirPathOverride=/Users/admin/builder/spi-builder-workspace/.dependencies -skipMacroValidation -skipPackagePluginValidation -derivedDataPath /Users/admin/builder/spi-builder-workspace/.derivedData build -scheme swift_qrcodejs-Package -destination generic/platform=iOS
ComputePackagePrebuildTargetDependencyGraph
Prepare packages
CreateBuildRequest
SendProjectDescription
CreateBuildOperation
ComputeTargetDependencyGraph
note: Building targets in dependency order
note: Target dependency graph (1 target)
Target 'QRCodeSwift' in project 'swift_qrcodejs' (no dependencies)
GatherProvisioningInputs
CreateBuildDescription
ExecuteExternalTool /Applications/Xcode-27.0.0-Release.Candidate.app/Contents/Developer/Toolchains/XcodeDefault.xctoolchain/usr/bin/clang -v -E -dM -isysroot /Applications/Xcode-27.0.0-Release.Candidate.app/Contents/Developer/Platforms/iPhoneOS.platform/Developer/SDKs/iPhoneOS27.0.sdk -x c -c /dev/null
ExecuteExternalTool /Applications/Xcode-27.0.0-Release.Candidate.app/Contents/Developer/Toolchains/XcodeDefault.xctoolchain/usr/bin/swiftc --version
ExecuteExternalTool /Applications/Xcode-27.0.0-Release.Candidate.app/Contents/Developer/Toolchains/XcodeDefault.xctoolchain/usr/bin/ld -version_details
Build description signature: 28d901913f745969facefa1dbccac408
Build description path: /Users/admin/builder/spi-builder-workspace/.derivedData/Build/Intermediates.noindex/XCBuildData/28d901913f745969facefa1dbccac408.xcbuilddata
/Users/admin/builder/spi-builder-workspace/swift_qrcodejs.xcodeproj: error: The iOS deployment target 'IPHONEOS_DEPLOYMENT_TARGET' is set to 9.0, but the range of supported deployment target versions is 15.0 to 27.0.x. (in target 'QRCodeSwift' from project 'swift_qrcodejs')
** BUILD FAILED **
The following build commands failed:
Building project swift_qrcodejs with scheme swift_qrcodejs-Package
(1 failure)
Command line invocation:
/Applications/Xcode-27.0.0-Release.Candidate.app/Contents/Developer/usr/bin/xcodebuild -IDEClonedSourcePackagesDirPathOverride=/Users/admin/builder/spi-builder-workspace/.dependencies -resolvePackageDependencies
resolved source packages:
{
"dependencies" : [
],
"manifest_display_name" : "swift_qrcodejs",
"name" : "swift_qrcodejs",
"path" : "/Users/admin/builder/spi-builder-workspace",
"platforms" : [
],
"products" : [
{
"name" : "QRCodeSwift",
"targets" : [
"QRCodeSwift"
],
"type" : {
"library" : [
"automatic"
]
}
}
],
"targets" : [
{
"c99name" : "QRCodeSwiftTests",
"module_type" : "SwiftTarget",
"name" : "QRCodeSwiftTests",
"path" : "Tests/QRCodeSwiftTests",
"sources" : [
"QRCodeSwiftTests.swift"
],
"target_dependencies" : [
"QRCodeSwift"
],
"type" : "test"
},
{
"c99name" : "QRCodeSwift",
"module_type" : "SwiftTarget",
"name" : "QRCodeSwift",
"path" : "Sources",
"product_memberships" : [
"QRCodeSwift"
],
"sources" : [
"BCH.swift",
"QR8bitByte.swift",
"QRBitBuffer.swift",
"QRCode.swift",
"QRCodeError.swift",
"QRCodeModel.swift",
"QRCodeType.swift",
"QRErrorCorrectLevel.swift",
"QRMaskPattern.swift",
"QRMath.swift",
"QRMode.swift",
"QRPatternLocator.swift",
"QRPolynomial.swift",
"QRRSBlock.swift"
],
"type" : "library"
}
],
"tools_version" : "5.0"
}
{
"project" : {
"configurations" : [
"Debug",
"Release"
],
"name" : "swift_qrcodejs",
"schemes" : [
"swift_qrcodejs-Package"
],
"targets" : [
"QRCodeSwift",
"QRCodeSwiftTests",
"swift_qrcodejsPackageDescription",
"swift_qrcodejsPackageTests"
]
}
}
Running build ...
env DEVELOPER_DIR=/Applications/Xcode-27.0.0-Release.Candidate.app xcrun xcodebuild -IDEClonedSourcePackagesDirPathOverride=$PWD/.dependencies -skipMacroValidation -skipPackagePluginValidation -derivedDataPath $PWD/.derivedData build -scheme swift_qrcodejs-Package -destination generic/platform=iOS
Command line invocation:
/Applications/Xcode-27.0.0-Release.Candidate.app/Contents/Developer/usr/bin/xcodebuild -IDEClonedSourcePackagesDirPathOverride=/Users/admin/builder/spi-builder-workspace/.dependencies -skipMacroValidation -skipPackagePluginValidation -derivedDataPath /Users/admin/builder/spi-builder-workspace/.derivedData build -scheme swift_qrcodejs-Package -destination generic/platform=iOS
ComputePackagePrebuildTargetDependencyGraph
Prepare packages
CreateBuildRequest
SendProjectDescription
CreateBuildOperation
ComputeTargetDependencyGraph
note: Building targets in dependency order
note: Target dependency graph (1 target)
Target 'QRCodeSwift' in project 'swift_qrcodejs' (no dependencies)
GatherProvisioningInputs
CreateBuildDescription
/Users/admin/builder/spi-builder-workspace/swift_qrcodejs.xcodeproj: error: The iOS deployment target 'IPHONEOS_DEPLOYMENT_TARGET' is set to 9.0, but the range of supported deployment target versions is 15.0 to 27.0.x. (in target 'QRCodeSwift' from project 'swift_qrcodejs')
** BUILD FAILED **
The following build commands failed:
Building project swift_qrcodejs with scheme swift_qrcodejs-Package
(1 failure)
BUILD FAILURE 6.4 iOS