Build Information
Failed to build SwiftOverpassAPI, reference main (10e426), with Swift 6.1 for watchOS using Xcode 16.3 on 27 Jun 2026 04:12:54 UTC.
Build Command
env DEVELOPER_DIR=/Applications/Xcode-16.3.0.app xcrun xcodebuild -IDEClonedSourcePackagesDirPathOverride=$PWD/.dependencies -skipMacroValidation -skipPackagePluginValidation -derivedDataPath $PWD/.derivedData build -scheme SwiftOverpassAPI -destination generic/platform=watchOSBuild Log
========================================
RunAll
========================================
Builder version: undefined version: run 'make version' to update
Interrupt handler set up.
========================================
Checkout
========================================
Clone URL: https://github.com/V4ulthunt3r/SwiftOverpassAPI.git
Reference: main
Initialized empty Git repository in /Users/admin/builder/spi-builder-workspace/.git/
From https://github.com/V4ulthunt3r/SwiftOverpassAPI
* branch main -> FETCH_HEAD
* [new branch] main -> origin/main
HEAD is now at 10e4264 Merge pull request #1 from V4ulthunt3r/develop
Cloned https://github.com/V4ulthunt3r/SwiftOverpassAPI.git
Revision (git rev-parse @):
10e42644a18f444e8452f220d18079f68de4973f
SUCCESS checkout https://github.com/V4ulthunt3r/SwiftOverpassAPI.git at main
========================================
Build
========================================
Selected platform: watchOS
Swift version: 6.1
Building package at path: $PWD
https://github.com/V4ulthunt3r/SwiftOverpassAPI.git
https://github.com/V4ulthunt3r/SwiftOverpassAPI.git
{
"dependencies" : [
],
"manifest_display_name" : "SwiftOverpassAPI",
"name" : "SwiftOverpassAPI",
"path" : "/Users/admin/builder/spi-builder-workspace",
"platforms" : [
{
"name" : "ios",
"version" : "15.0"
},
{
"name" : "macos",
"version" : "12.0"
}
],
"products" : [
{
"name" : "SwiftOverpassAPI",
"targets" : [
"SwiftOverpassAPI"
],
"type" : {
"library" : [
"automatic"
]
}
}
],
"targets" : [
{
"c99name" : "SwiftOverpassAPITests",
"module_type" : "SwiftTarget",
"name" : "SwiftOverpassAPITests",
"path" : "Tests/SwiftOverpassAPITests",
"sources" : [
"OPBoundingBoxTests.swift",
"OPClientTests.swift",
"OPDecodingOperationTests.swift",
"OPEnumTests.swift",
"OPQueryBuilderTests.swift",
"PolygonCheckerTests.swift"
],
"target_dependencies" : [
"SwiftOverpassAPI"
],
"type" : "test"
},
{
"c99name" : "SwiftOverpassAPI",
"module_type" : "SwiftTarget",
"name" : "SwiftOverpassAPI",
"path" : "Source",
"product_memberships" : [
"SwiftOverpassAPI"
],
"sources" : [
"Controllers/OPQueryBuilder.swift",
"Controllers/OPVisualizationGenerator.swift",
"Controllers/PolygonChecker.swift",
"Controllers/TagChecker.swift",
"Models/ElementCodingKeys.swift",
"Models/ElementsCodingKeys.swift",
"Models/NestedPolygonCoordinates.swift",
"Models/OPBoundingBox.swift",
"Models/OPElementCenter.swift",
"Models/OPElementType.swift",
"Models/OPGeometry.swift",
"Models/OPMapKitVisualization.swift",
"Models/OPMeta.swift",
"Models/OPNode.swift",
"Models/OPQueryOutputType.swift",
"Models/OPRelation.swift",
"Models/OPWay.swift",
"Networking/OPClient.swift",
"Networking/OPDecodingOperation.swift",
"Protocols/OPElement.swift",
"Utilities/CLLocationCoordinate2D+Extensions.swift",
"Utilities/Constants.swift",
"Utilities/DecoderExtractor.swift",
"Utilities/Errors.swift",
"Utilities/LinkedList.swift"
],
"type" : "library"
}
],
"tools_version" : "5.5"
}
Command line invocation:
/Applications/Xcode-16.3.0.app/Contents/Developer/usr/bin/xcodebuild -IDEClonedSourcePackagesDirPathOverride=/Users/admin/builder/spi-builder-workspace/.dependencies -resolvePackageDependencies
Resolve Package Graph
Resolved source packages:
SwiftOverpassAPI: /Users/admin/builder/spi-builder-workspace
resolved source packages: SwiftOverpassAPI
{
"dependencies" : [
],
"manifest_display_name" : "SwiftOverpassAPI",
"name" : "SwiftOverpassAPI",
"path" : "/Users/admin/builder/spi-builder-workspace",
"platforms" : [
{
"name" : "ios",
"version" : "15.0"
},
{
"name" : "macos",
"version" : "12.0"
}
],
"products" : [
{
"name" : "SwiftOverpassAPI",
"targets" : [
"SwiftOverpassAPI"
],
"type" : {
"library" : [
"automatic"
]
}
}
],
"targets" : [
{
"c99name" : "SwiftOverpassAPITests",
"module_type" : "SwiftTarget",
"name" : "SwiftOverpassAPITests",
"path" : "Tests/SwiftOverpassAPITests",
"sources" : [
"OPBoundingBoxTests.swift",
"OPClientTests.swift",
"OPDecodingOperationTests.swift",
"OPEnumTests.swift",
"OPQueryBuilderTests.swift",
"PolygonCheckerTests.swift"
],
"target_dependencies" : [
"SwiftOverpassAPI"
],
"type" : "test"
},
{
"c99name" : "SwiftOverpassAPI",
"module_type" : "SwiftTarget",
"name" : "SwiftOverpassAPI",
"path" : "Source",
"product_memberships" : [
"SwiftOverpassAPI"
],
"sources" : [
"Controllers/OPQueryBuilder.swift",
"Controllers/OPVisualizationGenerator.swift",
"Controllers/PolygonChecker.swift",
"Controllers/TagChecker.swift",
"Models/ElementCodingKeys.swift",
"Models/ElementsCodingKeys.swift",
"Models/NestedPolygonCoordinates.swift",
"Models/OPBoundingBox.swift",
"Models/OPElementCenter.swift",
"Models/OPElementType.swift",
"Models/OPGeometry.swift",
"Models/OPMapKitVisualization.swift",
"Models/OPMeta.swift",
"Models/OPNode.swift",
"Models/OPQueryOutputType.swift",
"Models/OPRelation.swift",
"Models/OPWay.swift",
"Networking/OPClient.swift",
"Networking/OPDecodingOperation.swift",
"Protocols/OPElement.swift",
"Utilities/CLLocationCoordinate2D+Extensions.swift",
"Utilities/Constants.swift",
"Utilities/DecoderExtractor.swift",
"Utilities/Errors.swift",
"Utilities/LinkedList.swift"
],
"type" : "library"
}
],
"tools_version" : "5.5"
}
{
"workspace" : {
"name" : "spi-builder-workspace",
"schemes" : [
"SwiftOverpassAPI"
]
}
}
Running build ...
env DEVELOPER_DIR=/Applications/Xcode-16.3.0.app xcrun xcodebuild -IDEClonedSourcePackagesDirPathOverride=$PWD/.dependencies -skipMacroValidation -skipPackagePluginValidation -derivedDataPath $PWD/.derivedData build -scheme SwiftOverpassAPI -destination generic/platform=watchOS OTHER_SWIFT_FLAGS=-stats-output-dir .stats -strict-concurrency=complete -enable-upcoming-feature StrictConcurrency -enable-upcoming-feature DisableOutwardActorInference -enable-upcoming-feature GlobalActorIsolatedTypesUsability -enable-upcoming-feature InferSendableFromCaptures
Command line invocation:
/Applications/Xcode-16.3.0.app/Contents/Developer/usr/bin/xcodebuild -IDEClonedSourcePackagesDirPathOverride=/Users/admin/builder/spi-builder-workspace/.dependencies -skipMacroValidation -skipPackagePluginValidation -derivedDataPath /Users/admin/builder/spi-builder-workspace/.derivedData build -scheme SwiftOverpassAPI -destination generic/platform=watchOS "OTHER_SWIFT_FLAGS=-stats-output-dir .stats -strict-concurrency=complete -enable-upcoming-feature StrictConcurrency -enable-upcoming-feature DisableOutwardActorInference -enable-upcoming-feature GlobalActorIsolatedTypesUsability -enable-upcoming-feature InferSendableFromCaptures"
Build settings from command line:
OTHER_SWIFT_FLAGS = -stats-output-dir .stats -strict-concurrency=complete -enable-upcoming-feature StrictConcurrency -enable-upcoming-feature DisableOutwardActorInference -enable-upcoming-feature GlobalActorIsolatedTypesUsability -enable-upcoming-feature InferSendableFromCaptures
Resolve Package Graph
Resolved source packages:
SwiftOverpassAPI: /Users/admin/builder/spi-builder-workspace
ComputePackagePrebuildTargetDependencyGraph
Prepare packages
CreateBuildRequest
SendProjectDescription
CreateBuildOperation
ComputeTargetDependencyGraph
note: Building targets in dependency order
note: Target dependency graph (2 targets)
Target 'SwiftOverpassAPI' in project 'SwiftOverpassAPI'
➜ Explicit dependency on target 'SwiftOverpassAPI' in project 'SwiftOverpassAPI'
Target 'SwiftOverpassAPI' in project 'SwiftOverpassAPI' (no dependencies)
GatherProvisioningInputs
CreateBuildDescription
ExecuteExternalTool /Applications/Xcode-16.3.0.app/Contents/Developer/Toolchains/XcodeDefault.xctoolchain/usr/bin/clang -v -E -dM -isysroot /Applications/Xcode-16.3.0.app/Contents/Developer/Platforms/WatchOS.platform/Developer/SDKs/WatchOS11.4.sdk -x c -c /dev/null
ExecuteExternalTool /Applications/Xcode-16.3.0.app/Contents/Developer/Toolchains/XcodeDefault.xctoolchain/usr/bin/swiftc --version
ExecuteExternalTool /Applications/Xcode-16.3.0.app/Contents/Developer/Toolchains/XcodeDefault.xctoolchain/usr/bin/ld -version_details
Build description signature: e37cc3d9d0adecd0cfbd7534cbba2853
Build description path: /Users/admin/builder/spi-builder-workspace/.derivedData/Build/Intermediates.noindex/XCBuildData/e37cc3d9d0adecd0cfbd7534cbba2853.xcbuilddata
CreateBuildDirectory /Users/admin/builder/spi-builder-workspace/.derivedData/Build/Products
cd /Users/admin/builder/spi-builder-workspace/.swiftpm/xcode
builtin-create-build-directory /Users/admin/builder/spi-builder-workspace/.derivedData/Build/Products
ClangStatCache /Applications/Xcode-16.3.0.app/Contents/Developer/Toolchains/XcodeDefault.xctoolchain/usr/bin/clang-stat-cache /Applications/Xcode-16.3.0.app/Contents/Developer/Platforms/WatchOS.platform/Developer/SDKs/WatchOS11.4.sdk /Users/admin/builder/spi-builder-workspace/.derivedData/SDKStatCaches.noindex/watchos11.4-22T246-43efb940ff07ba2497b70ec94253f576.sdkstatcache
cd /Users/admin/builder/spi-builder-workspace/.swiftpm/xcode
/Applications/Xcode-16.3.0.app/Contents/Developer/Toolchains/XcodeDefault.xctoolchain/usr/bin/clang-stat-cache /Applications/Xcode-16.3.0.app/Contents/Developer/Platforms/WatchOS.platform/Developer/SDKs/WatchOS11.4.sdk -o /Users/admin/builder/spi-builder-workspace/.derivedData/SDKStatCaches.noindex/watchos11.4-22T246-43efb940ff07ba2497b70ec94253f576.sdkstatcache
CreateBuildDirectory /Users/admin/builder/spi-builder-workspace/.derivedData/Build/Intermediates.noindex
cd /Users/admin/builder/spi-builder-workspace/.swiftpm/xcode
builtin-create-build-directory /Users/admin/builder/spi-builder-workspace/.derivedData/Build/Intermediates.noindex
CreateBuildDirectory /Users/admin/builder/spi-builder-workspace/.derivedData/Build/Intermediates.noindex/EagerLinkingTBDs/Debug-watchos
cd /Users/admin/builder/spi-builder-workspace/.swiftpm/xcode
builtin-create-build-directory /Users/admin/builder/spi-builder-workspace/.derivedData/Build/Intermediates.noindex/EagerLinkingTBDs/Debug-watchos
CreateBuildDirectory /Users/admin/builder/spi-builder-workspace/.derivedData/Build/Products/Debug-watchos
cd /Users/admin/builder/spi-builder-workspace/.swiftpm/xcode
builtin-create-build-directory /Users/admin/builder/spi-builder-workspace/.derivedData/Build/Products/Debug-watchos
CreateBuildDirectory /Users/admin/builder/spi-builder-workspace/.derivedData/Build/Products/Debug-watchos/PackageFrameworks
cd /Users/admin/builder/spi-builder-workspace/.swiftpm/xcode
builtin-create-build-directory /Users/admin/builder/spi-builder-workspace/.derivedData/Build/Products/Debug-watchos/PackageFrameworks
WriteAuxiliaryFile /Users/admin/builder/spi-builder-workspace/.derivedData/Build/Intermediates.noindex/SwiftOverpassAPI.build/Debug-watchos/SwiftOverpassAPI.build/SwiftOverpassAPI.DependencyStaticMetadataFileList (in target 'SwiftOverpassAPI' from project 'SwiftOverpassAPI')
cd /Users/admin/builder/spi-builder-workspace
write-file /Users/admin/builder/spi-builder-workspace/.derivedData/Build/Intermediates.noindex/SwiftOverpassAPI.build/Debug-watchos/SwiftOverpassAPI.build/SwiftOverpassAPI.DependencyStaticMetadataFileList
WriteAuxiliaryFile /Users/admin/builder/spi-builder-workspace/.derivedData/Build/Intermediates.noindex/SwiftOverpassAPI.build/Debug-watchos/SwiftOverpassAPI.build/SwiftOverpassAPI.modulemap (in target 'SwiftOverpassAPI' from project 'SwiftOverpassAPI')
cd /Users/admin/builder/spi-builder-workspace
write-file /Users/admin/builder/spi-builder-workspace/.derivedData/Build/Intermediates.noindex/SwiftOverpassAPI.build/Debug-watchos/SwiftOverpassAPI.build/SwiftOverpassAPI.modulemap
WriteAuxiliaryFile /Users/admin/builder/spi-builder-workspace/.derivedData/Build/Intermediates.noindex/SwiftOverpassAPI.build/Debug-watchos/SwiftOverpassAPI.build/SwiftOverpassAPI.DependencyMetadataFileList (in target 'SwiftOverpassAPI' from project 'SwiftOverpassAPI')
cd /Users/admin/builder/spi-builder-workspace
write-file /Users/admin/builder/spi-builder-workspace/.derivedData/Build/Intermediates.noindex/SwiftOverpassAPI.build/Debug-watchos/SwiftOverpassAPI.build/SwiftOverpassAPI.DependencyMetadataFileList
WriteAuxiliaryFile /Users/admin/builder/spi-builder-workspace/.derivedData/Build/Intermediates.noindex/SwiftOverpassAPI.build/Debug-watchos/SwiftOverpassAPI.build/Objects-normal/armv7k/SwiftOverpassAPI.SwiftConstValuesFileList (in target 'SwiftOverpassAPI' from project 'SwiftOverpassAPI')
cd /Users/admin/builder/spi-builder-workspace
write-file /Users/admin/builder/spi-builder-workspace/.derivedData/Build/Intermediates.noindex/SwiftOverpassAPI.build/Debug-watchos/SwiftOverpassAPI.build/Objects-normal/armv7k/SwiftOverpassAPI.SwiftConstValuesFileList
WriteAuxiliaryFile /Users/admin/builder/spi-builder-workspace/.derivedData/Build/Intermediates.noindex/SwiftOverpassAPI.build/Debug-watchos/SwiftOverpassAPI.build/Objects-normal/armv7k/SwiftOverpassAPI_const_extract_protocols.json (in target 'SwiftOverpassAPI' from project 'SwiftOverpassAPI')
cd /Users/admin/builder/spi-builder-workspace
write-file /Users/admin/builder/spi-builder-workspace/.derivedData/Build/Intermediates.noindex/SwiftOverpassAPI.build/Debug-watchos/SwiftOverpassAPI.build/Objects-normal/armv7k/SwiftOverpassAPI_const_extract_protocols.json
WriteAuxiliaryFile /Users/admin/builder/spi-builder-workspace/.derivedData/Build/Intermediates.noindex/SwiftOverpassAPI.build/Debug-watchos/SwiftOverpassAPI.build/Objects-normal/armv7k/SwiftOverpassAPI-OutputFileMap.json (in target 'SwiftOverpassAPI' from project 'SwiftOverpassAPI')
cd /Users/admin/builder/spi-builder-workspace
write-file /Users/admin/builder/spi-builder-workspace/.derivedData/Build/Intermediates.noindex/SwiftOverpassAPI.build/Debug-watchos/SwiftOverpassAPI.build/Objects-normal/armv7k/SwiftOverpassAPI-OutputFileMap.json
WriteAuxiliaryFile /Users/admin/builder/spi-builder-workspace/.derivedData/Build/Intermediates.noindex/SwiftOverpassAPI.build/Debug-watchos/SwiftOverpassAPI.build/Objects-normal/armv7k/SwiftOverpassAPI.LinkFileList (in target 'SwiftOverpassAPI' from project 'SwiftOverpassAPI')
cd /Users/admin/builder/spi-builder-workspace
write-file /Users/admin/builder/spi-builder-workspace/.derivedData/Build/Intermediates.noindex/SwiftOverpassAPI.build/Debug-watchos/SwiftOverpassAPI.build/Objects-normal/armv7k/SwiftOverpassAPI.LinkFileList
WriteAuxiliaryFile /Users/admin/builder/spi-builder-workspace/.derivedData/Build/Intermediates.noindex/SwiftOverpassAPI.build/Debug-watchos/SwiftOverpassAPI.build/Objects-normal/armv7k/SwiftOverpassAPI.SwiftFileList (in target 'SwiftOverpassAPI' from project 'SwiftOverpassAPI')
cd /Users/admin/builder/spi-builder-workspace
write-file /Users/admin/builder/spi-builder-workspace/.derivedData/Build/Intermediates.noindex/SwiftOverpassAPI.build/Debug-watchos/SwiftOverpassAPI.build/Objects-normal/armv7k/SwiftOverpassAPI.SwiftFileList
WriteAuxiliaryFile /Users/admin/builder/spi-builder-workspace/.derivedData/Build/Intermediates.noindex/SwiftOverpassAPI.build/Debug-watchos/SwiftOverpassAPI.build/Objects-normal/arm64_32/SwiftOverpassAPI_const_extract_protocols.json (in target 'SwiftOverpassAPI' from project 'SwiftOverpassAPI')
cd /Users/admin/builder/spi-builder-workspace
write-file /Users/admin/builder/spi-builder-workspace/.derivedData/Build/Intermediates.noindex/SwiftOverpassAPI.build/Debug-watchos/SwiftOverpassAPI.build/Objects-normal/arm64_32/SwiftOverpassAPI_const_extract_protocols.json
WriteAuxiliaryFile /Users/admin/builder/spi-builder-workspace/.derivedData/Build/Intermediates.noindex/SwiftOverpassAPI.build/Debug-watchos/SwiftOverpassAPI.build/Objects-normal/arm64_32/SwiftOverpassAPI.SwiftFileList (in target 'SwiftOverpassAPI' from project 'SwiftOverpassAPI')
cd /Users/admin/builder/spi-builder-workspace
write-file /Users/admin/builder/spi-builder-workspace/.derivedData/Build/Intermediates.noindex/SwiftOverpassAPI.build/Debug-watchos/SwiftOverpassAPI.build/Objects-normal/arm64_32/SwiftOverpassAPI.SwiftFileList
WriteAuxiliaryFile /Users/admin/builder/spi-builder-workspace/.derivedData/Build/Intermediates.noindex/SwiftOverpassAPI.build/Debug-watchos/SwiftOverpassAPI.build/Objects-normal/arm64_32/SwiftOverpassAPI.SwiftConstValuesFileList (in target 'SwiftOverpassAPI' from project 'SwiftOverpassAPI')
cd /Users/admin/builder/spi-builder-workspace
write-file /Users/admin/builder/spi-builder-workspace/.derivedData/Build/Intermediates.noindex/SwiftOverpassAPI.build/Debug-watchos/SwiftOverpassAPI.build/Objects-normal/arm64_32/SwiftOverpassAPI.SwiftConstValuesFileList
WriteAuxiliaryFile /Users/admin/builder/spi-builder-workspace/.derivedData/Build/Intermediates.noindex/SwiftOverpassAPI.build/Debug-watchos/SwiftOverpassAPI.build/Objects-normal/arm64_32/SwiftOverpassAPI.LinkFileList (in target 'SwiftOverpassAPI' from project 'SwiftOverpassAPI')
cd /Users/admin/builder/spi-builder-workspace
write-file /Users/admin/builder/spi-builder-workspace/.derivedData/Build/Intermediates.noindex/SwiftOverpassAPI.build/Debug-watchos/SwiftOverpassAPI.build/Objects-normal/arm64_32/SwiftOverpassAPI.LinkFileList
WriteAuxiliaryFile /Users/admin/builder/spi-builder-workspace/.derivedData/Build/Intermediates.noindex/SwiftOverpassAPI.build/Debug-watchos/SwiftOverpassAPI.build/Objects-normal/arm64_32/SwiftOverpassAPI-OutputFileMap.json (in target 'SwiftOverpassAPI' from project 'SwiftOverpassAPI')
cd /Users/admin/builder/spi-builder-workspace
write-file /Users/admin/builder/spi-builder-workspace/.derivedData/Build/Intermediates.noindex/SwiftOverpassAPI.build/Debug-watchos/SwiftOverpassAPI.build/Objects-normal/arm64_32/SwiftOverpassAPI-OutputFileMap.json
WriteAuxiliaryFile /Users/admin/builder/spi-builder-workspace/.derivedData/Build/Intermediates.noindex/SwiftOverpassAPI.build/Debug-watchos/SwiftOverpassAPI.build/Objects-normal/arm64/SwiftOverpassAPI.SwiftConstValuesFileList (in target 'SwiftOverpassAPI' from project 'SwiftOverpassAPI')
cd /Users/admin/builder/spi-builder-workspace
write-file /Users/admin/builder/spi-builder-workspace/.derivedData/Build/Intermediates.noindex/SwiftOverpassAPI.build/Debug-watchos/SwiftOverpassAPI.build/Objects-normal/arm64/SwiftOverpassAPI.SwiftConstValuesFileList
WriteAuxiliaryFile /Users/admin/builder/spi-builder-workspace/.derivedData/Build/Intermediates.noindex/SwiftOverpassAPI.build/Debug-watchos/SwiftOverpassAPI.build/Objects-normal/arm64/SwiftOverpassAPI_const_extract_protocols.json (in target 'SwiftOverpassAPI' from project 'SwiftOverpassAPI')
cd /Users/admin/builder/spi-builder-workspace
write-file /Users/admin/builder/spi-builder-workspace/.derivedData/Build/Intermediates.noindex/SwiftOverpassAPI.build/Debug-watchos/SwiftOverpassAPI.build/Objects-normal/arm64/SwiftOverpassAPI_const_extract_protocols.json
WriteAuxiliaryFile /Users/admin/builder/spi-builder-workspace/.derivedData/Build/Intermediates.noindex/SwiftOverpassAPI.build/Debug-watchos/SwiftOverpassAPI.build/Objects-normal/arm64/SwiftOverpassAPI.SwiftFileList (in target 'SwiftOverpassAPI' from project 'SwiftOverpassAPI')
cd /Users/admin/builder/spi-builder-workspace
write-file /Users/admin/builder/spi-builder-workspace/.derivedData/Build/Intermediates.noindex/SwiftOverpassAPI.build/Debug-watchos/SwiftOverpassAPI.build/Objects-normal/arm64/SwiftOverpassAPI.SwiftFileList
WriteAuxiliaryFile /Users/admin/builder/spi-builder-workspace/.derivedData/Build/Intermediates.noindex/SwiftOverpassAPI.build/Debug-watchos/SwiftOverpassAPI.build/Objects-normal/arm64/SwiftOverpassAPI.LinkFileList (in target 'SwiftOverpassAPI' from project 'SwiftOverpassAPI')
cd /Users/admin/builder/spi-builder-workspace
write-file /Users/admin/builder/spi-builder-workspace/.derivedData/Build/Intermediates.noindex/SwiftOverpassAPI.build/Debug-watchos/SwiftOverpassAPI.build/Objects-normal/arm64/SwiftOverpassAPI.LinkFileList
WriteAuxiliaryFile /Users/admin/builder/spi-builder-workspace/.derivedData/Build/Intermediates.noindex/SwiftOverpassAPI.build/Debug-watchos/SwiftOverpassAPI.build/Objects-normal/arm64/SwiftOverpassAPI-OutputFileMap.json (in target 'SwiftOverpassAPI' from project 'SwiftOverpassAPI')
cd /Users/admin/builder/spi-builder-workspace
write-file /Users/admin/builder/spi-builder-workspace/.derivedData/Build/Intermediates.noindex/SwiftOverpassAPI.build/Debug-watchos/SwiftOverpassAPI.build/Objects-normal/arm64/SwiftOverpassAPI-OutputFileMap.json
Copy /Users/admin/builder/spi-builder-workspace/.derivedData/Build/Intermediates.noindex/GeneratedModuleMaps-watchos/SwiftOverpassAPI.modulemap /Users/admin/builder/spi-builder-workspace/.derivedData/Build/Intermediates.noindex/SwiftOverpassAPI.build/Debug-watchos/SwiftOverpassAPI.build/SwiftOverpassAPI.modulemap (in target 'SwiftOverpassAPI' from project 'SwiftOverpassAPI')
cd /Users/admin/builder/spi-builder-workspace
builtin-copy -exclude .DS_Store -exclude CVS -exclude .svn -exclude .git -exclude .hg -resolve-src-symlinks /Users/admin/builder/spi-builder-workspace/.derivedData/Build/Intermediates.noindex/SwiftOverpassAPI.build/Debug-watchos/SwiftOverpassAPI.build/SwiftOverpassAPI.modulemap /Users/admin/builder/spi-builder-workspace/.derivedData/Build/Intermediates.noindex/GeneratedModuleMaps-watchos
SwiftDriver SwiftOverpassAPI normal arm64_32 com.apple.xcode.tools.swift.compiler (in target 'SwiftOverpassAPI' from project 'SwiftOverpassAPI')
cd /Users/admin/builder/spi-builder-workspace/.swiftpm/xcode
builtin-SwiftDriver -- /Applications/Xcode-16.3.0.app/Contents/Developer/Toolchains/XcodeDefault.xctoolchain/usr/bin/swiftc -module-name SwiftOverpassAPI -Onone -enforce-exclusivity\=checked @/Users/admin/builder/spi-builder-workspace/.derivedData/Build/Intermediates.noindex/SwiftOverpassAPI.build/Debug-watchos/SwiftOverpassAPI.build/Objects-normal/arm64_32/SwiftOverpassAPI.SwiftFileList -DSWIFT_PACKAGE -DDEBUG -stats-output-dir .stats -strict-concurrency\=complete -enable-upcoming-feature StrictConcurrency -enable-upcoming-feature DisableOutwardActorInference -enable-upcoming-feature GlobalActorIsolatedTypesUsability -enable-upcoming-feature InferSendableFromCaptures -plugin-path /Applications/Xcode-16.3.0.app/Contents/Developer/Toolchains/XcodeDefault.xctoolchain/usr/lib/swift/host/plugins/testing -enable-experimental-feature DebugDescriptionMacro -sdk /Applications/Xcode-16.3.0.app/Contents/Developer/Platforms/WatchOS.platform/Developer/SDKs/WatchOS11.4.sdk -target arm64_32-apple-watchos8.0 -g -module-cache-path /Users/admin/builder/spi-builder-workspace/.derivedData/ModuleCache.noindex -Xfrontend -serialize-debugging-options -profile-coverage-mapping -profile-generate -enable-testing -index-store-path /Users/admin/builder/spi-builder-workspace/.derivedData/Index.noindex/DataStore -swift-version 5 -I /Users/admin/builder/spi-builder-workspace/.derivedData/Build/Products/Debug-watchos -I /Applications/Xcode-16.3.0.app/Contents/Developer/Platforms/WatchOS.platform/Developer/usr/lib -F /Users/admin/builder/spi-builder-workspace/.derivedData/Build/Products/Debug-watchos -F /Applications/Xcode-16.3.0.app/Contents/Developer/Platforms/WatchOS.platform/Developer/Library/Frameworks -F /Applications/Xcode-16.3.0.app/Contents/Developer/Platforms/WatchOS.platform/Developer/SDKs/WatchOS11.4.sdk/Developer/Library/Frameworks -c -j10 -enable-batch-mode -incremental -Xcc -ivfsstatcache -Xcc /Users/admin/builder/spi-builder-workspace/.derivedData/SDKStatCaches.noindex/watchos11.4-22T246-43efb940ff07ba2497b70ec94253f576.sdkstatcache -output-file-map /Users/admin/builder/spi-builder-workspace/.derivedData/Build/Intermediates.noindex/SwiftOverpassAPI.build/Debug-watchos/SwiftOverpassAPI.build/Objects-normal/arm64_32/SwiftOverpassAPI-OutputFileMap.json -use-frontend-parseable-output -save-temps -no-color-diagnostics -serialize-diagnostics -emit-dependencies -emit-module -emit-module-path /Users/admin/builder/spi-builder-workspace/.derivedData/Build/Intermediates.noindex/SwiftOverpassAPI.build/Debug-watchos/SwiftOverpassAPI.build/Objects-normal/arm64_32/SwiftOverpassAPI.swiftmodule -validate-clang-modules-once -clang-build-session-file /Users/admin/builder/spi-builder-workspace/.derivedData/ModuleCache.noindex/Session.modulevalidation -Xcc -I/Users/admin/builder/spi-builder-workspace/.derivedData/Build/Intermediates.noindex/SwiftOverpassAPI.build/Debug-watchos/SwiftOverpassAPI.build/swift-overrides.hmap -emit-const-values -Xfrontend -const-gather-protocols-file -Xfrontend /Users/admin/builder/spi-builder-workspace/.derivedData/Build/Intermediates.noindex/SwiftOverpassAPI.build/Debug-watchos/SwiftOverpassAPI.build/Objects-normal/arm64_32/SwiftOverpassAPI_const_extract_protocols.json -Xcc -I/Users/admin/builder/spi-builder-workspace/.derivedData/Build/Products/Debug-watchos/include -Xcc -I/Users/admin/builder/spi-builder-workspace/.derivedData/Build/Intermediates.noindex/SwiftOverpassAPI.build/Debug-watchos/SwiftOverpassAPI.build/DerivedSources-normal/arm64_32 -Xcc -I/Users/admin/builder/spi-builder-workspace/.derivedData/Build/Intermediates.noindex/SwiftOverpassAPI.build/Debug-watchos/SwiftOverpassAPI.build/DerivedSources/arm64_32 -Xcc -I/Users/admin/builder/spi-builder-workspace/.derivedData/Build/Intermediates.noindex/SwiftOverpassAPI.build/Debug-watchos/SwiftOverpassAPI.build/DerivedSources -Xcc -DSWIFT_PACKAGE -Xcc -DDEBUG\=1 -emit-objc-header -emit-objc-header-path /Users/admin/builder/spi-builder-workspace/.derivedData/Build/Intermediates.noindex/SwiftOverpassAPI.build/Debug-watchos/SwiftOverpassAPI.build/Objects-normal/arm64_32/SwiftOverpassAPI-Swift.h -working-directory /Users/admin/builder/spi-builder-workspace/.swiftpm/xcode -experimental-emit-module-separately -disable-cmo
SwiftDriver SwiftOverpassAPI normal arm64 com.apple.xcode.tools.swift.compiler (in target 'SwiftOverpassAPI' from project 'SwiftOverpassAPI')
cd /Users/admin/builder/spi-builder-workspace/.swiftpm/xcode
builtin-SwiftDriver -- /Applications/Xcode-16.3.0.app/Contents/Developer/Toolchains/XcodeDefault.xctoolchain/usr/bin/swiftc -module-name SwiftOverpassAPI -Onone -enforce-exclusivity\=checked @/Users/admin/builder/spi-builder-workspace/.derivedData/Build/Intermediates.noindex/SwiftOverpassAPI.build/Debug-watchos/SwiftOverpassAPI.build/Objects-normal/arm64/SwiftOverpassAPI.SwiftFileList -DSWIFT_PACKAGE -DDEBUG -stats-output-dir .stats -strict-concurrency\=complete -enable-upcoming-feature StrictConcurrency -enable-upcoming-feature DisableOutwardActorInference -enable-upcoming-feature GlobalActorIsolatedTypesUsability -enable-upcoming-feature InferSendableFromCaptures -plugin-path /Applications/Xcode-16.3.0.app/Contents/Developer/Toolchains/XcodeDefault.xctoolchain/usr/lib/swift/host/plugins/testing -enable-experimental-feature DebugDescriptionMacro -sdk /Applications/Xcode-16.3.0.app/Contents/Developer/Platforms/WatchOS.platform/Developer/SDKs/WatchOS11.4.sdk -target arm64-apple-watchos8.0 -g -module-cache-path /Users/admin/builder/spi-builder-workspace/.derivedData/ModuleCache.noindex -Xfrontend -serialize-debugging-options -profile-coverage-mapping -profile-generate -enable-testing -index-store-path /Users/admin/builder/spi-builder-workspace/.derivedData/Index.noindex/DataStore -swift-version 5 -I /Users/admin/builder/spi-builder-workspace/.derivedData/Build/Products/Debug-watchos -I /Applications/Xcode-16.3.0.app/Contents/Developer/Platforms/WatchOS.platform/Developer/usr/lib -F /Users/admin/builder/spi-builder-workspace/.derivedData/Build/Products/Debug-watchos -F /Applications/Xcode-16.3.0.app/Contents/Developer/Platforms/WatchOS.platform/Developer/Library/Frameworks -F /Applications/Xcode-16.3.0.app/Contents/Developer/Platforms/WatchOS.platform/Developer/SDKs/WatchOS11.4.sdk/Developer/Library/Frameworks -c -j10 -enable-batch-mode -incremental -Xcc -ivfsstatcache -Xcc /Users/admin/builder/spi-builder-workspace/.derivedData/SDKStatCaches.noindex/watchos11.4-22T246-43efb940ff07ba2497b70ec94253f576.sdkstatcache -output-file-map /Users/admin/builder/spi-builder-workspace/.derivedData/Build/Intermediates.noindex/SwiftOverpassAPI.build/Debug-watchos/SwiftOverpassAPI.build/Objects-normal/arm64/SwiftOverpassAPI-OutputFileMap.json -use-frontend-parseable-output -save-temps -no-color-diagnostics -serialize-diagnostics -emit-dependencies -emit-module -emit-module-path /Users/admin/builder/spi-builder-workspace/.derivedData/Build/Intermediates.noindex/SwiftOverpassAPI.build/Debug-watchos/SwiftOverpassAPI.build/Objects-normal/arm64/SwiftOverpassAPI.swiftmodule -validate-clang-modules-once -clang-build-session-file /Users/admin/builder/spi-builder-workspace/.derivedData/ModuleCache.noindex/Session.modulevalidation -Xcc -I/Users/admin/builder/spi-builder-workspace/.derivedData/Build/Intermediates.noindex/SwiftOverpassAPI.build/Debug-watchos/SwiftOverpassAPI.build/swift-overrides.hmap -emit-const-values -Xfrontend -const-gather-protocols-file -Xfrontend /Users/admin/builder/spi-builder-workspace/.derivedData/Build/Intermediates.noindex/SwiftOverpassAPI.build/Debug-watchos/SwiftOverpassAPI.build/Objects-normal/arm64/SwiftOverpassAPI_const_extract_protocols.json -Xcc -I/Users/admin/builder/spi-builder-workspace/.derivedData/Build/Products/Debug-watchos/include -Xcc -I/Users/admin/builder/spi-builder-workspace/.derivedData/Build/Intermediates.noindex/SwiftOverpassAPI.build/Debug-watchos/SwiftOverpassAPI.build/DerivedSources-normal/arm64 -Xcc -I/Users/admin/builder/spi-builder-workspace/.derivedData/Build/Intermediates.noindex/SwiftOverpassAPI.build/Debug-watchos/SwiftOverpassAPI.build/DerivedSources/arm64 -Xcc -I/Users/admin/builder/spi-builder-workspace/.derivedData/Build/Intermediates.noindex/SwiftOverpassAPI.build/Debug-watchos/SwiftOverpassAPI.build/DerivedSources -Xcc -DSWIFT_PACKAGE -Xcc -DDEBUG\=1 -emit-objc-header -emit-objc-header-path /Users/admin/builder/spi-builder-workspace/.derivedData/Build/Intermediates.noindex/SwiftOverpassAPI.build/Debug-watchos/SwiftOverpassAPI.build/Objects-normal/arm64/SwiftOverpassAPI-Swift.h -working-directory /Users/admin/builder/spi-builder-workspace/.swiftpm/xcode -experimental-emit-module-separately -disable-cmo
SwiftDriver SwiftOverpassAPI normal armv7k com.apple.xcode.tools.swift.compiler (in target 'SwiftOverpassAPI' from project 'SwiftOverpassAPI')
cd /Users/admin/builder/spi-builder-workspace/.swiftpm/xcode
builtin-SwiftDriver -- /Applications/Xcode-16.3.0.app/Contents/Developer/Toolchains/XcodeDefault.xctoolchain/usr/bin/swiftc -module-name SwiftOverpassAPI -Onone -enforce-exclusivity\=checked @/Users/admin/builder/spi-builder-workspace/.derivedData/Build/Intermediates.noindex/SwiftOverpassAPI.build/Debug-watchos/SwiftOverpassAPI.build/Objects-normal/armv7k/SwiftOverpassAPI.SwiftFileList -DSWIFT_PACKAGE -DDEBUG -stats-output-dir .stats -strict-concurrency\=complete -enable-upcoming-feature StrictConcurrency -enable-upcoming-feature DisableOutwardActorInference -enable-upcoming-feature GlobalActorIsolatedTypesUsability -enable-upcoming-feature InferSendableFromCaptures -plugin-path /Applications/Xcode-16.3.0.app/Contents/Developer/Toolchains/XcodeDefault.xctoolchain/usr/lib/swift/host/plugins/testing -enable-experimental-feature DebugDescriptionMacro -sdk /Applications/Xcode-16.3.0.app/Contents/Developer/Platforms/WatchOS.platform/Developer/SDKs/WatchOS11.4.sdk -target armv7k-apple-watchos8.0 -g -module-cache-path /Users/admin/builder/spi-builder-workspace/.derivedData/ModuleCache.noindex -Xfrontend -serialize-debugging-options -profile-coverage-mapping -profile-generate -enable-testing -index-store-path /Users/admin/builder/spi-builder-workspace/.derivedData/Index.noindex/DataStore -swift-version 5 -I /Users/admin/builder/spi-builder-workspace/.derivedData/Build/Products/Debug-watchos -I /Applications/Xcode-16.3.0.app/Contents/Developer/Platforms/WatchOS.platform/Developer/usr/lib -F /Users/admin/builder/spi-builder-workspace/.derivedData/Build/Products/Debug-watchos -F /Applications/Xcode-16.3.0.app/Contents/Developer/Platforms/WatchOS.platform/Developer/Library/Frameworks -F /Applications/Xcode-16.3.0.app/Contents/Developer/Platforms/WatchOS.platform/Developer/SDKs/WatchOS11.4.sdk/Developer/Library/Frameworks -c -j10 -enable-batch-mode -incremental -Xcc -ivfsstatcache -Xcc /Users/admin/builder/spi-builder-workspace/.derivedData/SDKStatCaches.noindex/watchos11.4-22T246-43efb940ff07ba2497b70ec94253f576.sdkstatcache -output-file-map /Users/admin/builder/spi-builder-workspace/.derivedData/Build/Intermediates.noindex/SwiftOverpassAPI.build/Debug-watchos/SwiftOverpassAPI.build/Objects-normal/armv7k/SwiftOverpassAPI-OutputFileMap.json -use-frontend-parseable-output -save-temps -no-color-diagnostics -serialize-diagnostics -emit-dependencies -emit-module -emit-module-path /Users/admin/builder/spi-builder-workspace/.derivedData/Build/Intermediates.noindex/SwiftOverpassAPI.build/Debug-watchos/SwiftOverpassAPI.build/Objects-normal/armv7k/SwiftOverpassAPI.swiftmodule -validate-clang-modules-once -clang-build-session-file /Users/admin/builder/spi-builder-workspace/.derivedData/ModuleCache.noindex/Session.modulevalidation -Xcc -I/Users/admin/builder/spi-builder-workspace/.derivedData/Build/Intermediates.noindex/SwiftOverpassAPI.build/Debug-watchos/SwiftOverpassAPI.build/swift-overrides.hmap -emit-const-values -Xfrontend -const-gather-protocols-file -Xfrontend /Users/admin/builder/spi-builder-workspace/.derivedData/Build/Intermediates.noindex/SwiftOverpassAPI.build/Debug-watchos/SwiftOverpassAPI.build/Objects-normal/armv7k/SwiftOverpassAPI_const_extract_protocols.json -Xcc -I/Users/admin/builder/spi-builder-workspace/.derivedData/Build/Products/Debug-watchos/include -Xcc -I/Users/admin/builder/spi-builder-workspace/.derivedData/Build/Intermediates.noindex/SwiftOverpassAPI.build/Debug-watchos/SwiftOverpassAPI.build/DerivedSources-normal/armv7k -Xcc -I/Users/admin/builder/spi-builder-workspace/.derivedData/Build/Intermediates.noindex/SwiftOverpassAPI.build/Debug-watchos/SwiftOverpassAPI.build/DerivedSources/armv7k -Xcc -I/Users/admin/builder/spi-builder-workspace/.derivedData/Build/Intermediates.noindex/SwiftOverpassAPI.build/Debug-watchos/SwiftOverpassAPI.build/DerivedSources -Xcc -DSWIFT_PACKAGE -Xcc -DDEBUG\=1 -emit-objc-header -emit-objc-header-path /Users/admin/builder/spi-builder-workspace/.derivedData/Build/Intermediates.noindex/SwiftOverpassAPI.build/Debug-watchos/SwiftOverpassAPI.build/Objects-normal/armv7k/SwiftOverpassAPI-Swift.h -working-directory /Users/admin/builder/spi-builder-workspace/.swiftpm/xcode -experimental-emit-module-separately -disable-cmo
SwiftEmitModule normal arm64_32 Emitting\ module\ for\ SwiftOverpassAPI (in target 'SwiftOverpassAPI' from project 'SwiftOverpassAPI')
EmitSwiftModule normal arm64_32 (in target 'SwiftOverpassAPI' from project 'SwiftOverpassAPI')
cd /Users/admin/builder/spi-builder-workspace/.swiftpm/xcode
/Users/admin/builder/spi-builder-workspace/Source/Models/OPMapKitVisualization.swift:16:15: error: 'MKPolygon' is unavailable in watchOS
case polygon(MKPolygon)
^~~~~~~~~
/Applications/Xcode-16.3.0.app/Contents/Developer/Platforms/WatchOS.platform/Developer/SDKs/WatchOS11.4.sdk/System/Library/Frameworks/MapKit.framework/Headers/MKPolygon.h:15:12: note: 'MKPolygon' has been explicitly marked unavailable here
@interface MKPolygon : MKMultiPoint <MKOverlay>
^
/Users/admin/builder/spi-builder-workspace/Source/Models/OPMapKitVisualization.swift:17:16: error: 'MKPolyline' is unavailable in watchOS
case polyline(MKPolyline)
^~~~~~~~~~
/Applications/Xcode-16.3.0.app/Contents/Developer/Platforms/WatchOS.platform/Developer/SDKs/WatchOS11.4.sdk/System/Library/Frameworks/MapKit.framework/Headers/MKPolyline.h:15:12: note: 'MKPolyline' has been explicitly marked unavailable here
@interface MKPolyline : MKMultiPoint <MKOverlay>
^
/Users/admin/builder/spi-builder-workspace/Source/Models/OPMapKitVisualization.swift:18:17: error: 'MKPolygon' is unavailable in watchOS
case polygons([MKPolygon])
^~~~~~~~~
/Applications/Xcode-16.3.0.app/Contents/Developer/Platforms/WatchOS.platform/Developer/SDKs/WatchOS11.4.sdk/System/Library/Frameworks/MapKit.framework/Headers/MKPolygon.h:15:12: note: 'MKPolygon' has been explicitly marked unavailable here
@interface MKPolygon : MKMultiPoint <MKOverlay>
^
/Users/admin/builder/spi-builder-workspace/Source/Models/OPMapKitVisualization.swift:19:18: error: 'MKPolyline' is unavailable in watchOS
case polylines([MKPolyline])
^~~~~~~~~~
/Applications/Xcode-16.3.0.app/Contents/Developer/Platforms/WatchOS.platform/Developer/SDKs/WatchOS11.4.sdk/System/Library/Frameworks/MapKit.framework/Headers/MKPolyline.h:15:12: note: 'MKPolyline' has been explicitly marked unavailable here
@interface MKPolyline : MKMultiPoint <MKOverlay>
^
/Users/admin/builder/spi-builder-workspace/Source/Networking/OPClient.swift:49:14: warning: type 'any OPElement' does not conform to the 'Sendable' protocol; this is an error in the Swift 6 language mode
private var currentTask: Task<[Int: OPElement], Error>?
^
/Users/admin/builder/spi-builder-workspace/Source/Protocols/OPElement.swift:12:17: note: protocol 'OPElement' does not conform to the 'Sendable' protocol
public protocol OPElement {
^
Failed frontend command:
/Applications/Xcode-16.3.0.app/Contents/Developer/Toolchains/XcodeDefault.xctoolchain/usr/bin/swift-frontend -frontend -emit-module -experimental-skip-non-inlinable-function-bodies-without-types /Users/admin/builder/spi-builder-workspace/Source/Controllers/OPQueryBuilder.swift /Users/admin/builder/spi-builder-workspace/Source/Controllers/OPVisualizationGenerator.swift /Users/admin/builder/spi-builder-workspace/Source/Controllers/PolygonChecker.swift /Users/admin/builder/spi-builder-workspace/Source/Controllers/TagChecker.swift /Users/admin/builder/spi-builder-workspace/Source/Models/ElementCodingKeys.swift /Users/admin/builder/spi-builder-workspace/Source/Models/ElementsCodingKeys.swift /Users/admin/builder/spi-builder-workspace/Source/Models/NestedPolygonCoordinates.swift /Users/admin/builder/spi-builder-workspace/Source/Models/OPBoundingBox.swift /Users/admin/builder/spi-builder-workspace/Source/Models/OPElementCenter.swift /Users/admin/builder/spi-builder-workspace/Source/Models/OPElementType.swift /Users/admin/builder/spi-builder-workspace/Source/Models/OPGeometry.swift /Users/admin/builder/spi-builder-workspace/Source/Models/OPMapKitVisualization.swift /Users/admin/builder/spi-builder-workspace/Source/Models/OPMeta.swift /Users/admin/builder/spi-builder-workspace/Source/Models/OPNode.swift /Users/admin/builder/spi-builder-workspace/Source/Models/OPQueryOutputType.swift /Users/admin/builder/spi-builder-workspace/Source/Models/OPRelation.swift /Users/admin/builder/spi-builder-workspace/Source/Models/OPWay.swift /Users/admin/builder/spi-builder-workspace/Source/Networking/OPClient.swift /Users/admin/builder/spi-builder-workspace/Source/Networking/OPDecodingOperation.swift /Users/admin/builder/spi-builder-workspace/Source/Protocols/OPElement.swift /Users/admin/builder/spi-builder-workspace/Source/Utilities/CLLocationCoordinate2D+Extensions.swift /Users/admin/builder/spi-builder-workspace/Source/Utilities/Constants.swift /Users/admin/builder/spi-builder-workspace/Source/Utilities/DecoderExtractor.swift /Users/admin/builder/spi-builder-workspace/Source/Utilities/Errors.swift /Users/admin/builder/spi-builder-workspace/Source/Utilities/LinkedList.swift -target arm64_32-apple-watchos8.0 -enable-objc-interop -sdk /Applications/Xcode-16.3.0.app/Contents/Developer/Platforms/WatchOS.platform/Developer/SDKs/WatchOS11.4.sdk -I /Users/admin/builder/spi-builder-workspace/.derivedData/Build/Products/Debug-watchos -I /Applications/Xcode-16.3.0.app/Contents/Developer/Platforms/WatchOS.platform/Developer/usr/lib -F /Users/admin/builder/spi-builder-workspace/.derivedData/Build/Products/Debug-watchos -F /Applications/Xcode-16.3.0.app/Contents/Developer/Platforms/WatchOS.platform/Developer/Library/Frameworks -F /Applications/Xcode-16.3.0.app/Contents/Developer/Platforms/WatchOS.platform/Developer/SDKs/WatchOS11.4.sdk/Developer/Library/Frameworks -no-color-diagnostics -enable-testing -g -debug-info-format\=dwarf -dwarf-version\=4 -module-cache-path /Users/admin/builder/spi-builder-workspace/.derivedData/ModuleCache.noindex -profile-generate -profile-coverage-mapping -swift-version 5 -enforce-exclusivity\=checked -stats-output-dir /Users/admin/builder/spi-builder-workspace/.swiftpm/xcode/.stats -Onone -D SWIFT_PACKAGE -D DEBUG -serialize-debugging-options -const-gather-protocols-file /Users/admin/builder/spi-builder-workspace/.derivedData/Build/Intermediates.noindex/SwiftOverpassAPI.build/Debug-watchos/SwiftOverpassAPI.build/Objects-normal/arm64_32/SwiftOverpassAPI_const_extract_protocols.json -enable-upcoming-feature StrictConcurrency -enable-upcoming-feature DisableOutwardActorInference -enable-upcoming-feature GlobalActorIsolatedTypesUsability -enable-upcoming-feature InferSendableFromCaptures -enable-experimental-feature DebugDescriptionMacro -strict-concurrency\=complete -empty-abi-descriptor -plugin-path /Applications/Xcode-16.3.0.app/Contents/Developer/Toolchains/XcodeDefault.xctoolchain/usr/lib/swift/host/plugins/testing -validate-clang-modules-once -clang-build-session-file /Users/admin/builder/spi-builder-workspace/.derivedData/ModuleCache.noindex/Session.modulevalidation -Xcc -working-directory -Xcc /Users/admin/builder/spi-builder-workspace/.swiftpm/xcode -resource-dir /Applications/Xcode-16.3.0.app/Contents/Developer/Toolchains/XcodeDefault.xctoolchain/usr/lib/swift -enable-anonymous-context-mangled-names -file-compilation-dir /Users/admin/builder/spi-builder-workspace/.swiftpm/xcode -Xcc -ivfsstatcache -Xcc /Users/admin/builder/spi-builder-workspace/.derivedData/SDKStatCaches.noindex/watchos11.4-22T246-43efb940ff07ba2497b70ec94253f576.sdkstatcache -Xcc -I/Users/admin/builder/spi-builder-workspace/.derivedData/Build/Intermediates.noindex/SwiftOverpassAPI.build/Debug-watchos/SwiftOverpassAPI.build/swift-overrides.hmap -Xcc -I/Users/admin/builder/spi-builder-workspace/.derivedData/Build/Products/Debug-watchos/include -Xcc -I/Users/admin/builder/spi-builder-workspace/.derivedData/Build/Intermediates.noindex/SwiftOverpassAPI.build/Debug-watchos/SwiftOverpassAPI.build/DerivedSources-normal/arm64_32 -Xcc -I/Users/admin/builder/spi-builder-workspace/.derivedData/Build/Intermediates.noindex/SwiftOverpassAPI.build/Debug-watchos/SwiftOverpassAPI.build/DerivedSources/arm64_32 -Xcc -I/Users/admin/builder/spi-builder-workspace/.derivedData/Build/Intermediates.noindex/SwiftOverpassAPI.build/Debug-watchos/SwiftOverpassAPI.build/DerivedSources -Xcc -DSWIFT_PACKAGE -Xcc -DDEBUG\=1 -module-name SwiftOverpassAPI -frontend-parseable-output -disable-clang-spi -target-sdk-version 11.4 -target-sdk-name watchos11.4 -external-plugin-path /Applications/Xcode-16.3.0.app/Contents/Developer/Platforms/WatchOS.platform/Developer/usr/lib/swift/host/plugins\#/Applications/Xcode-16.3.0.app/Contents/Developer/Platforms/WatchOS.platform/Developer/usr/bin/swift-plugin-server -external-plugin-path /Applications/Xcode-16.3.0.app/Contents/Developer/Platforms/WatchOS.platform/Developer/usr/local/lib/swift/host/plugins\#/Applications/Xcode-16.3.0.app/Contents/Developer/Platforms/WatchOS.platform/Developer/usr/bin/swift-plugin-server -in-process-plugin-server-path /Applications/Xcode-16.3.0.app/Contents/Developer/Toolchains/XcodeDefault.xctoolchain/usr/lib/swift/host/libSwiftInProcPluginServer.dylib -plugin-path /Applications/Xcode-16.3.0.app/Contents/Developer/Toolchains/XcodeDefault.xctoolchain/usr/lib/swift/host/plugins -plugin-path /Applications/Xcode-16.3.0.app/Contents/Developer/Toolchains/XcodeDefault.xctoolchain/usr/local/lib/swift/host/plugins -emit-module-doc-path /Users/admin/builder/spi-builder-workspace/.derivedData/Build/Intermediates.noindex/SwiftOverpassAPI.build/Debug-watchos/SwiftOverpassAPI.build/Objects-normal/arm64_32/SwiftOverpassAPI.swiftdoc -emit-module-source-info-path /Users/admin/builder/spi-builder-workspace/.derivedData/Build/Intermediates.noindex/SwiftOverpassAPI.build/Debug-watchos/SwiftOverpassAPI.build/Objects-normal/arm64_32/SwiftOverpassAPI.swiftsourceinfo -emit-objc-header-path /Users/admin/builder/spi-builder-workspace/.derivedData/Build/Intermediates.noindex/SwiftOverpassAPI.build/Debug-watchos/SwiftOverpassAPI.build/Objects-normal/arm64_32/SwiftOverpassAPI-Swift.h -serialize-diagnostics-path /Users/admin/builder/spi-builder-workspace/.derivedData/Build/Intermediates.noindex/SwiftOverpassAPI.build/Debug-watchos/SwiftOverpassAPI.build/Objects-normal/arm64_32/SwiftOverpassAPI-master-emit-module.dia -emit-dependencies-path /Users/admin/builder/spi-builder-workspace/.derivedData/Build/Intermediates.noindex/SwiftOverpassAPI.build/Debug-watchos/SwiftOverpassAPI.build/Objects-normal/arm64_32/SwiftOverpassAPI-master-emit-module.d -o /Users/admin/builder/spi-builder-workspace/.derivedData/Build/Intermediates.noindex/SwiftOverpassAPI.build/Debug-watchos/SwiftOverpassAPI.build/Objects-normal/arm64_32/SwiftOverpassAPI.swiftmodule -emit-abi-descriptor-path /Users/admin/builder/spi-builder-workspace/.derivedData/Build/Intermediates.noindex/SwiftOverpassAPI.build/Debug-watchos/SwiftOverpassAPI.build/Objects-normal/arm64_32/SwiftOverpassAPI.abi.json
SwiftCompile normal arm64_32 Compiling\ TagChecker.swift,\ ElementCodingKeys.swift,\ ElementsCodingKeys.swift /Users/admin/builder/spi-builder-workspace/Source/Controllers/TagChecker.swift /Users/admin/builder/spi-builder-workspace/Source/Models/ElementCodingKeys.swift /Users/admin/builder/spi-builder-workspace/Source/Models/ElementsCodingKeys.swift (in target 'SwiftOverpassAPI' from project 'SwiftOverpassAPI')
SwiftCompile normal arm64_32 /Users/admin/builder/spi-builder-workspace/Source/Controllers/TagChecker.swift (in target 'SwiftOverpassAPI' from project 'SwiftOverpassAPI')
cd /Users/admin/builder/spi-builder-workspace/.swiftpm/xcode
SwiftCompile normal arm64_32 /Users/admin/builder/spi-builder-workspace/Source/Models/ElementCodingKeys.swift (in target 'SwiftOverpassAPI' from project 'SwiftOverpassAPI')
cd /Users/admin/builder/spi-builder-workspace/.swiftpm/xcode
SwiftCompile normal arm64_32 /Users/admin/builder/spi-builder-workspace/Source/Models/ElementsCodingKeys.swift (in target 'SwiftOverpassAPI' from project 'SwiftOverpassAPI')
cd /Users/admin/builder/spi-builder-workspace/.swiftpm/xcode
SwiftCompile normal arm64_32 Compiling\ NestedPolygonCoordinates.swift,\ OPBoundingBox.swift,\ OPElementCenter.swift /Users/admin/builder/spi-builder-workspace/Source/Models/NestedPolygonCoordinates.swift /Users/admin/builder/spi-builder-workspace/Source/Models/OPBoundingBox.swift /Users/admin/builder/spi-builder-workspace/Source/Models/OPElementCenter.swift (in target 'SwiftOverpassAPI' from project 'SwiftOverpassAPI')
SwiftCompile normal arm64_32 /Users/admin/builder/spi-builder-workspace/Source/Models/NestedPolygonCoordinates.swift (in target 'SwiftOverpassAPI' from project 'SwiftOverpassAPI')
cd /Users/admin/builder/spi-builder-workspace/.swiftpm/xcode
SwiftCompile normal arm64_32 /Users/admin/builder/spi-builder-workspace/Source/Models/OPBoundingBox.swift (in target 'SwiftOverpassAPI' from project 'SwiftOverpassAPI')
cd /Users/admin/builder/spi-builder-workspace/.swiftpm/xcode
SwiftCompile normal arm64_32 /Users/admin/builder/spi-builder-workspace/Source/Models/OPElementCenter.swift (in target 'SwiftOverpassAPI' from project 'SwiftOverpassAPI')
cd /Users/admin/builder/spi-builder-workspace/.swiftpm/xcode
SwiftCompile normal arm64_32 Compiling\ OPElementType.swift,\ OPGeometry.swift,\ OPMapKitVisualization.swift /Users/admin/builder/spi-builder-workspace/Source/Models/OPElementType.swift /Users/admin/builder/spi-builder-workspace/Source/Models/OPGeometry.swift /Users/admin/builder/spi-builder-workspace/Source/Models/OPMapKitVisualization.swift (in target 'SwiftOverpassAPI' from project 'SwiftOverpassAPI')
SwiftCompile normal arm64_32 /Users/admin/builder/spi-builder-workspace/Source/Models/OPElementType.swift (in target 'SwiftOverpassAPI' from project 'SwiftOverpassAPI')
cd /Users/admin/builder/spi-builder-workspace/.swiftpm/xcode
SwiftCompile normal arm64_32 /Users/admin/builder/spi-builder-workspace/Source/Models/OPGeometry.swift (in target 'SwiftOverpassAPI' from project 'SwiftOverpassAPI')
cd /Users/admin/builder/spi-builder-workspace/.swiftpm/xcode
SwiftCompile normal arm64_32 /Users/admin/builder/spi-builder-workspace/Source/Models/OPMapKitVisualization.swift (in target 'SwiftOverpassAPI' from project 'SwiftOverpassAPI')
cd /Users/admin/builder/spi-builder-workspace/.swiftpm/xcode
SwiftCompile normal arm64_32 Compiling\ OPMeta.swift,\ OPNode.swift,\ OPQueryOutputType.swift /Users/admin/builder/spi-builder-workspace/Source/Models/OPMeta.swift /Users/admin/builder/spi-builder-workspace/Source/Models/OPNode.swift /Users/admin/builder/spi-builder-workspace/Source/Models/OPQueryOutputType.swift (in target 'SwiftOverpassAPI' from project 'SwiftOverpassAPI')
SwiftCompile normal arm64_32 /Users/admin/builder/spi-builder-workspace/Source/Models/OPMeta.swift (in target 'SwiftOverpassAPI' from project 'SwiftOverpassAPI')
cd /Users/admin/builder/spi-builder-workspace/.swiftpm/xcode
SwiftCompile normal arm64_32 /Users/admin/builder/spi-builder-workspace/Source/Models/OPNode.swift (in target 'SwiftOverpassAPI' from project 'SwiftOverpassAPI')
cd /Users/admin/builder/spi-builder-workspace/.swiftpm/xcode
SwiftCompile normal arm64_32 /Users/admin/builder/spi-builder-workspace/Source/Models/OPQueryOutputType.swift (in target 'SwiftOverpassAPI' from project 'SwiftOverpassAPI')
cd /Users/admin/builder/spi-builder-workspace/.swiftpm/xcode
SwiftCompile normal arm64_32 Compiling\ OPRelation.swift,\ OPWay.swift /Users/admin/builder/spi-builder-workspace/Source/Models/OPRelation.swift /Users/admin/builder/spi-builder-workspace/Source/Models/OPWay.swift (in target 'SwiftOverpassAPI' from project 'SwiftOverpassAPI')
SwiftCompile normal arm64_32 /Users/admin/builder/spi-builder-workspace/Source/Models/OPRelation.swift (in target 'SwiftOverpassAPI' from project 'SwiftOverpassAPI')
cd /Users/admin/builder/spi-builder-workspace/.swiftpm/xcode
SwiftCompile normal arm64_32 /Users/admin/builder/spi-builder-workspace/Source/Models/OPWay.swift (in target 'SwiftOverpassAPI' from project 'SwiftOverpassAPI')
cd /Users/admin/builder/spi-builder-workspace/.swiftpm/xcode
SwiftCompile normal arm64_32 Compiling\ Constants.swift,\ DecoderExtractor.swift /Users/admin/builder/spi-builder-workspace/Source/Utilities/Constants.swift /Users/admin/builder/spi-builder-workspace/Source/Utilities/DecoderExtractor.swift (in target 'SwiftOverpassAPI' from project 'SwiftOverpassAPI')
SwiftCompile normal arm64_32 /Users/admin/builder/spi-builder-workspace/Source/Utilities/Constants.swift (in target 'SwiftOverpassAPI' from project 'SwiftOverpassAPI')
cd /Users/admin/builder/spi-builder-workspace/.swiftpm/xcode
SwiftCompile normal arm64_32 /Users/admin/builder/spi-builder-workspace/Source/Utilities/DecoderExtractor.swift (in target 'SwiftOverpassAPI' from project 'SwiftOverpassAPI')
cd /Users/admin/builder/spi-builder-workspace/.swiftpm/xcode
SwiftCompile normal arm64_32 Compiling\ OPClient.swift,\ OPDecodingOperation.swift /Users/admin/builder/spi-builder-workspace/Source/Networking/OPClient.swift /Users/admin/builder/spi-builder-workspace/Source/Networking/OPDecodingOperation.swift (in target 'SwiftOverpassAPI' from project 'SwiftOverpassAPI')
SwiftCompile normal arm64_32 /Users/admin/builder/spi-builder-workspace/Source/Networking/OPClient.swift (in target 'SwiftOverpassAPI' from project 'SwiftOverpassAPI')
cd /Users/admin/builder/spi-builder-workspace/.swiftpm/xcode
SwiftCompile normal arm64_32 /Users/admin/builder/spi-builder-workspace/Source/Networking/OPDecodingOperation.swift (in target 'SwiftOverpassAPI' from project 'SwiftOverpassAPI')
cd /Users/admin/builder/spi-builder-workspace/.swiftpm/xcode
SwiftCompile normal arm64_32 Compiling\ OPElement.swift,\ CLLocationCoordinate2D+Extensions.swift /Users/admin/builder/spi-builder-workspace/Source/Protocols/OPElement.swift /Users/admin/builder/spi-builder-workspace/Source/Utilities/CLLocationCoordinate2D+Extensions.swift (in target 'SwiftOverpassAPI' from project 'SwiftOverpassAPI')
SwiftCompile normal arm64_32 /Users/admin/builder/spi-builder-workspace/Source/Protocols/OPElement.swift (in target 'SwiftOverpassAPI' from project 'SwiftOverpassAPI')
cd /Users/admin/builder/spi-builder-workspace/.swiftpm/xcode
SwiftCompile normal arm64_32 /Users/admin/builder/spi-builder-workspace/Source/Utilities/CLLocationCoordinate2D+Extensions.swift (in target 'SwiftOverpassAPI' from project 'SwiftOverpassAPI')
cd /Users/admin/builder/spi-builder-workspace/.swiftpm/xcode
SwiftCompile normal arm64_32 Compiling\ OPQueryBuilder.swift,\ OPVisualizationGenerator.swift,\ PolygonChecker.swift /Users/admin/builder/spi-builder-workspace/Source/Controllers/OPQueryBuilder.swift /Users/admin/builder/spi-builder-workspace/Source/Controllers/OPVisualizationGenerator.swift /Users/admin/builder/spi-builder-workspace/Source/Controllers/PolygonChecker.swift (in target 'SwiftOverpassAPI' from project 'SwiftOverpassAPI')
SwiftCompile normal arm64_32 /Users/admin/builder/spi-builder-workspace/Source/Controllers/OPQueryBuilder.swift (in target 'SwiftOverpassAPI' from project 'SwiftOverpassAPI')
cd /Users/admin/builder/spi-builder-workspace/.swiftpm/xcode
SwiftCompile normal arm64_32 /Users/admin/builder/spi-builder-workspace/Source/Controllers/OPVisualizationGenerator.swift (in target 'SwiftOverpassAPI' from project 'SwiftOverpassAPI')
cd /Users/admin/builder/spi-builder-workspace/.swiftpm/xcode
SwiftCompile normal arm64_32 /Users/admin/builder/spi-builder-workspace/Source/Controllers/PolygonChecker.swift (in target 'SwiftOverpassAPI' from project 'SwiftOverpassAPI')
cd /Users/admin/builder/spi-builder-workspace/.swiftpm/xcode
SwiftEmitModule normal arm64 Emitting\ module\ for\ SwiftOverpassAPI (in target 'SwiftOverpassAPI' from project 'SwiftOverpassAPI')
Command SwiftEmitModule failed with a nonzero exit code
** BUILD FAILED **
The following build commands failed:
EmitSwiftModule normal arm64_32 (in target 'SwiftOverpassAPI' from project 'SwiftOverpassAPI')
SwiftEmitModule normal arm64_32 Emitting\ module\ for\ SwiftOverpassAPI (in target 'SwiftOverpassAPI' from project 'SwiftOverpassAPI')
SwiftEmitModule normal arm64 Emitting\ module\ for\ SwiftOverpassAPI (in target 'SwiftOverpassAPI' from project 'SwiftOverpassAPI')
Building workspace spi-builder-workspace with scheme SwiftOverpassAPI
(4 failures)
Command line invocation:
/Applications/Xcode-16.3.0.app/Contents/Developer/usr/bin/xcodebuild -IDEClonedSourcePackagesDirPathOverride=/Users/admin/builder/spi-builder-workspace/.dependencies -resolvePackageDependencies
Resolve Package Graph
Resolved source packages:
SwiftOverpassAPI: /Users/admin/builder/spi-builder-workspace
resolved source packages: SwiftOverpassAPI
{
"dependencies" : [
],
"manifest_display_name" : "SwiftOverpassAPI",
"name" : "SwiftOverpassAPI",
"path" : "/Users/admin/builder/spi-builder-workspace",
"platforms" : [
{
"name" : "ios",
"version" : "15.0"
},
{
"name" : "macos",
"version" : "12.0"
}
],
"products" : [
{
"name" : "SwiftOverpassAPI",
"targets" : [
"SwiftOverpassAPI"
],
"type" : {
"library" : [
"automatic"
]
}
}
],
"targets" : [
{
"c99name" : "SwiftOverpassAPITests",
"module_type" : "SwiftTarget",
"name" : "SwiftOverpassAPITests",
"path" : "Tests/SwiftOverpassAPITests",
"sources" : [
"OPBoundingBoxTests.swift",
"OPClientTests.swift",
"OPDecodingOperationTests.swift",
"OPEnumTests.swift",
"OPQueryBuilderTests.swift",
"PolygonCheckerTests.swift"
],
"target_dependencies" : [
"SwiftOverpassAPI"
],
"type" : "test"
},
{
"c99name" : "SwiftOverpassAPI",
"module_type" : "SwiftTarget",
"name" : "SwiftOverpassAPI",
"path" : "Source",
"product_memberships" : [
"SwiftOverpassAPI"
],
"sources" : [
"Controllers/OPQueryBuilder.swift",
"Controllers/OPVisualizationGenerator.swift",
"Controllers/PolygonChecker.swift",
"Controllers/TagChecker.swift",
"Models/ElementCodingKeys.swift",
"Models/ElementsCodingKeys.swift",
"Models/NestedPolygonCoordinates.swift",
"Models/OPBoundingBox.swift",
"Models/OPElementCenter.swift",
"Models/OPElementType.swift",
"Models/OPGeometry.swift",
"Models/OPMapKitVisualization.swift",
"Models/OPMeta.swift",
"Models/OPNode.swift",
"Models/OPQueryOutputType.swift",
"Models/OPRelation.swift",
"Models/OPWay.swift",
"Networking/OPClient.swift",
"Networking/OPDecodingOperation.swift",
"Protocols/OPElement.swift",
"Utilities/CLLocationCoordinate2D+Extensions.swift",
"Utilities/Constants.swift",
"Utilities/DecoderExtractor.swift",
"Utilities/Errors.swift",
"Utilities/LinkedList.swift"
],
"type" : "library"
}
],
"tools_version" : "5.5"
}
{
"workspace" : {
"name" : "spi-builder-workspace",
"schemes" : [
"SwiftOverpassAPI"
]
}
}
Running build ...
env DEVELOPER_DIR=/Applications/Xcode-16.3.0.app xcrun xcodebuild -IDEClonedSourcePackagesDirPathOverride=$PWD/.dependencies -skipMacroValidation -skipPackagePluginValidation -derivedDataPath $PWD/.derivedData build -scheme SwiftOverpassAPI -destination generic/platform=watchOS
Command line invocation:
/Applications/Xcode-16.3.0.app/Contents/Developer/usr/bin/xcodebuild -IDEClonedSourcePackagesDirPathOverride=/Users/admin/builder/spi-builder-workspace/.dependencies -skipMacroValidation -skipPackagePluginValidation -derivedDataPath /Users/admin/builder/spi-builder-workspace/.derivedData build -scheme SwiftOverpassAPI -destination generic/platform=watchOS
Resolve Package Graph
Resolved source packages:
SwiftOverpassAPI: /Users/admin/builder/spi-builder-workspace
ComputePackagePrebuildTargetDependencyGraph
Prepare packages
CreateBuildRequest
SendProjectDescription
CreateBuildOperation
ComputeTargetDependencyGraph
note: Building targets in dependency order
note: Target dependency graph (2 targets)
Target 'SwiftOverpassAPI' in project 'SwiftOverpassAPI'
➜ Explicit dependency on target 'SwiftOverpassAPI' in project 'SwiftOverpassAPI'
Target 'SwiftOverpassAPI' in project 'SwiftOverpassAPI' (no dependencies)
GatherProvisioningInputs
CreateBuildDescription
ExecuteExternalTool /Applications/Xcode-16.3.0.app/Contents/Developer/Toolchains/XcodeDefault.xctoolchain/usr/bin/clang -v -E -dM -isysroot /Applications/Xcode-16.3.0.app/Contents/Developer/Platforms/WatchOS.platform/Developer/SDKs/WatchOS11.4.sdk -x c -c /dev/null
ExecuteExternalTool /Applications/Xcode-16.3.0.app/Contents/Developer/Toolchains/XcodeDefault.xctoolchain/usr/bin/swiftc --version
ExecuteExternalTool /Applications/Xcode-16.3.0.app/Contents/Developer/Toolchains/XcodeDefault.xctoolchain/usr/bin/ld -version_details
Build description signature: 6cf8d2efa898db004e15fc4c7fef0072
Build description path: /Users/admin/builder/spi-builder-workspace/.derivedData/Build/Intermediates.noindex/XCBuildData/6cf8d2efa898db004e15fc4c7fef0072.xcbuilddata
ClangStatCache /Applications/Xcode-16.3.0.app/Contents/Developer/Toolchains/XcodeDefault.xctoolchain/usr/bin/clang-stat-cache /Applications/Xcode-16.3.0.app/Contents/Developer/Platforms/WatchOS.platform/Developer/SDKs/WatchOS11.4.sdk /Users/admin/builder/spi-builder-workspace/.derivedData/SDKStatCaches.noindex/watchos11.4-22T246-43efb940ff07ba2497b70ec94253f576.sdkstatcache
cd /Users/admin/builder/spi-builder-workspace/.swiftpm/xcode
/Applications/Xcode-16.3.0.app/Contents/Developer/Toolchains/XcodeDefault.xctoolchain/usr/bin/clang-stat-cache /Applications/Xcode-16.3.0.app/Contents/Developer/Platforms/WatchOS.platform/Developer/SDKs/WatchOS11.4.sdk -o /Users/admin/builder/spi-builder-workspace/.derivedData/SDKStatCaches.noindex/watchos11.4-22T246-43efb940ff07ba2497b70ec94253f576.sdkstatcache
SwiftDriver SwiftOverpassAPI normal arm64 com.apple.xcode.tools.swift.compiler (in target 'SwiftOverpassAPI' from project 'SwiftOverpassAPI')
cd /Users/admin/builder/spi-builder-workspace/.swiftpm/xcode
builtin-SwiftDriver -- /Applications/Xcode-16.3.0.app/Contents/Developer/Toolchains/XcodeDefault.xctoolchain/usr/bin/swiftc -module-name SwiftOverpassAPI -Onone -enforce-exclusivity\=checked @/Users/admin/builder/spi-builder-workspace/.derivedData/Build/Intermediates.noindex/SwiftOverpassAPI.build/Debug-watchos/SwiftOverpassAPI.build/Objects-normal/arm64/SwiftOverpassAPI.SwiftFileList -DSWIFT_PACKAGE -DDEBUG -DXcode -plugin-path /Applications/Xcode-16.3.0.app/Contents/Developer/Toolchains/XcodeDefault.xctoolchain/usr/lib/swift/host/plugins/testing -enable-experimental-feature DebugDescriptionMacro -sdk /Applications/Xcode-16.3.0.app/Contents/Developer/Platforms/WatchOS.platform/Developer/SDKs/WatchOS11.4.sdk -target arm64-apple-watchos8.0 -g -module-cache-path /Users/admin/builder/spi-builder-workspace/.derivedData/ModuleCache.noindex -Xfrontend -serialize-debugging-options -profile-coverage-mapping -profile-generate -enable-testing -index-store-path /Users/admin/builder/spi-builder-workspace/.derivedData/Index.noindex/DataStore -swift-version 5 -I /Users/admin/builder/spi-builder-workspace/.derivedData/Build/Products/Debug-watchos -I /Applications/Xcode-16.3.0.app/Contents/Developer/Platforms/WatchOS.platform/Developer/usr/lib -F /Users/admin/builder/spi-builder-workspace/.derivedData/Build/Products/Debug-watchos -F /Applications/Xcode-16.3.0.app/Contents/Developer/Platforms/WatchOS.platform/Developer/Library/Frameworks -F /Applications/Xcode-16.3.0.app/Contents/Developer/Platforms/WatchOS.platform/Developer/SDKs/WatchOS11.4.sdk/Developer/Library/Frameworks -c -j10 -enable-batch-mode -incremental -Xcc -ivfsstatcache -Xcc /Users/admin/builder/spi-builder-workspace/.derivedData/SDKStatCaches.noindex/watchos11.4-22T246-43efb940ff07ba2497b70ec94253f576.sdkstatcache -output-file-map /Users/admin/builder/spi-builder-workspace/.derivedData/Build/Intermediates.noindex/SwiftOverpassAPI.build/Debug-watchos/SwiftOverpassAPI.build/Objects-normal/arm64/SwiftOverpassAPI-OutputFileMap.json -use-frontend-parseable-output -save-temps -no-color-diagnostics -serialize-diagnostics -emit-dependencies -emit-module -emit-module-path /Users/admin/builder/spi-builder-workspace/.derivedData/Build/Intermediates.noindex/SwiftOverpassAPI.build/Debug-watchos/SwiftOverpassAPI.build/Objects-normal/arm64/SwiftOverpassAPI.swiftmodule -validate-clang-modules-once -clang-build-session-file /Users/admin/builder/spi-builder-workspace/.derivedData/ModuleCache.noindex/Session.modulevalidation -Xcc -I/Users/admin/builder/spi-builder-workspace/.derivedData/Build/Intermediates.noindex/SwiftOverpassAPI.build/Debug-watchos/SwiftOverpassAPI.build/swift-overrides.hmap -emit-const-values -Xfrontend -const-gather-protocols-file -Xfrontend /Users/admin/builder/spi-builder-workspace/.derivedData/Build/Intermediates.noindex/SwiftOverpassAPI.build/Debug-watchos/SwiftOverpassAPI.build/Objects-normal/arm64/SwiftOverpassAPI_const_extract_protocols.json -Xcc -I/Users/admin/builder/spi-builder-workspace/.derivedData/Build/Products/Debug-watchos/include -Xcc -I/Users/admin/builder/spi-builder-workspace/.derivedData/Build/Intermediates.noindex/SwiftOverpassAPI.build/Debug-watchos/SwiftOverpassAPI.build/DerivedSources-normal/arm64 -Xcc -I/Users/admin/builder/spi-builder-workspace/.derivedData/Build/Intermediates.noindex/SwiftOverpassAPI.build/Debug-watchos/SwiftOverpassAPI.build/DerivedSources/arm64 -Xcc -I/Users/admin/builder/spi-builder-workspace/.derivedData/Build/Intermediates.noindex/SwiftOverpassAPI.build/Debug-watchos/SwiftOverpassAPI.build/DerivedSources -Xcc -DSWIFT_PACKAGE -Xcc -DDEBUG\=1 -emit-objc-header -emit-objc-header-path /Users/admin/builder/spi-builder-workspace/.derivedData/Build/Intermediates.noindex/SwiftOverpassAPI.build/Debug-watchos/SwiftOverpassAPI.build/Objects-normal/arm64/SwiftOverpassAPI-Swift.h -working-directory /Users/admin/builder/spi-builder-workspace/.swiftpm/xcode -experimental-emit-module-separately -disable-cmo
SwiftDriver SwiftOverpassAPI normal arm64_32 com.apple.xcode.tools.swift.compiler (in target 'SwiftOverpassAPI' from project 'SwiftOverpassAPI')
cd /Users/admin/builder/spi-builder-workspace/.swiftpm/xcode
builtin-SwiftDriver -- /Applications/Xcode-16.3.0.app/Contents/Developer/Toolchains/XcodeDefault.xctoolchain/usr/bin/swiftc -module-name SwiftOverpassAPI -Onone -enforce-exclusivity\=checked @/Users/admin/builder/spi-builder-workspace/.derivedData/Build/Intermediates.noindex/SwiftOverpassAPI.build/Debug-watchos/SwiftOverpassAPI.build/Objects-normal/arm64_32/SwiftOverpassAPI.SwiftFileList -DSWIFT_PACKAGE -DDEBUG -DXcode -plugin-path /Applications/Xcode-16.3.0.app/Contents/Developer/Toolchains/XcodeDefault.xctoolchain/usr/lib/swift/host/plugins/testing -enable-experimental-feature DebugDescriptionMacro -sdk /Applications/Xcode-16.3.0.app/Contents/Developer/Platforms/WatchOS.platform/Developer/SDKs/WatchOS11.4.sdk -target arm64_32-apple-watchos8.0 -g -module-cache-path /Users/admin/builder/spi-builder-workspace/.derivedData/ModuleCache.noindex -Xfrontend -serialize-debugging-options -profile-coverage-mapping -profile-generate -enable-testing -index-store-path /Users/admin/builder/spi-builder-workspace/.derivedData/Index.noindex/DataStore -swift-version 5 -I /Users/admin/builder/spi-builder-workspace/.derivedData/Build/Products/Debug-watchos -I /Applications/Xcode-16.3.0.app/Contents/Developer/Platforms/WatchOS.platform/Developer/usr/lib -F /Users/admin/builder/spi-builder-workspace/.derivedData/Build/Products/Debug-watchos -F /Applications/Xcode-16.3.0.app/Contents/Developer/Platforms/WatchOS.platform/Developer/Library/Frameworks -F /Applications/Xcode-16.3.0.app/Contents/Developer/Platforms/WatchOS.platform/Developer/SDKs/WatchOS11.4.sdk/Developer/Library/Frameworks -c -j10 -enable-batch-mode -incremental -Xcc -ivfsstatcache -Xcc /Users/admin/builder/spi-builder-workspace/.derivedData/SDKStatCaches.noindex/watchos11.4-22T246-43efb940ff07ba2497b70ec94253f576.sdkstatcache -output-file-map /Users/admin/builder/spi-builder-workspace/.derivedData/Build/Intermediates.noindex/SwiftOverpassAPI.build/Debug-watchos/SwiftOverpassAPI.build/Objects-normal/arm64_32/SwiftOverpassAPI-OutputFileMap.json -use-frontend-parseable-output -save-temps -no-color-diagnostics -serialize-diagnostics -emit-dependencies -emit-module -emit-module-path /Users/admin/builder/spi-builder-workspace/.derivedData/Build/Intermediates.noindex/SwiftOverpassAPI.build/Debug-watchos/SwiftOverpassAPI.build/Objects-normal/arm64_32/SwiftOverpassAPI.swiftmodule -validate-clang-modules-once -clang-build-session-file /Users/admin/builder/spi-builder-workspace/.derivedData/ModuleCache.noindex/Session.modulevalidation -Xcc -I/Users/admin/builder/spi-builder-workspace/.derivedData/Build/Intermediates.noindex/SwiftOverpassAPI.build/Debug-watchos/SwiftOverpassAPI.build/swift-overrides.hmap -emit-const-values -Xfrontend -const-gather-protocols-file -Xfrontend /Users/admin/builder/spi-builder-workspace/.derivedData/Build/Intermediates.noindex/SwiftOverpassAPI.build/Debug-watchos/SwiftOverpassAPI.build/Objects-normal/arm64_32/SwiftOverpassAPI_const_extract_protocols.json -Xcc -I/Users/admin/builder/spi-builder-workspace/.derivedData/Build/Products/Debug-watchos/include -Xcc -I/Users/admin/builder/spi-builder-workspace/.derivedData/Build/Intermediates.noindex/SwiftOverpassAPI.build/Debug-watchos/SwiftOverpassAPI.build/DerivedSources-normal/arm64_32 -Xcc -I/Users/admin/builder/spi-builder-workspace/.derivedData/Build/Intermediates.noindex/SwiftOverpassAPI.build/Debug-watchos/SwiftOverpassAPI.build/DerivedSources/arm64_32 -Xcc -I/Users/admin/builder/spi-builder-workspace/.derivedData/Build/Intermediates.noindex/SwiftOverpassAPI.build/Debug-watchos/SwiftOverpassAPI.build/DerivedSources -Xcc -DSWIFT_PACKAGE -Xcc -DDEBUG\=1 -emit-objc-header -emit-objc-header-path /Users/admin/builder/spi-builder-workspace/.derivedData/Build/Intermediates.noindex/SwiftOverpassAPI.build/Debug-watchos/SwiftOverpassAPI.build/Objects-normal/arm64_32/SwiftOverpassAPI-Swift.h -working-directory /Users/admin/builder/spi-builder-workspace/.swiftpm/xcode -experimental-emit-module-separately -disable-cmo
SwiftDriver SwiftOverpassAPI normal armv7k com.apple.xcode.tools.swift.compiler (in target 'SwiftOverpassAPI' from project 'SwiftOverpassAPI')
cd /Users/admin/builder/spi-builder-workspace/.swiftpm/xcode
builtin-SwiftDriver -- /Applications/Xcode-16.3.0.app/Contents/Developer/Toolchains/XcodeDefault.xctoolchain/usr/bin/swiftc -module-name SwiftOverpassAPI -Onone -enforce-exclusivity\=checked @/Users/admin/builder/spi-builder-workspace/.derivedData/Build/Intermediates.noindex/SwiftOverpassAPI.build/Debug-watchos/SwiftOverpassAPI.build/Objects-normal/armv7k/SwiftOverpassAPI.SwiftFileList -DSWIFT_PACKAGE -DDEBUG -DXcode -plugin-path /Applications/Xcode-16.3.0.app/Contents/Developer/Toolchains/XcodeDefault.xctoolchain/usr/lib/swift/host/plugins/testing -enable-experimental-feature DebugDescriptionMacro -sdk /Applications/Xcode-16.3.0.app/Contents/Developer/Platforms/WatchOS.platform/Developer/SDKs/WatchOS11.4.sdk -target armv7k-apple-watchos8.0 -g -module-cache-path /Users/admin/builder/spi-builder-workspace/.derivedData/ModuleCache.noindex -Xfrontend -serialize-debugging-options -profile-coverage-mapping -profile-generate -enable-testing -index-store-path /Users/admin/builder/spi-builder-workspace/.derivedData/Index.noindex/DataStore -swift-version 5 -I /Users/admin/builder/spi-builder-workspace/.derivedData/Build/Products/Debug-watchos -I /Applications/Xcode-16.3.0.app/Contents/Developer/Platforms/WatchOS.platform/Developer/usr/lib -F /Users/admin/builder/spi-builder-workspace/.derivedData/Build/Products/Debug-watchos -F /Applications/Xcode-16.3.0.app/Contents/Developer/Platforms/WatchOS.platform/Developer/Library/Frameworks -F /Applications/Xcode-16.3.0.app/Contents/Developer/Platforms/WatchOS.platform/Developer/SDKs/WatchOS11.4.sdk/Developer/Library/Frameworks -c -j10 -enable-batch-mode -incremental -Xcc -ivfsstatcache -Xcc /Users/admin/builder/spi-builder-workspace/.derivedData/SDKStatCaches.noindex/watchos11.4-22T246-43efb940ff07ba2497b70ec94253f576.sdkstatcache -output-file-map /Users/admin/builder/spi-builder-workspace/.derivedData/Build/Intermediates.noindex/SwiftOverpassAPI.build/Debug-watchos/SwiftOverpassAPI.build/Objects-normal/armv7k/SwiftOverpassAPI-OutputFileMap.json -use-frontend-parseable-output -save-temps -no-color-diagnostics -serialize-diagnostics -emit-dependencies -emit-module -emit-module-path /Users/admin/builder/spi-builder-workspace/.derivedData/Build/Intermediates.noindex/SwiftOverpassAPI.build/Debug-watchos/SwiftOverpassAPI.build/Objects-normal/armv7k/SwiftOverpassAPI.swiftmodule -validate-clang-modules-once -clang-build-session-file /Users/admin/builder/spi-builder-workspace/.derivedData/ModuleCache.noindex/Session.modulevalidation -Xcc -I/Users/admin/builder/spi-builder-workspace/.derivedData/Build/Intermediates.noindex/SwiftOverpassAPI.build/Debug-watchos/SwiftOverpassAPI.build/swift-overrides.hmap -emit-const-values -Xfrontend -const-gather-protocols-file -Xfrontend /Users/admin/builder/spi-builder-workspace/.derivedData/Build/Intermediates.noindex/SwiftOverpassAPI.build/Debug-watchos/SwiftOverpassAPI.build/Objects-normal/armv7k/SwiftOverpassAPI_const_extract_protocols.json -Xcc -I/Users/admin/builder/spi-builder-workspace/.derivedData/Build/Products/Debug-watchos/include -Xcc -I/Users/admin/builder/spi-builder-workspace/.derivedData/Build/Intermediates.noindex/SwiftOverpassAPI.build/Debug-watchos/SwiftOverpassAPI.build/DerivedSources-normal/armv7k -Xcc -I/Users/admin/builder/spi-builder-workspace/.derivedData/Build/Intermediates.noindex/SwiftOverpassAPI.build/Debug-watchos/SwiftOverpassAPI.build/DerivedSources/armv7k -Xcc -I/Users/admin/builder/spi-builder-workspace/.derivedData/Build/Intermediates.noindex/SwiftOverpassAPI.build/Debug-watchos/SwiftOverpassAPI.build/DerivedSources -Xcc -DSWIFT_PACKAGE -Xcc -DDEBUG\=1 -emit-objc-header -emit-objc-header-path /Users/admin/builder/spi-builder-workspace/.derivedData/Build/Intermediates.noindex/SwiftOverpassAPI.build/Debug-watchos/SwiftOverpassAPI.build/Objects-normal/armv7k/SwiftOverpassAPI-Swift.h -working-directory /Users/admin/builder/spi-builder-workspace/.swiftpm/xcode -experimental-emit-module-separately -disable-cmo
SwiftEmitModule normal armv7k Emitting\ module\ for\ SwiftOverpassAPI (in target 'SwiftOverpassAPI' from project 'SwiftOverpassAPI')
EmitSwiftModule normal armv7k (in target 'SwiftOverpassAPI' from project 'SwiftOverpassAPI')
cd /Users/admin/builder/spi-builder-workspace/.swiftpm/xcode
SwiftCompile normal armv7k Compiling\ NestedPolygonCoordinates.swift,\ OPBoundingBox.swift,\ OPElementCenter.swift /Users/admin/builder/spi-builder-workspace/Source/Models/NestedPolygonCoordinates.swift /Users/admin/builder/spi-builder-workspace/Source/Models/OPBoundingBox.swift /Users/admin/builder/spi-builder-workspace/Source/Models/OPElementCenter.swift (in target 'SwiftOverpassAPI' from project 'SwiftOverpassAPI')
SwiftCompile normal armv7k /Users/admin/builder/spi-builder-workspace/Source/Models/NestedPolygonCoordinates.swift (in target 'SwiftOverpassAPI' from project 'SwiftOverpassAPI')
cd /Users/admin/builder/spi-builder-workspace/.swiftpm/xcode
SwiftCompile normal armv7k /Users/admin/builder/spi-builder-workspace/Source/Models/OPBoundingBox.swift (in target 'SwiftOverpassAPI' from project 'SwiftOverpassAPI')
cd /Users/admin/builder/spi-builder-workspace/.swiftpm/xcode
SwiftCompile normal armv7k /Users/admin/builder/spi-builder-workspace/Source/Models/OPElementCenter.swift (in target 'SwiftOverpassAPI' from project 'SwiftOverpassAPI')
cd /Users/admin/builder/spi-builder-workspace/.swiftpm/xcode
SwiftCompile normal armv7k Compiling\ OPElementType.swift,\ OPGeometry.swift,\ OPMapKitVisualization.swift /Users/admin/builder/spi-builder-workspace/Source/Models/OPElementType.swift /Users/admin/builder/spi-builder-workspace/Source/Models/OPGeometry.swift /Users/admin/builder/spi-builder-workspace/Source/Models/OPMapKitVisualization.swift (in target 'SwiftOverpassAPI' from project 'SwiftOverpassAPI')
SwiftCompile normal armv7k /Users/admin/builder/spi-builder-workspace/Source/Models/OPElementType.swift (in target 'SwiftOverpassAPI' from project 'SwiftOverpassAPI')
cd /Users/admin/builder/spi-builder-workspace/.swiftpm/xcode
SwiftCompile normal armv7k /Users/admin/builder/spi-builder-workspace/Source/Models/OPGeometry.swift (in target 'SwiftOverpassAPI' from project 'SwiftOverpassAPI')
cd /Users/admin/builder/spi-builder-workspace/.swiftpm/xcode
SwiftCompile normal armv7k /Users/admin/builder/spi-builder-workspace/Source/Models/OPMapKitVisualization.swift (in target 'SwiftOverpassAPI' from project 'SwiftOverpassAPI')
cd /Users/admin/builder/spi-builder-workspace/.swiftpm/xcode
SwiftCompile normal armv7k Compiling\ OPQueryBuilder.swift,\ OPVisualizationGenerator.swift,\ PolygonChecker.swift /Users/admin/builder/spi-builder-workspace/Source/Controllers/OPQueryBuilder.swift /Users/admin/builder/spi-builder-workspace/Source/Controllers/OPVisualizationGenerator.swift /Users/admin/builder/spi-builder-workspace/Source/Controllers/PolygonChecker.swift (in target 'SwiftOverpassAPI' from project 'SwiftOverpassAPI')
SwiftCompile normal armv7k /Users/admin/builder/spi-builder-workspace/Source/Controllers/OPQueryBuilder.swift (in target 'SwiftOverpassAPI' from project 'SwiftOverpassAPI')
cd /Users/admin/builder/spi-builder-workspace/.swiftpm/xcode
SwiftCompile normal armv7k /Users/admin/builder/spi-builder-workspace/Source/Controllers/OPVisualizationGenerator.swift (in target 'SwiftOverpassAPI' from project 'SwiftOverpassAPI')
cd /Users/admin/builder/spi-builder-workspace/.swiftpm/xcode
SwiftCompile normal armv7k /Users/admin/builder/spi-builder-workspace/Source/Controllers/PolygonChecker.swift (in target 'SwiftOverpassAPI' from project 'SwiftOverpassAPI')
cd /Users/admin/builder/spi-builder-workspace/.swiftpm/xcode
SwiftEmitModule normal arm64_32 Emitting\ module\ for\ SwiftOverpassAPI (in target 'SwiftOverpassAPI' from project 'SwiftOverpassAPI')
Failed frontend command:
/Applications/Xcode-16.3.0.app/Contents/Developer/Toolchains/XcodeDefault.xctoolchain/usr/bin/swift-frontend -frontend -emit-module -experimental-skip-non-inlinable-function-bodies-without-types /Users/admin/builder/spi-builder-workspace/Source/Controllers/OPQueryBuilder.swift /Users/admin/builder/spi-builder-workspace/Source/Controllers/OPVisualizationGenerator.swift /Users/admin/builder/spi-builder-workspace/Source/Controllers/PolygonChecker.swift /Users/admin/builder/spi-builder-workspace/Source/Controllers/TagChecker.swift /Users/admin/builder/spi-builder-workspace/Source/Models/ElementCodingKeys.swift /Users/admin/builder/spi-builder-workspace/Source/Models/ElementsCodingKeys.swift /Users/admin/builder/spi-builder-workspace/Source/Models/NestedPolygonCoordinates.swift /Users/admin/builder/spi-builder-workspace/Source/Models/OPBoundingBox.swift /Users/admin/builder/spi-builder-workspace/Source/Models/OPElementCenter.swift /Users/admin/builder/spi-builder-workspace/Source/Models/OPElementType.swift /Users/admin/builder/spi-builder-workspace/Source/Models/OPGeometry.swift /Users/admin/builder/spi-builder-workspace/Source/Models/OPMapKitVisualization.swift /Users/admin/builder/spi-builder-workspace/Source/Models/OPMeta.swift /Users/admin/builder/spi-builder-workspace/Source/Models/OPNode.swift /Users/admin/builder/spi-builder-workspace/Source/Models/OPQueryOutputType.swift /Users/admin/builder/spi-builder-workspace/Source/Models/OPRelation.swift /Users/admin/builder/spi-builder-workspace/Source/Models/OPWay.swift /Users/admin/builder/spi-builder-workspace/Source/Networking/OPClient.swift /Users/admin/builder/spi-builder-workspace/Source/Networking/OPDecodingOperation.swift /Users/admin/builder/spi-builder-workspace/Source/Protocols/OPElement.swift /Users/admin/builder/spi-builder-workspace/Source/Utilities/CLLocationCoordinate2D+Extensions.swift /Users/admin/builder/spi-builder-workspace/Source/Utilities/Constants.swift /Users/admin/builder/spi-builder-workspace/Source/Utilities/DecoderExtractor.swift /Users/admin/builder/spi-builder-workspace/Source/Utilities/Errors.swift /Users/admin/builder/spi-builder-workspace/Source/Utilities/LinkedList.swift -target arm64_32-apple-watchos8.0 -enable-objc-interop -sdk /Applications/Xcode-16.3.0.app/Contents/Developer/Platforms/WatchOS.platform/Developer/SDKs/WatchOS11.4.sdk -I /Users/admin/builder/spi-builder-workspace/.derivedData/Build/Products/Debug-watchos -I /Applications/Xcode-16.3.0.app/Contents/Developer/Platforms/WatchOS.platform/Developer/usr/lib -F /Users/admin/builder/spi-builder-workspace/.derivedData/Build/Products/Debug-watchos -F /Applications/Xcode-16.3.0.app/Contents/Developer/Platforms/WatchOS.platform/Developer/Library/Frameworks -F /Applications/Xcode-16.3.0.app/Contents/Developer/Platforms/WatchOS.platform/Developer/SDKs/WatchOS11.4.sdk/Developer/Library/Frameworks -no-color-diagnostics -enable-testing -g -debug-info-format\=dwarf -dwarf-version\=4 -module-cache-path /Users/admin/builder/spi-builder-workspace/.derivedData/ModuleCache.noindex -profile-generate -profile-coverage-mapping -swift-version 5 -enforce-exclusivity\=checked -Onone -D SWIFT_PACKAGE -D DEBUG -D Xcode -serialize-debugging-options -const-gather-protocols-file /Users/admin/builder/spi-builder-workspace/.derivedData/Build/Intermediates.noindex/SwiftOverpassAPI.build/Debug-watchos/SwiftOverpassAPI.build/Objects-normal/arm64_32/SwiftOverpassAPI_const_extract_protocols.json -enable-experimental-feature DebugDescriptionMacro -empty-abi-descriptor -plugin-path /Applications/Xcode-16.3.0.app/Contents/Developer/Toolchains/XcodeDefault.xctoolchain/usr/lib/swift/host/plugins/testing -validate-clang-modules-once -clang-build-session-file /Users/admin/builder/spi-builder-workspace/.derivedData/ModuleCache.noindex/Session.modulevalidation -Xcc -working-directory -Xcc /Users/admin/builder/spi-builder-workspace/.swiftpm/xcode -resource-dir /Applications/Xcode-16.3.0.app/Contents/Developer/Toolchains/XcodeDefault.xctoolchain/usr/lib/swift -enable-anonymous-context-mangled-names -file-compilation-dir /Users/admin/builder/spi-builder-workspace/.swiftpm/xcode -Xcc -ivfsstatcache -Xcc /Users/admin/builder/spi-builder-workspace/.derivedData/SDKStatCaches.noindex/watchos11.4-22T246-43efb940ff07ba2497b70ec94253f576.sdkstatcache -Xcc -I/Users/admin/builder/spi-builder-workspace/.derivedData/Build/Intermediates.noindex/SwiftOverpassAPI.build/Debug-watchos/SwiftOverpassAPI.build/swift-overrides.hmap -Xcc -I/Users/admin/builder/spi-builder-workspace/.derivedData/Build/Products/Debug-watchos/include -Xcc -I/Users/admin/builder/spi-builder-workspace/.derivedData/Build/Intermediates.noindex/SwiftOverpassAPI.build/Debug-watchos/SwiftOverpassAPI.build/DerivedSources-normal/arm64_32 -Xcc -I/Users/admin/builder/spi-builder-workspace/.derivedData/Build/Intermediates.noindex/SwiftOverpassAPI.build/Debug-watchos/SwiftOverpassAPI.build/DerivedSources/arm64_32 -Xcc -I/Users/admin/builder/spi-builder-workspace/.derivedData/Build/Intermediates.noindex/SwiftOverpassAPI.build/Debug-watchos/SwiftOverpassAPI.build/DerivedSources -Xcc -DSWIFT_PACKAGE -Xcc -DDEBUG\=1 -module-name SwiftOverpassAPI -frontend-parseable-output -disable-clang-spi -target-sdk-version 11.4 -target-sdk-name watchos11.4 -external-plugin-path /Applications/Xcode-16.3.0.app/Contents/Developer/Platforms/WatchOS.platform/Developer/usr/lib/swift/host/plugins\#/Applications/Xcode-16.3.0.app/Contents/Developer/Platforms/WatchOS.platform/Developer/usr/bin/swift-plugin-server -external-plugin-path /Applications/Xcode-16.3.0.app/Contents/Developer/Platforms/WatchOS.platform/Developer/usr/local/lib/swift/host/plugins\#/Applications/Xcode-16.3.0.app/Contents/Developer/Platforms/WatchOS.platform/Developer/usr/bin/swift-plugin-server -in-process-plugin-server-path /Applications/Xcode-16.3.0.app/Contents/Developer/Toolchains/XcodeDefault.xctoolchain/usr/lib/swift/host/libSwiftInProcPluginServer.dylib -plugin-path /Applications/Xcode-16.3.0.app/Contents/Developer/Toolchains/XcodeDefault.xctoolchain/usr/lib/swift/host/plugins -plugin-path /Applications/Xcode-16.3.0.app/Contents/Developer/Toolchains/XcodeDefault.xctoolchain/usr/local/lib/swift/host/plugins -emit-module-doc-path /Users/admin/builder/spi-builder-workspace/.derivedData/Build/Intermediates.noindex/SwiftOverpassAPI.build/Debug-watchos/SwiftOverpassAPI.build/Objects-normal/arm64_32/SwiftOverpassAPI.swiftdoc -emit-module-source-info-path /Users/admin/builder/spi-builder-workspace/.derivedData/Build/Intermediates.noindex/SwiftOverpassAPI.build/Debug-watchos/SwiftOverpassAPI.build/Objects-normal/arm64_32/SwiftOverpassAPI.swiftsourceinfo -emit-objc-header-path /Users/admin/builder/spi-builder-workspace/.derivedData/Build/Intermediates.noindex/SwiftOverpassAPI.build/Debug-watchos/SwiftOverpassAPI.build/Objects-normal/arm64_32/SwiftOverpassAPI-Swift.h -serialize-diagnostics-path /Users/admin/builder/spi-builder-workspace/.derivedData/Build/Intermediates.noindex/SwiftOverpassAPI.build/Debug-watchos/SwiftOverpassAPI.build/Objects-normal/arm64_32/SwiftOverpassAPI-master-emit-module.dia -emit-dependencies-path /Users/admin/builder/spi-builder-workspace/.derivedData/Build/Intermediates.noindex/SwiftOverpassAPI.build/Debug-watchos/SwiftOverpassAPI.build/Objects-normal/arm64_32/SwiftOverpassAPI-master-emit-module.d -o /Users/admin/builder/spi-builder-workspace/.derivedData/Build/Intermediates.noindex/SwiftOverpassAPI.build/Debug-watchos/SwiftOverpassAPI.build/Objects-normal/arm64_32/SwiftOverpassAPI.swiftmodule -emit-abi-descriptor-path /Users/admin/builder/spi-builder-workspace/.derivedData/Build/Intermediates.noindex/SwiftOverpassAPI.build/Debug-watchos/SwiftOverpassAPI.build/Objects-normal/arm64_32/SwiftOverpassAPI.abi.json
EmitSwiftModule normal arm64_32 (in target 'SwiftOverpassAPI' from project 'SwiftOverpassAPI')
cd /Users/admin/builder/spi-builder-workspace/.swiftpm/xcode
/Users/admin/builder/spi-builder-workspace/Source/Models/OPMapKitVisualization.swift:16:15: error: 'MKPolygon' is unavailable in watchOS
case polygon(MKPolygon)
^~~~~~~~~
/Applications/Xcode-16.3.0.app/Contents/Developer/Platforms/WatchOS.platform/Developer/SDKs/WatchOS11.4.sdk/System/Library/Frameworks/MapKit.framework/Headers/MKPolygon.h:15:12: note: 'MKPolygon' has been explicitly marked unavailable here
@interface MKPolygon : MKMultiPoint <MKOverlay>
^
/Users/admin/builder/spi-builder-workspace/Source/Models/OPMapKitVisualization.swift:17:16: error: 'MKPolyline' is unavailable in watchOS
case polyline(MKPolyline)
^~~~~~~~~~
/Applications/Xcode-16.3.0.app/Contents/Developer/Platforms/WatchOS.platform/Developer/SDKs/WatchOS11.4.sdk/System/Library/Frameworks/MapKit.framework/Headers/MKPolyline.h:15:12: note: 'MKPolyline' has been explicitly marked unavailable here
@interface MKPolyline : MKMultiPoint <MKOverlay>
^
/Users/admin/builder/spi-builder-workspace/Source/Models/OPMapKitVisualization.swift:18:17: error: 'MKPolygon' is unavailable in watchOS
case polygons([MKPolygon])
^~~~~~~~~
/Applications/Xcode-16.3.0.app/Contents/Developer/Platforms/WatchOS.platform/Developer/SDKs/WatchOS11.4.sdk/System/Library/Frameworks/MapKit.framework/Headers/MKPolygon.h:15:12: note: 'MKPolygon' has been explicitly marked unavailable here
@interface MKPolygon : MKMultiPoint <MKOverlay>
^
/Users/admin/builder/spi-builder-workspace/Source/Models/OPMapKitVisualization.swift:19:18: error: 'MKPolyline' is unavailable in watchOS
case polylines([MKPolyline])
^~~~~~~~~~
/Applications/Xcode-16.3.0.app/Contents/Developer/Platforms/WatchOS.platform/Developer/SDKs/WatchOS11.4.sdk/System/Library/Frameworks/MapKit.framework/Headers/MKPolyline.h:15:12: note: 'MKPolyline' has been explicitly marked unavailable here
@interface MKPolyline : MKMultiPoint <MKOverlay>
^
SwiftCompile normal arm64_32 Compiling\ OPQueryBuilder.swift,\ OPVisualizationGenerator.swift,\ PolygonChecker.swift /Users/admin/builder/spi-builder-workspace/Source/Controllers/OPQueryBuilder.swift /Users/admin/builder/spi-builder-workspace/Source/Controllers/OPVisualizationGenerator.swift /Users/admin/builder/spi-builder-workspace/Source/Controllers/PolygonChecker.swift (in target 'SwiftOverpassAPI' from project 'SwiftOverpassAPI')
SwiftCompile normal arm64_32 /Users/admin/builder/spi-builder-workspace/Source/Controllers/OPQueryBuilder.swift (in target 'SwiftOverpassAPI' from project 'SwiftOverpassAPI')
cd /Users/admin/builder/spi-builder-workspace/.swiftpm/xcode
SwiftCompile normal arm64_32 /Users/admin/builder/spi-builder-workspace/Source/Controllers/OPVisualizationGenerator.swift (in target 'SwiftOverpassAPI' from project 'SwiftOverpassAPI')
cd /Users/admin/builder/spi-builder-workspace/.swiftpm/xcode
SwiftCompile normal arm64_32 /Users/admin/builder/spi-builder-workspace/Source/Controllers/PolygonChecker.swift (in target 'SwiftOverpassAPI' from project 'SwiftOverpassAPI')
cd /Users/admin/builder/spi-builder-workspace/.swiftpm/xcode
SwiftCompile normal armv7k Compiling\ TagChecker.swift,\ ElementCodingKeys.swift,\ ElementsCodingKeys.swift /Users/admin/builder/spi-builder-workspace/Source/Controllers/TagChecker.swift /Users/admin/builder/spi-builder-workspace/Source/Models/ElementCodingKeys.swift /Users/admin/builder/spi-builder-workspace/Source/Models/ElementsCodingKeys.swift (in target 'SwiftOverpassAPI' from project 'SwiftOverpassAPI')
SwiftCompile normal armv7k /Users/admin/builder/spi-builder-workspace/Source/Controllers/TagChecker.swift (in target 'SwiftOverpassAPI' from project 'SwiftOverpassAPI')
cd /Users/admin/builder/spi-builder-workspace/.swiftpm/xcode
SwiftCompile normal armv7k /Users/admin/builder/spi-builder-workspace/Source/Models/ElementCodingKeys.swift (in target 'SwiftOverpassAPI' from project 'SwiftOverpassAPI')
cd /Users/admin/builder/spi-builder-workspace/.swiftpm/xcode
SwiftCompile normal armv7k /Users/admin/builder/spi-builder-workspace/Source/Models/ElementsCodingKeys.swift (in target 'SwiftOverpassAPI' from project 'SwiftOverpassAPI')
cd /Users/admin/builder/spi-builder-workspace/.swiftpm/xcode
SwiftCompile normal armv7k Compiling\ Constants.swift,\ DecoderExtractor.swift /Users/admin/builder/spi-builder-workspace/Source/Utilities/Constants.swift /Users/admin/builder/spi-builder-workspace/Source/Utilities/DecoderExtractor.swift (in target 'SwiftOverpassAPI' from project 'SwiftOverpassAPI')
SwiftCompile normal armv7k /Users/admin/builder/spi-builder-workspace/Source/Utilities/Constants.swift (in target 'SwiftOverpassAPI' from project 'SwiftOverpassAPI')
cd /Users/admin/builder/spi-builder-workspace/.swiftpm/xcode
SwiftCompile normal armv7k /Users/admin/builder/spi-builder-workspace/Source/Utilities/DecoderExtractor.swift (in target 'SwiftOverpassAPI' from project 'SwiftOverpassAPI')
cd /Users/admin/builder/spi-builder-workspace/.swiftpm/xcode
SwiftCompile normal armv7k Compiling\ OPClient.swift,\ OPDecodingOperation.swift /Users/admin/builder/spi-builder-workspace/Source/Networking/OPClient.swift /Users/admin/builder/spi-builder-workspace/Source/Networking/OPDecodingOperation.swift (in target 'SwiftOverpassAPI' from project 'SwiftOverpassAPI')
SwiftCompile normal armv7k /Users/admin/builder/spi-builder-workspace/Source/Networking/OPClient.swift (in target 'SwiftOverpassAPI' from project 'SwiftOverpassAPI')
cd /Users/admin/builder/spi-builder-workspace/.swiftpm/xcode
SwiftCompile normal armv7k /Users/admin/builder/spi-builder-workspace/Source/Networking/OPDecodingOperation.swift (in target 'SwiftOverpassAPI' from project 'SwiftOverpassAPI')
cd /Users/admin/builder/spi-builder-workspace/.swiftpm/xcode
SwiftCompile normal armv7k Compiling\ OPElement.swift,\ CLLocationCoordinate2D+Extensions.swift /Users/admin/builder/spi-builder-workspace/Source/Protocols/OPElement.swift /Users/admin/builder/spi-builder-workspace/Source/Utilities/CLLocationCoordinate2D+Extensions.swift (in target 'SwiftOverpassAPI' from project 'SwiftOverpassAPI')
SwiftCompile normal armv7k /Users/admin/builder/spi-builder-workspace/Source/Protocols/OPElement.swift (in target 'SwiftOverpassAPI' from project 'SwiftOverpassAPI')
cd /Users/admin/builder/spi-builder-workspace/.swiftpm/xcode
SwiftCompile normal armv7k /Users/admin/builder/spi-builder-workspace/Source/Utilities/CLLocationCoordinate2D+Extensions.swift (in target 'SwiftOverpassAPI' from project 'SwiftOverpassAPI')
cd /Users/admin/builder/spi-builder-workspace/.swiftpm/xcode
SwiftEmitModule normal arm64 Emitting\ module\ for\ SwiftOverpassAPI (in target 'SwiftOverpassAPI' from project 'SwiftOverpassAPI')
Command SwiftEmitModule failed with a nonzero exit code
** BUILD FAILED **
The following build commands failed:
SwiftEmitModule normal arm64_32 Emitting\ module\ for\ SwiftOverpassAPI (in target 'SwiftOverpassAPI' from project 'SwiftOverpassAPI')
EmitSwiftModule normal arm64_32 (in target 'SwiftOverpassAPI' from project 'SwiftOverpassAPI')
SwiftEmitModule normal arm64 Emitting\ module\ for\ SwiftOverpassAPI (in target 'SwiftOverpassAPI' from project 'SwiftOverpassAPI')
Building workspace spi-builder-workspace with scheme SwiftOverpassAPI
(4 failures)
BUILD FAILURE 6.1 watchOS