The Swift Package Index logo.Swift Package Index

Build Information

Failed to build SQLiteStore, reference 1.0.1 (a9586d), with Swift 6.1 for watchOS using Xcode 16.3 on 16 Oct 2026 19:10:35 UTC.

Build Command

env DEVELOPER_DIR=/Applications/Xcode-16.3.0.app xcrun xcodebuild -IDEClonedSourcePackagesDirPathOverride=$PWD/.dependencies -skipMacroValidation -skipPackagePluginValidation -derivedDataPath $PWD/.derivedData build -scheme SQLiteStore -destination generic/platform=watchOS

Build Log

========================================
RunAll
========================================
Builder version: 5.1.3
Interrupt handler set up.
========================================
Checkout
========================================
Clone URL: https://github.com/Aikyuichi/SQLiteStore.git
Reference: 1.0.1
Initialized empty Git repository in /Users/admin/builder/spi-builder-workspace/.git/
From https://github.com/Aikyuichi/SQLiteStore
 * tag               1.0.1      -> FETCH_HEAD
HEAD is now at a9586da 1.0.1
Cloned https://github.com/Aikyuichi/SQLiteStore.git
Revision (git rev-parse @):
a9586da0b5b54c3df7ea3a31d418d2a5cb41d5c7
SUCCESS checkout https://github.com/Aikyuichi/SQLiteStore.git at 1.0.1
========================================
Build
========================================
Selected platform:         watchOS
Swift version:             6.1
Building package at path:  $PWD
https://github.com/Aikyuichi/SQLiteStore.git
https://github.com/Aikyuichi/SQLiteStore.git
{
  "dependencies" : [
  ],
  "manifest_display_name" : "SQLiteStore",
  "name" : "SQLiteStore",
  "path" : "/Users/admin/builder/spi-builder-workspace",
  "platforms" : [
    {
      "name" : "ios",
      "version" : "12.0"
    }
  ],
  "products" : [
    {
      "name" : "SQLiteStore",
      "targets" : [
        "SQLiteStore"
      ],
      "type" : {
        "library" : [
          "automatic"
        ]
      }
    }
  ],
  "targets" : [
    {
      "c99name" : "SQLiteStoreTests",
      "module_type" : "SwiftTarget",
      "name" : "SQLiteStoreTests",
      "path" : "Tests/SQLiteStoreTests",
      "sources" : [
        "SQLiteStoreTests.swift"
      ],
      "target_dependencies" : [
        "SQLiteStore"
      ],
      "type" : "test"
    },
    {
      "c99name" : "SQLiteStore",
      "module_type" : "SwiftTarget",
      "name" : "SQLiteStore",
      "path" : "Sources/SQLiteStore",
      "product_memberships" : [
        "SQLiteStore"
      ],
      "sources" : [
        "Database.swift",
        "DbStore.swift",
        "DbStoreError.swift",
        "DbUpdater.swift",
        "SQLiteError.swift",
        "SQLiteStore.swift",
        "Statement.swift"
      ],
      "type" : "library"
    }
  ],
  "tools_version" : "5.10"
}
Command line invocation:
    /Applications/Xcode-16.3.0.app/Contents/Developer/usr/bin/xcodebuild -IDEClonedSourcePackagesDirPathOverride=/Users/admin/builder/spi-builder-workspace/.dependencies -resolvePackageDependencies
Resolve Package Graph
Resolve Package Graph
Resolved source packages:
  SQLiteStore: /Users/admin/builder/spi-builder-workspace
resolved source packages: SQLiteStore
{
  "dependencies" : [
  ],
  "manifest_display_name" : "SQLiteStore",
  "name" : "SQLiteStore",
  "path" : "/Users/admin/builder/spi-builder-workspace",
  "platforms" : [
    {
      "name" : "ios",
      "version" : "12.0"
    }
  ],
  "products" : [
    {
      "name" : "SQLiteStore",
      "targets" : [
        "SQLiteStore"
      ],
      "type" : {
        "library" : [
          "automatic"
        ]
      }
    }
  ],
  "targets" : [
    {
      "c99name" : "SQLiteStoreTests",
      "module_type" : "SwiftTarget",
      "name" : "SQLiteStoreTests",
      "path" : "Tests/SQLiteStoreTests",
      "sources" : [
        "SQLiteStoreTests.swift"
      ],
      "target_dependencies" : [
        "SQLiteStore"
      ],
      "type" : "test"
    },
    {
      "c99name" : "SQLiteStore",
      "module_type" : "SwiftTarget",
      "name" : "SQLiteStore",
      "path" : "Sources/SQLiteStore",
      "product_memberships" : [
        "SQLiteStore"
      ],
      "sources" : [
        "Database.swift",
        "DbStore.swift",
        "DbStoreError.swift",
        "DbUpdater.swift",
        "SQLiteError.swift",
        "SQLiteStore.swift",
        "Statement.swift"
      ],
      "type" : "library"
    }
  ],
  "tools_version" : "5.10"
}
{
  "workspace" : {
    "name" : "spi-builder-workspace",
    "schemes" : [
      "SQLiteStore"
    ]
  }
}
Running build ...
env DEVELOPER_DIR=/Applications/Xcode-16.3.0.app xcrun xcodebuild -IDEClonedSourcePackagesDirPathOverride=$PWD/.dependencies -skipMacroValidation -skipPackagePluginValidation -derivedDataPath $PWD/.derivedData build -scheme SQLiteStore -destination generic/platform=watchOS OTHER_SWIFT_FLAGS=-stats-output-dir .stats -strict-concurrency=complete -enable-upcoming-feature StrictConcurrency -enable-upcoming-feature DisableOutwardActorInference -enable-upcoming-feature GlobalActorIsolatedTypesUsability -enable-upcoming-feature InferSendableFromCaptures
Command line invocation:
    /Applications/Xcode-16.3.0.app/Contents/Developer/usr/bin/xcodebuild -IDEClonedSourcePackagesDirPathOverride=/Users/admin/builder/spi-builder-workspace/.dependencies -skipMacroValidation -skipPackagePluginValidation -derivedDataPath /Users/admin/builder/spi-builder-workspace/.derivedData build -scheme SQLiteStore -destination generic/platform=watchOS "OTHER_SWIFT_FLAGS=-stats-output-dir .stats -strict-concurrency=complete -enable-upcoming-feature StrictConcurrency -enable-upcoming-feature DisableOutwardActorInference -enable-upcoming-feature GlobalActorIsolatedTypesUsability -enable-upcoming-feature InferSendableFromCaptures"
Build settings from command line:
    OTHER_SWIFT_FLAGS = -stats-output-dir .stats -strict-concurrency=complete -enable-upcoming-feature StrictConcurrency -enable-upcoming-feature DisableOutwardActorInference -enable-upcoming-feature GlobalActorIsolatedTypesUsability -enable-upcoming-feature InferSendableFromCaptures
Resolve Package Graph
Resolved source packages:
  SQLiteStore: /Users/admin/builder/spi-builder-workspace
ComputePackagePrebuildTargetDependencyGraph
Prepare packages
CreateBuildRequest
SendProjectDescription
CreateBuildOperation
ComputeTargetDependencyGraph
note: Building targets in dependency order
note: Target dependency graph (2 targets)
    Target 'SQLiteStore' in project 'SQLiteStore'
        ➜ Explicit dependency on target 'SQLiteStore' in project 'SQLiteStore'
    Target 'SQLiteStore' in project 'SQLiteStore' (no dependencies)
GatherProvisioningInputs
CreateBuildDescription
ExecuteExternalTool /Applications/Xcode-16.3.0.app/Contents/Developer/Toolchains/XcodeDefault.xctoolchain/usr/bin/clang -v -E -dM -isysroot /Applications/Xcode-16.3.0.app/Contents/Developer/Platforms/WatchOS.platform/Developer/SDKs/WatchOS11.4.sdk -x c -c /dev/null
ExecuteExternalTool /Applications/Xcode-16.3.0.app/Contents/Developer/Toolchains/XcodeDefault.xctoolchain/usr/bin/swiftc --version
ExecuteExternalTool /Applications/Xcode-16.3.0.app/Contents/Developer/Toolchains/XcodeDefault.xctoolchain/usr/bin/ld -version_details
Build description signature: 2fc1164ad94473cfaf89165600771996
Build description path: /Users/admin/builder/spi-builder-workspace/.derivedData/Build/Intermediates.noindex/XCBuildData/2fc1164ad94473cfaf89165600771996.xcbuilddata
ClangStatCache /Applications/Xcode-16.3.0.app/Contents/Developer/Toolchains/XcodeDefault.xctoolchain/usr/bin/clang-stat-cache /Applications/Xcode-16.3.0.app/Contents/Developer/Platforms/WatchOS.platform/Developer/SDKs/WatchOS11.4.sdk /Users/admin/builder/spi-builder-workspace/.derivedData/SDKStatCaches.noindex/watchos11.4-22T246-43efb940ff07ba2497b70ec94253f576.sdkstatcache
    cd /Users/admin/builder/spi-builder-workspace/.swiftpm/xcode
    /Applications/Xcode-16.3.0.app/Contents/Developer/Toolchains/XcodeDefault.xctoolchain/usr/bin/clang-stat-cache /Applications/Xcode-16.3.0.app/Contents/Developer/Platforms/WatchOS.platform/Developer/SDKs/WatchOS11.4.sdk -o /Users/admin/builder/spi-builder-workspace/.derivedData/SDKStatCaches.noindex/watchos11.4-22T246-43efb940ff07ba2497b70ec94253f576.sdkstatcache
CreateBuildDirectory /Users/admin/builder/spi-builder-workspace/.derivedData/Build/Products
    cd /Users/admin/builder/spi-builder-workspace/.swiftpm/xcode
    builtin-create-build-directory /Users/admin/builder/spi-builder-workspace/.derivedData/Build/Products
CreateBuildDirectory /Users/admin/builder/spi-builder-workspace/.derivedData/Build/Intermediates.noindex
    cd /Users/admin/builder/spi-builder-workspace/.swiftpm/xcode
    builtin-create-build-directory /Users/admin/builder/spi-builder-workspace/.derivedData/Build/Intermediates.noindex
CreateBuildDirectory /Users/admin/builder/spi-builder-workspace/.derivedData/Build/Intermediates.noindex/EagerLinkingTBDs/Debug-watchos
    cd /Users/admin/builder/spi-builder-workspace/.swiftpm/xcode
    builtin-create-build-directory /Users/admin/builder/spi-builder-workspace/.derivedData/Build/Intermediates.noindex/EagerLinkingTBDs/Debug-watchos
CreateBuildDirectory /Users/admin/builder/spi-builder-workspace/.derivedData/Build/Products/Debug-watchos
    cd /Users/admin/builder/spi-builder-workspace/.swiftpm/xcode
    builtin-create-build-directory /Users/admin/builder/spi-builder-workspace/.derivedData/Build/Products/Debug-watchos
CreateBuildDirectory /Users/admin/builder/spi-builder-workspace/.derivedData/Build/Products/Debug-watchos/PackageFrameworks
    cd /Users/admin/builder/spi-builder-workspace/.swiftpm/xcode
    builtin-create-build-directory /Users/admin/builder/spi-builder-workspace/.derivedData/Build/Products/Debug-watchos/PackageFrameworks
WriteAuxiliaryFile /Users/admin/builder/spi-builder-workspace/.derivedData/Build/Intermediates.noindex/SQLiteStore.build/Debug-watchos/SQLiteStore.build/SQLiteStore.DependencyMetadataFileList (in target 'SQLiteStore' from project 'SQLiteStore')
    cd /Users/admin/builder/spi-builder-workspace
    write-file /Users/admin/builder/spi-builder-workspace/.derivedData/Build/Intermediates.noindex/SQLiteStore.build/Debug-watchos/SQLiteStore.build/SQLiteStore.DependencyMetadataFileList
WriteAuxiliaryFile /Users/admin/builder/spi-builder-workspace/.derivedData/Build/Intermediates.noindex/SQLiteStore.build/Debug-watchos/SQLiteStore.build/SQLiteStore.modulemap (in target 'SQLiteStore' from project 'SQLiteStore')
    cd /Users/admin/builder/spi-builder-workspace
    write-file /Users/admin/builder/spi-builder-workspace/.derivedData/Build/Intermediates.noindex/SQLiteStore.build/Debug-watchos/SQLiteStore.build/SQLiteStore.modulemap
WriteAuxiliaryFile /Users/admin/builder/spi-builder-workspace/.derivedData/Build/Intermediates.noindex/SQLiteStore.build/Debug-watchos/SQLiteStore.build/SQLiteStore.DependencyStaticMetadataFileList (in target 'SQLiteStore' from project 'SQLiteStore')
    cd /Users/admin/builder/spi-builder-workspace
    write-file /Users/admin/builder/spi-builder-workspace/.derivedData/Build/Intermediates.noindex/SQLiteStore.build/Debug-watchos/SQLiteStore.build/SQLiteStore.DependencyStaticMetadataFileList
WriteAuxiliaryFile /Users/admin/builder/spi-builder-workspace/.derivedData/Build/Intermediates.noindex/SQLiteStore.build/Debug-watchos/SQLiteStore.build/Objects-normal/armv7k/SQLiteStore.LinkFileList (in target 'SQLiteStore' from project 'SQLiteStore')
    cd /Users/admin/builder/spi-builder-workspace
    write-file /Users/admin/builder/spi-builder-workspace/.derivedData/Build/Intermediates.noindex/SQLiteStore.build/Debug-watchos/SQLiteStore.build/Objects-normal/armv7k/SQLiteStore.LinkFileList
WriteAuxiliaryFile /Users/admin/builder/spi-builder-workspace/.derivedData/Build/Intermediates.noindex/SQLiteStore.build/Debug-watchos/SQLiteStore.build/Objects-normal/armv7k/SQLiteStore.SwiftConstValuesFileList (in target 'SQLiteStore' from project 'SQLiteStore')
    cd /Users/admin/builder/spi-builder-workspace
    write-file /Users/admin/builder/spi-builder-workspace/.derivedData/Build/Intermediates.noindex/SQLiteStore.build/Debug-watchos/SQLiteStore.build/Objects-normal/armv7k/SQLiteStore.SwiftConstValuesFileList
WriteAuxiliaryFile /Users/admin/builder/spi-builder-workspace/.derivedData/Build/Intermediates.noindex/SQLiteStore.build/Debug-watchos/SQLiteStore.build/Objects-normal/armv7k/SQLiteStore_const_extract_protocols.json (in target 'SQLiteStore' from project 'SQLiteStore')
    cd /Users/admin/builder/spi-builder-workspace
    write-file /Users/admin/builder/spi-builder-workspace/.derivedData/Build/Intermediates.noindex/SQLiteStore.build/Debug-watchos/SQLiteStore.build/Objects-normal/armv7k/SQLiteStore_const_extract_protocols.json
WriteAuxiliaryFile /Users/admin/builder/spi-builder-workspace/.derivedData/Build/Intermediates.noindex/SQLiteStore.build/Debug-watchos/SQLiteStore.build/Objects-normal/armv7k/SQLiteStore.SwiftFileList (in target 'SQLiteStore' from project 'SQLiteStore')
    cd /Users/admin/builder/spi-builder-workspace
    write-file /Users/admin/builder/spi-builder-workspace/.derivedData/Build/Intermediates.noindex/SQLiteStore.build/Debug-watchos/SQLiteStore.build/Objects-normal/armv7k/SQLiteStore.SwiftFileList
WriteAuxiliaryFile /Users/admin/builder/spi-builder-workspace/.derivedData/Build/Intermediates.noindex/SQLiteStore.build/Debug-watchos/SQLiteStore.build/Objects-normal/armv7k/SQLiteStore-OutputFileMap.json (in target 'SQLiteStore' from project 'SQLiteStore')
    cd /Users/admin/builder/spi-builder-workspace
    write-file /Users/admin/builder/spi-builder-workspace/.derivedData/Build/Intermediates.noindex/SQLiteStore.build/Debug-watchos/SQLiteStore.build/Objects-normal/armv7k/SQLiteStore-OutputFileMap.json
WriteAuxiliaryFile /Users/admin/builder/spi-builder-workspace/.derivedData/Build/Intermediates.noindex/SQLiteStore.build/Debug-watchos/SQLiteStore.build/Objects-normal/arm64_32/SQLiteStore_const_extract_protocols.json (in target 'SQLiteStore' from project 'SQLiteStore')
    cd /Users/admin/builder/spi-builder-workspace
    write-file /Users/admin/builder/spi-builder-workspace/.derivedData/Build/Intermediates.noindex/SQLiteStore.build/Debug-watchos/SQLiteStore.build/Objects-normal/arm64_32/SQLiteStore_const_extract_protocols.json
WriteAuxiliaryFile /Users/admin/builder/spi-builder-workspace/.derivedData/Build/Intermediates.noindex/SQLiteStore.build/Debug-watchos/SQLiteStore.build/Objects-normal/arm64_32/SQLiteStore.SwiftFileList (in target 'SQLiteStore' from project 'SQLiteStore')
    cd /Users/admin/builder/spi-builder-workspace
    write-file /Users/admin/builder/spi-builder-workspace/.derivedData/Build/Intermediates.noindex/SQLiteStore.build/Debug-watchos/SQLiteStore.build/Objects-normal/arm64_32/SQLiteStore.SwiftFileList
WriteAuxiliaryFile /Users/admin/builder/spi-builder-workspace/.derivedData/Build/Intermediates.noindex/SQLiteStore.build/Debug-watchos/SQLiteStore.build/Objects-normal/arm64_32/SQLiteStore.SwiftConstValuesFileList (in target 'SQLiteStore' from project 'SQLiteStore')
    cd /Users/admin/builder/spi-builder-workspace
    write-file /Users/admin/builder/spi-builder-workspace/.derivedData/Build/Intermediates.noindex/SQLiteStore.build/Debug-watchos/SQLiteStore.build/Objects-normal/arm64_32/SQLiteStore.SwiftConstValuesFileList
WriteAuxiliaryFile /Users/admin/builder/spi-builder-workspace/.derivedData/Build/Intermediates.noindex/SQLiteStore.build/Debug-watchos/SQLiteStore.build/Objects-normal/arm64_32/SQLiteStore.LinkFileList (in target 'SQLiteStore' from project 'SQLiteStore')
    cd /Users/admin/builder/spi-builder-workspace
    write-file /Users/admin/builder/spi-builder-workspace/.derivedData/Build/Intermediates.noindex/SQLiteStore.build/Debug-watchos/SQLiteStore.build/Objects-normal/arm64_32/SQLiteStore.LinkFileList
WriteAuxiliaryFile /Users/admin/builder/spi-builder-workspace/.derivedData/Build/Intermediates.noindex/SQLiteStore.build/Debug-watchos/SQLiteStore.build/Objects-normal/arm64_32/SQLiteStore-OutputFileMap.json (in target 'SQLiteStore' from project 'SQLiteStore')
    cd /Users/admin/builder/spi-builder-workspace
    write-file /Users/admin/builder/spi-builder-workspace/.derivedData/Build/Intermediates.noindex/SQLiteStore.build/Debug-watchos/SQLiteStore.build/Objects-normal/arm64_32/SQLiteStore-OutputFileMap.json
WriteAuxiliaryFile /Users/admin/builder/spi-builder-workspace/.derivedData/Build/Intermediates.noindex/SQLiteStore.build/Debug-watchos/SQLiteStore.build/Objects-normal/arm64/SQLiteStore_const_extract_protocols.json (in target 'SQLiteStore' from project 'SQLiteStore')
    cd /Users/admin/builder/spi-builder-workspace
    write-file /Users/admin/builder/spi-builder-workspace/.derivedData/Build/Intermediates.noindex/SQLiteStore.build/Debug-watchos/SQLiteStore.build/Objects-normal/arm64/SQLiteStore_const_extract_protocols.json
WriteAuxiliaryFile /Users/admin/builder/spi-builder-workspace/.derivedData/Build/Intermediates.noindex/SQLiteStore.build/Debug-watchos/SQLiteStore.build/Objects-normal/arm64/SQLiteStore.SwiftFileList (in target 'SQLiteStore' from project 'SQLiteStore')
    cd /Users/admin/builder/spi-builder-workspace
    write-file /Users/admin/builder/spi-builder-workspace/.derivedData/Build/Intermediates.noindex/SQLiteStore.build/Debug-watchos/SQLiteStore.build/Objects-normal/arm64/SQLiteStore.SwiftFileList
WriteAuxiliaryFile /Users/admin/builder/spi-builder-workspace/.derivedData/Build/Intermediates.noindex/SQLiteStore.build/Debug-watchos/SQLiteStore.build/Objects-normal/arm64/SQLiteStore.SwiftConstValuesFileList (in target 'SQLiteStore' from project 'SQLiteStore')
    cd /Users/admin/builder/spi-builder-workspace
    write-file /Users/admin/builder/spi-builder-workspace/.derivedData/Build/Intermediates.noindex/SQLiteStore.build/Debug-watchos/SQLiteStore.build/Objects-normal/arm64/SQLiteStore.SwiftConstValuesFileList
WriteAuxiliaryFile /Users/admin/builder/spi-builder-workspace/.derivedData/Build/Intermediates.noindex/SQLiteStore.build/Debug-watchos/SQLiteStore.build/Objects-normal/arm64/SQLiteStore.LinkFileList (in target 'SQLiteStore' from project 'SQLiteStore')
    cd /Users/admin/builder/spi-builder-workspace
    write-file /Users/admin/builder/spi-builder-workspace/.derivedData/Build/Intermediates.noindex/SQLiteStore.build/Debug-watchos/SQLiteStore.build/Objects-normal/arm64/SQLiteStore.LinkFileList
WriteAuxiliaryFile /Users/admin/builder/spi-builder-workspace/.derivedData/Build/Intermediates.noindex/SQLiteStore.build/Debug-watchos/SQLiteStore.build/Objects-normal/arm64/SQLiteStore-OutputFileMap.json (in target 'SQLiteStore' from project 'SQLiteStore')
    cd /Users/admin/builder/spi-builder-workspace
    write-file /Users/admin/builder/spi-builder-workspace/.derivedData/Build/Intermediates.noindex/SQLiteStore.build/Debug-watchos/SQLiteStore.build/Objects-normal/arm64/SQLiteStore-OutputFileMap.json
Copy /Users/admin/builder/spi-builder-workspace/.derivedData/Build/Intermediates.noindex/GeneratedModuleMaps-watchos/SQLiteStore.modulemap /Users/admin/builder/spi-builder-workspace/.derivedData/Build/Intermediates.noindex/SQLiteStore.build/Debug-watchos/SQLiteStore.build/SQLiteStore.modulemap (in target 'SQLiteStore' from project 'SQLiteStore')
    cd /Users/admin/builder/spi-builder-workspace
    builtin-copy -exclude .DS_Store -exclude CVS -exclude .svn -exclude .git -exclude .hg -resolve-src-symlinks /Users/admin/builder/spi-builder-workspace/.derivedData/Build/Intermediates.noindex/SQLiteStore.build/Debug-watchos/SQLiteStore.build/SQLiteStore.modulemap /Users/admin/builder/spi-builder-workspace/.derivedData/Build/Intermediates.noindex/GeneratedModuleMaps-watchos
SwiftDriver SQLiteStore normal armv7k com.apple.xcode.tools.swift.compiler (in target 'SQLiteStore' from project 'SQLiteStore')
    cd /Users/admin/builder/spi-builder-workspace/.swiftpm/xcode
    builtin-SwiftDriver -- /Applications/Xcode-16.3.0.app/Contents/Developer/Toolchains/XcodeDefault.xctoolchain/usr/bin/swiftc -module-name SQLiteStore -Onone -enforce-exclusivity\=checked @/Users/admin/builder/spi-builder-workspace/.derivedData/Build/Intermediates.noindex/SQLiteStore.build/Debug-watchos/SQLiteStore.build/Objects-normal/armv7k/SQLiteStore.SwiftFileList -DSWIFT_PACKAGE -DDEBUG -stats-output-dir .stats -strict-concurrency\=complete -enable-upcoming-feature StrictConcurrency -enable-upcoming-feature DisableOutwardActorInference -enable-upcoming-feature GlobalActorIsolatedTypesUsability -enable-upcoming-feature InferSendableFromCaptures -plugin-path /Applications/Xcode-16.3.0.app/Contents/Developer/Toolchains/XcodeDefault.xctoolchain/usr/lib/swift/host/plugins/testing -enable-experimental-feature DebugDescriptionMacro -sdk /Applications/Xcode-16.3.0.app/Contents/Developer/Platforms/WatchOS.platform/Developer/SDKs/WatchOS11.4.sdk -target armv7k-apple-watchos5.0 -g -module-cache-path /Users/admin/builder/spi-builder-workspace/.derivedData/ModuleCache.noindex -Xfrontend -serialize-debugging-options -profile-coverage-mapping -profile-generate -enable-testing -index-store-path /Users/admin/builder/spi-builder-workspace/.derivedData/Index.noindex/DataStore -swift-version 5 -I /Users/admin/builder/spi-builder-workspace/.derivedData/Build/Products/Debug-watchos -I /Applications/Xcode-16.3.0.app/Contents/Developer/Platforms/WatchOS.platform/Developer/usr/lib -F /Users/admin/builder/spi-builder-workspace/.derivedData/Build/Products/Debug-watchos -F /Applications/Xcode-16.3.0.app/Contents/Developer/Platforms/WatchOS.platform/Developer/Library/Frameworks -F /Applications/Xcode-16.3.0.app/Contents/Developer/Platforms/WatchOS.platform/Developer/SDKs/WatchOS11.4.sdk/Developer/Library/Frameworks -c -j10 -enable-batch-mode -incremental -Xcc -ivfsstatcache -Xcc /Users/admin/builder/spi-builder-workspace/.derivedData/SDKStatCaches.noindex/watchos11.4-22T246-43efb940ff07ba2497b70ec94253f576.sdkstatcache -output-file-map /Users/admin/builder/spi-builder-workspace/.derivedData/Build/Intermediates.noindex/SQLiteStore.build/Debug-watchos/SQLiteStore.build/Objects-normal/armv7k/SQLiteStore-OutputFileMap.json -use-frontend-parseable-output -save-temps -no-color-diagnostics -serialize-diagnostics -emit-dependencies -emit-module -emit-module-path /Users/admin/builder/spi-builder-workspace/.derivedData/Build/Intermediates.noindex/SQLiteStore.build/Debug-watchos/SQLiteStore.build/Objects-normal/armv7k/SQLiteStore.swiftmodule -validate-clang-modules-once -clang-build-session-file /Users/admin/builder/spi-builder-workspace/.derivedData/ModuleCache.noindex/Session.modulevalidation -package-name spi_builder_workspace -Xcc -I/Users/admin/builder/spi-builder-workspace/.derivedData/Build/Intermediates.noindex/SQLiteStore.build/Debug-watchos/SQLiteStore.build/swift-overrides.hmap -emit-const-values -Xfrontend -const-gather-protocols-file -Xfrontend /Users/admin/builder/spi-builder-workspace/.derivedData/Build/Intermediates.noindex/SQLiteStore.build/Debug-watchos/SQLiteStore.build/Objects-normal/armv7k/SQLiteStore_const_extract_protocols.json -Xcc -I/Users/admin/builder/spi-builder-workspace/.derivedData/Build/Products/Debug-watchos/include -Xcc -I/Users/admin/builder/spi-builder-workspace/.derivedData/Build/Intermediates.noindex/SQLiteStore.build/Debug-watchos/SQLiteStore.build/DerivedSources-normal/armv7k -Xcc -I/Users/admin/builder/spi-builder-workspace/.derivedData/Build/Intermediates.noindex/SQLiteStore.build/Debug-watchos/SQLiteStore.build/DerivedSources/armv7k -Xcc -I/Users/admin/builder/spi-builder-workspace/.derivedData/Build/Intermediates.noindex/SQLiteStore.build/Debug-watchos/SQLiteStore.build/DerivedSources -Xcc -DSWIFT_PACKAGE -Xcc -DDEBUG\=1 -emit-objc-header -emit-objc-header-path /Users/admin/builder/spi-builder-workspace/.derivedData/Build/Intermediates.noindex/SQLiteStore.build/Debug-watchos/SQLiteStore.build/Objects-normal/armv7k/SQLiteStore-Swift.h -working-directory /Users/admin/builder/spi-builder-workspace/.swiftpm/xcode -experimental-emit-module-separately -disable-cmo
SwiftDriver SQLiteStore normal arm64_32 com.apple.xcode.tools.swift.compiler (in target 'SQLiteStore' from project 'SQLiteStore')
    cd /Users/admin/builder/spi-builder-workspace/.swiftpm/xcode
    builtin-SwiftDriver -- /Applications/Xcode-16.3.0.app/Contents/Developer/Toolchains/XcodeDefault.xctoolchain/usr/bin/swiftc -module-name SQLiteStore -Onone -enforce-exclusivity\=checked @/Users/admin/builder/spi-builder-workspace/.derivedData/Build/Intermediates.noindex/SQLiteStore.build/Debug-watchos/SQLiteStore.build/Objects-normal/arm64_32/SQLiteStore.SwiftFileList -DSWIFT_PACKAGE -DDEBUG -stats-output-dir .stats -strict-concurrency\=complete -enable-upcoming-feature StrictConcurrency -enable-upcoming-feature DisableOutwardActorInference -enable-upcoming-feature GlobalActorIsolatedTypesUsability -enable-upcoming-feature InferSendableFromCaptures -plugin-path /Applications/Xcode-16.3.0.app/Contents/Developer/Toolchains/XcodeDefault.xctoolchain/usr/lib/swift/host/plugins/testing -enable-experimental-feature DebugDescriptionMacro -sdk /Applications/Xcode-16.3.0.app/Contents/Developer/Platforms/WatchOS.platform/Developer/SDKs/WatchOS11.4.sdk -target arm64_32-apple-watchos5.0 -g -module-cache-path /Users/admin/builder/spi-builder-workspace/.derivedData/ModuleCache.noindex -Xfrontend -serialize-debugging-options -profile-coverage-mapping -profile-generate -enable-testing -index-store-path /Users/admin/builder/spi-builder-workspace/.derivedData/Index.noindex/DataStore -swift-version 5 -I /Users/admin/builder/spi-builder-workspace/.derivedData/Build/Products/Debug-watchos -I /Applications/Xcode-16.3.0.app/Contents/Developer/Platforms/WatchOS.platform/Developer/usr/lib -F /Users/admin/builder/spi-builder-workspace/.derivedData/Build/Products/Debug-watchos -F /Applications/Xcode-16.3.0.app/Contents/Developer/Platforms/WatchOS.platform/Developer/Library/Frameworks -F /Applications/Xcode-16.3.0.app/Contents/Developer/Platforms/WatchOS.platform/Developer/SDKs/WatchOS11.4.sdk/Developer/Library/Frameworks -c -j10 -enable-batch-mode -incremental -Xcc -ivfsstatcache -Xcc /Users/admin/builder/spi-builder-workspace/.derivedData/SDKStatCaches.noindex/watchos11.4-22T246-43efb940ff07ba2497b70ec94253f576.sdkstatcache -output-file-map /Users/admin/builder/spi-builder-workspace/.derivedData/Build/Intermediates.noindex/SQLiteStore.build/Debug-watchos/SQLiteStore.build/Objects-normal/arm64_32/SQLiteStore-OutputFileMap.json -use-frontend-parseable-output -save-temps -no-color-diagnostics -serialize-diagnostics -emit-dependencies -emit-module -emit-module-path /Users/admin/builder/spi-builder-workspace/.derivedData/Build/Intermediates.noindex/SQLiteStore.build/Debug-watchos/SQLiteStore.build/Objects-normal/arm64_32/SQLiteStore.swiftmodule -validate-clang-modules-once -clang-build-session-file /Users/admin/builder/spi-builder-workspace/.derivedData/ModuleCache.noindex/Session.modulevalidation -package-name spi_builder_workspace -Xcc -I/Users/admin/builder/spi-builder-workspace/.derivedData/Build/Intermediates.noindex/SQLiteStore.build/Debug-watchos/SQLiteStore.build/swift-overrides.hmap -emit-const-values -Xfrontend -const-gather-protocols-file -Xfrontend /Users/admin/builder/spi-builder-workspace/.derivedData/Build/Intermediates.noindex/SQLiteStore.build/Debug-watchos/SQLiteStore.build/Objects-normal/arm64_32/SQLiteStore_const_extract_protocols.json -Xcc -I/Users/admin/builder/spi-builder-workspace/.derivedData/Build/Products/Debug-watchos/include -Xcc -I/Users/admin/builder/spi-builder-workspace/.derivedData/Build/Intermediates.noindex/SQLiteStore.build/Debug-watchos/SQLiteStore.build/DerivedSources-normal/arm64_32 -Xcc -I/Users/admin/builder/spi-builder-workspace/.derivedData/Build/Intermediates.noindex/SQLiteStore.build/Debug-watchos/SQLiteStore.build/DerivedSources/arm64_32 -Xcc -I/Users/admin/builder/spi-builder-workspace/.derivedData/Build/Intermediates.noindex/SQLiteStore.build/Debug-watchos/SQLiteStore.build/DerivedSources -Xcc -DSWIFT_PACKAGE -Xcc -DDEBUG\=1 -emit-objc-header -emit-objc-header-path /Users/admin/builder/spi-builder-workspace/.derivedData/Build/Intermediates.noindex/SQLiteStore.build/Debug-watchos/SQLiteStore.build/Objects-normal/arm64_32/SQLiteStore-Swift.h -working-directory /Users/admin/builder/spi-builder-workspace/.swiftpm/xcode -experimental-emit-module-separately -disable-cmo
SwiftDriver SQLiteStore normal arm64 com.apple.xcode.tools.swift.compiler (in target 'SQLiteStore' from project 'SQLiteStore')
    cd /Users/admin/builder/spi-builder-workspace/.swiftpm/xcode
    builtin-SwiftDriver -- /Applications/Xcode-16.3.0.app/Contents/Developer/Toolchains/XcodeDefault.xctoolchain/usr/bin/swiftc -module-name SQLiteStore -Onone -enforce-exclusivity\=checked @/Users/admin/builder/spi-builder-workspace/.derivedData/Build/Intermediates.noindex/SQLiteStore.build/Debug-watchos/SQLiteStore.build/Objects-normal/arm64/SQLiteStore.SwiftFileList -DSWIFT_PACKAGE -DDEBUG -stats-output-dir .stats -strict-concurrency\=complete -enable-upcoming-feature StrictConcurrency -enable-upcoming-feature DisableOutwardActorInference -enable-upcoming-feature GlobalActorIsolatedTypesUsability -enable-upcoming-feature InferSendableFromCaptures -plugin-path /Applications/Xcode-16.3.0.app/Contents/Developer/Toolchains/XcodeDefault.xctoolchain/usr/lib/swift/host/plugins/testing -enable-experimental-feature DebugDescriptionMacro -sdk /Applications/Xcode-16.3.0.app/Contents/Developer/Platforms/WatchOS.platform/Developer/SDKs/WatchOS11.4.sdk -target arm64-apple-watchos5.0 -g -module-cache-path /Users/admin/builder/spi-builder-workspace/.derivedData/ModuleCache.noindex -Xfrontend -serialize-debugging-options -profile-coverage-mapping -profile-generate -enable-testing -index-store-path /Users/admin/builder/spi-builder-workspace/.derivedData/Index.noindex/DataStore -swift-version 5 -I /Users/admin/builder/spi-builder-workspace/.derivedData/Build/Products/Debug-watchos -I /Applications/Xcode-16.3.0.app/Contents/Developer/Platforms/WatchOS.platform/Developer/usr/lib -F /Users/admin/builder/spi-builder-workspace/.derivedData/Build/Products/Debug-watchos -F /Applications/Xcode-16.3.0.app/Contents/Developer/Platforms/WatchOS.platform/Developer/Library/Frameworks -F /Applications/Xcode-16.3.0.app/Contents/Developer/Platforms/WatchOS.platform/Developer/SDKs/WatchOS11.4.sdk/Developer/Library/Frameworks -c -j10 -enable-batch-mode -incremental -Xcc -ivfsstatcache -Xcc /Users/admin/builder/spi-builder-workspace/.derivedData/SDKStatCaches.noindex/watchos11.4-22T246-43efb940ff07ba2497b70ec94253f576.sdkstatcache -output-file-map /Users/admin/builder/spi-builder-workspace/.derivedData/Build/Intermediates.noindex/SQLiteStore.build/Debug-watchos/SQLiteStore.build/Objects-normal/arm64/SQLiteStore-OutputFileMap.json -use-frontend-parseable-output -save-temps -no-color-diagnostics -serialize-diagnostics -emit-dependencies -emit-module -emit-module-path /Users/admin/builder/spi-builder-workspace/.derivedData/Build/Intermediates.noindex/SQLiteStore.build/Debug-watchos/SQLiteStore.build/Objects-normal/arm64/SQLiteStore.swiftmodule -validate-clang-modules-once -clang-build-session-file /Users/admin/builder/spi-builder-workspace/.derivedData/ModuleCache.noindex/Session.modulevalidation -package-name spi_builder_workspace -Xcc -I/Users/admin/builder/spi-builder-workspace/.derivedData/Build/Intermediates.noindex/SQLiteStore.build/Debug-watchos/SQLiteStore.build/swift-overrides.hmap -emit-const-values -Xfrontend -const-gather-protocols-file -Xfrontend /Users/admin/builder/spi-builder-workspace/.derivedData/Build/Intermediates.noindex/SQLiteStore.build/Debug-watchos/SQLiteStore.build/Objects-normal/arm64/SQLiteStore_const_extract_protocols.json -Xcc -I/Users/admin/builder/spi-builder-workspace/.derivedData/Build/Products/Debug-watchos/include -Xcc -I/Users/admin/builder/spi-builder-workspace/.derivedData/Build/Intermediates.noindex/SQLiteStore.build/Debug-watchos/SQLiteStore.build/DerivedSources-normal/arm64 -Xcc -I/Users/admin/builder/spi-builder-workspace/.derivedData/Build/Intermediates.noindex/SQLiteStore.build/Debug-watchos/SQLiteStore.build/DerivedSources/arm64 -Xcc -I/Users/admin/builder/spi-builder-workspace/.derivedData/Build/Intermediates.noindex/SQLiteStore.build/Debug-watchos/SQLiteStore.build/DerivedSources -Xcc -DSWIFT_PACKAGE -Xcc -DDEBUG\=1 -emit-objc-header -emit-objc-header-path /Users/admin/builder/spi-builder-workspace/.derivedData/Build/Intermediates.noindex/SQLiteStore.build/Debug-watchos/SQLiteStore.build/Objects-normal/arm64/SQLiteStore-Swift.h -working-directory /Users/admin/builder/spi-builder-workspace/.swiftpm/xcode -experimental-emit-module-separately -disable-cmo
SwiftCompile normal armv7k Compiling\ Database.swift /Users/admin/builder/spi-builder-workspace/Sources/SQLiteStore/Database.swift (in target 'SQLiteStore' from project 'SQLiteStore')
SwiftCompile normal armv7k /Users/admin/builder/spi-builder-workspace/Sources/SQLiteStore/Database.swift (in target 'SQLiteStore' from project 'SQLiteStore')
    cd /Users/admin/builder/spi-builder-workspace/.swiftpm/xcode

/Users/admin/builder/spi-builder-workspace/Sources/SQLiteStore/Database.swift:25:24: error: 'sqlite3_changes64' is only available in watchOS 8.5 or newer
            return Int(sqlite3_changes64(self.sqlite))
                       ^
/Users/admin/builder/spi-builder-workspace/Sources/SQLiteStore/Database.swift:25:24: note: add 'if #available' version check
            return Int(sqlite3_changes64(self.sqlite))
                       ^
/Users/admin/builder/spi-builder-workspace/Sources/SQLiteStore/Database.swift:23:16: note: add @available attribute to enclosing property
    public var affectedRows: Int {
               ^
/Users/admin/builder/spi-builder-workspace/Sources/SQLiteStore/Database.swift:14:14: note: add @available attribute to enclosing class
public class Database {
             ^
Failed frontend command:
/Applications/Xcode-16.3.0.app/Contents/Developer/Toolchains/XcodeDefault.xctoolchain/usr/bin/swift-frontend -frontend -c -primary-file /Users/admin/builder/spi-builder-workspace/Sources/SQLiteStore/Database.swift /Users/admin/builder/spi-builder-workspace/Sources/SQLiteStore/DbStore.swift /Users/admin/builder/spi-builder-workspace/Sources/SQLiteStore/DbStoreError.swift /Users/admin/builder/spi-builder-workspace/Sources/SQLiteStore/DbUpdater.swift /Users/admin/builder/spi-builder-workspace/Sources/SQLiteStore/SQLiteError.swift /Users/admin/builder/spi-builder-workspace/Sources/SQLiteStore/SQLiteStore.swift /Users/admin/builder/spi-builder-workspace/Sources/SQLiteStore/Statement.swift -emit-dependencies-path /Users/admin/builder/spi-builder-workspace/.derivedData/Build/Intermediates.noindex/SQLiteStore.build/Debug-watchos/SQLiteStore.build/Objects-normal/armv7k/Database.d -emit-const-values-path /Users/admin/builder/spi-builder-workspace/.derivedData/Build/Intermediates.noindex/SQLiteStore.build/Debug-watchos/SQLiteStore.build/Objects-normal/armv7k/Database.swiftconstvalues -emit-reference-dependencies-path /Users/admin/builder/spi-builder-workspace/.derivedData/Build/Intermediates.noindex/SQLiteStore.build/Debug-watchos/SQLiteStore.build/Objects-normal/armv7k/Database.swiftdeps -serialize-diagnostics-path /Users/admin/builder/spi-builder-workspace/.derivedData/Build/Intermediates.noindex/SQLiteStore.build/Debug-watchos/SQLiteStore.build/Objects-normal/armv7k/Database.dia -target armv7k-apple-watchos5.0 -enable-objc-interop -sdk /Applications/Xcode-16.3.0.app/Contents/Developer/Platforms/WatchOS.platform/Developer/SDKs/WatchOS11.4.sdk -I /Users/admin/builder/spi-builder-workspace/.derivedData/Build/Products/Debug-watchos -I /Applications/Xcode-16.3.0.app/Contents/Developer/Platforms/WatchOS.platform/Developer/usr/lib -F /Users/admin/builder/spi-builder-workspace/.derivedData/Build/Products/Debug-watchos -F /Applications/Xcode-16.3.0.app/Contents/Developer/Platforms/WatchOS.platform/Developer/Library/Frameworks -F /Applications/Xcode-16.3.0.app/Contents/Developer/Platforms/WatchOS.platform/Developer/SDKs/WatchOS11.4.sdk/Developer/Library/Frameworks -no-color-diagnostics -enable-testing -g -debug-info-format\=dwarf -dwarf-version\=4 -module-cache-path /Users/admin/builder/spi-builder-workspace/.derivedData/ModuleCache.noindex -profile-generate -profile-coverage-mapping -swift-version 5 -enforce-exclusivity\=checked -stats-output-dir /Users/admin/builder/spi-builder-workspace/.swiftpm/xcode/.stats -Onone -D SWIFT_PACKAGE -D DEBUG -serialize-debugging-options -const-gather-protocols-file /Users/admin/builder/spi-builder-workspace/.derivedData/Build/Intermediates.noindex/SQLiteStore.build/Debug-watchos/SQLiteStore.build/Objects-normal/armv7k/SQLiteStore_const_extract_protocols.json -enable-upcoming-feature StrictConcurrency -enable-upcoming-feature DisableOutwardActorInference -enable-upcoming-feature GlobalActorIsolatedTypesUsability -enable-upcoming-feature InferSendableFromCaptures -enable-experimental-feature DebugDescriptionMacro -strict-concurrency\=complete -empty-abi-descriptor -plugin-path /Applications/Xcode-16.3.0.app/Contents/Developer/Toolchains/XcodeDefault.xctoolchain/usr/lib/swift/host/plugins/testing -validate-clang-modules-once -clang-build-session-file /Users/admin/builder/spi-builder-workspace/.derivedData/ModuleCache.noindex/Session.modulevalidation -Xcc -working-directory -Xcc /Users/admin/builder/spi-builder-workspace/.swiftpm/xcode -resource-dir /Applications/Xcode-16.3.0.app/Contents/Developer/Toolchains/XcodeDefault.xctoolchain/usr/lib/swift -enable-anonymous-context-mangled-names -file-compilation-dir /Users/admin/builder/spi-builder-workspace/.swiftpm/xcode -Xcc -ivfsstatcache -Xcc /Users/admin/builder/spi-builder-workspace/.derivedData/SDKStatCaches.noindex/watchos11.4-22T246-43efb940ff07ba2497b70ec94253f576.sdkstatcache -Xcc -I/Users/admin/builder/spi-builder-workspace/.derivedData/Build/Intermediates.noindex/SQLiteStore.build/Debug-watchos/SQLiteStore.build/swift-overrides.hmap -Xcc -I/Users/admin/builder/spi-builder-workspace/.derivedData/Build/Products/Debug-watchos/include -Xcc -I/Users/admin/builder/spi-builder-workspace/.derivedData/Build/Intermediates.noindex/SQLiteStore.build/Debug-watchos/SQLiteStore.build/DerivedSources-normal/armv7k -Xcc -I/Users/admin/builder/spi-builder-workspace/.derivedData/Build/Intermediates.noindex/SQLiteStore.build/Debug-watchos/SQLiteStore.build/DerivedSources/armv7k -Xcc -I/Users/admin/builder/spi-builder-workspace/.derivedData/Build/Intermediates.noindex/SQLiteStore.build/Debug-watchos/SQLiteStore.build/DerivedSources -Xcc -DSWIFT_PACKAGE -Xcc -DDEBUG\=1 -module-name SQLiteStore -package-name spi_builder_workspace -frontend-parseable-output -disable-clang-spi -target-sdk-version 11.4 -target-sdk-name watchos11.4 -external-plugin-path /Applications/Xcode-16.3.0.app/Contents/Developer/Platforms/WatchOS.platform/Developer/usr/lib/swift/host/plugins\#/Applications/Xcode-16.3.0.app/Contents/Developer/Platforms/WatchOS.platform/Developer/usr/bin/swift-plugin-server -external-plugin-path /Applications/Xcode-16.3.0.app/Contents/Developer/Platforms/WatchOS.platform/Developer/usr/local/lib/swift/host/plugins\#/Applications/Xcode-16.3.0.app/Contents/Developer/Platforms/WatchOS.platform/Developer/usr/bin/swift-plugin-server -in-process-plugin-server-path /Applications/Xcode-16.3.0.app/Contents/Developer/Toolchains/XcodeDefault.xctoolchain/usr/lib/swift/host/libSwiftInProcPluginServer.dylib -plugin-path /Applications/Xcode-16.3.0.app/Contents/Developer/Toolchains/XcodeDefault.xctoolchain/usr/lib/swift/host/plugins -plugin-path /Applications/Xcode-16.3.0.app/Contents/Developer/Toolchains/XcodeDefault.xctoolchain/usr/local/lib/swift/host/plugins -o /Users/admin/builder/spi-builder-workspace/.derivedData/Build/Intermediates.noindex/SQLiteStore.build/Debug-watchos/SQLiteStore.build/Objects-normal/armv7k/Database.o -index-unit-output-path /SQLiteStore.build/Debug-watchos/SQLiteStore.build/Objects-normal/armv7k/Database.o -index-store-path /Users/admin/builder/spi-builder-workspace/.derivedData/Index.noindex/DataStore -index-system-modules
SwiftEmitModule normal armv7k Emitting\ module\ for\ SQLiteStore (in target 'SQLiteStore' from project 'SQLiteStore')
EmitSwiftModule normal armv7k (in target 'SQLiteStore' from project 'SQLiteStore')
    cd /Users/admin/builder/spi-builder-workspace/.swiftpm/xcode

/Users/admin/builder/spi-builder-workspace/Sources/SQLiteStore/DbStore.swift:14:16: warning: static property 'shared' is not concurrency-safe because non-'Sendable' type 'DbStore' may have shared mutable state; this is an error in the Swift 6 language mode
    static let shared = DbStore()
               ^
/Users/admin/builder/spi-builder-workspace/Sources/SQLiteStore/DbStore.swift:13:7: note: class 'DbStore' does not conform to the 'Sendable' protocol
class DbStore {
      ^
/Users/admin/builder/spi-builder-workspace/Sources/SQLiteStore/DbStore.swift:14:16: note: add '@MainActor' to make static property 'shared' part of global actor 'MainActor'
    static let shared = DbStore()
               ^
    @MainActor
/Users/admin/builder/spi-builder-workspace/Sources/SQLiteStore/DbStore.swift:14:16: note: disable concurrency-safety checks if accesses are protected by an external synchronization mechanism
    static let shared = DbStore()
               ^
    nonisolated(unsafe)
/Users/admin/builder/spi-builder-workspace/Sources/SQLiteStore/SQLiteError.swift:15:16: warning: stored property 'code' of 'Sendable'-conforming struct 'SQLiteError' has non-sendable type 'SQLiteCode'; this is an error in the Swift 6 language mode
    public let code: SQLiteCode
               ^
/Users/admin/builder/spi-builder-workspace/Sources/SQLiteStore/SQLiteError.swift:37:13: note: consider making enum 'SQLiteCode' conform to the 'Sendable' protocol
public enum SQLiteCode: Int {
            ^
                           , Sendable
SwiftCompile normal armv7k Compiling\ DbUpdater.swift /Users/admin/builder/spi-builder-workspace/Sources/SQLiteStore/DbUpdater.swift (in target 'SQLiteStore' from project 'SQLiteStore')
SwiftCompile normal armv7k /Users/admin/builder/spi-builder-workspace/Sources/SQLiteStore/DbUpdater.swift (in target 'SQLiteStore' from project 'SQLiteStore')
    cd /Users/admin/builder/spi-builder-workspace/.swiftpm/xcode

SwiftCompile normal armv7k Compiling\ DbStoreError.swift /Users/admin/builder/spi-builder-workspace/Sources/SQLiteStore/DbStoreError.swift (in target 'SQLiteStore' from project 'SQLiteStore')
SwiftCompile normal armv7k /Users/admin/builder/spi-builder-workspace/Sources/SQLiteStore/DbStoreError.swift (in target 'SQLiteStore' from project 'SQLiteStore')
    cd /Users/admin/builder/spi-builder-workspace/.swiftpm/xcode

SwiftCompile normal armv7k Compiling\ SQLiteError.swift /Users/admin/builder/spi-builder-workspace/Sources/SQLiteStore/SQLiteError.swift (in target 'SQLiteStore' from project 'SQLiteStore')
SwiftCompile normal armv7k /Users/admin/builder/spi-builder-workspace/Sources/SQLiteStore/SQLiteError.swift (in target 'SQLiteStore' from project 'SQLiteStore')
    cd /Users/admin/builder/spi-builder-workspace/.swiftpm/xcode

/Users/admin/builder/spi-builder-workspace/Sources/SQLiteStore/SQLiteError.swift:15:16: warning: stored property 'code' of 'Sendable'-conforming struct 'SQLiteError' has non-sendable type 'SQLiteCode'; this is an error in the Swift 6 language mode
    public let code: SQLiteCode
               ^
/Users/admin/builder/spi-builder-workspace/Sources/SQLiteStore/SQLiteError.swift:37:13: note: consider making enum 'SQLiteCode' conform to the 'Sendable' protocol
public enum SQLiteCode: Int {
            ^
                           , Sendable
SwiftCompile normal armv7k Compiling\ SQLiteStore.swift /Users/admin/builder/spi-builder-workspace/Sources/SQLiteStore/SQLiteStore.swift (in target 'SQLiteStore' from project 'SQLiteStore')
SwiftCompile normal armv7k /Users/admin/builder/spi-builder-workspace/Sources/SQLiteStore/SQLiteStore.swift (in target 'SQLiteStore' from project 'SQLiteStore')
    cd /Users/admin/builder/spi-builder-workspace/.swiftpm/xcode

SwiftCompile normal armv7k Compiling\ DbStore.swift /Users/admin/builder/spi-builder-workspace/Sources/SQLiteStore/DbStore.swift (in target 'SQLiteStore' from project 'SQLiteStore')
SwiftCompile normal armv7k /Users/admin/builder/spi-builder-workspace/Sources/SQLiteStore/DbStore.swift (in target 'SQLiteStore' from project 'SQLiteStore')
    cd /Users/admin/builder/spi-builder-workspace/.swiftpm/xcode

/Users/admin/builder/spi-builder-workspace/Sources/SQLiteStore/DbStore.swift:14:16: warning: static property 'shared' is not concurrency-safe because non-'Sendable' type 'DbStore' may have shared mutable state; this is an error in the Swift 6 language mode
    static let shared = DbStore()
               ^
/Users/admin/builder/spi-builder-workspace/Sources/SQLiteStore/DbStore.swift:13:7: note: class 'DbStore' does not conform to the 'Sendable' protocol
class DbStore {
      ^
/Users/admin/builder/spi-builder-workspace/Sources/SQLiteStore/DbStore.swift:14:16: note: add '@MainActor' to make static property 'shared' part of global actor 'MainActor'
    static let shared = DbStore()
               ^
    @MainActor
/Users/admin/builder/spi-builder-workspace/Sources/SQLiteStore/DbStore.swift:14:16: note: disable concurrency-safety checks if accesses are protected by an external synchronization mechanism
    static let shared = DbStore()
               ^
    nonisolated(unsafe)
SwiftCompile normal arm64 Compiling\ Database.swift /Users/admin/builder/spi-builder-workspace/Sources/SQLiteStore/Database.swift (in target 'SQLiteStore' from project 'SQLiteStore')
SwiftCompile normal arm64 /Users/admin/builder/spi-builder-workspace/Sources/SQLiteStore/Database.swift (in target 'SQLiteStore' from project 'SQLiteStore')
    cd /Users/admin/builder/spi-builder-workspace/.swiftpm/xcode

/Users/admin/builder/spi-builder-workspace/Sources/SQLiteStore/Database.swift:25:24: error: 'sqlite3_changes64' is only available in watchOS 8.5 or newer
            return Int(sqlite3_changes64(self.sqlite))
                       ^
/Users/admin/builder/spi-builder-workspace/Sources/SQLiteStore/Database.swift:25:24: note: add 'if #available' version check
            return Int(sqlite3_changes64(self.sqlite))
                       ^
/Users/admin/builder/spi-builder-workspace/Sources/SQLiteStore/Database.swift:23:16: note: add @available attribute to enclosing property
    public var affectedRows: Int {
               ^
/Users/admin/builder/spi-builder-workspace/Sources/SQLiteStore/Database.swift:14:14: note: add @available attribute to enclosing class
public class Database {
             ^
Failed frontend command:
/Applications/Xcode-16.3.0.app/Contents/Developer/Toolchains/XcodeDefault.xctoolchain/usr/bin/swift-frontend -frontend -c -primary-file /Users/admin/builder/spi-builder-workspace/Sources/SQLiteStore/Database.swift /Users/admin/builder/spi-builder-workspace/Sources/SQLiteStore/DbStore.swift /Users/admin/builder/spi-builder-workspace/Sources/SQLiteStore/DbStoreError.swift /Users/admin/builder/spi-builder-workspace/Sources/SQLiteStore/DbUpdater.swift /Users/admin/builder/spi-builder-workspace/Sources/SQLiteStore/SQLiteError.swift /Users/admin/builder/spi-builder-workspace/Sources/SQLiteStore/SQLiteStore.swift /Users/admin/builder/spi-builder-workspace/Sources/SQLiteStore/Statement.swift -emit-dependencies-path /Users/admin/builder/spi-builder-workspace/.derivedData/Build/Intermediates.noindex/SQLiteStore.build/Debug-watchos/SQLiteStore.build/Objects-normal/arm64/Database.d -emit-const-values-path /Users/admin/builder/spi-builder-workspace/.derivedData/Build/Intermediates.noindex/SQLiteStore.build/Debug-watchos/SQLiteStore.build/Objects-normal/arm64/Database.swiftconstvalues -emit-reference-dependencies-path /Users/admin/builder/spi-builder-workspace/.derivedData/Build/Intermediates.noindex/SQLiteStore.build/Debug-watchos/SQLiteStore.build/Objects-normal/arm64/Database.swiftdeps -serialize-diagnostics-path /Users/admin/builder/spi-builder-workspace/.derivedData/Build/Intermediates.noindex/SQLiteStore.build/Debug-watchos/SQLiteStore.build/Objects-normal/arm64/Database.dia -target arm64-apple-watchos5.0 -Xllvm -aarch64-use-tbi -enable-objc-interop -sdk /Applications/Xcode-16.3.0.app/Contents/Developer/Platforms/WatchOS.platform/Developer/SDKs/WatchOS11.4.sdk -I /Users/admin/builder/spi-builder-workspace/.derivedData/Build/Products/Debug-watchos -I /Applications/Xcode-16.3.0.app/Contents/Developer/Platforms/WatchOS.platform/Developer/usr/lib -F /Users/admin/builder/spi-builder-workspace/.derivedData/Build/Products/Debug-watchos -F /Applications/Xcode-16.3.0.app/Contents/Developer/Platforms/WatchOS.platform/Developer/Library/Frameworks -F /Applications/Xcode-16.3.0.app/Contents/Developer/Platforms/WatchOS.platform/Developer/SDKs/WatchOS11.4.sdk/Developer/Library/Frameworks -no-color-diagnostics -enable-testing -g -debug-info-format\=dwarf -dwarf-version\=4 -module-cache-path /Users/admin/builder/spi-builder-workspace/.derivedData/ModuleCache.noindex -profile-generate -profile-coverage-mapping -swift-version 5 -enforce-exclusivity\=checked -stats-output-dir /Users/admin/builder/spi-builder-workspace/.swiftpm/xcode/.stats -Onone -D SWIFT_PACKAGE -D DEBUG -serialize-debugging-options -const-gather-protocols-file /Users/admin/builder/spi-builder-workspace/.derivedData/Build/Intermediates.noindex/SQLiteStore.build/Debug-watchos/SQLiteStore.build/Objects-normal/arm64/SQLiteStore_const_extract_protocols.json -enable-upcoming-feature StrictConcurrency -enable-upcoming-feature DisableOutwardActorInference -enable-upcoming-feature GlobalActorIsolatedTypesUsability -enable-upcoming-feature InferSendableFromCaptures -enable-experimental-feature DebugDescriptionMacro -strict-concurrency\=complete -empty-abi-descriptor -plugin-path /Applications/Xcode-16.3.0.app/Contents/Developer/Toolchains/XcodeDefault.xctoolchain/usr/lib/swift/host/plugins/testing -validate-clang-modules-once -clang-build-session-file /Users/admin/builder/spi-builder-workspace/.derivedData/ModuleCache.noindex/Session.modulevalidation -Xcc -working-directory -Xcc /Users/admin/builder/spi-builder-workspace/.swiftpm/xcode -resource-dir /Applications/Xcode-16.3.0.app/Contents/Developer/Toolchains/XcodeDefault.xctoolchain/usr/lib/swift -enable-anonymous-context-mangled-names -file-compilation-dir /Users/admin/builder/spi-builder-workspace/.swiftpm/xcode -Xcc -ivfsstatcache -Xcc /Users/admin/builder/spi-builder-workspace/.derivedData/SDKStatCaches.noindex/watchos11.4-22T246-43efb940ff07ba2497b70ec94253f576.sdkstatcache -Xcc -I/Users/admin/builder/spi-builder-workspace/.derivedData/Build/Intermediates.noindex/SQLiteStore.build/Debug-watchos/SQLiteStore.build/swift-overrides.hmap -Xcc -I/Users/admin/builder/spi-builder-workspace/.derivedData/Build/Products/Debug-watchos/include -Xcc -I/Users/admin/builder/spi-builder-workspace/.derivedData/Build/Intermediates.noindex/SQLiteStore.build/Debug-watchos/SQLiteStore.build/DerivedSources-normal/arm64 -Xcc -I/Users/admin/builder/spi-builder-workspace/.derivedData/Build/Intermediates.noindex/SQLiteStore.build/Debug-watchos/SQLiteStore.build/DerivedSources/arm64 -Xcc -I/Users/admin/builder/spi-builder-workspace/.derivedData/Build/Intermediates.noindex/SQLiteStore.build/Debug-watchos/SQLiteStore.build/DerivedSources -Xcc -DSWIFT_PACKAGE -Xcc -DDEBUG\=1 -module-name SQLiteStore -package-name spi_builder_workspace -frontend-parseable-output -disable-clang-spi -target-sdk-version 11.4 -target-sdk-name watchos11.4 -external-plugin-path /Applications/Xcode-16.3.0.app/Contents/Developer/Platforms/WatchOS.platform/Developer/usr/lib/swift/host/plugins\#/Applications/Xcode-16.3.0.app/Contents/Developer/Platforms/WatchOS.platform/Developer/usr/bin/swift-plugin-server -external-plugin-path /Applications/Xcode-16.3.0.app/Contents/Developer/Platforms/WatchOS.platform/Developer/usr/local/lib/swift/host/plugins\#/Applications/Xcode-16.3.0.app/Contents/Developer/Platforms/WatchOS.platform/Developer/usr/bin/swift-plugin-server -in-process-plugin-server-path /Applications/Xcode-16.3.0.app/Contents/Developer/Toolchains/XcodeDefault.xctoolchain/usr/lib/swift/host/libSwiftInProcPluginServer.dylib -plugin-path /Applications/Xcode-16.3.0.app/Contents/Developer/Toolchains/XcodeDefault.xctoolchain/usr/lib/swift/host/plugins -plugin-path /Applications/Xcode-16.3.0.app/Contents/Developer/Toolchains/XcodeDefault.xctoolchain/usr/local/lib/swift/host/plugins -o /Users/admin/builder/spi-builder-workspace/.derivedData/Build/Intermediates.noindex/SQLiteStore.build/Debug-watchos/SQLiteStore.build/Objects-normal/arm64/Database.o -index-unit-output-path /SQLiteStore.build/Debug-watchos/SQLiteStore.build/Objects-normal/arm64/Database.o -index-store-path /Users/admin/builder/spi-builder-workspace/.derivedData/Index.noindex/DataStore -index-system-modules
SwiftCompile normal armv7k Compiling\ Statement.swift /Users/admin/builder/spi-builder-workspace/Sources/SQLiteStore/Statement.swift (in target 'SQLiteStore' from project 'SQLiteStore')
Failed frontend command:
/Applications/Xcode-16.3.0.app/Contents/Developer/Toolchains/XcodeDefault.xctoolchain/usr/bin/swift-frontend -frontend -c /Users/admin/builder/spi-builder-workspace/Sources/SQLiteStore/Database.swift /Users/admin/builder/spi-builder-workspace/Sources/SQLiteStore/DbStore.swift /Users/admin/builder/spi-builder-workspace/Sources/SQLiteStore/DbStoreError.swift /Users/admin/builder/spi-builder-workspace/Sources/SQLiteStore/DbUpdater.swift /Users/admin/builder/spi-builder-workspace/Sources/SQLiteStore/SQLiteError.swift /Users/admin/builder/spi-builder-workspace/Sources/SQLiteStore/SQLiteStore.swift -primary-file /Users/admin/builder/spi-builder-workspace/Sources/SQLiteStore/Statement.swift -emit-dependencies-path /Users/admin/builder/spi-builder-workspace/.derivedData/Build/Intermediates.noindex/SQLiteStore.build/Debug-watchos/SQLiteStore.build/Objects-normal/armv7k/Statement.d -emit-const-values-path /Users/admin/builder/spi-builder-workspace/.derivedData/Build/Intermediates.noindex/SQLiteStore.build/Debug-watchos/SQLiteStore.build/Objects-normal/armv7k/Statement.swiftconstvalues -emit-reference-dependencies-path /Users/admin/builder/spi-builder-workspace/.derivedData/Build/Intermediates.noindex/SQLiteStore.build/Debug-watchos/SQLiteStore.build/Objects-normal/armv7k/Statement.swiftdeps -serialize-diagnostics-path /Users/admin/builder/spi-builder-workspace/.derivedData/Build/Intermediates.noindex/SQLiteStore.build/Debug-watchos/SQLiteStore.build/Objects-normal/armv7k/Statement.dia -target armv7k-apple-watchos5.0 -enable-objc-interop -sdk /Applications/Xcode-16.3.0.app/Contents/Developer/Platforms/WatchOS.platform/Developer/SDKs/WatchOS11.4.sdk -I /Users/admin/builder/spi-builder-workspace/.derivedData/Build/Products/Debug-watchos -I /Applications/Xcode-16.3.0.app/Contents/Developer/Platforms/WatchOS.platform/Developer/usr/lib -F /Users/admin/builder/spi-builder-workspace/.derivedData/Build/Products/Debug-watchos -F /Applications/Xcode-16.3.0.app/Contents/Developer/Platforms/WatchOS.platform/Developer/Library/Frameworks -F /Applications/Xcode-16.3.0.app/Contents/Developer/Platforms/WatchOS.platform/Developer/SDKs/WatchOS11.4.sdk/Developer/Library/Frameworks -no-color-diagnostics -enable-testing -g -debug-info-format\=dwarf -dwarf-version\=4 -module-cache-path /Users/admin/builder/spi-builder-workspace/.derivedData/ModuleCache.noindex -profile-generate -profile-coverage-mapping -swift-version 5 -enforce-exclusivity\=checked -stats-output-dir /Users/admin/builder/spi-builder-workspace/.swiftpm/xcode/.stats -Onone -D SWIFT_PACKAGE -D DEBUG -serialize-debugging-options -const-gather-protocols-file /Users/admin/builder/spi-builder-workspace/.derivedData/Build/Intermediates.noindex/SQLiteStore.build/Debug-watchos/SQLiteStore.build/Objects-normal/armv7k/SQLiteStore_const_extract_protocols.json -enable-upcoming-feature StrictConcurrency -enable-upcoming-feature DisableOutwardActorInference -enable-upcoming-feature GlobalActorIsolatedTypesUsability -enable-upcoming-feature InferSendableFromCaptures -enable-experimental-feature DebugDescriptionMacro -strict-concurrency\=complete -empty-abi-descriptor -plugin-path /Applications/Xcode-16.3.0.app/Contents/Developer/Toolchains/XcodeDefault.xctoolchain/usr/lib/swift/host/plugins/testing -validate-clang-modules-once -clang-build-session-file /Users/admin/builder/spi-builder-workspace/.derivedData/ModuleCache.noindex/Session.modulevalidation -Xcc -working-directory -Xcc /Users/admin/builder/spi-builder-workspace/.swiftpm/xcode -resource-dir /Applications/Xcode-16.3.0.app/Contents/Developer/Toolchains/XcodeDefault.xctoolchain/usr/lib/swift -enable-anonymous-context-mangled-names -file-compilation-dir /Users/admin/builder/spi-builder-workspace/.swiftpm/xcode -Xcc -ivfsstatcache -Xcc /Users/admin/builder/spi-builder-workspace/.derivedData/SDKStatCaches.noindex/watchos11.4-22T246-43efb940ff07ba2497b70ec94253f576.sdkstatcache -Xcc -I/Users/admin/builder/spi-builder-workspace/.derivedData/Build/Intermediates.noindex/SQLiteStore.build/Debug-watchos/SQLiteStore.build/swift-overrides.hmap -Xcc -I/Users/admin/builder/spi-builder-workspace/.derivedData/Build/Products/Debug-watchos/include -Xcc -I/Users/admin/builder/spi-builder-workspace/.derivedData/Build/Intermediates.noindex/SQLiteStore.build/Debug-watchos/SQLiteStore.build/DerivedSources-normal/armv7k -Xcc -I/Users/admin/builder/spi-builder-workspace/.derivedData/Build/Intermediates.noindex/SQLiteStore.build/Debug-watchos/SQLiteStore.build/DerivedSources/armv7k -Xcc -I/Users/admin/builder/spi-builder-workspace/.derivedData/Build/Intermediates.noindex/SQLiteStore.build/Debug-watchos/SQLiteStore.build/DerivedSources -Xcc -DSWIFT_PACKAGE -Xcc -DDEBUG\=1 -module-name SQLiteStore -package-name spi_builder_workspace -frontend-parseable-output -disable-clang-spi -target-sdk-version 11.4 -target-sdk-name watchos11.4 -external-plugin-path /Applications/Xcode-16.3.0.app/Contents/Developer/Platforms/WatchOS.platform/Developer/usr/lib/swift/host/plugins\#/Applications/Xcode-16.3.0.app/Contents/Developer/Platforms/WatchOS.platform/Developer/usr/bin/swift-plugin-server -external-plugin-path /Applications/Xcode-16.3.0.app/Contents/Developer/Platforms/WatchOS.platform/Developer/usr/local/lib/swift/host/plugins\#/Applications/Xcode-16.3.0.app/Contents/Developer/Platforms/WatchOS.platform/Developer/usr/bin/swift-plugin-server -in-process-plugin-server-path /Applications/Xcode-16.3.0.app/Contents/Developer/Toolchains/XcodeDefault.xctoolchain/usr/lib/swift/host/libSwiftInProcPluginServer.dylib -plugin-path /Applications/Xcode-16.3.0.app/Contents/Developer/Toolchains/XcodeDefault.xctoolchain/usr/lib/swift/host/plugins -plugin-path /Applications/Xcode-16.3.0.app/Contents/Developer/Toolchains/XcodeDefault.xctoolchain/usr/local/lib/swift/host/plugins -o /Users/admin/builder/spi-builder-workspace/.derivedData/Build/Intermediates.noindex/SQLiteStore.build/Debug-watchos/SQLiteStore.build/Objects-normal/armv7k/Statement.o -index-unit-output-path /SQLiteStore.build/Debug-watchos/SQLiteStore.build/Objects-normal/armv7k/Statement.o -index-store-path /Users/admin/builder/spi-builder-workspace/.derivedData/Index.noindex/DataStore -index-system-modules
SwiftCompile normal armv7k /Users/admin/builder/spi-builder-workspace/Sources/SQLiteStore/Statement.swift (in target 'SQLiteStore' from project 'SQLiteStore')
    cd /Users/admin/builder/spi-builder-workspace/.swiftpm/xcode

/Users/admin/builder/spi-builder-workspace/Sources/SQLiteStore/Statement.swift:51:32: error: 'sqlite3_normalized_sql' is only available in watchOS 8.0 or newer
        return String(cString: sqlite3_normalized_sql(sqliteStatement))
                               ^
/Users/admin/builder/spi-builder-workspace/Sources/SQLiteStore/Statement.swift:51:32: note: add 'if #available' version check
        return String(cString: sqlite3_normalized_sql(sqliteStatement))
                               ^
/Users/admin/builder/spi-builder-workspace/Sources/SQLiteStore/Statement.swift:49:16: note: add @available attribute to enclosing property
    public var normalizedQuery: String {
               ^
/Users/admin/builder/spi-builder-workspace/Sources/SQLiteStore/Statement.swift:18:14: note: add @available attribute to enclosing class
public class Statement {
             ^
SwiftEmitModule normal arm64_32 Emitting\ module\ for\ SQLiteStore (in target 'SQLiteStore' from project 'SQLiteStore')
EmitSwiftModule normal arm64_32 (in target 'SQLiteStore' from project 'SQLiteStore')
    cd /Users/admin/builder/spi-builder-workspace/.swiftpm/xcode

/Users/admin/builder/spi-builder-workspace/Sources/SQLiteStore/DbStore.swift:14:16: warning: static property 'shared' is not concurrency-safe because non-'Sendable' type 'DbStore' may have shared mutable state; this is an error in the Swift 6 language mode
    static let shared = DbStore()
               ^
/Users/admin/builder/spi-builder-workspace/Sources/SQLiteStore/DbStore.swift:13:7: note: class 'DbStore' does not conform to the 'Sendable' protocol
class DbStore {
      ^
/Users/admin/builder/spi-builder-workspace/Sources/SQLiteStore/DbStore.swift:14:16: note: add '@MainActor' to make static property 'shared' part of global actor 'MainActor'
    static let shared = DbStore()
               ^
    @MainActor
/Users/admin/builder/spi-builder-workspace/Sources/SQLiteStore/DbStore.swift:14:16: note: disable concurrency-safety checks if accesses are protected by an external synchronization mechanism
    static let shared = DbStore()
               ^
    nonisolated(unsafe)
/Users/admin/builder/spi-builder-workspace/Sources/SQLiteStore/SQLiteError.swift:15:16: warning: stored property 'code' of 'Sendable'-conforming struct 'SQLiteError' has non-sendable type 'SQLiteCode'; this is an error in the Swift 6 language mode
    public let code: SQLiteCode
               ^
/Users/admin/builder/spi-builder-workspace/Sources/SQLiteStore/SQLiteError.swift:37:13: note: consider making enum 'SQLiteCode' conform to the 'Sendable' protocol
public enum SQLiteCode: Int {
            ^
                           , Sendable
SwiftEmitModule normal arm64 Emitting\ module\ for\ SQLiteStore (in target 'SQLiteStore' from project 'SQLiteStore')
EmitSwiftModule normal arm64 (in target 'SQLiteStore' from project 'SQLiteStore')
    cd /Users/admin/builder/spi-builder-workspace/.swiftpm/xcode

/Users/admin/builder/spi-builder-workspace/Sources/SQLiteStore/DbStore.swift:14:16: warning: static property 'shared' is not concurrency-safe because non-'Sendable' type 'DbStore' may have shared mutable state; this is an error in the Swift 6 language mode
    static let shared = DbStore()
               ^
/Users/admin/builder/spi-builder-workspace/Sources/SQLiteStore/DbStore.swift:13:7: note: class 'DbStore' does not conform to the 'Sendable' protocol
class DbStore {
      ^
/Users/admin/builder/spi-builder-workspace/Sources/SQLiteStore/DbStore.swift:14:16: note: add '@MainActor' to make static property 'shared' part of global actor 'MainActor'
    static let shared = DbStore()
               ^
    @MainActor
/Users/admin/builder/spi-builder-workspace/Sources/SQLiteStore/DbStore.swift:14:16: note: disable concurrency-safety checks if accesses are protected by an external synchronization mechanism
    static let shared = DbStore()
               ^
    nonisolated(unsafe)
/Users/admin/builder/spi-builder-workspace/Sources/SQLiteStore/SQLiteError.swift:15:16: warning: stored property 'code' of 'Sendable'-conforming struct 'SQLiteError' has non-sendable type 'SQLiteCode'; this is an error in the Swift 6 language mode
    public let code: SQLiteCode
               ^
/Users/admin/builder/spi-builder-workspace/Sources/SQLiteStore/SQLiteError.swift:37:13: note: consider making enum 'SQLiteCode' conform to the 'Sendable' protocol
public enum SQLiteCode: Int {
            ^
                           , Sendable
SwiftDriverJobDiscovery normal armv7k Emitting module for SQLiteStore (in target 'SQLiteStore' from project 'SQLiteStore')
SwiftDriver\ Compilation\ Requirements SQLiteStore normal armv7k com.apple.xcode.tools.swift.compiler (in target 'SQLiteStore' from project 'SQLiteStore')
    cd /Users/admin/builder/spi-builder-workspace/.swiftpm/xcode
    builtin-Swift-Compilation-Requirements -- /Applications/Xcode-16.3.0.app/Contents/Developer/Toolchains/XcodeDefault.xctoolchain/usr/bin/swiftc -module-name SQLiteStore -Onone -enforce-exclusivity\=checked @/Users/admin/builder/spi-builder-workspace/.derivedData/Build/Intermediates.noindex/SQLiteStore.build/Debug-watchos/SQLiteStore.build/Objects-normal/armv7k/SQLiteStore.SwiftFileList -DSWIFT_PACKAGE -DDEBUG -stats-output-dir .stats -strict-concurrency\=complete -enable-upcoming-feature StrictConcurrency -enable-upcoming-feature DisableOutwardActorInference -enable-upcoming-feature GlobalActorIsolatedTypesUsability -enable-upcoming-feature InferSendableFromCaptures -plugin-path /Applications/Xcode-16.3.0.app/Contents/Developer/Toolchains/XcodeDefault.xctoolchain/usr/lib/swift/host/plugins/testing -enable-experimental-feature DebugDescriptionMacro -sdk /Applications/Xcode-16.3.0.app/Contents/Developer/Platforms/WatchOS.platform/Developer/SDKs/WatchOS11.4.sdk -target armv7k-apple-watchos5.0 -g -module-cache-path /Users/admin/builder/spi-builder-workspace/.derivedData/ModuleCache.noindex -Xfrontend -serialize-debugging-options -profile-coverage-mapping -profile-generate -enable-testing -index-store-path /Users/admin/builder/spi-builder-workspace/.derivedData/Index.noindex/DataStore -swift-version 5 -I /Users/admin/builder/spi-builder-workspace/.derivedData/Build/Products/Debug-watchos -I /Applications/Xcode-16.3.0.app/Contents/Developer/Platforms/WatchOS.platform/Developer/usr/lib -F /Users/admin/builder/spi-builder-workspace/.derivedData/Build/Products/Debug-watchos -F /Applications/Xcode-16.3.0.app/Contents/Developer/Platforms/WatchOS.platform/Developer/Library/Frameworks -F /Applications/Xcode-16.3.0.app/Contents/Developer/Platforms/WatchOS.platform/Developer/SDKs/WatchOS11.4.sdk/Developer/Library/Frameworks -c -j10 -enable-batch-mode -incremental -Xcc -ivfsstatcache -Xcc /Users/admin/builder/spi-builder-workspace/.derivedData/SDKStatCaches.noindex/watchos11.4-22T246-43efb940ff07ba2497b70ec94253f576.sdkstatcache -output-file-map /Users/admin/builder/spi-builder-workspace/.derivedData/Build/Intermediates.noindex/SQLiteStore.build/Debug-watchos/SQLiteStore.build/Objects-normal/armv7k/SQLiteStore-OutputFileMap.json -use-frontend-parseable-output -save-temps -no-color-diagnostics -serialize-diagnostics -emit-dependencies -emit-module -emit-module-path /Users/admin/builder/spi-builder-workspace/.derivedData/Build/Intermediates.noindex/SQLiteStore.build/Debug-watchos/SQLiteStore.build/Objects-normal/armv7k/SQLiteStore.swiftmodule -validate-clang-modules-once -clang-build-session-file /Users/admin/builder/spi-builder-workspace/.derivedData/ModuleCache.noindex/Session.modulevalidation -package-name spi_builder_workspace -Xcc -I/Users/admin/builder/spi-builder-workspace/.derivedData/Build/Intermediates.noindex/SQLiteStore.build/Debug-watchos/SQLiteStore.build/swift-overrides.hmap -emit-const-values -Xfrontend -const-gather-protocols-file -Xfrontend /Users/admin/builder/spi-builder-workspace/.derivedData/Build/Intermediates.noindex/SQLiteStore.build/Debug-watchos/SQLiteStore.build/Objects-normal/armv7k/SQLiteStore_const_extract_protocols.json -Xcc -I/Users/admin/builder/spi-builder-workspace/.derivedData/Build/Products/Debug-watchos/include -Xcc -I/Users/admin/builder/spi-builder-workspace/.derivedData/Build/Intermediates.noindex/SQLiteStore.build/Debug-watchos/SQLiteStore.build/DerivedSources-normal/armv7k -Xcc -I/Users/admin/builder/spi-builder-workspace/.derivedData/Build/Intermediates.noindex/SQLiteStore.build/Debug-watchos/SQLiteStore.build/DerivedSources/armv7k -Xcc -I/Users/admin/builder/spi-builder-workspace/.derivedData/Build/Intermediates.noindex/SQLiteStore.build/Debug-watchos/SQLiteStore.build/DerivedSources -Xcc -DSWIFT_PACKAGE -Xcc -DDEBUG\=1 -emit-objc-header -emit-objc-header-path /Users/admin/builder/spi-builder-workspace/.derivedData/Build/Intermediates.noindex/SQLiteStore.build/Debug-watchos/SQLiteStore.build/Objects-normal/armv7k/SQLiteStore-Swift.h -working-directory /Users/admin/builder/spi-builder-workspace/.swiftpm/xcode -experimental-emit-module-separately -disable-cmo
SwiftDriverJobDiscovery normal arm64_32 Emitting module for SQLiteStore (in target 'SQLiteStore' from project 'SQLiteStore')
SwiftDriver\ Compilation\ Requirements SQLiteStore normal arm64_32 com.apple.xcode.tools.swift.compiler (in target 'SQLiteStore' from project 'SQLiteStore')
    cd /Users/admin/builder/spi-builder-workspace/.swiftpm/xcode
    builtin-Swift-Compilation-Requirements -- /Applications/Xcode-16.3.0.app/Contents/Developer/Toolchains/XcodeDefault.xctoolchain/usr/bin/swiftc -module-name SQLiteStore -Onone -enforce-exclusivity\=checked @/Users/admin/builder/spi-builder-workspace/.derivedData/Build/Intermediates.noindex/SQLiteStore.build/Debug-watchos/SQLiteStore.build/Objects-normal/arm64_32/SQLiteStore.SwiftFileList -DSWIFT_PACKAGE -DDEBUG -stats-output-dir .stats -strict-concurrency\=complete -enable-upcoming-feature StrictConcurrency -enable-upcoming-feature DisableOutwardActorInference -enable-upcoming-feature GlobalActorIsolatedTypesUsability -enable-upcoming-feature InferSendableFromCaptures -plugin-path /Applications/Xcode-16.3.0.app/Contents/Developer/Toolchains/XcodeDefault.xctoolchain/usr/lib/swift/host/plugins/testing -enable-experimental-feature DebugDescriptionMacro -sdk /Applications/Xcode-16.3.0.app/Contents/Developer/Platforms/WatchOS.platform/Developer/SDKs/WatchOS11.4.sdk -target arm64_32-apple-watchos5.0 -g -module-cache-path /Users/admin/builder/spi-builder-workspace/.derivedData/ModuleCache.noindex -Xfrontend -serialize-debugging-options -profile-coverage-mapping -profile-generate -enable-testing -index-store-path /Users/admin/builder/spi-builder-workspace/.derivedData/Index.noindex/DataStore -swift-version 5 -I /Users/admin/builder/spi-builder-workspace/.derivedData/Build/Products/Debug-watchos -I /Applications/Xcode-16.3.0.app/Contents/Developer/Platforms/WatchOS.platform/Developer/usr/lib -F /Users/admin/builder/spi-builder-workspace/.derivedData/Build/Products/Debug-watchos -F /Applications/Xcode-16.3.0.app/Contents/Developer/Platforms/WatchOS.platform/Developer/Library/Frameworks -F /Applications/Xcode-16.3.0.app/Contents/Developer/Platforms/WatchOS.platform/Developer/SDKs/WatchOS11.4.sdk/Developer/Library/Frameworks -c -j10 -enable-batch-mode -incremental -Xcc -ivfsstatcache -Xcc /Users/admin/builder/spi-builder-workspace/.derivedData/SDKStatCaches.noindex/watchos11.4-22T246-43efb940ff07ba2497b70ec94253f576.sdkstatcache -output-file-map /Users/admin/builder/spi-builder-workspace/.derivedData/Build/Intermediates.noindex/SQLiteStore.build/Debug-watchos/SQLiteStore.build/Objects-normal/arm64_32/SQLiteStore-OutputFileMap.json -use-frontend-parseable-output -save-temps -no-color-diagnostics -serialize-diagnostics -emit-dependencies -emit-module -emit-module-path /Users/admin/builder/spi-builder-workspace/.derivedData/Build/Intermediates.noindex/SQLiteStore.build/Debug-watchos/SQLiteStore.build/Objects-normal/arm64_32/SQLiteStore.swiftmodule -validate-clang-modules-once -clang-build-session-file /Users/admin/builder/spi-builder-workspace/.derivedData/ModuleCache.noindex/Session.modulevalidation -package-name spi_builder_workspace -Xcc -I/Users/admin/builder/spi-builder-workspace/.derivedData/Build/Intermediates.noindex/SQLiteStore.build/Debug-watchos/SQLiteStore.build/swift-overrides.hmap -emit-const-values -Xfrontend -const-gather-protocols-file -Xfrontend /Users/admin/builder/spi-builder-workspace/.derivedData/Build/Intermediates.noindex/SQLiteStore.build/Debug-watchos/SQLiteStore.build/Objects-normal/arm64_32/SQLiteStore_const_extract_protocols.json -Xcc -I/Users/admin/builder/spi-builder-workspace/.derivedData/Build/Products/Debug-watchos/include -Xcc -I/Users/admin/builder/spi-builder-workspace/.derivedData/Build/Intermediates.noindex/SQLiteStore.build/Debug-watchos/SQLiteStore.build/DerivedSources-normal/arm64_32 -Xcc -I/Users/admin/builder/spi-builder-workspace/.derivedData/Build/Intermediates.noindex/SQLiteStore.build/Debug-watchos/SQLiteStore.build/DerivedSources/arm64_32 -Xcc -I/Users/admin/builder/spi-builder-workspace/.derivedData/Build/Intermediates.noindex/SQLiteStore.build/Debug-watchos/SQLiteStore.build/DerivedSources -Xcc -DSWIFT_PACKAGE -Xcc -DDEBUG\=1 -emit-objc-header -emit-objc-header-path /Users/admin/builder/spi-builder-workspace/.derivedData/Build/Intermediates.noindex/SQLiteStore.build/Debug-watchos/SQLiteStore.build/Objects-normal/arm64_32/SQLiteStore-Swift.h -working-directory /Users/admin/builder/spi-builder-workspace/.swiftpm/xcode -experimental-emit-module-separately -disable-cmo
Copy /Users/admin/builder/spi-builder-workspace/.derivedData/Build/Products/Debug-watchos/SQLiteStore.swiftmodule/armv7k-apple-watchos.swiftmodule /Users/admin/builder/spi-builder-workspace/.derivedData/Build/Intermediates.noindex/SQLiteStore.build/Debug-watchos/SQLiteStore.build/Objects-normal/armv7k/SQLiteStore.swiftmodule (in target 'SQLiteStore' from project 'SQLiteStore')
    cd /Users/admin/builder/spi-builder-workspace
    builtin-copy -exclude .DS_Store -exclude CVS -exclude .svn -exclude .git -exclude .hg -resolve-src-symlinks -rename /Users/admin/builder/spi-builder-workspace/.derivedData/Build/Intermediates.noindex/SQLiteStore.build/Debug-watchos/SQLiteStore.build/Objects-normal/armv7k/SQLiteStore.swiftmodule /Users/admin/builder/spi-builder-workspace/.derivedData/Build/Products/Debug-watchos/SQLiteStore.swiftmodule/armv7k-apple-watchos.swiftmodule
Copy /Users/admin/builder/spi-builder-workspace/.derivedData/Build/Products/Debug-watchos/SQLiteStore.swiftmodule/armv7k-apple-watchos.swiftdoc /Users/admin/builder/spi-builder-workspace/.derivedData/Build/Intermediates.noindex/SQLiteStore.build/Debug-watchos/SQLiteStore.build/Objects-normal/armv7k/SQLiteStore.swiftdoc (in target 'SQLiteStore' from project 'SQLiteStore')
    cd /Users/admin/builder/spi-builder-workspace
    builtin-copy -exclude .DS_Store -exclude CVS -exclude .svn -exclude .git -exclude .hg -resolve-src-symlinks -rename /Users/admin/builder/spi-builder-workspace/.derivedData/Build/Intermediates.noindex/SQLiteStore.build/Debug-watchos/SQLiteStore.build/Objects-normal/armv7k/SQLiteStore.swiftdoc /Users/admin/builder/spi-builder-workspace/.derivedData/Build/Products/Debug-watchos/SQLiteStore.swiftmodule/armv7k-apple-watchos.swiftdoc
Copy /Users/admin/builder/spi-builder-workspace/.derivedData/Build/Products/Debug-watchos/SQLiteStore.swiftmodule/armv7k-apple-watchos.abi.json /Users/admin/builder/spi-builder-workspace/.derivedData/Build/Intermediates.noindex/SQLiteStore.build/Debug-watchos/SQLiteStore.build/Objects-normal/armv7k/SQLiteStore.abi.json (in target 'SQLiteStore' from project 'SQLiteStore')
    cd /Users/admin/builder/spi-builder-workspace
    builtin-copy -exclude .DS_Store -exclude CVS -exclude .svn -exclude .git -exclude .hg -resolve-src-symlinks -rename /Users/admin/builder/spi-builder-workspace/.derivedData/Build/Intermediates.noindex/SQLiteStore.build/Debug-watchos/SQLiteStore.build/Objects-normal/armv7k/SQLiteStore.abi.json /Users/admin/builder/spi-builder-workspace/.derivedData/Build/Products/Debug-watchos/SQLiteStore.swiftmodule/armv7k-apple-watchos.abi.json
Copy /Users/admin/builder/spi-builder-workspace/.derivedData/Build/Products/Debug-watchos/SQLiteStore.swiftmodule/arm64_32-apple-watchos.swiftmodule /Users/admin/builder/spi-builder-workspace/.derivedData/Build/Intermediates.noindex/SQLiteStore.build/Debug-watchos/SQLiteStore.build/Objects-normal/arm64_32/SQLiteStore.swiftmodule (in target 'SQLiteStore' from project 'SQLiteStore')
    cd /Users/admin/builder/spi-builder-workspace
    builtin-copy -exclude .DS_Store -exclude CVS -exclude .svn -exclude .git -exclude .hg -resolve-src-symlinks -rename /Users/admin/builder/spi-builder-workspace/.derivedData/Build/Intermediates.noindex/SQLiteStore.build/Debug-watchos/SQLiteStore.build/Objects-normal/arm64_32/SQLiteStore.swiftmodule /Users/admin/builder/spi-builder-workspace/.derivedData/Build/Products/Debug-watchos/SQLiteStore.swiftmodule/arm64_32-apple-watchos.swiftmodule
Copy /Users/admin/builder/spi-builder-workspace/.derivedData/Build/Products/Debug-watchos/SQLiteStore.swiftmodule/arm64_32-apple-watchos.swiftdoc /Users/admin/builder/spi-builder-workspace/.derivedData/Build/Intermediates.noindex/SQLiteStore.build/Debug-watchos/SQLiteStore.build/Objects-normal/arm64_32/SQLiteStore.swiftdoc (in target 'SQLiteStore' from project 'SQLiteStore')
    cd /Users/admin/builder/spi-builder-workspace
    builtin-copy -exclude .DS_Store -exclude CVS -exclude .svn -exclude .git -exclude .hg -resolve-src-symlinks -rename /Users/admin/builder/spi-builder-workspace/.derivedData/Build/Intermediates.noindex/SQLiteStore.build/Debug-watchos/SQLiteStore.build/Objects-normal/arm64_32/SQLiteStore.swiftdoc /Users/admin/builder/spi-builder-workspace/.derivedData/Build/Products/Debug-watchos/SQLiteStore.swiftmodule/arm64_32-apple-watchos.swiftdoc
Copy /Users/admin/builder/spi-builder-workspace/.derivedData/Build/Products/Debug-watchos/SQLiteStore.swiftmodule/arm64_32-apple-watchos.abi.json /Users/admin/builder/spi-builder-workspace/.derivedData/Build/Intermediates.noindex/SQLiteStore.build/Debug-watchos/SQLiteStore.build/Objects-normal/arm64_32/SQLiteStore.abi.json (in target 'SQLiteStore' from project 'SQLiteStore')
    cd /Users/admin/builder/spi-builder-workspace
    builtin-copy -exclude .DS_Store -exclude CVS -exclude .svn -exclude .git -exclude .hg -resolve-src-symlinks -rename /Users/admin/builder/spi-builder-workspace/.derivedData/Build/Intermediates.noindex/SQLiteStore.build/Debug-watchos/SQLiteStore.build/Objects-normal/arm64_32/SQLiteStore.abi.json /Users/admin/builder/spi-builder-workspace/.derivedData/Build/Products/Debug-watchos/SQLiteStore.swiftmodule/arm64_32-apple-watchos.abi.json
Copy /Users/admin/builder/spi-builder-workspace/.derivedData/Build/Products/Debug-watchos/SQLiteStore.swiftmodule/Project/armv7k-apple-watchos.swiftsourceinfo /Users/admin/builder/spi-builder-workspace/.derivedData/Build/Intermediates.noindex/SQLiteStore.build/Debug-watchos/SQLiteStore.build/Objects-normal/armv7k/SQLiteStore.swiftsourceinfo (in target 'SQLiteStore' from project 'SQLiteStore')
    cd /Users/admin/builder/spi-builder-workspace
    builtin-copy -exclude .DS_Store -exclude CVS -exclude .svn -exclude .git -exclude .hg -resolve-src-symlinks -rename /Users/admin/builder/spi-builder-workspace/.derivedData/Build/Intermediates.noindex/SQLiteStore.build/Debug-watchos/SQLiteStore.build/Objects-normal/armv7k/SQLiteStore.swiftsourceinfo /Users/admin/builder/spi-builder-workspace/.derivedData/Build/Products/Debug-watchos/SQLiteStore.swiftmodule/Project/armv7k-apple-watchos.swiftsourceinfo
Copy /Users/admin/builder/spi-builder-workspace/.derivedData/Build/Products/Debug-watchos/SQLiteStore.swiftmodule/Project/arm64_32-apple-watchos.swiftsourceinfo /Users/admin/builder/spi-builder-workspace/.derivedData/Build/Intermediates.noindex/SQLiteStore.build/Debug-watchos/SQLiteStore.build/Objects-normal/arm64_32/SQLiteStore.swiftsourceinfo (in target 'SQLiteStore' from project 'SQLiteStore')
    cd /Users/admin/builder/spi-builder-workspace
    builtin-copy -exclude .DS_Store -exclude CVS -exclude .svn -exclude .git -exclude .hg -resolve-src-symlinks -rename /Users/admin/builder/spi-builder-workspace/.derivedData/Build/Intermediates.noindex/SQLiteStore.build/Debug-watchos/SQLiteStore.build/Objects-normal/arm64_32/SQLiteStore.swiftsourceinfo /Users/admin/builder/spi-builder-workspace/.derivedData/Build/Products/Debug-watchos/SQLiteStore.swiftmodule/Project/arm64_32-apple-watchos.swiftsourceinfo
SwiftCompile normal arm64 Compiling\ SQLiteStore.swift /Users/admin/builder/spi-builder-workspace/Sources/SQLiteStore/SQLiteStore.swift (in target 'SQLiteStore' from project 'SQLiteStore')
SwiftCompile normal arm64 /Users/admin/builder/spi-builder-workspace/Sources/SQLiteStore/SQLiteStore.swift (in target 'SQLiteStore' from project 'SQLiteStore')
    cd /Users/admin/builder/spi-builder-workspace/.swiftpm/xcode

SwiftCompile normal arm64 Compiling\ SQLiteError.swift /Users/admin/builder/spi-builder-workspace/Sources/SQLiteStore/SQLiteError.swift (in target 'SQLiteStore' from project 'SQLiteStore')
SwiftCompile normal arm64 /Users/admin/builder/spi-builder-workspace/Sources/SQLiteStore/SQLiteError.swift (in target 'SQLiteStore' from project 'SQLiteStore')
    cd /Users/admin/builder/spi-builder-workspace/.swiftpm/xcode

/Users/admin/builder/spi-builder-workspace/Sources/SQLiteStore/SQLiteError.swift:15:16: warning: stored property 'code' of 'Sendable'-conforming struct 'SQLiteError' has non-sendable type 'SQLiteCode'; this is an error in the Swift 6 language mode
    public let code: SQLiteCode
               ^
/Users/admin/builder/spi-builder-workspace/Sources/SQLiteStore/SQLiteError.swift:37:13: note: consider making enum 'SQLiteCode' conform to the 'Sendable' protocol
public enum SQLiteCode: Int {
            ^
                           , Sendable
SwiftDriverJobDiscovery normal arm64 Emitting module for SQLiteStore (in target 'SQLiteStore' from project 'SQLiteStore')
SwiftCompile normal arm64 Compiling\ Statement.swift /Users/admin/builder/spi-builder-workspace/Sources/SQLiteStore/Statement.swift (in target 'SQLiteStore' from project 'SQLiteStore')
SwiftDriver\ Compilation\ Requirements SQLiteStore normal arm64 com.apple.xcode.tools.swift.compiler (in target 'SQLiteStore' from project 'SQLiteStore')
    cd /Users/admin/builder/spi-builder-workspace/.swiftpm/xcode
    builtin-Swift-Compilation-Requirements -- /Applications/Xcode-16.3.0.app/Contents/Developer/Toolchains/XcodeDefault.xctoolchain/usr/bin/swiftc -module-name SQLiteStore -Onone -enforce-exclusivity\=checked @/Users/admin/builder/spi-builder-workspace/.derivedData/Build/Intermediates.noindex/SQLiteStore.build/Debug-watchos/SQLiteStore.build/Objects-normal/arm64/SQLiteStore.SwiftFileList -DSWIFT_PACKAGE -DDEBUG -stats-output-dir .stats -strict-concurrency\=complete -enable-upcoming-feature StrictConcurrency -enable-upcoming-feature DisableOutwardActorInference -enable-upcoming-feature GlobalActorIsolatedTypesUsability -enable-upcoming-feature InferSendableFromCaptures -plugin-path /Applications/Xcode-16.3.0.app/Contents/Developer/Toolchains/XcodeDefault.xctoolchain/usr/lib/swift/host/plugins/testing -enable-experimental-feature DebugDescriptionMacro -sdk /Applications/Xcode-16.3.0.app/Contents/Developer/Platforms/WatchOS.platform/Developer/SDKs/WatchOS11.4.sdk -target arm64-apple-watchos5.0 -g -module-cache-path /Users/admin/builder/spi-builder-workspace/.derivedData/ModuleCache.noindex -Xfrontend -serialize-debugging-options -profile-coverage-mapping -profile-generate -enable-testing -index-store-path /Users/admin/builder/spi-builder-workspace/.derivedData/Index.noindex/DataStore -swift-version 5 -I /Users/admin/builder/spi-builder-workspace/.derivedData/Build/Products/Debug-watchos -I /Applications/Xcode-16.3.0.app/Contents/Developer/Platforms/WatchOS.platform/Developer/usr/lib -F /Users/admin/builder/spi-builder-workspace/.derivedData/Build/Products/Debug-watchos -F /Applications/Xcode-16.3.0.app/Contents/Developer/Platforms/WatchOS.platform/Developer/Library/Frameworks -F /Applications/Xcode-16.3.0.app/Contents/Developer/Platforms/WatchOS.platform/Developer/SDKs/WatchOS11.4.sdk/Developer/Library/Frameworks -c -j10 -enable-batch-mode -incremental -Xcc -ivfsstatcache -Xcc /Users/admin/builder/spi-builder-workspace/.derivedData/SDKStatCaches.noindex/watchos11.4-22T246-43efb940ff07ba2497b70ec94253f576.sdkstatcache -output-file-map /Users/admin/builder/spi-builder-workspace/.derivedData/Build/Intermediates.noindex/SQLiteStore.build/Debug-watchos/SQLiteStore.build/Objects-normal/arm64/SQLiteStore-OutputFileMap.json -use-frontend-parseable-output -save-temps -no-color-diagnostics -serialize-diagnostics -emit-dependencies -emit-module -emit-module-path /Users/admin/builder/spi-builder-workspace/.derivedData/Build/Intermediates.noindex/SQLiteStore.build/Debug-watchos/SQLiteStore.build/Objects-normal/arm64/SQLiteStore.swiftmodule -validate-clang-modules-once -clang-build-session-file /Users/admin/builder/spi-builder-workspace/.derivedData/ModuleCache.noindex/Session.modulevalidation -package-name spi_builder_workspace -Xcc -I/Users/admin/builder/spi-builder-workspace/.derivedData/Build/Intermediates.noindex/SQLiteStore.build/Debug-watchos/SQLiteStore.build/swift-overrides.hmap -emit-const-values -Xfrontend -const-gather-protocols-file -Xfrontend /Users/admin/builder/spi-builder-workspace/.derivedData/Build/Intermediates.noindex/SQLiteStore.build/Debug-watchos/SQLiteStore.build/Objects-normal/arm64/SQLiteStore_const_extract_protocols.json -Xcc -I/Users/admin/builder/spi-builder-workspace/.derivedData/Build/Products/Debug-watchos/include -Xcc -I/Users/admin/builder/spi-builder-workspace/.derivedData/Build/Intermediates.noindex/SQLiteStore.build/Debug-watchos/SQLiteStore.build/DerivedSources-normal/arm64 -Xcc -I/Users/admin/builder/spi-builder-workspace/.derivedData/Build/Intermediates.noindex/SQLiteStore.build/Debug-watchos/SQLiteStore.build/DerivedSources/arm64 -Xcc -I/Users/admin/builder/spi-builder-workspace/.derivedData/Build/Intermediates.noindex/SQLiteStore.build/Debug-watchos/SQLiteStore.build/DerivedSources -Xcc -DSWIFT_PACKAGE -Xcc -DDEBUG\=1 -emit-objc-header -emit-objc-header-path /Users/admin/builder/spi-builder-workspace/.derivedData/Build/Intermediates.noindex/SQLiteStore.build/Debug-watchos/SQLiteStore.build/Objects-normal/arm64/SQLiteStore-Swift.h -working-directory /Users/admin/builder/spi-builder-workspace/.swiftpm/xcode -experimental-emit-module-separately -disable-cmo
SwiftDriverJobDiscovery normal arm64 Compiling SQLiteStore.swift (in target 'SQLiteStore' from project 'SQLiteStore')
SwiftCompile normal arm64_32 Compiling\ DbStoreError.swift /Users/admin/builder/spi-builder-workspace/Sources/SQLiteStore/DbStoreError.swift (in target 'SQLiteStore' from project 'SQLiteStore')
SwiftDriverJobDiscovery normal armv7k Compiling SQLiteStore.swift (in target 'SQLiteStore' from project 'SQLiteStore')
SwiftMergeGeneratedHeaders /Users/admin/builder/spi-builder-workspace/.derivedData/Build/Intermediates.noindex/GeneratedModuleMaps-watchos/SQLiteStore-Swift.h /Users/admin/builder/spi-builder-workspace/.derivedData/Build/Intermediates.noindex/SQLiteStore.build/Debug-watchos/SQLiteStore.build/Objects-normal/arm64/SQLiteStore-Swift.h /Users/admin/builder/spi-builder-workspace/.derivedData/Build/Intermediates.noindex/SQLiteStore.build/Debug-watchos/SQLiteStore.build/Objects-normal/arm64_32/SQLiteStore-Swift.h /Users/admin/builder/spi-builder-workspace/.derivedData/Build/Intermediates.noindex/SQLiteStore.build/Debug-watchos/SQLiteStore.build/Objects-normal/armv7k/SQLiteStore-Swift.h (in target 'SQLiteStore' from project 'SQLiteStore')
    cd /Users/admin/builder/spi-builder-workspace
    builtin-swiftHeaderTool -arch arm64 /Users/admin/builder/spi-builder-workspace/.derivedData/Build/Intermediates.noindex/SQLiteStore.build/Debug-watchos/SQLiteStore.build/Objects-normal/arm64/SQLiteStore-Swift.h -arch arm64_32 /Users/admin/builder/spi-builder-workspace/.derivedData/Build/Intermediates.noindex/SQLiteStore.build/Debug-watchos/SQLiteStore.build/Objects-normal/arm64_32/SQLiteStore-Swift.h -arch armv7k /Users/admin/builder/spi-builder-workspace/.derivedData/Build/Intermediates.noindex/SQLiteStore.build/Debug-watchos/SQLiteStore.build/Objects-normal/armv7k/SQLiteStore-Swift.h -o /Users/admin/builder/spi-builder-workspace/.derivedData/Build/Intermediates.noindex/GeneratedModuleMaps-watchos/SQLiteStore-Swift.h
Copy /Users/admin/builder/spi-builder-workspace/.derivedData/Build/Products/Debug-watchos/SQLiteStore.swiftmodule/arm64-apple-watchos.swiftmodule /Users/admin/builder/spi-builder-workspace/.derivedData/Build/Intermediates.noindex/SQLiteStore.build/Debug-watchos/SQLiteStore.build/Objects-normal/arm64/SQLiteStore.swiftmodule (in target 'SQLiteStore' from project 'SQLiteStore')
    cd /Users/admin/builder/spi-builder-workspace
    builtin-copy -exclude .DS_Store -exclude CVS -exclude .svn -exclude .git -exclude .hg -resolve-src-symlinks -rename /Users/admin/builder/spi-builder-workspace/.derivedData/Build/Intermediates.noindex/SQLiteStore.build/Debug-watchos/SQLiteStore.build/Objects-normal/arm64/SQLiteStore.swiftmodule /Users/admin/builder/spi-builder-workspace/.derivedData/Build/Products/Debug-watchos/SQLiteStore.swiftmodule/arm64-apple-watchos.swiftmodule
SwiftDriverJobDiscovery normal armv7k Compiling DbStoreError.swift (in target 'SQLiteStore' from project 'SQLiteStore')
Copy /Users/admin/builder/spi-builder-workspace/.derivedData/Build/Products/Debug-watchos/SQLiteStore.swiftmodule/arm64-apple-watchos.swiftdoc /Users/admin/builder/spi-builder-workspace/.derivedData/Build/Intermediates.noindex/SQLiteStore.build/Debug-watchos/SQLiteStore.build/Objects-normal/arm64/SQLiteStore.swiftdoc (in target 'SQLiteStore' from project 'SQLiteStore')
    cd /Users/admin/builder/spi-builder-workspace
    builtin-copy -exclude .DS_Store -exclude CVS -exclude .svn -exclude .git -exclude .hg -resolve-src-symlinks -rename /Users/admin/builder/spi-builder-workspace/.derivedData/Build/Intermediates.noindex/SQLiteStore.build/Debug-watchos/SQLiteStore.build/Objects-normal/arm64/SQLiteStore.swiftdoc /Users/admin/builder/spi-builder-workspace/.derivedData/Build/Products/Debug-watchos/SQLiteStore.swiftmodule/arm64-apple-watchos.swiftdoc
Copy /Users/admin/builder/spi-builder-workspace/.derivedData/Build/Products/Debug-watchos/SQLiteStore.swiftmodule/arm64-apple-watchos.abi.json /Users/admin/builder/spi-builder-workspace/.derivedData/Build/Intermediates.noindex/SQLiteStore.build/Debug-watchos/SQLiteStore.build/Objects-normal/arm64/SQLiteStore.abi.json (in target 'SQLiteStore' from project 'SQLiteStore')
    cd /Users/admin/builder/spi-builder-workspace
    builtin-copy -exclude .DS_Store -exclude CVS -exclude .svn -exclude .git -exclude .hg -resolve-src-symlinks -rename /Users/admin/builder/spi-builder-workspace/.derivedData/Build/Intermediates.noindex/SQLiteStore.build/Debug-watchos/SQLiteStore.build/Objects-normal/arm64/SQLiteStore.abi.json /Users/admin/builder/spi-builder-workspace/.derivedData/Build/Products/Debug-watchos/SQLiteStore.swiftmodule/arm64-apple-watchos.abi.json
SwiftDriverJobDiscovery normal armv7k Compiling DbStore.swift (in target 'SQLiteStore' from project 'SQLiteStore')
Copy /Users/admin/builder/spi-builder-workspace/.derivedData/Build/Products/Debug-watchos/SQLiteStore.swiftmodule/Project/arm64-apple-watchos.swiftsourceinfo /Users/admin/builder/spi-builder-workspace/.derivedData/Build/Intermediates.noindex/SQLiteStore.build/Debug-watchos/SQLiteStore.build/Objects-normal/arm64/SQLiteStore.swiftsourceinfo (in target 'SQLiteStore' from project 'SQLiteStore')
    cd /Users/admin/builder/spi-builder-workspace
    builtin-copy -exclude .DS_Store -exclude CVS -exclude .svn -exclude .git -exclude .hg -resolve-src-symlinks -rename /Users/admin/builder/spi-builder-workspace/.derivedData/Build/Intermediates.noindex/SQLiteStore.build/Debug-watchos/SQLiteStore.build/Objects-normal/arm64/SQLiteStore.swiftsourceinfo /Users/admin/builder/spi-builder-workspace/.derivedData/Build/Products/Debug-watchos/SQLiteStore.swiftmodule/Project/arm64-apple-watchos.swiftsourceinfo
SwiftCompile normal arm64 Compiling\ DbStoreError.swift /Users/admin/builder/spi-builder-workspace/Sources/SQLiteStore/DbStoreError.swift (in target 'SQLiteStore' from project 'SQLiteStore')
SwiftCompile normal arm64_32 Compiling\ Database.swift /Users/admin/builder/spi-builder-workspace/Sources/SQLiteStore/Database.swift (in target 'SQLiteStore' from project 'SQLiteStore')
SwiftCompile normal arm64_32 Compiling\ Statement.swift /Users/admin/builder/spi-builder-workspace/Sources/SQLiteStore/Statement.swift (in target 'SQLiteStore' from project 'SQLiteStore')
SwiftCompile normal arm64_32 Compiling\ DbStore.swift /Users/admin/builder/spi-builder-workspace/Sources/SQLiteStore/DbStore.swift (in target 'SQLiteStore' from project 'SQLiteStore')
SwiftDriverJobDiscovery normal arm64 Compiling SQLiteError.swift (in target 'SQLiteStore' from project 'SQLiteStore')
SwiftDriverJobDiscovery normal armv7k Compiling DbUpdater.swift (in target 'SQLiteStore' from project 'SQLiteStore')
SwiftCompile normal arm64_32 Compiling\ SQLiteStore.swift /Users/admin/builder/spi-builder-workspace/Sources/SQLiteStore/SQLiteStore.swift (in target 'SQLiteStore' from project 'SQLiteStore')
SwiftDriverJobDiscovery normal armv7k Compiling SQLiteError.swift (in target 'SQLiteStore' from project 'SQLiteStore')
SwiftCompile normal arm64_32 Compiling\ DbUpdater.swift /Users/admin/builder/spi-builder-workspace/Sources/SQLiteStore/DbUpdater.swift (in target 'SQLiteStore' from project 'SQLiteStore')
Command SwiftCompile failed with a nonzero exit code
** BUILD FAILED **
The following build commands failed:
	SwiftCompile normal armv7k /Users/admin/builder/spi-builder-workspace/Sources/SQLiteStore/Database.swift (in target 'SQLiteStore' from project 'SQLiteStore')
	SwiftCompile normal armv7k Compiling\ Database.swift /Users/admin/builder/spi-builder-workspace/Sources/SQLiteStore/Database.swift (in target 'SQLiteStore' from project 'SQLiteStore')
	SwiftCompile normal arm64 /Users/admin/builder/spi-builder-workspace/Sources/SQLiteStore/Database.swift (in target 'SQLiteStore' from project 'SQLiteStore')
	SwiftCompile normal arm64 Compiling\ Database.swift /Users/admin/builder/spi-builder-workspace/Sources/SQLiteStore/Database.swift (in target 'SQLiteStore' from project 'SQLiteStore')
	SwiftCompile normal armv7k Compiling\ Statement.swift /Users/admin/builder/spi-builder-workspace/Sources/SQLiteStore/Statement.swift (in target 'SQLiteStore' from project 'SQLiteStore')
	SwiftCompile normal armv7k /Users/admin/builder/spi-builder-workspace/Sources/SQLiteStore/Statement.swift (in target 'SQLiteStore' from project 'SQLiteStore')
	SwiftCompile normal arm64_32 Compiling\ DbUpdater.swift /Users/admin/builder/spi-builder-workspace/Sources/SQLiteStore/DbUpdater.swift (in target 'SQLiteStore' from project 'SQLiteStore')
	Building workspace spi-builder-workspace with scheme SQLiteStore
(8 failures)
Command line invocation:
    /Applications/Xcode-16.3.0.app/Contents/Developer/usr/bin/xcodebuild -IDEClonedSourcePackagesDirPathOverride=/Users/admin/builder/spi-builder-workspace/.dependencies -resolvePackageDependencies
Resolve Package Graph
Resolved source packages:
  SQLiteStore: /Users/admin/builder/spi-builder-workspace
resolved source packages: SQLiteStore
{
  "dependencies" : [
  ],
  "manifest_display_name" : "SQLiteStore",
  "name" : "SQLiteStore",
  "path" : "/Users/admin/builder/spi-builder-workspace",
  "platforms" : [
    {
      "name" : "ios",
      "version" : "12.0"
    }
  ],
  "products" : [
    {
      "name" : "SQLiteStore",
      "targets" : [
        "SQLiteStore"
      ],
      "type" : {
        "library" : [
          "automatic"
        ]
      }
    }
  ],
  "targets" : [
    {
      "c99name" : "SQLiteStoreTests",
      "module_type" : "SwiftTarget",
      "name" : "SQLiteStoreTests",
      "path" : "Tests/SQLiteStoreTests",
      "sources" : [
        "SQLiteStoreTests.swift"
      ],
      "target_dependencies" : [
        "SQLiteStore"
      ],
      "type" : "test"
    },
    {
      "c99name" : "SQLiteStore",
      "module_type" : "SwiftTarget",
      "name" : "SQLiteStore",
      "path" : "Sources/SQLiteStore",
      "product_memberships" : [
        "SQLiteStore"
      ],
      "sources" : [
        "Database.swift",
        "DbStore.swift",
        "DbStoreError.swift",
        "DbUpdater.swift",
        "SQLiteError.swift",
        "SQLiteStore.swift",
        "Statement.swift"
      ],
      "type" : "library"
    }
  ],
  "tools_version" : "5.10"
}
{
  "workspace" : {
    "name" : "spi-builder-workspace",
    "schemes" : [
      "SQLiteStore"
    ]
  }
}
Running build ...
env DEVELOPER_DIR=/Applications/Xcode-16.3.0.app xcrun xcodebuild -IDEClonedSourcePackagesDirPathOverride=$PWD/.dependencies -skipMacroValidation -skipPackagePluginValidation -derivedDataPath $PWD/.derivedData build -scheme SQLiteStore -destination generic/platform=watchOS
Command line invocation:
    /Applications/Xcode-16.3.0.app/Contents/Developer/usr/bin/xcodebuild -IDEClonedSourcePackagesDirPathOverride=/Users/admin/builder/spi-builder-workspace/.dependencies -skipMacroValidation -skipPackagePluginValidation -derivedDataPath /Users/admin/builder/spi-builder-workspace/.derivedData build -scheme SQLiteStore -destination generic/platform=watchOS
Resolve Package Graph
Resolved source packages:
  SQLiteStore: /Users/admin/builder/spi-builder-workspace
ComputePackagePrebuildTargetDependencyGraph
Prepare packages
CreateBuildRequest
SendProjectDescription
CreateBuildOperation
ComputeTargetDependencyGraph
note: Building targets in dependency order
note: Target dependency graph (2 targets)
    Target 'SQLiteStore' in project 'SQLiteStore'
        ➜ Explicit dependency on target 'SQLiteStore' in project 'SQLiteStore'
    Target 'SQLiteStore' in project 'SQLiteStore' (no dependencies)
GatherProvisioningInputs
CreateBuildDescription
ExecuteExternalTool /Applications/Xcode-16.3.0.app/Contents/Developer/Toolchains/XcodeDefault.xctoolchain/usr/bin/clang -v -E -dM -isysroot /Applications/Xcode-16.3.0.app/Contents/Developer/Platforms/WatchOS.platform/Developer/SDKs/WatchOS11.4.sdk -x c -c /dev/null
ExecuteExternalTool /Applications/Xcode-16.3.0.app/Contents/Developer/Toolchains/XcodeDefault.xctoolchain/usr/bin/swiftc --version
ExecuteExternalTool /Applications/Xcode-16.3.0.app/Contents/Developer/Toolchains/XcodeDefault.xctoolchain/usr/bin/ld -version_details
Build description signature: 13dbf2da3ab130a47433f584c250a32d
Build description path: /Users/admin/builder/spi-builder-workspace/.derivedData/Build/Intermediates.noindex/XCBuildData/13dbf2da3ab130a47433f584c250a32d.xcbuilddata
ClangStatCache /Applications/Xcode-16.3.0.app/Contents/Developer/Toolchains/XcodeDefault.xctoolchain/usr/bin/clang-stat-cache /Applications/Xcode-16.3.0.app/Contents/Developer/Platforms/WatchOS.platform/Developer/SDKs/WatchOS11.4.sdk /Users/admin/builder/spi-builder-workspace/.derivedData/SDKStatCaches.noindex/watchos11.4-22T246-43efb940ff07ba2497b70ec94253f576.sdkstatcache
    cd /Users/admin/builder/spi-builder-workspace/.swiftpm/xcode
    /Applications/Xcode-16.3.0.app/Contents/Developer/Toolchains/XcodeDefault.xctoolchain/usr/bin/clang-stat-cache /Applications/Xcode-16.3.0.app/Contents/Developer/Platforms/WatchOS.platform/Developer/SDKs/WatchOS11.4.sdk -o /Users/admin/builder/spi-builder-workspace/.derivedData/SDKStatCaches.noindex/watchos11.4-22T246-43efb940ff07ba2497b70ec94253f576.sdkstatcache
SwiftDriver SQLiteStore normal arm64 com.apple.xcode.tools.swift.compiler (in target 'SQLiteStore' from project 'SQLiteStore')
    cd /Users/admin/builder/spi-builder-workspace/.swiftpm/xcode
    builtin-SwiftDriver -- /Applications/Xcode-16.3.0.app/Contents/Developer/Toolchains/XcodeDefault.xctoolchain/usr/bin/swiftc -module-name SQLiteStore -Onone -enforce-exclusivity\=checked @/Users/admin/builder/spi-builder-workspace/.derivedData/Build/Intermediates.noindex/SQLiteStore.build/Debug-watchos/SQLiteStore.build/Objects-normal/arm64/SQLiteStore.SwiftFileList -DSWIFT_PACKAGE -DDEBUG -DXcode -plugin-path /Applications/Xcode-16.3.0.app/Contents/Developer/Toolchains/XcodeDefault.xctoolchain/usr/lib/swift/host/plugins/testing -enable-experimental-feature DebugDescriptionMacro -sdk /Applications/Xcode-16.3.0.app/Contents/Developer/Platforms/WatchOS.platform/Developer/SDKs/WatchOS11.4.sdk -target arm64-apple-watchos5.0 -g -module-cache-path /Users/admin/builder/spi-builder-workspace/.derivedData/ModuleCache.noindex -Xfrontend -serialize-debugging-options -profile-coverage-mapping -profile-generate -enable-testing -index-store-path /Users/admin/builder/spi-builder-workspace/.derivedData/Index.noindex/DataStore -swift-version 5 -I /Users/admin/builder/spi-builder-workspace/.derivedData/Build/Products/Debug-watchos -I /Applications/Xcode-16.3.0.app/Contents/Developer/Platforms/WatchOS.platform/Developer/usr/lib -F /Users/admin/builder/spi-builder-workspace/.derivedData/Build/Products/Debug-watchos -F /Applications/Xcode-16.3.0.app/Contents/Developer/Platforms/WatchOS.platform/Developer/Library/Frameworks -F /Applications/Xcode-16.3.0.app/Contents/Developer/Platforms/WatchOS.platform/Developer/SDKs/WatchOS11.4.sdk/Developer/Library/Frameworks -c -j10 -enable-batch-mode -incremental -Xcc -ivfsstatcache -Xcc /Users/admin/builder/spi-builder-workspace/.derivedData/SDKStatCaches.noindex/watchos11.4-22T246-43efb940ff07ba2497b70ec94253f576.sdkstatcache -output-file-map /Users/admin/builder/spi-builder-workspace/.derivedData/Build/Intermediates.noindex/SQLiteStore.build/Debug-watchos/SQLiteStore.build/Objects-normal/arm64/SQLiteStore-OutputFileMap.json -use-frontend-parseable-output -save-temps -no-color-diagnostics -serialize-diagnostics -emit-dependencies -emit-module -emit-module-path /Users/admin/builder/spi-builder-workspace/.derivedData/Build/Intermediates.noindex/SQLiteStore.build/Debug-watchos/SQLiteStore.build/Objects-normal/arm64/SQLiteStore.swiftmodule -validate-clang-modules-once -clang-build-session-file /Users/admin/builder/spi-builder-workspace/.derivedData/ModuleCache.noindex/Session.modulevalidation -package-name spi_builder_workspace -Xcc -I/Users/admin/builder/spi-builder-workspace/.derivedData/Build/Intermediates.noindex/SQLiteStore.build/Debug-watchos/SQLiteStore.build/swift-overrides.hmap -emit-const-values -Xfrontend -const-gather-protocols-file -Xfrontend /Users/admin/builder/spi-builder-workspace/.derivedData/Build/Intermediates.noindex/SQLiteStore.build/Debug-watchos/SQLiteStore.build/Objects-normal/arm64/SQLiteStore_const_extract_protocols.json -Xcc -I/Users/admin/builder/spi-builder-workspace/.derivedData/Build/Products/Debug-watchos/include -Xcc -I/Users/admin/builder/spi-builder-workspace/.derivedData/Build/Intermediates.noindex/SQLiteStore.build/Debug-watchos/SQLiteStore.build/DerivedSources-normal/arm64 -Xcc -I/Users/admin/builder/spi-builder-workspace/.derivedData/Build/Intermediates.noindex/SQLiteStore.build/Debug-watchos/SQLiteStore.build/DerivedSources/arm64 -Xcc -I/Users/admin/builder/spi-builder-workspace/.derivedData/Build/Intermediates.noindex/SQLiteStore.build/Debug-watchos/SQLiteStore.build/DerivedSources -Xcc -DSWIFT_PACKAGE -Xcc -DDEBUG\=1 -emit-objc-header -emit-objc-header-path /Users/admin/builder/spi-builder-workspace/.derivedData/Build/Intermediates.noindex/SQLiteStore.build/Debug-watchos/SQLiteStore.build/Objects-normal/arm64/SQLiteStore-Swift.h -working-directory /Users/admin/builder/spi-builder-workspace/.swiftpm/xcode -experimental-emit-module-separately -disable-cmo
SwiftDriver SQLiteStore normal arm64_32 com.apple.xcode.tools.swift.compiler (in target 'SQLiteStore' from project 'SQLiteStore')
    cd /Users/admin/builder/spi-builder-workspace/.swiftpm/xcode
    builtin-SwiftDriver -- /Applications/Xcode-16.3.0.app/Contents/Developer/Toolchains/XcodeDefault.xctoolchain/usr/bin/swiftc -module-name SQLiteStore -Onone -enforce-exclusivity\=checked @/Users/admin/builder/spi-builder-workspace/.derivedData/Build/Intermediates.noindex/SQLiteStore.build/Debug-watchos/SQLiteStore.build/Objects-normal/arm64_32/SQLiteStore.SwiftFileList -DSWIFT_PACKAGE -DDEBUG -DXcode -plugin-path /Applications/Xcode-16.3.0.app/Contents/Developer/Toolchains/XcodeDefault.xctoolchain/usr/lib/swift/host/plugins/testing -enable-experimental-feature DebugDescriptionMacro -sdk /Applications/Xcode-16.3.0.app/Contents/Developer/Platforms/WatchOS.platform/Developer/SDKs/WatchOS11.4.sdk -target arm64_32-apple-watchos5.0 -g -module-cache-path /Users/admin/builder/spi-builder-workspace/.derivedData/ModuleCache.noindex -Xfrontend -serialize-debugging-options -profile-coverage-mapping -profile-generate -enable-testing -index-store-path /Users/admin/builder/spi-builder-workspace/.derivedData/Index.noindex/DataStore -swift-version 5 -I /Users/admin/builder/spi-builder-workspace/.derivedData/Build/Products/Debug-watchos -I /Applications/Xcode-16.3.0.app/Contents/Developer/Platforms/WatchOS.platform/Developer/usr/lib -F /Users/admin/builder/spi-builder-workspace/.derivedData/Build/Products/Debug-watchos -F /Applications/Xcode-16.3.0.app/Contents/Developer/Platforms/WatchOS.platform/Developer/Library/Frameworks -F /Applications/Xcode-16.3.0.app/Contents/Developer/Platforms/WatchOS.platform/Developer/SDKs/WatchOS11.4.sdk/Developer/Library/Frameworks -c -j10 -enable-batch-mode -incremental -Xcc -ivfsstatcache -Xcc /Users/admin/builder/spi-builder-workspace/.derivedData/SDKStatCaches.noindex/watchos11.4-22T246-43efb940ff07ba2497b70ec94253f576.sdkstatcache -output-file-map /Users/admin/builder/spi-builder-workspace/.derivedData/Build/Intermediates.noindex/SQLiteStore.build/Debug-watchos/SQLiteStore.build/Objects-normal/arm64_32/SQLiteStore-OutputFileMap.json -use-frontend-parseable-output -save-temps -no-color-diagnostics -serialize-diagnostics -emit-dependencies -emit-module -emit-module-path /Users/admin/builder/spi-builder-workspace/.derivedData/Build/Intermediates.noindex/SQLiteStore.build/Debug-watchos/SQLiteStore.build/Objects-normal/arm64_32/SQLiteStore.swiftmodule -validate-clang-modules-once -clang-build-session-file /Users/admin/builder/spi-builder-workspace/.derivedData/ModuleCache.noindex/Session.modulevalidation -package-name spi_builder_workspace -Xcc -I/Users/admin/builder/spi-builder-workspace/.derivedData/Build/Intermediates.noindex/SQLiteStore.build/Debug-watchos/SQLiteStore.build/swift-overrides.hmap -emit-const-values -Xfrontend -const-gather-protocols-file -Xfrontend /Users/admin/builder/spi-builder-workspace/.derivedData/Build/Intermediates.noindex/SQLiteStore.build/Debug-watchos/SQLiteStore.build/Objects-normal/arm64_32/SQLiteStore_const_extract_protocols.json -Xcc -I/Users/admin/builder/spi-builder-workspace/.derivedData/Build/Products/Debug-watchos/include -Xcc -I/Users/admin/builder/spi-builder-workspace/.derivedData/Build/Intermediates.noindex/SQLiteStore.build/Debug-watchos/SQLiteStore.build/DerivedSources-normal/arm64_32 -Xcc -I/Users/admin/builder/spi-builder-workspace/.derivedData/Build/Intermediates.noindex/SQLiteStore.build/Debug-watchos/SQLiteStore.build/DerivedSources/arm64_32 -Xcc -I/Users/admin/builder/spi-builder-workspace/.derivedData/Build/Intermediates.noindex/SQLiteStore.build/Debug-watchos/SQLiteStore.build/DerivedSources -Xcc -DSWIFT_PACKAGE -Xcc -DDEBUG\=1 -emit-objc-header -emit-objc-header-path /Users/admin/builder/spi-builder-workspace/.derivedData/Build/Intermediates.noindex/SQLiteStore.build/Debug-watchos/SQLiteStore.build/Objects-normal/arm64_32/SQLiteStore-Swift.h -working-directory /Users/admin/builder/spi-builder-workspace/.swiftpm/xcode -experimental-emit-module-separately -disable-cmo
SwiftDriver SQLiteStore normal armv7k com.apple.xcode.tools.swift.compiler (in target 'SQLiteStore' from project 'SQLiteStore')
    cd /Users/admin/builder/spi-builder-workspace/.swiftpm/xcode
    builtin-SwiftDriver -- /Applications/Xcode-16.3.0.app/Contents/Developer/Toolchains/XcodeDefault.xctoolchain/usr/bin/swiftc -module-name SQLiteStore -Onone -enforce-exclusivity\=checked @/Users/admin/builder/spi-builder-workspace/.derivedData/Build/Intermediates.noindex/SQLiteStore.build/Debug-watchos/SQLiteStore.build/Objects-normal/armv7k/SQLiteStore.SwiftFileList -DSWIFT_PACKAGE -DDEBUG -DXcode -plugin-path /Applications/Xcode-16.3.0.app/Contents/Developer/Toolchains/XcodeDefault.xctoolchain/usr/lib/swift/host/plugins/testing -enable-experimental-feature DebugDescriptionMacro -sdk /Applications/Xcode-16.3.0.app/Contents/Developer/Platforms/WatchOS.platform/Developer/SDKs/WatchOS11.4.sdk -target armv7k-apple-watchos5.0 -g -module-cache-path /Users/admin/builder/spi-builder-workspace/.derivedData/ModuleCache.noindex -Xfrontend -serialize-debugging-options -profile-coverage-mapping -profile-generate -enable-testing -index-store-path /Users/admin/builder/spi-builder-workspace/.derivedData/Index.noindex/DataStore -swift-version 5 -I /Users/admin/builder/spi-builder-workspace/.derivedData/Build/Products/Debug-watchos -I /Applications/Xcode-16.3.0.app/Contents/Developer/Platforms/WatchOS.platform/Developer/usr/lib -F /Users/admin/builder/spi-builder-workspace/.derivedData/Build/Products/Debug-watchos -F /Applications/Xcode-16.3.0.app/Contents/Developer/Platforms/WatchOS.platform/Developer/Library/Frameworks -F /Applications/Xcode-16.3.0.app/Contents/Developer/Platforms/WatchOS.platform/Developer/SDKs/WatchOS11.4.sdk/Developer/Library/Frameworks -c -j10 -enable-batch-mode -incremental -Xcc -ivfsstatcache -Xcc /Users/admin/builder/spi-builder-workspace/.derivedData/SDKStatCaches.noindex/watchos11.4-22T246-43efb940ff07ba2497b70ec94253f576.sdkstatcache -output-file-map /Users/admin/builder/spi-builder-workspace/.derivedData/Build/Intermediates.noindex/SQLiteStore.build/Debug-watchos/SQLiteStore.build/Objects-normal/armv7k/SQLiteStore-OutputFileMap.json -use-frontend-parseable-output -save-temps -no-color-diagnostics -serialize-diagnostics -emit-dependencies -emit-module -emit-module-path /Users/admin/builder/spi-builder-workspace/.derivedData/Build/Intermediates.noindex/SQLiteStore.build/Debug-watchos/SQLiteStore.build/Objects-normal/armv7k/SQLiteStore.swiftmodule -validate-clang-modules-once -clang-build-session-file /Users/admin/builder/spi-builder-workspace/.derivedData/ModuleCache.noindex/Session.modulevalidation -package-name spi_builder_workspace -Xcc -I/Users/admin/builder/spi-builder-workspace/.derivedData/Build/Intermediates.noindex/SQLiteStore.build/Debug-watchos/SQLiteStore.build/swift-overrides.hmap -emit-const-values -Xfrontend -const-gather-protocols-file -Xfrontend /Users/admin/builder/spi-builder-workspace/.derivedData/Build/Intermediates.noindex/SQLiteStore.build/Debug-watchos/SQLiteStore.build/Objects-normal/armv7k/SQLiteStore_const_extract_protocols.json -Xcc -I/Users/admin/builder/spi-builder-workspace/.derivedData/Build/Products/Debug-watchos/include -Xcc -I/Users/admin/builder/spi-builder-workspace/.derivedData/Build/Intermediates.noindex/SQLiteStore.build/Debug-watchos/SQLiteStore.build/DerivedSources-normal/armv7k -Xcc -I/Users/admin/builder/spi-builder-workspace/.derivedData/Build/Intermediates.noindex/SQLiteStore.build/Debug-watchos/SQLiteStore.build/DerivedSources/armv7k -Xcc -I/Users/admin/builder/spi-builder-workspace/.derivedData/Build/Intermediates.noindex/SQLiteStore.build/Debug-watchos/SQLiteStore.build/DerivedSources -Xcc -DSWIFT_PACKAGE -Xcc -DDEBUG\=1 -emit-objc-header -emit-objc-header-path /Users/admin/builder/spi-builder-workspace/.derivedData/Build/Intermediates.noindex/SQLiteStore.build/Debug-watchos/SQLiteStore.build/Objects-normal/armv7k/SQLiteStore-Swift.h -working-directory /Users/admin/builder/spi-builder-workspace/.swiftpm/xcode -experimental-emit-module-separately -disable-cmo
SwiftCompile normal arm64_32 Compiling\ Database.swift /Users/admin/builder/spi-builder-workspace/Sources/SQLiteStore/Database.swift (in target 'SQLiteStore' from project 'SQLiteStore')
SwiftCompile normal arm64_32 /Users/admin/builder/spi-builder-workspace/Sources/SQLiteStore/Database.swift (in target 'SQLiteStore' from project 'SQLiteStore')
    cd /Users/admin/builder/spi-builder-workspace/.swiftpm/xcode

SwiftCompile normal arm64_32 Compiling\ DbUpdater.swift /Users/admin/builder/spi-builder-workspace/Sources/SQLiteStore/DbUpdater.swift (in target 'SQLiteStore' from project 'SQLiteStore')
SwiftCompile normal arm64_32 /Users/admin/builder/spi-builder-workspace/Sources/SQLiteStore/DbUpdater.swift (in target 'SQLiteStore' from project 'SQLiteStore')
    cd /Users/admin/builder/spi-builder-workspace/.swiftpm/xcode

SwiftCompile normal arm64_32 Compiling\ SQLiteError.swift /Users/admin/builder/spi-builder-workspace/Sources/SQLiteStore/SQLiteError.swift (in target 'SQLiteStore' from project 'SQLiteStore')
SwiftCompile normal arm64_32 /Users/admin/builder/spi-builder-workspace/Sources/SQLiteStore/SQLiteError.swift (in target 'SQLiteStore' from project 'SQLiteStore')
    cd /Users/admin/builder/spi-builder-workspace/.swiftpm/xcode

SwiftCompile normal arm64_32 Compiling\ SQLiteStore.swift /Users/admin/builder/spi-builder-workspace/Sources/SQLiteStore/SQLiteStore.swift (in target 'SQLiteStore' from project 'SQLiteStore')
SwiftCompile normal arm64_32 /Users/admin/builder/spi-builder-workspace/Sources/SQLiteStore/SQLiteStore.swift (in target 'SQLiteStore' from project 'SQLiteStore')
    cd /Users/admin/builder/spi-builder-workspace/.swiftpm/xcode

SwiftCompile normal arm64_32 Compiling\ Statement.swift /Users/admin/builder/spi-builder-workspace/Sources/SQLiteStore/Statement.swift (in target 'SQLiteStore' from project 'SQLiteStore')
SwiftCompile normal arm64_32 /Users/admin/builder/spi-builder-workspace/Sources/SQLiteStore/Statement.swift (in target 'SQLiteStore' from project 'SQLiteStore')
    cd /Users/admin/builder/spi-builder-workspace/.swiftpm/xcode

SwiftEmitModule normal arm64_32 Emitting\ module\ for\ SQLiteStore (in target 'SQLiteStore' from project 'SQLiteStore')
EmitSwiftModule normal arm64_32 (in target 'SQLiteStore' from project 'SQLiteStore')
    cd /Users/admin/builder/spi-builder-workspace/.swiftpm/xcode

SwiftCompile normal arm64_32 Compiling\ DbStoreError.swift /Users/admin/builder/spi-builder-workspace/Sources/SQLiteStore/DbStoreError.swift (in target 'SQLiteStore' from project 'SQLiteStore')
SwiftCompile normal arm64_32 /Users/admin/builder/spi-builder-workspace/Sources/SQLiteStore/DbStoreError.swift (in target 'SQLiteStore' from project 'SQLiteStore')
    cd /Users/admin/builder/spi-builder-workspace/.swiftpm/xcode

SwiftCompile normal arm64_32 Compiling\ DbStore.swift /Users/admin/builder/spi-builder-workspace/Sources/SQLiteStore/DbStore.swift (in target 'SQLiteStore' from project 'SQLiteStore')
SwiftCompile normal arm64_32 /Users/admin/builder/spi-builder-workspace/Sources/SQLiteStore/DbStore.swift (in target 'SQLiteStore' from project 'SQLiteStore')
    cd /Users/admin/builder/spi-builder-workspace/.swiftpm/xcode

SwiftEmitModule normal arm64 Emitting\ module\ for\ SQLiteStore (in target 'SQLiteStore' from project 'SQLiteStore')
EmitSwiftModule normal arm64 (in target 'SQLiteStore' from project 'SQLiteStore')
    cd /Users/admin/builder/spi-builder-workspace/.swiftpm/xcode

SwiftCompile normal arm64 Compiling\ DbStore.swift /Users/admin/builder/spi-builder-workspace/Sources/SQLiteStore/DbStore.swift (in target 'SQLiteStore' from project 'SQLiteStore')
SwiftCompile normal arm64 /Users/admin/builder/spi-builder-workspace/Sources/SQLiteStore/DbStore.swift (in target 'SQLiteStore' from project 'SQLiteStore')
    cd /Users/admin/builder/spi-builder-workspace/.swiftpm/xcode

SwiftEmitModule normal armv7k Emitting\ module\ for\ SQLiteStore (in target 'SQLiteStore' from project 'SQLiteStore')
EmitSwiftModule normal armv7k (in target 'SQLiteStore' from project 'SQLiteStore')
    cd /Users/admin/builder/spi-builder-workspace/.swiftpm/xcode

SwiftDriverJobDiscovery normal arm64_32 Emitting module for SQLiteStore (in target 'SQLiteStore' from project 'SQLiteStore')
SwiftDriver\ Compilation\ Requirements SQLiteStore normal arm64_32 com.apple.xcode.tools.swift.compiler (in target 'SQLiteStore' from project 'SQLiteStore')
    cd /Users/admin/builder/spi-builder-workspace/.swiftpm/xcode
    builtin-Swift-Compilation-Requirements -- /Applications/Xcode-16.3.0.app/Contents/Developer/Toolchains/XcodeDefault.xctoolchain/usr/bin/swiftc -module-name SQLiteStore -Onone -enforce-exclusivity\=checked @/Users/admin/builder/spi-builder-workspace/.derivedData/Build/Intermediates.noindex/SQLiteStore.build/Debug-watchos/SQLiteStore.build/Objects-normal/arm64_32/SQLiteStore.SwiftFileList -DSWIFT_PACKAGE -DDEBUG -DXcode -plugin-path /Applications/Xcode-16.3.0.app/Contents/Developer/Toolchains/XcodeDefault.xctoolchain/usr/lib/swift/host/plugins/testing -enable-experimental-feature DebugDescriptionMacro -sdk /Applications/Xcode-16.3.0.app/Contents/Developer/Platforms/WatchOS.platform/Developer/SDKs/WatchOS11.4.sdk -target arm64_32-apple-watchos5.0 -g -module-cache-path /Users/admin/builder/spi-builder-workspace/.derivedData/ModuleCache.noindex -Xfrontend -serialize-debugging-options -profile-coverage-mapping -profile-generate -enable-testing -index-store-path /Users/admin/builder/spi-builder-workspace/.derivedData/Index.noindex/DataStore -swift-version 5 -I /Users/admin/builder/spi-builder-workspace/.derivedData/Build/Products/Debug-watchos -I /Applications/Xcode-16.3.0.app/Contents/Developer/Platforms/WatchOS.platform/Developer/usr/lib -F /Users/admin/builder/spi-builder-workspace/.derivedData/Build/Products/Debug-watchos -F /Applications/Xcode-16.3.0.app/Contents/Developer/Platforms/WatchOS.platform/Developer/Library/Frameworks -F /Applications/Xcode-16.3.0.app/Contents/Developer/Platforms/WatchOS.platform/Developer/SDKs/WatchOS11.4.sdk/Developer/Library/Frameworks -c -j10 -enable-batch-mode -incremental -Xcc -ivfsstatcache -Xcc /Users/admin/builder/spi-builder-workspace/.derivedData/SDKStatCaches.noindex/watchos11.4-22T246-43efb940ff07ba2497b70ec94253f576.sdkstatcache -output-file-map /Users/admin/builder/spi-builder-workspace/.derivedData/Build/Intermediates.noindex/SQLiteStore.build/Debug-watchos/SQLiteStore.build/Objects-normal/arm64_32/SQLiteStore-OutputFileMap.json -use-frontend-parseable-output -save-temps -no-color-diagnostics -serialize-diagnostics -emit-dependencies -emit-module -emit-module-path /Users/admin/builder/spi-builder-workspace/.derivedData/Build/Intermediates.noindex/SQLiteStore.build/Debug-watchos/SQLiteStore.build/Objects-normal/arm64_32/SQLiteStore.swiftmodule -validate-clang-modules-once -clang-build-session-file /Users/admin/builder/spi-builder-workspace/.derivedData/ModuleCache.noindex/Session.modulevalidation -package-name spi_builder_workspace -Xcc -I/Users/admin/builder/spi-builder-workspace/.derivedData/Build/Intermediates.noindex/SQLiteStore.build/Debug-watchos/SQLiteStore.build/swift-overrides.hmap -emit-const-values -Xfrontend -const-gather-protocols-file -Xfrontend /Users/admin/builder/spi-builder-workspace/.derivedData/Build/Intermediates.noindex/SQLiteStore.build/Debug-watchos/SQLiteStore.build/Objects-normal/arm64_32/SQLiteStore_const_extract_protocols.json -Xcc -I/Users/admin/builder/spi-builder-workspace/.derivedData/Build/Products/Debug-watchos/include -Xcc -I/Users/admin/builder/spi-builder-workspace/.derivedData/Build/Intermediates.noindex/SQLiteStore.build/Debug-watchos/SQLiteStore.build/DerivedSources-normal/arm64_32 -Xcc -I/Users/admin/builder/spi-builder-workspace/.derivedData/Build/Intermediates.noindex/SQLiteStore.build/Debug-watchos/SQLiteStore.build/DerivedSources/arm64_32 -Xcc -I/Users/admin/builder/spi-builder-workspace/.derivedData/Build/Intermediates.noindex/SQLiteStore.build/Debug-watchos/SQLiteStore.build/DerivedSources -Xcc -DSWIFT_PACKAGE -Xcc -DDEBUG\=1 -emit-objc-header -emit-objc-header-path /Users/admin/builder/spi-builder-workspace/.derivedData/Build/Intermediates.noindex/SQLiteStore.build/Debug-watchos/SQLiteStore.build/Objects-normal/arm64_32/SQLiteStore-Swift.h -working-directory /Users/admin/builder/spi-builder-workspace/.swiftpm/xcode -experimental-emit-module-separately -disable-cmo
SwiftDriverJobDiscovery normal arm64 Compiling DbStore.swift (in target 'SQLiteStore' from project 'SQLiteStore')
SwiftCompile normal armv7k Compiling\ SQLiteError.swift /Users/admin/builder/spi-builder-workspace/Sources/SQLiteStore/SQLiteError.swift (in target 'SQLiteStore' from project 'SQLiteStore')
SwiftCompile normal armv7k /Users/admin/builder/spi-builder-workspace/Sources/SQLiteStore/SQLiteError.swift (in target 'SQLiteStore' from project 'SQLiteStore')
    cd /Users/admin/builder/spi-builder-workspace/.swiftpm/xcode

Copy /Users/admin/builder/spi-builder-workspace/.derivedData/Build/Products/Debug-watchos/SQLiteStore.swiftmodule/arm64_32-apple-watchos.swiftmodule /Users/admin/builder/spi-builder-workspace/.derivedData/Build/Intermediates.noindex/SQLiteStore.build/Debug-watchos/SQLiteStore.build/Objects-normal/arm64_32/SQLiteStore.swiftmodule (in target 'SQLiteStore' from project 'SQLiteStore')
    cd /Users/admin/builder/spi-builder-workspace
    builtin-copy -exclude .DS_Store -exclude CVS -exclude .svn -exclude .git -exclude .hg -resolve-src-symlinks -rename /Users/admin/builder/spi-builder-workspace/.derivedData/Build/Intermediates.noindex/SQLiteStore.build/Debug-watchos/SQLiteStore.build/Objects-normal/arm64_32/SQLiteStore.swiftmodule /Users/admin/builder/spi-builder-workspace/.derivedData/Build/Products/Debug-watchos/SQLiteStore.swiftmodule/arm64_32-apple-watchos.swiftmodule
SwiftDriverJobDiscovery normal arm64 Emitting module for SQLiteStore (in target 'SQLiteStore' from project 'SQLiteStore')
Copy /Users/admin/builder/spi-builder-workspace/.derivedData/Build/Products/Debug-watchos/SQLiteStore.swiftmodule/arm64_32-apple-watchos.abi.json /Users/admin/builder/spi-builder-workspace/.derivedData/Build/Intermediates.noindex/SQLiteStore.build/Debug-watchos/SQLiteStore.build/Objects-normal/arm64_32/SQLiteStore.abi.json (in target 'SQLiteStore' from project 'SQLiteStore')
    cd /Users/admin/builder/spi-builder-workspace
    builtin-copy -exclude .DS_Store -exclude CVS -exclude .svn -exclude .git -exclude .hg -resolve-src-symlinks -rename /Users/admin/builder/spi-builder-workspace/.derivedData/Build/Intermediates.noindex/SQLiteStore.build/Debug-watchos/SQLiteStore.build/Objects-normal/arm64_32/SQLiteStore.abi.json /Users/admin/builder/spi-builder-workspace/.derivedData/Build/Products/Debug-watchos/SQLiteStore.swiftmodule/arm64_32-apple-watchos.abi.json
SwiftDriver\ Compilation\ Requirements SQLiteStore normal arm64 com.apple.xcode.tools.swift.compiler (in target 'SQLiteStore' from project 'SQLiteStore')
    cd /Users/admin/builder/spi-builder-workspace/.swiftpm/xcode
    builtin-Swift-Compilation-Requirements -- /Applications/Xcode-16.3.0.app/Contents/Developer/Toolchains/XcodeDefault.xctoolchain/usr/bin/swiftc -module-name SQLiteStore -Onone -enforce-exclusivity\=checked @/Users/admin/builder/spi-builder-workspace/.derivedData/Build/Intermediates.noindex/SQLiteStore.build/Debug-watchos/SQLiteStore.build/Objects-normal/arm64/SQLiteStore.SwiftFileList -DSWIFT_PACKAGE -DDEBUG -DXcode -plugin-path /Applications/Xcode-16.3.0.app/Contents/Developer/Toolchains/XcodeDefault.xctoolchain/usr/lib/swift/host/plugins/testing -enable-experimental-feature DebugDescriptionMacro -sdk /Applications/Xcode-16.3.0.app/Contents/Developer/Platforms/WatchOS.platform/Developer/SDKs/WatchOS11.4.sdk -target arm64-apple-watchos5.0 -g -module-cache-path /Users/admin/builder/spi-builder-workspace/.derivedData/ModuleCache.noindex -Xfrontend -serialize-debugging-options -profile-coverage-mapping -profile-generate -enable-testing -index-store-path /Users/admin/builder/spi-builder-workspace/.derivedData/Index.noindex/DataStore -swift-version 5 -I /Users/admin/builder/spi-builder-workspace/.derivedData/Build/Products/Debug-watchos -I /Applications/Xcode-16.3.0.app/Contents/Developer/Platforms/WatchOS.platform/Developer/usr/lib -F /Users/admin/builder/spi-builder-workspace/.derivedData/Build/Products/Debug-watchos -F /Applications/Xcode-16.3.0.app/Contents/Developer/Platforms/WatchOS.platform/Developer/Library/Frameworks -F /Applications/Xcode-16.3.0.app/Contents/Developer/Platforms/WatchOS.platform/Developer/SDKs/WatchOS11.4.sdk/Developer/Library/Frameworks -c -j10 -enable-batch-mode -incremental -Xcc -ivfsstatcache -Xcc /Users/admin/builder/spi-builder-workspace/.derivedData/SDKStatCaches.noindex/watchos11.4-22T246-43efb940ff07ba2497b70ec94253f576.sdkstatcache -output-file-map /Users/admin/builder/spi-builder-workspace/.derivedData/Build/Intermediates.noindex/SQLiteStore.build/Debug-watchos/SQLiteStore.build/Objects-normal/arm64/SQLiteStore-OutputFileMap.json -use-frontend-parseable-output -save-temps -no-color-diagnostics -serialize-diagnostics -emit-dependencies -emit-module -emit-module-path /Users/admin/builder/spi-builder-workspace/.derivedData/Build/Intermediates.noindex/SQLiteStore.build/Debug-watchos/SQLiteStore.build/Objects-normal/arm64/SQLiteStore.swiftmodule -validate-clang-modules-once -clang-build-session-file /Users/admin/builder/spi-builder-workspace/.derivedData/ModuleCache.noindex/Session.modulevalidation -package-name spi_builder_workspace -Xcc -I/Users/admin/builder/spi-builder-workspace/.derivedData/Build/Intermediates.noindex/SQLiteStore.build/Debug-watchos/SQLiteStore.build/swift-overrides.hmap -emit-const-values -Xfrontend -const-gather-protocols-file -Xfrontend /Users/admin/builder/spi-builder-workspace/.derivedData/Build/Intermediates.noindex/SQLiteStore.build/Debug-watchos/SQLiteStore.build/Objects-normal/arm64/SQLiteStore_const_extract_protocols.json -Xcc -I/Users/admin/builder/spi-builder-workspace/.derivedData/Build/Products/Debug-watchos/include -Xcc -I/Users/admin/builder/spi-builder-workspace/.derivedData/Build/Intermediates.noindex/SQLiteStore.build/Debug-watchos/SQLiteStore.build/DerivedSources-normal/arm64 -Xcc -I/Users/admin/builder/spi-builder-workspace/.derivedData/Build/Intermediates.noindex/SQLiteStore.build/Debug-watchos/SQLiteStore.build/DerivedSources/arm64 -Xcc -I/Users/admin/builder/spi-builder-workspace/.derivedData/Build/Intermediates.noindex/SQLiteStore.build/Debug-watchos/SQLiteStore.build/DerivedSources -Xcc -DSWIFT_PACKAGE -Xcc -DDEBUG\=1 -emit-objc-header -emit-objc-header-path /Users/admin/builder/spi-builder-workspace/.derivedData/Build/Intermediates.noindex/SQLiteStore.build/Debug-watchos/SQLiteStore.build/Objects-normal/arm64/SQLiteStore-Swift.h -working-directory /Users/admin/builder/spi-builder-workspace/.swiftpm/xcode -experimental-emit-module-separately -disable-cmo
SwiftCompile normal armv7k Compiling\ DbStoreError.swift /Users/admin/builder/spi-builder-workspace/Sources/SQLiteStore/DbStoreError.swift (in target 'SQLiteStore' from project 'SQLiteStore')
SwiftCompile normal armv7k /Users/admin/builder/spi-builder-workspace/Sources/SQLiteStore/DbStoreError.swift (in target 'SQLiteStore' from project 'SQLiteStore')
    cd /Users/admin/builder/spi-builder-workspace/.swiftpm/xcode

Copy /Users/admin/builder/spi-builder-workspace/.derivedData/Build/Products/Debug-watchos/SQLiteStore.swiftmodule/arm64-apple-watchos.swiftmodule /Users/admin/builder/spi-builder-workspace/.derivedData/Build/Intermediates.noindex/SQLiteStore.build/Debug-watchos/SQLiteStore.build/Objects-normal/arm64/SQLiteStore.swiftmodule (in target 'SQLiteStore' from project 'SQLiteStore')
    cd /Users/admin/builder/spi-builder-workspace
    builtin-copy -exclude .DS_Store -exclude CVS -exclude .svn -exclude .git -exclude .hg -resolve-src-symlinks -rename /Users/admin/builder/spi-builder-workspace/.derivedData/Build/Intermediates.noindex/SQLiteStore.build/Debug-watchos/SQLiteStore.build/Objects-normal/arm64/SQLiteStore.swiftmodule /Users/admin/builder/spi-builder-workspace/.derivedData/Build/Products/Debug-watchos/SQLiteStore.swiftmodule/arm64-apple-watchos.swiftmodule
SwiftDriverJobDiscovery normal armv7k Compiling DbStoreError.swift (in target 'SQLiteStore' from project 'SQLiteStore')
Copy /Users/admin/builder/spi-builder-workspace/.derivedData/Build/Products/Debug-watchos/SQLiteStore.swiftmodule/arm64-apple-watchos.abi.json /Users/admin/builder/spi-builder-workspace/.derivedData/Build/Intermediates.noindex/SQLiteStore.build/Debug-watchos/SQLiteStore.build/Objects-normal/arm64/SQLiteStore.abi.json (in target 'SQLiteStore' from project 'SQLiteStore')
    cd /Users/admin/builder/spi-builder-workspace
    builtin-copy -exclude .DS_Store -exclude CVS -exclude .svn -exclude .git -exclude .hg -resolve-src-symlinks -rename /Users/admin/builder/spi-builder-workspace/.derivedData/Build/Intermediates.noindex/SQLiteStore.build/Debug-watchos/SQLiteStore.build/Objects-normal/arm64/SQLiteStore.abi.json /Users/admin/builder/spi-builder-workspace/.derivedData/Build/Products/Debug-watchos/SQLiteStore.swiftmodule/arm64-apple-watchos.abi.json
SwiftCompile normal armv7k Compiling\ DbStore.swift /Users/admin/builder/spi-builder-workspace/Sources/SQLiteStore/DbStore.swift (in target 'SQLiteStore' from project 'SQLiteStore')
SwiftCompile normal armv7k /Users/admin/builder/spi-builder-workspace/Sources/SQLiteStore/DbStore.swift (in target 'SQLiteStore' from project 'SQLiteStore')
    cd /Users/admin/builder/spi-builder-workspace/.swiftpm/xcode

SwiftCompile normal armv7k Compiling\ SQLiteStore.swift /Users/admin/builder/spi-builder-workspace/Sources/SQLiteStore/SQLiteStore.swift (in target 'SQLiteStore' from project 'SQLiteStore')
SwiftCompile normal armv7k /Users/admin/builder/spi-builder-workspace/Sources/SQLiteStore/SQLiteStore.swift (in target 'SQLiteStore' from project 'SQLiteStore')
    cd /Users/admin/builder/spi-builder-workspace/.swiftpm/xcode

SwiftDriverJobDiscovery normal armv7k Emitting module for SQLiteStore (in target 'SQLiteStore' from project 'SQLiteStore')
SwiftDriver\ Compilation\ Requirements SQLiteStore normal armv7k com.apple.xcode.tools.swift.compiler (in target 'SQLiteStore' from project 'SQLiteStore')
    cd /Users/admin/builder/spi-builder-workspace/.swiftpm/xcode
    builtin-Swift-Compilation-Requirements -- /Applications/Xcode-16.3.0.app/Contents/Developer/Toolchains/XcodeDefault.xctoolchain/usr/bin/swiftc -module-name SQLiteStore -Onone -enforce-exclusivity\=checked @/Users/admin/builder/spi-builder-workspace/.derivedData/Build/Intermediates.noindex/SQLiteStore.build/Debug-watchos/SQLiteStore.build/Objects-normal/armv7k/SQLiteStore.SwiftFileList -DSWIFT_PACKAGE -DDEBUG -DXcode -plugin-path /Applications/Xcode-16.3.0.app/Contents/Developer/Toolchains/XcodeDefault.xctoolchain/usr/lib/swift/host/plugins/testing -enable-experimental-feature DebugDescriptionMacro -sdk /Applications/Xcode-16.3.0.app/Contents/Developer/Platforms/WatchOS.platform/Developer/SDKs/WatchOS11.4.sdk -target armv7k-apple-watchos5.0 -g -module-cache-path /Users/admin/builder/spi-builder-workspace/.derivedData/ModuleCache.noindex -Xfrontend -serialize-debugging-options -profile-coverage-mapping -profile-generate -enable-testing -index-store-path /Users/admin/builder/spi-builder-workspace/.derivedData/Index.noindex/DataStore -swift-version 5 -I /Users/admin/builder/spi-builder-workspace/.derivedData/Build/Products/Debug-watchos -I /Applications/Xcode-16.3.0.app/Contents/Developer/Platforms/WatchOS.platform/Developer/usr/lib -F /Users/admin/builder/spi-builder-workspace/.derivedData/Build/Products/Debug-watchos -F /Applications/Xcode-16.3.0.app/Contents/Developer/Platforms/WatchOS.platform/Developer/Library/Frameworks -F /Applications/Xcode-16.3.0.app/Contents/Developer/Platforms/WatchOS.platform/Developer/SDKs/WatchOS11.4.sdk/Developer/Library/Frameworks -c -j10 -enable-batch-mode -incremental -Xcc -ivfsstatcache -Xcc /Users/admin/builder/spi-builder-workspace/.derivedData/SDKStatCaches.noindex/watchos11.4-22T246-43efb940ff07ba2497b70ec94253f576.sdkstatcache -output-file-map /Users/admin/builder/spi-builder-workspace/.derivedData/Build/Intermediates.noindex/SQLiteStore.build/Debug-watchos/SQLiteStore.build/Objects-normal/armv7k/SQLiteStore-OutputFileMap.json -use-frontend-parseable-output -save-temps -no-color-diagnostics -serialize-diagnostics -emit-dependencies -emit-module -emit-module-path /Users/admin/builder/spi-builder-workspace/.derivedData/Build/Intermediates.noindex/SQLiteStore.build/Debug-watchos/SQLiteStore.build/Objects-normal/armv7k/SQLiteStore.swiftmodule -validate-clang-modules-once -clang-build-session-file /Users/admin/builder/spi-builder-workspace/.derivedData/ModuleCache.noindex/Session.modulevalidation -package-name spi_builder_workspace -Xcc -I/Users/admin/builder/spi-builder-workspace/.derivedData/Build/Intermediates.noindex/SQLiteStore.build/Debug-watchos/SQLiteStore.build/swift-overrides.hmap -emit-const-values -Xfrontend -const-gather-protocols-file -Xfrontend /Users/admin/builder/spi-builder-workspace/.derivedData/Build/Intermediates.noindex/SQLiteStore.build/Debug-watchos/SQLiteStore.build/Objects-normal/armv7k/SQLiteStore_const_extract_protocols.json -Xcc -I/Users/admin/builder/spi-builder-workspace/.derivedData/Build/Products/Debug-watchos/include -Xcc -I/Users/admin/builder/spi-builder-workspace/.derivedData/Build/Intermediates.noindex/SQLiteStore.build/Debug-watchos/SQLiteStore.build/DerivedSources-normal/armv7k -Xcc -I/Users/admin/builder/spi-builder-workspace/.derivedData/Build/Intermediates.noindex/SQLiteStore.build/Debug-watchos/SQLiteStore.build/DerivedSources/armv7k -Xcc -I/Users/admin/builder/spi-builder-workspace/.derivedData/Build/Intermediates.noindex/SQLiteStore.build/Debug-watchos/SQLiteStore.build/DerivedSources -Xcc -DSWIFT_PACKAGE -Xcc -DDEBUG\=1 -emit-objc-header -emit-objc-header-path /Users/admin/builder/spi-builder-workspace/.derivedData/Build/Intermediates.noindex/SQLiteStore.build/Debug-watchos/SQLiteStore.build/Objects-normal/armv7k/SQLiteStore-Swift.h -working-directory /Users/admin/builder/spi-builder-workspace/.swiftpm/xcode -experimental-emit-module-separately -disable-cmo
SwiftDriverJobDiscovery normal armv7k Compiling SQLiteError.swift (in target 'SQLiteStore' from project 'SQLiteStore')
SwiftCompile normal arm64 Compiling\ DbStoreError.swift /Users/admin/builder/spi-builder-workspace/Sources/SQLiteStore/DbStoreError.swift (in target 'SQLiteStore' from project 'SQLiteStore')
SwiftCompile normal arm64 /Users/admin/builder/spi-builder-workspace/Sources/SQLiteStore/DbStoreError.swift (in target 'SQLiteStore' from project 'SQLiteStore')
    cd /Users/admin/builder/spi-builder-workspace/.swiftpm/xcode

Copy /Users/admin/builder/spi-builder-workspace/.derivedData/Build/Products/Debug-watchos/SQLiteStore.swiftmodule/armv7k-apple-watchos.swiftmodule /Users/admin/builder/spi-builder-workspace/.derivedData/Build/Intermediates.noindex/SQLiteStore.build/Debug-watchos/SQLiteStore.build/Objects-normal/armv7k/SQLiteStore.swiftmodule (in target 'SQLiteStore' from project 'SQLiteStore')
    cd /Users/admin/builder/spi-builder-workspace
    builtin-copy -exclude .DS_Store -exclude CVS -exclude .svn -exclude .git -exclude .hg -resolve-src-symlinks -rename /Users/admin/builder/spi-builder-workspace/.derivedData/Build/Intermediates.noindex/SQLiteStore.build/Debug-watchos/SQLiteStore.build/Objects-normal/armv7k/SQLiteStore.swiftmodule /Users/admin/builder/spi-builder-workspace/.derivedData/Build/Products/Debug-watchos/SQLiteStore.swiftmodule/armv7k-apple-watchos.swiftmodule
SwiftDriverJobDiscovery normal armv7k Compiling DbStore.swift (in target 'SQLiteStore' from project 'SQLiteStore')
Copy /Users/admin/builder/spi-builder-workspace/.derivedData/Build/Products/Debug-watchos/SQLiteStore.swiftmodule/armv7k-apple-watchos.abi.json /Users/admin/builder/spi-builder-workspace/.derivedData/Build/Intermediates.noindex/SQLiteStore.build/Debug-watchos/SQLiteStore.build/Objects-normal/armv7k/SQLiteStore.abi.json (in target 'SQLiteStore' from project 'SQLiteStore')
    cd /Users/admin/builder/spi-builder-workspace
    builtin-copy -exclude .DS_Store -exclude CVS -exclude .svn -exclude .git -exclude .hg -resolve-src-symlinks -rename /Users/admin/builder/spi-builder-workspace/.derivedData/Build/Intermediates.noindex/SQLiteStore.build/Debug-watchos/SQLiteStore.build/Objects-normal/armv7k/SQLiteStore.abi.json /Users/admin/builder/spi-builder-workspace/.derivedData/Build/Products/Debug-watchos/SQLiteStore.swiftmodule/armv7k-apple-watchos.abi.json
SwiftCompile normal arm64 Compiling\ DbUpdater.swift /Users/admin/builder/spi-builder-workspace/Sources/SQLiteStore/DbUpdater.swift (in target 'SQLiteStore' from project 'SQLiteStore')
SwiftCompile normal arm64 /Users/admin/builder/spi-builder-workspace/Sources/SQLiteStore/DbUpdater.swift (in target 'SQLiteStore' from project 'SQLiteStore')
    cd /Users/admin/builder/spi-builder-workspace/.swiftpm/xcode

SwiftCompile normal arm64 Compiling\ Database.swift /Users/admin/builder/spi-builder-workspace/Sources/SQLiteStore/Database.swift (in target 'SQLiteStore' from project 'SQLiteStore')
Failed frontend command:
/Applications/Xcode-16.3.0.app/Contents/Developer/Toolchains/XcodeDefault.xctoolchain/usr/bin/swift-frontend -frontend -c -primary-file /Users/admin/builder/spi-builder-workspace/Sources/SQLiteStore/Database.swift /Users/admin/builder/spi-builder-workspace/Sources/SQLiteStore/DbStore.swift /Users/admin/builder/spi-builder-workspace/Sources/SQLiteStore/DbStoreError.swift /Users/admin/builder/spi-builder-workspace/Sources/SQLiteStore/DbUpdater.swift /Users/admin/builder/spi-builder-workspace/Sources/SQLiteStore/SQLiteError.swift /Users/admin/builder/spi-builder-workspace/Sources/SQLiteStore/SQLiteStore.swift /Users/admin/builder/spi-builder-workspace/Sources/SQLiteStore/Statement.swift -emit-dependencies-path /Users/admin/builder/spi-builder-workspace/.derivedData/Build/Intermediates.noindex/SQLiteStore.build/Debug-watchos/SQLiteStore.build/Objects-normal/arm64/Database.d -emit-const-values-path /Users/admin/builder/spi-builder-workspace/.derivedData/Build/Intermediates.noindex/SQLiteStore.build/Debug-watchos/SQLiteStore.build/Objects-normal/arm64/Database.swiftconstvalues -emit-reference-dependencies-path /Users/admin/builder/spi-builder-workspace/.derivedData/Build/Intermediates.noindex/SQLiteStore.build/Debug-watchos/SQLiteStore.build/Objects-normal/arm64/Database.swiftdeps -serialize-diagnostics-path /Users/admin/builder/spi-builder-workspace/.derivedData/Build/Intermediates.noindex/SQLiteStore.build/Debug-watchos/SQLiteStore.build/Objects-normal/arm64/Database.dia -target arm64-apple-watchos5.0 -Xllvm -aarch64-use-tbi -enable-objc-interop -sdk /Applications/Xcode-16.3.0.app/Contents/Developer/Platforms/WatchOS.platform/Developer/SDKs/WatchOS11.4.sdk -I /Users/admin/builder/spi-builder-workspace/.derivedData/Build/Products/Debug-watchos -I /Applications/Xcode-16.3.0.app/Contents/Developer/Platforms/WatchOS.platform/Developer/usr/lib -F /Users/admin/builder/spi-builder-workspace/.derivedData/Build/Products/Debug-watchos -F /Applications/Xcode-16.3.0.app/Contents/Developer/Platforms/WatchOS.platform/Developer/Library/Frameworks -F /Applications/Xcode-16.3.0.app/Contents/Developer/Platforms/WatchOS.platform/Developer/SDKs/WatchOS11.4.sdk/Developer/Library/Frameworks -no-color-diagnostics -enable-testing -g -debug-info-format\=dwarf -dwarf-version\=4 -module-cache-path /Users/admin/builder/spi-builder-workspace/.derivedData/ModuleCache.noindex -profile-generate -profile-coverage-mapping -swift-version 5 -enforce-exclusivity\=checked -Onone -D SWIFT_PACKAGE -D DEBUG -D Xcode -serialize-debugging-options -const-gather-protocols-file /Users/admin/builder/spi-builder-workspace/.derivedData/Build/Intermediates.noindex/SQLiteStore.build/Debug-watchos/SQLiteStore.build/Objects-normal/arm64/SQLiteStore_const_extract_protocols.json -enable-experimental-feature DebugDescriptionMacro -empty-abi-descriptor -plugin-path /Applications/Xcode-16.3.0.app/Contents/Developer/Toolchains/XcodeDefault.xctoolchain/usr/lib/swift/host/plugins/testing -validate-clang-modules-once -clang-build-session-file /Users/admin/builder/spi-builder-workspace/.derivedData/ModuleCache.noindex/Session.modulevalidation -Xcc -working-directory -Xcc /Users/admin/builder/spi-builder-workspace/.swiftpm/xcode -resource-dir /Applications/Xcode-16.3.0.app/Contents/Developer/Toolchains/XcodeDefault.xctoolchain/usr/lib/swift -enable-anonymous-context-mangled-names -file-compilation-dir /Users/admin/builder/spi-builder-workspace/.swiftpm/xcode -Xcc -ivfsstatcache -Xcc /Users/admin/builder/spi-builder-workspace/.derivedData/SDKStatCaches.noindex/watchos11.4-22T246-43efb940ff07ba2497b70ec94253f576.sdkstatcache -Xcc -I/Users/admin/builder/spi-builder-workspace/.derivedData/Build/Intermediates.noindex/SQLiteStore.build/Debug-watchos/SQLiteStore.build/swift-overrides.hmap -Xcc -I/Users/admin/builder/spi-builder-workspace/.derivedData/Build/Products/Debug-watchos/include -Xcc -I/Users/admin/builder/spi-builder-workspace/.derivedData/Build/Intermediates.noindex/SQLiteStore.build/Debug-watchos/SQLiteStore.build/DerivedSources-normal/arm64 -Xcc -I/Users/admin/builder/spi-builder-workspace/.derivedData/Build/Intermediates.noindex/SQLiteStore.build/Debug-watchos/SQLiteStore.build/DerivedSources/arm64 -Xcc -I/Users/admin/builder/spi-builder-workspace/.derivedData/Build/Intermediates.noindex/SQLiteStore.build/Debug-watchos/SQLiteStore.build/DerivedSources -Xcc -DSWIFT_PACKAGE -Xcc -DDEBUG\=1 -module-name SQLiteStore -package-name spi_builder_workspace -frontend-parseable-output -disable-clang-spi -target-sdk-version 11.4 -target-sdk-name watchos11.4 -external-plugin-path /Applications/Xcode-16.3.0.app/Contents/Developer/Platforms/WatchOS.platform/Developer/usr/lib/swift/host/plugins\#/Applications/Xcode-16.3.0.app/Contents/Developer/Platforms/WatchOS.platform/Developer/usr/bin/swift-plugin-server -external-plugin-path /Applications/Xcode-16.3.0.app/Contents/Developer/Platforms/WatchOS.platform/Developer/usr/local/lib/swift/host/plugins\#/Applications/Xcode-16.3.0.app/Contents/Developer/Platforms/WatchOS.platform/Developer/usr/bin/swift-plugin-server -in-process-plugin-server-path /Applications/Xcode-16.3.0.app/Contents/Developer/Toolchains/XcodeDefault.xctoolchain/usr/lib/swift/host/libSwiftInProcPluginServer.dylib -plugin-path /Applications/Xcode-16.3.0.app/Contents/Developer/Toolchains/XcodeDefault.xctoolchain/usr/lib/swift/host/plugins -plugin-path /Applications/Xcode-16.3.0.app/Contents/Developer/Toolchains/XcodeDefault.xctoolchain/usr/local/lib/swift/host/plugins -o /Users/admin/builder/spi-builder-workspace/.derivedData/Build/Intermediates.noindex/SQLiteStore.build/Debug-watchos/SQLiteStore.build/Objects-normal/arm64/Database.o -index-unit-output-path /SQLiteStore.build/Debug-watchos/SQLiteStore.build/Objects-normal/arm64/Database.o -index-store-path /Users/admin/builder/spi-builder-workspace/.derivedData/Index.noindex/DataStore -index-system-modules
SwiftCompile normal arm64 /Users/admin/builder/spi-builder-workspace/Sources/SQLiteStore/Database.swift (in target 'SQLiteStore' from project 'SQLiteStore')
    cd /Users/admin/builder/spi-builder-workspace/.swiftpm/xcode

/Users/admin/builder/spi-builder-workspace/Sources/SQLiteStore/Database.swift:25:24: error: 'sqlite3_changes64' is only available in watchOS 8.5 or newer
            return Int(sqlite3_changes64(self.sqlite))
                       ^
/Users/admin/builder/spi-builder-workspace/Sources/SQLiteStore/Database.swift:25:24: note: add 'if #available' version check
            return Int(sqlite3_changes64(self.sqlite))
                       ^
/Users/admin/builder/spi-builder-workspace/Sources/SQLiteStore/Database.swift:23:16: note: add @available attribute to enclosing property
    public var affectedRows: Int {
               ^
/Users/admin/builder/spi-builder-workspace/Sources/SQLiteStore/Database.swift:14:14: note: add @available attribute to enclosing class
public class Database {
             ^
SwiftDriverJobDiscovery normal arm64 Compiling DbStoreError.swift (in target 'SQLiteStore' from project 'SQLiteStore')
SwiftCompile normal armv7k Compiling\ DbUpdater.swift /Users/admin/builder/spi-builder-workspace/Sources/SQLiteStore/DbUpdater.swift (in target 'SQLiteStore' from project 'SQLiteStore')
SwiftCompile normal armv7k /Users/admin/builder/spi-builder-workspace/Sources/SQLiteStore/DbUpdater.swift (in target 'SQLiteStore' from project 'SQLiteStore')
    cd /Users/admin/builder/spi-builder-workspace/.swiftpm/xcode

SwiftDriverJobDiscovery normal armv7k Compiling SQLiteStore.swift (in target 'SQLiteStore' from project 'SQLiteStore')
SwiftCompile normal arm64 Compiling\ SQLiteError.swift /Users/admin/builder/spi-builder-workspace/Sources/SQLiteStore/SQLiteError.swift (in target 'SQLiteStore' from project 'SQLiteStore')
Command SwiftCompile failed with a nonzero exit code
** BUILD FAILED **
The following build commands failed:
	SwiftCompile normal arm64 Compiling\ Database.swift /Users/admin/builder/spi-builder-workspace/Sources/SQLiteStore/Database.swift (in target 'SQLiteStore' from project 'SQLiteStore')
	SwiftCompile normal arm64 /Users/admin/builder/spi-builder-workspace/Sources/SQLiteStore/Database.swift (in target 'SQLiteStore' from project 'SQLiteStore')
	SwiftCompile normal arm64 Compiling\ SQLiteError.swift /Users/admin/builder/spi-builder-workspace/Sources/SQLiteStore/SQLiteError.swift (in target 'SQLiteStore' from project 'SQLiteStore')
	Building workspace spi-builder-workspace with scheme SQLiteStore
(4 failures)
BUILD FAILURE 6.1 watchOS