Build Information
Failed to build swift-collections, reference main (f96b90), with Swift 6.1 for macOS (Xcode) using Xcode 16.3 on 29 Oct 2026 08:11:30 UTC.
Build Command
No build command. This typically means the build failed at an early stage where we determine the build command.Build Log
========================================
RunAll
========================================
Builder version: 5.1.3
Interrupt handler set up.
========================================
Checkout
========================================
Clone URL: https://github.com/apple/swift-collections.git
Reference: main
Initialized empty Git repository in /Users/admin/builder/spi-builder-workspace/.git/
From https://github.com/apple/swift-collections
* branch main -> FETCH_HEAD
* [new branch] main -> origin/main
HEAD is now at f96b909 Review RigidDeque/UniqueDeque tests; add better tests for prepends (#806)
Cloned https://github.com/apple/swift-collections.git
Revision (git rev-parse @):
f96b909e1a9e469620bc5037c1e24e00153f376f
SPI manifest file found: $PWD/.spi.yml
SUCCESS checkout https://github.com/apple/swift-collections.git at main
========================================
Build
========================================
Selected platform: macosXcodebuild
Swift version: 6.1
Building package at path: $PWD
https://github.com/apple/swift-collections.git
https://github.com/apple/swift-collections.git
error: 'spi-builder-workspace': package 'spi-builder-workspace' is using Swift tools version 6.4.0 but the installed version is 6.1.0
error: fatalError
Command line invocation:
/Applications/Xcode-16.3.0.app/Contents/Developer/usr/bin/xcodebuild -IDEClonedSourcePackagesDirPathOverride=/Users/admin/builder/spi-builder-workspace/.dependencies -resolvePackageDependencies
Resolve Package Graph
package 'spi-builder-workspace' is using Swift tools version 6.4.0 but the installed version is 6.1.0
Resolved source packages:
spi-builder-workspace: (null)
2026-10-29 01:11:29.285 xcodebuild[504:2906] Writing error result bundle to /var/folders/5k/5yc19ymj0jqd5v0zvgfqz0xw0000gn/T/ResultBundle_2026-29-10_01-11-0029.xcresult
xcodebuild: error: Could not resolve package dependencies:
package 'spi-builder-workspace' is using Swift tools version 6.4.0 but the installed version is 6.1.0
Command line invocation:
/Applications/Xcode-16.3.0.app/Contents/Developer/usr/bin/xcodebuild -IDEClonedSourcePackagesDirPathOverride=/Users/admin/builder/spi-builder-workspace/.dependencies -resolvePackageDependencies
Resolve Package Graph
package 'spi-builder-workspace' is using Swift tools version 6.4.0 but the installed version is 6.1.0
Resolved source packages:
spi-builder-workspace: (null)
2026-10-29 01:11:30.087 xcodebuild[519:3038] Writing error result bundle to /var/folders/5k/5yc19ymj0jqd5v0zvgfqz0xw0000gn/T/ResultBundle_2026-29-10_01-11-0030.xcresult
xcodebuild: error: Could not resolve package dependencies:
package 'spi-builder-workspace' is using Swift tools version 6.4.0 but the installed version is 6.1.0
BUILD FAILURE 6.1 macosXcodebuild