Build Information
Failed to build swift-logsmith, reference v2.0.0 (2f73fa), with Swift 6.2 for Wasm on 25 Oct 2026 10:01:51 UTC.
Build Command
bash -c docker run --pull=always --rm -v "checkouts-54344843-0":/host -w "$PWD" -e JAVA_HOME="/root/.sdkman/candidates/java/current" -e SPI_BUILD="1" -e SPI_PROCESSING="1" registry.gitlab.com/saguaro1/spi-images:wasm-6.2-latest swift build --swift-sdk swift-6.2-RELEASE_wasm 2>&1Build Log
========================================
RunAll
========================================
Builder version: 5.1.3
Interrupt handler set up.
========================================
Checkout
========================================
Clone URL: https://github.com/eeshanjamal/swift-logsmith.git
Reference: v2.0.0
Initialized empty Git repository in /host/spi-builder-workspace/.git/
hint: Using 'master' as the name for the initial branch. This default branch name
hint: is subject to change. To configure the initial branch name to use in all
hint: of your new repositories, which will suppress this warning, call:
hint:
hint: git config --global init.defaultBranch <name>
hint:
hint: Names commonly chosen instead of 'master' are 'main', 'trunk' and
hint: 'development'. The just-created branch can be renamed via this command:
hint:
hint: git branch -m <name>
From https://github.com/eeshanjamal/swift-logsmith
* tag v2.0.0 -> FETCH_HEAD
HEAD is now at 2f73faf Merge pull request #1 from eeshanjamal/feat/swift-log-backend
Cloned https://github.com/eeshanjamal/swift-logsmith.git
Revision (git rev-parse @):
2f73faf90c1c01b0f01b6676f7e7a02091092c8a
SUCCESS checkout https://github.com/eeshanjamal/swift-logsmith.git at v2.0.0
========================================
Build
========================================
Selected platform: wasm
Swift version: 6.2
Building package at path: $PWD
https://github.com/eeshanjamal/swift-logsmith.git
Running build ...
bash -c docker run --pull=always --rm -v "checkouts-54344843-0":/host -w "$PWD" -e JAVA_HOME="/root/.sdkman/candidates/java/current" -e SPI_BUILD="1" -e SPI_PROCESSING="1" registry.gitlab.com/saguaro1/spi-images:wasm-6.2-latest swift build --swift-sdk swift-6.2-RELEASE_wasm 2>&1
wasm-6.2-latest: Pulling from saguaro1/spi-images
Digest: sha256:c2cc4df169d3c45015ced899e997f329be5fc90bdbfce388bd8981e1ea44d639
Status: Image is up to date for registry.gitlab.com/saguaro1/spi-images:wasm-6.2-latest
Fetching https://github.com/apple/swift-docc-plugin
Fetching https://github.com/weichsel/ZIPFoundation.git
Fetching https://github.com/apple/swift-log.git
[1/8373] Fetching swift-log
[3518/10718] Fetching swift-log, swift-docc-plugin
[8609/17226] Fetching swift-log, swift-docc-plugin, zipfoundation
Fetched https://github.com/apple/swift-log.git from cache (0.49s)
Fetched https://github.com/apple/swift-docc-plugin from cache (0.53s)
[2018/6508] Fetching zipfoundation
Fetched https://github.com/weichsel/ZIPFoundation.git from cache (0.69s)
Computing version for https://github.com/apple/swift-docc-plugin
Computed https://github.com/apple/swift-docc-plugin at 1.5.0 (1.59s)
Fetching https://github.com/swiftlang/swift-docc-symbolkit
[1/3849] Fetching swift-docc-symbolkit
Fetched https://github.com/swiftlang/swift-docc-symbolkit from cache (0.53s)
Computing version for https://github.com/swiftlang/swift-docc-symbolkit
Computed https://github.com/swiftlang/swift-docc-symbolkit at 1.0.0 (0.74s)
Computing version for https://github.com/apple/swift-log.git
Computed https://github.com/apple/swift-log.git at 1.16.2 (0.16s)
Computing version for https://github.com/weichsel/ZIPFoundation.git
Computed https://github.com/weichsel/ZIPFoundation.git at 0.9.20 (0.15s)
Creating working copy for https://github.com/apple/swift-docc-plugin
Working copy of https://github.com/apple/swift-docc-plugin resolved at 1.5.0
Creating working copy for https://github.com/swiftlang/swift-docc-symbolkit
Working copy of https://github.com/swiftlang/swift-docc-symbolkit resolved at 1.0.0
Creating working copy for https://github.com/apple/swift-log.git
Working copy of https://github.com/apple/swift-log.git resolved at 1.16.2
Creating working copy for https://github.com/weichsel/ZIPFoundation.git
Working copy of https://github.com/weichsel/ZIPFoundation.git resolved at 0.9.20
warning: 'zipfoundation': found 1 file(s) which are unhandled; explicitly declare them as resources or exclude from the target
/host/spi-builder-workspace/.build/checkouts/ZIPFoundation/Sources/ZIPFoundation/Resources/PrivacyInfo.xcprivacy
[1/1] Compiling plugin Swift-DocC Preview
[2/2] Compiling plugin Swift-DocC
Building for debugging...
[2/7] Write sources
[6/7] Write swift-version-24593BA9C3E375BF.txt
[8/38] Compiling Logging LoggingSystem.swift
[9/39] Compiling Logging Logger.swift
[10/39] Compiling Logging Logger+Attributes.swift
[11/39] Compiling Logging Logger+With.swift
[12/39] Compiling Logging LogEvent.swift
[13/39] Compiling Logging LogHandler.swift
[14/39] Compiling Logging MetadataProvider.swift
[15/39] Emitting module Logging
[16/39] Compiling ZIPFoundation Archive+Helpers.swift
[17/39] Compiling ZIPFoundation Archive+ZIP64.swift
[18/39] Compiling ZIPFoundation Archive+BackingConfiguration.swift
[19/39] Compiling ZIPFoundation Archive+Deprecated.swift
[21/40] Compiling ZIPFoundation Entry+Serialization.swift
<module-includes>:1:10: note: in file included from <module-includes>:1:
1 | #include "shim.h"
| `- note: in file included from <module-includes>:1:
2 |
/host/spi-builder-workspace/.build/checkouts/ZIPFoundation/Sources/CZLib/shim.h:15:9: error: 'zlib.h' file not found
13 |
14 | #import <stdio.h>
15 | #import <zlib.h>
| `- error: 'zlib.h' file not found
16 |
17 | // [zlib] provide 64-bit offset functions if _LARGEFILE64_SOURCE defined
/host/spi-builder-workspace/.build/checkouts/ZIPFoundation/Sources/ZIPFoundation/Data+Compression.swift:166:8: error: could not build C module 'CZlib'
164 |
165 | #else
166 | import CZlib
| `- error: could not build C module 'CZlib'
167 |
168 | extension Data {
[22/40] Compiling ZIPFoundation Entry+ZIP64.swift
<module-includes>:1:10: note: in file included from <module-includes>:1:
1 | #include "shim.h"
| `- note: in file included from <module-includes>:1:
2 |
/host/spi-builder-workspace/.build/checkouts/ZIPFoundation/Sources/CZLib/shim.h:15:9: error: 'zlib.h' file not found
13 |
14 | #import <stdio.h>
15 | #import <zlib.h>
| `- error: 'zlib.h' file not found
16 |
17 | // [zlib] provide 64-bit offset functions if _LARGEFILE64_SOURCE defined
/host/spi-builder-workspace/.build/checkouts/ZIPFoundation/Sources/ZIPFoundation/Data+Compression.swift:166:8: error: could not build C module 'CZlib'
164 |
165 | #else
166 | import CZlib
| `- error: could not build C module 'CZlib'
167 |
168 | extension Data {
[23/40] Compiling ZIPFoundation Data+CompressionDeprecated.swift
<module-includes>:1:10: note: in file included from <module-includes>:1:
1 | #include "shim.h"
| `- note: in file included from <module-includes>:1:
2 |
/host/spi-builder-workspace/.build/checkouts/ZIPFoundation/Sources/CZLib/shim.h:15:9: error: 'zlib.h' file not found
13 |
14 | #import <stdio.h>
15 | #import <zlib.h>
| `- error: 'zlib.h' file not found
16 |
17 | // [zlib] provide 64-bit offset functions if _LARGEFILE64_SOURCE defined
/host/spi-builder-workspace/.build/checkouts/ZIPFoundation/Sources/ZIPFoundation/Data+Compression.swift:166:8: error: could not build C module 'CZlib'
164 |
165 | #else
166 | import CZlib
| `- error: could not build C module 'CZlib'
167 |
168 | extension Data {
[24/40] Compiling ZIPFoundation Data+Serialization.swift
<module-includes>:1:10: note: in file included from <module-includes>:1:
1 | #include "shim.h"
| `- note: in file included from <module-includes>:1:
2 |
/host/spi-builder-workspace/.build/checkouts/ZIPFoundation/Sources/CZLib/shim.h:15:9: error: 'zlib.h' file not found
13 |
14 | #import <stdio.h>
15 | #import <zlib.h>
| `- error: 'zlib.h' file not found
16 |
17 | // [zlib] provide 64-bit offset functions if _LARGEFILE64_SOURCE defined
/host/spi-builder-workspace/.build/checkouts/ZIPFoundation/Sources/ZIPFoundation/Data+Compression.swift:166:8: error: could not build C module 'CZlib'
164 |
165 | #else
166 | import CZlib
| `- error: could not build C module 'CZlib'
167 |
168 | extension Data {
[25/40] Compiling ZIPFoundation Date+ZIP.swift
<module-includes>:1:10: note: in file included from <module-includes>:1:
1 | #include "shim.h"
| `- note: in file included from <module-includes>:1:
2 |
/host/spi-builder-workspace/.build/checkouts/ZIPFoundation/Sources/CZLib/shim.h:15:9: error: 'zlib.h' file not found
13 |
14 | #import <stdio.h>
15 | #import <zlib.h>
| `- error: 'zlib.h' file not found
16 |
17 | // [zlib] provide 64-bit offset functions if _LARGEFILE64_SOURCE defined
/host/spi-builder-workspace/.build/checkouts/ZIPFoundation/Sources/ZIPFoundation/Data+Compression.swift:166:8: error: could not build C module 'CZlib'
164 |
165 | #else
166 | import CZlib
| `- error: could not build C module 'CZlib'
167 |
168 | extension Data {
[26/42] Compiling ZIPFoundation Entry.swift
<module-includes>:1:10: note: in file included from <module-includes>:1:
1 | #include "shim.h"
| `- note: in file included from <module-includes>:1:
2 |
/host/spi-builder-workspace/.build/checkouts/ZIPFoundation/Sources/CZLib/shim.h:15:9: error: 'zlib.h' file not found
13 |
14 | #import <stdio.h>
15 | #import <zlib.h>
| `- error: 'zlib.h' file not found
16 |
17 | // [zlib] provide 64-bit offset functions if _LARGEFILE64_SOURCE defined
/host/spi-builder-workspace/.build/checkouts/ZIPFoundation/Sources/ZIPFoundation/Data+Compression.swift:166:8: error: could not build C module 'CZlib'
164 |
165 | #else
166 | import CZlib
| `- error: could not build C module 'CZlib'
167 |
168 | extension Data {
[27/42] Compiling ZIPFoundation FileManager+ZIP.swift
<module-includes>:1:10: note: in file included from <module-includes>:1:
1 | #include "shim.h"
| `- note: in file included from <module-includes>:1:
2 |
/host/spi-builder-workspace/.build/checkouts/ZIPFoundation/Sources/CZLib/shim.h:15:9: error: 'zlib.h' file not found
13 |
14 | #import <stdio.h>
15 | #import <zlib.h>
| `- error: 'zlib.h' file not found
16 |
17 | // [zlib] provide 64-bit offset functions if _LARGEFILE64_SOURCE defined
/host/spi-builder-workspace/.build/checkouts/ZIPFoundation/Sources/ZIPFoundation/Data+Compression.swift:166:8: error: could not build C module 'CZlib'
164 |
165 | #else
166 | import CZlib
| `- error: could not build C module 'CZlib'
167 |
168 | extension Data {
[28/42] Compiling ZIPFoundation Archive+ReadingDeprecated.swift
<module-includes>:1:10: note: in file included from <module-includes>:1:
1 | #include "shim.h"
| `- note: in file included from <module-includes>:1:
2 |
/host/spi-builder-workspace/.build/checkouts/ZIPFoundation/Sources/CZLib/shim.h:15:9: error: 'zlib.h' file not found
13 |
14 | #import <stdio.h>
15 | #import <zlib.h>
| `- error: 'zlib.h' file not found
16 |
17 | // [zlib] provide 64-bit offset functions if _LARGEFILE64_SOURCE defined
/host/spi-builder-workspace/.build/checkouts/ZIPFoundation/Sources/ZIPFoundation/Data+Compression.swift:166:8: error: could not build C module 'CZlib'
164 |
165 | #else
166 | import CZlib
| `- error: could not build C module 'CZlib'
167 |
168 | extension Data {
[29/42] Compiling ZIPFoundation Archive+Writing.swift
<module-includes>:1:10: note: in file included from <module-includes>:1:
1 | #include "shim.h"
| `- note: in file included from <module-includes>:1:
2 |
/host/spi-builder-workspace/.build/checkouts/ZIPFoundation/Sources/CZLib/shim.h:15:9: error: 'zlib.h' file not found
13 |
14 | #import <stdio.h>
15 | #import <zlib.h>
| `- error: 'zlib.h' file not found
16 |
17 | // [zlib] provide 64-bit offset functions if _LARGEFILE64_SOURCE defined
/host/spi-builder-workspace/.build/checkouts/ZIPFoundation/Sources/ZIPFoundation/Data+Compression.swift:166:8: error: could not build C module 'CZlib'
164 |
165 | #else
166 | import CZlib
| `- error: could not build C module 'CZlib'
167 |
168 | extension Data {
[30/42] Compiling ZIPFoundation Archive+WritingDeprecated.swift
<module-includes>:1:10: note: in file included from <module-includes>:1:
1 | #include "shim.h"
| `- note: in file included from <module-includes>:1:
2 |
/host/spi-builder-workspace/.build/checkouts/ZIPFoundation/Sources/CZLib/shim.h:15:9: error: 'zlib.h' file not found
13 |
14 | #import <stdio.h>
15 | #import <zlib.h>
| `- error: 'zlib.h' file not found
16 |
17 | // [zlib] provide 64-bit offset functions if _LARGEFILE64_SOURCE defined
/host/spi-builder-workspace/.build/checkouts/ZIPFoundation/Sources/ZIPFoundation/Data+Compression.swift:166:8: error: could not build C module 'CZlib'
164 |
165 | #else
166 | import CZlib
| `- error: could not build C module 'CZlib'
167 |
168 | extension Data {
error: emit-module command failed with exit code 1 (use -v to see invocation)
[31/42] Emitting module ZIPFoundation
<module-includes>:1:10: note: in file included from <module-includes>:1:
1 | #include "shim.h"
| `- note: in file included from <module-includes>:1:
2 |
/host/spi-builder-workspace/.build/checkouts/ZIPFoundation/Sources/CZLib/shim.h:15:9: error: 'zlib.h' file not found
13 |
14 | #import <stdio.h>
15 | #import <zlib.h>
| `- error: 'zlib.h' file not found
16 |
17 | // [zlib] provide 64-bit offset functions if _LARGEFILE64_SOURCE defined
/host/spi-builder-workspace/.build/checkouts/ZIPFoundation/Sources/ZIPFoundation/Data+Compression.swift:166:8: error: could not build C module 'CZlib'
164 |
165 | #else
166 | import CZlib
| `- error: could not build C module 'CZlib'
167 |
168 | extension Data {
<module-includes>:1:10: note: in file included from <module-includes>:1:
1 | #include "shim.h"
| `- note: in file included from <module-includes>:1:
2 |
/host/spi-builder-workspace/.build/checkouts/ZIPFoundation/Sources/CZLib/shim.h:15:9: error: 'zlib.h' file not found
13 |
14 | #import <stdio.h>
15 | #import <zlib.h>
| `- error: 'zlib.h' file not found
16 |
17 | // [zlib] provide 64-bit offset functions if _LARGEFILE64_SOURCE defined
/host/spi-builder-workspace/.build/checkouts/ZIPFoundation/Sources/ZIPFoundation/Data+Compression.swift:166:8: error: could not build C module 'CZlib'
164 |
165 | #else
166 | import CZlib
| `- error: could not build C module 'CZlib'
167 |
168 | extension Data {
<module-includes>:1:10: note: in file included from <module-includes>:1:
1 | #include "shim.h"
| `- note: in file included from <module-includes>:1:
2 |
/host/spi-builder-workspace/.build/checkouts/ZIPFoundation/Sources/CZLib/shim.h:15:9: error: 'zlib.h' file not found
13 |
14 | #import <stdio.h>
15 | #import <zlib.h>
| `- error: 'zlib.h' file not found
16 |
17 | // [zlib] provide 64-bit offset functions if _LARGEFILE64_SOURCE defined
/host/spi-builder-workspace/.build/checkouts/ZIPFoundation/Sources/ZIPFoundation/Data+Compression.swift:166:8: error: could not build C module 'CZlib'
164 |
165 | #else
166 | import CZlib
| `- error: could not build C module 'CZlib'
167 |
168 | extension Data {
<module-includes>:1:10: note: in file included from <module-includes>:1:
1 | #include "shim.h"
| `- note: in file included from <module-includes>:1:
2 |
/host/spi-builder-workspace/.build/checkouts/ZIPFoundation/Sources/CZLib/shim.h:15:9: error: 'zlib.h' file not found
13 |
14 | #import <stdio.h>
15 | #import <zlib.h>
| `- error: 'zlib.h' file not found
16 |
17 | // [zlib] provide 64-bit offset functions if _LARGEFILE64_SOURCE defined
/host/spi-builder-workspace/.build/checkouts/ZIPFoundation/Sources/ZIPFoundation/Data+Compression.swift:166:8: error: could not build C module 'CZlib'
164 |
165 | #else
166 | import CZlib
| `- error: could not build C module 'CZlib'
167 |
168 | extension Data {
[35/42] Compiling ZIPFoundation Archive+MemoryFile.swift
<module-includes>:1:10: note: in file included from <module-includes>:1:
1 | #include "shim.h"
| `- note: in file included from <module-includes>:1:
2 |
/host/spi-builder-workspace/.build/checkouts/ZIPFoundation/Sources/CZLib/shim.h:15:9: error: 'zlib.h' file not found
13 |
14 | #import <stdio.h>
15 | #import <zlib.h>
| `- error: 'zlib.h' file not found
16 |
17 | // [zlib] provide 64-bit offset functions if _LARGEFILE64_SOURCE defined
/host/spi-builder-workspace/.build/checkouts/ZIPFoundation/Sources/ZIPFoundation/Data+Compression.swift:166:8: error: could not build C module 'CZlib'
164 |
165 | #else
166 | import CZlib
| `- error: could not build C module 'CZlib'
167 |
168 | extension Data {
[36/42] Compiling ZIPFoundation Archive+Progress.swift
<module-includes>:1:10: note: in file included from <module-includes>:1:
1 | #include "shim.h"
| `- note: in file included from <module-includes>:1:
2 |
/host/spi-builder-workspace/.build/checkouts/ZIPFoundation/Sources/CZLib/shim.h:15:9: error: 'zlib.h' file not found
13 |
14 | #import <stdio.h>
15 | #import <zlib.h>
| `- error: 'zlib.h' file not found
16 |
17 | // [zlib] provide 64-bit offset functions if _LARGEFILE64_SOURCE defined
/host/spi-builder-workspace/.build/checkouts/ZIPFoundation/Sources/ZIPFoundation/Data+Compression.swift:166:8: error: could not build C module 'CZlib'
164 |
165 | #else
166 | import CZlib
| `- error: could not build C module 'CZlib'
167 |
168 | extension Data {
[37/42] Compiling ZIPFoundation Archive+Reading.swift
<module-includes>:1:10: note: in file included from <module-includes>:1:
1 | #include "shim.h"
| `- note: in file included from <module-includes>:1:
2 |
/host/spi-builder-workspace/.build/checkouts/ZIPFoundation/Sources/CZLib/shim.h:15:9: error: 'zlib.h' file not found
13 |
14 | #import <stdio.h>
15 | #import <zlib.h>
| `- error: 'zlib.h' file not found
16 |
17 | // [zlib] provide 64-bit offset functions if _LARGEFILE64_SOURCE defined
/host/spi-builder-workspace/.build/checkouts/ZIPFoundation/Sources/ZIPFoundation/Data+Compression.swift:166:8: error: could not build C module 'CZlib'
164 |
165 | #else
166 | import CZlib
| `- error: could not build C module 'CZlib'
167 |
168 | extension Data {
<module-includes>:1:10: note: in file included from <module-includes>:1:
1 | #include "shim.h"
| `- note: in file included from <module-includes>:1:
2 |
/host/spi-builder-workspace/.build/checkouts/ZIPFoundation/Sources/CZLib/shim.h:15:9: error: 'zlib.h' file not found
13 |
14 | #import <stdio.h>
15 | #import <zlib.h>
| `- error: 'zlib.h' file not found
16 |
17 | // [zlib] provide 64-bit offset functions if _LARGEFILE64_SOURCE defined
/host/spi-builder-workspace/.build/checkouts/ZIPFoundation/Sources/ZIPFoundation/Data+Compression.swift:166:8: error: could not build C module 'CZlib'
164 |
165 | #else
166 | import CZlib
| `- error: could not build C module 'CZlib'
167 |
168 | extension Data {
<module-includes>:1:10: note: in file included from <module-includes>:1:
1 | #include "shim.h"
| `- note: in file included from <module-includes>:1:
2 |
/host/spi-builder-workspace/.build/checkouts/ZIPFoundation/Sources/CZLib/shim.h:15:9: error: 'zlib.h' file not found
13 |
14 | #import <stdio.h>
15 | #import <zlib.h>
| `- error: 'zlib.h' file not found
16 |
17 | // [zlib] provide 64-bit offset functions if _LARGEFILE64_SOURCE defined
/host/spi-builder-workspace/.build/checkouts/ZIPFoundation/Sources/ZIPFoundation/Data+Compression.swift:166:8: error: could not build C module 'CZlib'
164 |
165 | #else
166 | import CZlib
| `- error: could not build C module 'CZlib'
167 |
168 | extension Data {
<module-includes>:1:10: note: in file included from <module-includes>:1:
1 | #include "shim.h"
| `- note: in file included from <module-includes>:1:
2 |
/host/spi-builder-workspace/.build/checkouts/ZIPFoundation/Sources/CZLib/shim.h:15:9: error: 'zlib.h' file not found
13 |
14 | #import <stdio.h>
15 | #import <zlib.h>
| `- error: 'zlib.h' file not found
16 |
17 | // [zlib] provide 64-bit offset functions if _LARGEFILE64_SOURCE defined
/host/spi-builder-workspace/.build/checkouts/ZIPFoundation/Sources/ZIPFoundation/Data+Compression.swift:166:8: error: could not build C module 'CZlib'
164 |
165 | #else
166 | import CZlib
| `- error: could not build C module 'CZlib'
167 |
168 | extension Data {
[41/42] Compiling ZIPFoundation FileManager+ZIPDeprecated.swift
<module-includes>:1:10: note: in file included from <module-includes>:1:
1 | #include "shim.h"
| `- note: in file included from <module-includes>:1:
2 |
/host/spi-builder-workspace/.build/checkouts/ZIPFoundation/Sources/CZLib/shim.h:15:9: error: 'zlib.h' file not found
13 |
14 | #import <stdio.h>
15 | #import <zlib.h>
| `- error: 'zlib.h' file not found
16 |
17 | // [zlib] provide 64-bit offset functions if _LARGEFILE64_SOURCE defined
/host/spi-builder-workspace/.build/checkouts/ZIPFoundation/Sources/ZIPFoundation/Data+Compression.swift:166:8: error: could not build C module 'CZlib'
164 |
165 | #else
166 | import CZlib
| `- error: could not build C module 'CZlib'
167 |
168 | extension Data {
[42/42] Compiling ZIPFoundation URL+ZIP.swift
<module-includes>:1:10: note: in file included from <module-includes>:1:
1 | #include "shim.h"
| `- note: in file included from <module-includes>:1:
2 |
/host/spi-builder-workspace/.build/checkouts/ZIPFoundation/Sources/CZLib/shim.h:15:9: error: 'zlib.h' file not found
13 |
14 | #import <stdio.h>
15 | #import <zlib.h>
| `- error: 'zlib.h' file not found
16 |
17 | // [zlib] provide 64-bit offset functions if _LARGEFILE64_SOURCE defined
/host/spi-builder-workspace/.build/checkouts/ZIPFoundation/Sources/ZIPFoundation/Data+Compression.swift:166:8: error: could not build C module 'CZlib'
164 |
165 | #else
166 | import CZlib
| `- error: could not build C module 'CZlib'
167 |
168 | extension Data {
BUILD FAILURE 6.2 wasm