The Swift Package Index logo.Swift Package Index

Build Information

Failed to build SwiftTTSWrapper, reference main (47cd8d), with Swift 6.1 for Wasm on 13 Jul 2026 04:23:35 UTC.

Build Command

bash -c docker run --pull=always --rm -v "checkouts-53886769-0":/host -w "$PWD" -e JAVA_HOME="/root/.sdkman/candidates/java/current" -e SPI_BUILD="1" -e SPI_PROCESSING="1" registry.gitlab.com/saguaro1/spi-images:wasm-6.1-latest swift build --swift-sdk wasm32-unknown-wasi 2>&1

Build Log

========================================
RunAll
========================================
Builder version: 0e64495ecc1688c3b3e031a5ef1348b5c05091ae
Interrupt handler set up.
========================================
Checkout
========================================
Clone URL: https://github.com/AACTools/swift-tts-wrapper.git
Reference: main
Initialized empty Git repository in /host/spi-builder-workspace/.git/
hint: Using 'master' as the name for the initial branch. This default branch name
hint: is subject to change. To configure the initial branch name to use in all
hint: of your new repositories, which will suppress this warning, call:
hint:
hint: 	git config --global init.defaultBranch <name>
hint:
hint: Names commonly chosen instead of 'master' are 'main', 'trunk' and
hint: 'development'. The just-created branch can be renamed via this command:
hint:
hint: 	git branch -m <name>
From https://github.com/AACTools/swift-tts-wrapper
 * branch            main       -> FETCH_HEAD
 * [new branch]      main       -> origin/main
HEAD is now at 47cd8d0 docs: update README with SpeechMarkdown auto-detection, X-SAMPA support, phoneme matrix
Cloned https://github.com/AACTools/swift-tts-wrapper.git
Revision (git rev-parse @):
47cd8d0be262d2fd8e2cffbd42732a2af8f35fb0
SPI manifest file found: $PWD/.spi.yml
SUCCESS checkout https://github.com/AACTools/swift-tts-wrapper.git at main
========================================
Build
========================================
Selected platform:         wasm
Swift version:             6.1
Building package at path:  $PWD
https://github.com/AACTools/swift-tts-wrapper.git
https://github.com/AACTools/swift-tts-wrapper.git
WARNING: environment variable SUPPRESS_SWIFT_6_FLAGS is not set
Running build ...
bash -c docker run --pull=always --rm -v "checkouts-53886769-0":/host -w "$PWD" -e JAVA_HOME="/root/.sdkman/candidates/java/current" -e SPI_BUILD="1" -e SPI_PROCESSING="1" registry.gitlab.com/saguaro1/spi-images:wasm-6.1-latest swift build --swift-sdk wasm32-unknown-wasi -Xswiftc -Xfrontend -Xswiftc -stats-output-dir -Xswiftc -Xfrontend -Xswiftc .stats -Xswiftc -strict-concurrency=complete -Xswiftc -enable-upcoming-feature -Xswiftc StrictConcurrency -Xswiftc -enable-upcoming-feature -Xswiftc DisableOutwardActorInference -Xswiftc -enable-upcoming-feature -Xswiftc GlobalActorIsolatedTypesUsability -Xswiftc -enable-upcoming-feature -Xswiftc InferSendableFromCaptures 2>&1
wasm-6.1-latest: Pulling from saguaro1/spi-images
Digest: sha256:1ad245dad3d2ae0004e1afbc92334bd39884ed9ca587cf04d0a8d5f640fb02e9
Status: Image is up to date for registry.gitlab.com/saguaro1/spi-images:wasm-6.1-latest
Fetching https://github.com/AACTools/speechmarkdown-rust
Fetching https://github.com/willwade/sherpa-onnx-spm.git
[1/168] Fetching sherpa-onnx-spm
[169/804] Fetching sherpa-onnx-spm, speechmarkdown-rust
Fetched https://github.com/willwade/sherpa-onnx-spm.git from cache (0.36s)
Fetched https://github.com/AACTools/speechmarkdown-rust from cache (0.36s)
Computing version for https://github.com/AACTools/speechmarkdown-rust
Computed https://github.com/AACTools/speechmarkdown-rust at 0.4.9 (0.59s)
Computing version for https://github.com/willwade/sherpa-onnx-spm.git
Computed https://github.com/willwade/sherpa-onnx-spm.git at 1.13.16 (0.23s)
Creating working copy for https://github.com/willwade/sherpa-onnx-spm.git
Working copy of https://github.com/willwade/sherpa-onnx-spm.git resolved at 1.13.16
Creating working copy for https://github.com/AACTools/speechmarkdown-rust
Working copy of https://github.com/AACTools/speechmarkdown-rust resolved at 0.4.9
Downloading binary artifact https://github.com/AACTools/speechmarkdown-rust/releases/download/v0.4.9/SpeechMarkdownRust.xcframework.zip
Downloading binary artifact https://github.com/willwade/sherpa-onnx-spm/releases/download/1.13.2/sherpa-onnx.xcframework.zip
Downloading binary artifact https://github.com/willwade/sherpa-onnx-spm/releases/download/1.13.2/onnxruntime.xcframework.zip
[823/61160465] Downloading https://github.com/AACTools/speechmarkdown-rust/releases/download/v0.4.9/SpeechMarkdownRust.xcframework.zip
[468347/89690460] Downloading https://github.com/AACTools/speechmarkdown-rust/releases/download/v0.4.9/SpeechMarkdownRust.xcframework.zip, https://github.com/willwade/sherpa-onnx-spm/releases/download/1.13.2/sherpa-onnx.xcframework.zip
[631269/155008454] Downloading https://github.com/AACTools/speechmarkdown-rust/releases/download/v0.4.9/SpeechMarkdownRust.xcframework.zip, https://github.com/willwade/sherpa-onnx-spm/releases/download/1.13.2/sherpa-onnx.xcframework.zip, https://github.com/willwade/sherpa-onnx-spm/releases/download/1.13.2/onnxruntime.xcframework.zip
Downloaded https://github.com/willwade/sherpa-onnx-spm/releases/download/1.13.2/sherpa-onnx.xcframework.zip (2.36s)
Downloaded https://github.com/AACTools/speechmarkdown-rust/releases/download/v0.4.9/SpeechMarkdownRust.xcframework.zip (3.34s)
Downloaded https://github.com/willwade/sherpa-onnx-spm/releases/download/1.13.2/onnxruntime.xcframework.zip (4.46s)
Building for debugging...
[0/7] Write sources
[4/7] Copying merged_models.json
[5/7] Compiling CSpeechMarkdown dummy.c
[6/7] Write swift-version-24593BA9C3E375BF.txt
[8/11] Compiling SpeechMarkdown SpeechMarkdown.swift
[9/11] Emitting module SpeechMarkdown
error: emit-module command failed with exit code 1 (use -v to see invocation)
[10/12] Emitting module SherpaOnnx
/host/spi-builder-workspace/.build/checkouts/sherpa-onnx-spm/Sources/SherpaOnnx/SherpaOnnx.swift:7:19: error: no such module 'sherpa_onnx'
   5 | import Foundation
   6 |
   7 | @_exported import sherpa_onnx
     |                   `- error: no such module 'sherpa_onnx'
   8 |
   9 |
[11/12] Compiling SherpaOnnx SherpaOnnx.swift
/host/spi-builder-workspace/.build/checkouts/sherpa-onnx-spm/Sources/SherpaOnnx/SherpaOnnx.swift:7:19: error: no such module 'sherpa_onnx'
   5 | import Foundation
   6 |
   7 | @_exported import sherpa_onnx
     |                   `- error: no such module 'sherpa_onnx'
   8 |
   9 |
Running build ...
bash -c docker run --pull=always --rm -v "checkouts-53886769-0":/host -w "$PWD" -e JAVA_HOME="/root/.sdkman/candidates/java/current" -e SPI_BUILD="1" -e SPI_PROCESSING="1" registry.gitlab.com/saguaro1/spi-images:wasm-6.1-latest swift build --swift-sdk wasm32-unknown-wasi 2>&1
wasm-6.1-latest: Pulling from saguaro1/spi-images
Digest: sha256:1ad245dad3d2ae0004e1afbc92334bd39884ed9ca587cf04d0a8d5f640fb02e9
Status: Image is up to date for registry.gitlab.com/saguaro1/spi-images:wasm-6.1-latest
[0/1] Planning build
Building for debugging...
[0/1] Write swift-version-24593BA9C3E375BF.txt
[2/5] Emitting module SpeechMarkdown
[3/5] Compiling SpeechMarkdown SpeechMarkdown.swift
error: emit-module command failed with exit code 1 (use -v to see invocation)
[5/35] Emitting module SherpaOnnx
/host/spi-builder-workspace/.build/checkouts/sherpa-onnx-spm/Sources/SherpaOnnx/SherpaOnnx.swift:7:19: error: no such module 'sherpa_onnx'
   5 | import Foundation
   6 |
   7 | @_exported import sherpa_onnx
     |                   `- error: no such module 'sherpa_onnx'
   8 |
   9 |
[6/35] Compiling SherpaOnnx SherpaOnnx.swift
/host/spi-builder-workspace/.build/checkouts/sherpa-onnx-spm/Sources/SherpaOnnx/SherpaOnnx.swift:7:19: error: no such module 'sherpa_onnx'
   5 | import Foundation
   6 |
   7 | @_exported import sherpa_onnx
     |                   `- error: no such module 'sherpa_onnx'
   8 |
   9 |
BUILD FAILURE 6.1 wasm