Build Information
Failed to build SwiftUIIndexedList, reference v1.0.0 (5183e1), with Swift 6.4 for watchOS using Xcode 27.0 on 20 Sep 2026 16:21:19 UTC.
Build Command
env DEVELOPER_DIR=/Applications/Xcode-27.0.0-Release.Candidate.app xcrun xcodebuild -IDEClonedSourcePackagesDirPathOverride=$PWD/.dependencies -skipMacroValidation -skipPackagePluginValidation -derivedDataPath $PWD/.derivedData build -scheme SwiftUIIndexedList -destination generic/platform=watchOSBuild Log
cd /Users/admin/builder/spi-builder-workspace/.swiftpm/xcode
builtin-SwiftPerFileCompile ToggleWithSwitchStyle.swift
SwiftCompile normal arm64_32 /Users/admin/builder/spi-builder-workspace/.dependencies/checkouts/SwiftUI-Introspect/Sources/ViewTypes/VideoPlayer.swift (in target 'SwiftUIIntrospect' from project 'swiftui-introspect')
cd /Users/admin/builder/spi-builder-workspace/.swiftpm/xcode
builtin-SwiftPerFileCompile VideoPlayer.swift
SwiftCompile normal arm64_32 /Users/admin/builder/spi-builder-workspace/.dependencies/checkouts/SwiftUI-Introspect/Sources/ViewTypes/View.swift (in target 'SwiftUIIntrospect' from project 'swiftui-introspect')
cd /Users/admin/builder/spi-builder-workspace/.swiftpm/xcode
builtin-SwiftPerFileCompile View.swift
SwiftCompile normal arm64_32 /Users/admin/builder/spi-builder-workspace/.dependencies/checkouts/SwiftUI-Introspect/Sources/ViewTypes/ViewController.swift (in target 'SwiftUIIntrospect' from project 'swiftui-introspect')
cd /Users/admin/builder/spi-builder-workspace/.swiftpm/xcode
builtin-SwiftPerFileCompile ViewController.swift
SwiftCompile normal arm64_32 /Users/admin/builder/spi-builder-workspace/.dependencies/checkouts/SwiftUI-Introspect/Sources/ViewTypes/Window.swift (in target 'SwiftUIIntrospect' from project 'swiftui-introspect')
cd /Users/admin/builder/spi-builder-workspace/.swiftpm/xcode
builtin-SwiftPerFileCompile Window.swift
SwiftCompile normal arm64_32 /Users/admin/builder/spi-builder-workspace/.dependencies/checkouts/SwiftUI-Introspect/Sources/Weak.swift (in target 'SwiftUIIntrospect' from project 'swiftui-introspect')
cd /Users/admin/builder/spi-builder-workspace/.swiftpm/xcode
builtin-SwiftPerFileCompile Weak.swift
SwiftCompile normal arm64 Compiling\ ListWithInsetStyle.swift,\ ListWithSidebarStyle.swift,\ Map.swift,\ NavigationSplitView.swift,\ NavigationStack.swift,\ NavigationViewWithColumnsStyle.swift /Users/admin/builder/spi-builder-workspace/.dependencies/checkouts/SwiftUI-Introspect/Sources/ViewTypes/ListWithInsetStyle.swift /Users/admin/builder/spi-builder-workspace/.dependencies/checkouts/SwiftUI-Introspect/Sources/ViewTypes/ListWithSidebarStyle.swift /Users/admin/builder/spi-builder-workspace/.dependencies/checkouts/SwiftUI-Introspect/Sources/ViewTypes/Map.swift /Users/admin/builder/spi-builder-workspace/.dependencies/checkouts/SwiftUI-Introspect/Sources/ViewTypes/NavigationSplitView.swift /Users/admin/builder/spi-builder-workspace/.dependencies/checkouts/SwiftUI-Introspect/Sources/ViewTypes/NavigationStack.swift /Users/admin/builder/spi-builder-workspace/.dependencies/checkouts/SwiftUI-Introspect/Sources/ViewTypes/NavigationViewWithColumnsStyle.swift (in target 'SwiftUIIntrospect' from project 'swiftui-introspect')
SwiftCompile normal arm64 /Users/admin/builder/spi-builder-workspace/.dependencies/checkouts/SwiftUI-Introspect/Sources/ViewTypes/ListWithInsetStyle.swift (in target 'SwiftUIIntrospect' from project 'swiftui-introspect')
cd /Users/admin/builder/spi-builder-workspace/.swiftpm/xcode
builtin-SwiftPerFileCompile ListWithInsetStyle.swift
SwiftCompile normal arm64 /Users/admin/builder/spi-builder-workspace/.dependencies/checkouts/SwiftUI-Introspect/Sources/ViewTypes/ListWithSidebarStyle.swift (in target 'SwiftUIIntrospect' from project 'swiftui-introspect')
cd /Users/admin/builder/spi-builder-workspace/.swiftpm/xcode
builtin-SwiftPerFileCompile ListWithSidebarStyle.swift
SwiftCompile normal arm64 /Users/admin/builder/spi-builder-workspace/.dependencies/checkouts/SwiftUI-Introspect/Sources/ViewTypes/Map.swift (in target 'SwiftUIIntrospect' from project 'swiftui-introspect')
cd /Users/admin/builder/spi-builder-workspace/.swiftpm/xcode
builtin-SwiftPerFileCompile Map.swift
SwiftCompile normal arm64 /Users/admin/builder/spi-builder-workspace/.dependencies/checkouts/SwiftUI-Introspect/Sources/ViewTypes/NavigationSplitView.swift (in target 'SwiftUIIntrospect' from project 'swiftui-introspect')
cd /Users/admin/builder/spi-builder-workspace/.swiftpm/xcode
builtin-SwiftPerFileCompile NavigationSplitView.swift
SwiftCompile normal arm64 /Users/admin/builder/spi-builder-workspace/.dependencies/checkouts/SwiftUI-Introspect/Sources/ViewTypes/NavigationStack.swift (in target 'SwiftUIIntrospect' from project 'swiftui-introspect')
cd /Users/admin/builder/spi-builder-workspace/.swiftpm/xcode
builtin-SwiftPerFileCompile NavigationStack.swift
SwiftCompile normal arm64 /Users/admin/builder/spi-builder-workspace/.dependencies/checkouts/SwiftUI-Introspect/Sources/ViewTypes/NavigationViewWithColumnsStyle.swift (in target 'SwiftUIIntrospect' from project 'swiftui-introspect')
cd /Users/admin/builder/spi-builder-workspace/.swiftpm/xcode
builtin-SwiftPerFileCompile NavigationViewWithColumnsStyle.swift
SwiftEmitModule normal arm64_32 Emitting\ module\ for\ SwiftUIIntrospect (in target 'SwiftUIIntrospect' from project 'swiftui-introspect')
SwiftCompile normal arm64_32 (in target 'SwiftUIIntrospect' from project 'swiftui-introspect')
cd /Users/admin/builder/spi-builder-workspace/.swiftpm/xcode
SwiftCompile normal arm64_32 Compiling\ DatePickerWithFieldStyle.swift,\ DatePickerWithGraphicalStyle.swift,\ DatePickerWithStepperFieldStyle.swift,\ DatePickerWithWheelStyle.swift,\ Form.swift,\ FormWithGroupedStyle.swift /Users/admin/builder/spi-builder-workspace/.dependencies/checkouts/SwiftUI-Introspect/Sources/ViewTypes/DatePickerWithFieldStyle.swift /Users/admin/builder/spi-builder-workspace/.dependencies/checkouts/SwiftUI-Introspect/Sources/ViewTypes/DatePickerWithGraphicalStyle.swift /Users/admin/builder/spi-builder-workspace/.dependencies/checkouts/SwiftUI-Introspect/Sources/ViewTypes/DatePickerWithStepperFieldStyle.swift /Users/admin/builder/spi-builder-workspace/.dependencies/checkouts/SwiftUI-Introspect/Sources/ViewTypes/DatePickerWithWheelStyle.swift /Users/admin/builder/spi-builder-workspace/.dependencies/checkouts/SwiftUI-Introspect/Sources/ViewTypes/Form.swift /Users/admin/builder/spi-builder-workspace/.dependencies/checkouts/SwiftUI-Introspect/Sources/ViewTypes/FormWithGroupedStyle.swift (in target 'SwiftUIIntrospect' from project 'swiftui-introspect')
SwiftCompile normal arm64_32 /Users/admin/builder/spi-builder-workspace/.dependencies/checkouts/SwiftUI-Introspect/Sources/ViewTypes/DatePickerWithFieldStyle.swift (in target 'SwiftUIIntrospect' from project 'swiftui-introspect')
cd /Users/admin/builder/spi-builder-workspace/.swiftpm/xcode
builtin-SwiftPerFileCompile DatePickerWithFieldStyle.swift
SwiftCompile normal arm64_32 /Users/admin/builder/spi-builder-workspace/.dependencies/checkouts/SwiftUI-Introspect/Sources/ViewTypes/DatePickerWithGraphicalStyle.swift (in target 'SwiftUIIntrospect' from project 'swiftui-introspect')
cd /Users/admin/builder/spi-builder-workspace/.swiftpm/xcode
builtin-SwiftPerFileCompile DatePickerWithGraphicalStyle.swift
SwiftCompile normal arm64_32 /Users/admin/builder/spi-builder-workspace/.dependencies/checkouts/SwiftUI-Introspect/Sources/ViewTypes/DatePickerWithStepperFieldStyle.swift (in target 'SwiftUIIntrospect' from project 'swiftui-introspect')
cd /Users/admin/builder/spi-builder-workspace/.swiftpm/xcode
builtin-SwiftPerFileCompile DatePickerWithStepperFieldStyle.swift
SwiftCompile normal arm64_32 /Users/admin/builder/spi-builder-workspace/.dependencies/checkouts/SwiftUI-Introspect/Sources/ViewTypes/DatePickerWithWheelStyle.swift (in target 'SwiftUIIntrospect' from project 'swiftui-introspect')
cd /Users/admin/builder/spi-builder-workspace/.swiftpm/xcode
builtin-SwiftPerFileCompile DatePickerWithWheelStyle.swift
SwiftCompile normal arm64_32 /Users/admin/builder/spi-builder-workspace/.dependencies/checkouts/SwiftUI-Introspect/Sources/ViewTypes/Form.swift (in target 'SwiftUIIntrospect' from project 'swiftui-introspect')
cd /Users/admin/builder/spi-builder-workspace/.swiftpm/xcode
builtin-SwiftPerFileCompile Form.swift
SwiftCompile normal arm64_32 /Users/admin/builder/spi-builder-workspace/.dependencies/checkouts/SwiftUI-Introspect/Sources/ViewTypes/FormWithGroupedStyle.swift (in target 'SwiftUIIntrospect' from project 'swiftui-introspect')
cd /Users/admin/builder/spi-builder-workspace/.swiftpm/xcode
builtin-SwiftPerFileCompile FormWithGroupedStyle.swift
SwiftDriverJobDiscovery normal arm64 Emitting module for SwiftUIIntrospect (in target 'SwiftUIIntrospect' from project 'swiftui-introspect')
SwiftDriver\ Compilation\ Requirements SwiftUIIntrospect normal arm64 com.apple.xcode.tools.swift.compiler (in target 'SwiftUIIntrospect' from project 'swiftui-introspect')
cd /Users/admin/builder/spi-builder-workspace/.swiftpm/xcode
builtin-Swift-Compilation-Requirements -- /Applications/Xcode-27.0.0-Release.Candidate.app/Contents/Developer/Toolchains/XcodeDefault.xctoolchain/usr/bin/swiftc -parse-as-library -module-name SwiftUIIntrospect -Onone @/Users/admin/builder/spi-builder-workspace/.derivedData/Build/Intermediates.noindex/swiftui-introspect.build/Debug-watchos/SwiftUIIntrospect-t.build/Objects-normal/arm64/SwiftUIIntrospect.SwiftFileList -DSWIFT_PACKAGE -DDEBUG -DSWIFT_MODULE_RESOURCE_BUNDLE_UNAVAILABLE -DXcode -plugin-path /Applications/Xcode-27.0.0-Release.Candidate.app/Contents/Developer/Toolchains/XcodeDefault.xctoolchain/usr/lib/swift/host/plugins/testing -enable-experimental-feature DebugDescriptionMacro -sdk /Applications/Xcode-27.0.0-Release.Candidate.app/Contents/Developer/Platforms/WatchOS.platform/Developer/SDKs/WatchOS27.0.sdk -target arm64-apple-watchos9.0 -g -module-cache-path /Users/admin/builder/spi-builder-workspace/.derivedData/ModuleCache.noindex -Xfrontend -serialize-debugging-options -enable-testing -suppress-warnings -index-store-path /Users/admin/builder/spi-builder-workspace/.derivedData/Index.noindex/DataStore -Xcc -D_LIBCPP_HARDENING_MODE\=_LIBCPP_HARDENING_MODE_DEBUG -swift-version 6 -I /Users/admin/builder/spi-builder-workspace/.derivedData/Build/Products/Debug-watchos -Isystem /Applications/Xcode-27.0.0-Release.Candidate.app/Contents/Developer/Platforms/WatchOS.platform/Developer/usr/lib -F /Users/admin/builder/spi-builder-workspace/.derivedData/Build/Products/Debug-watchos -F /Applications/Xcode-27.0.0-Release.Candidate.app/Contents/Developer/Platforms/WatchOS.platform/Developer/Library/Frameworks -F /Applications/Xcode-27.0.0-Release.Candidate.app/Contents/Developer/Platforms/WatchOS.platform/Developer/SDKs/WatchOS27.0.sdk/Developer/Library/Frameworks -c -j10 -enable-batch-mode -incremental -Xcc -ivfsstatcache -Xcc /Users/admin/builder/spi-builder-workspace/.derivedData/SDKStatCaches.noindex/watchos27.0-24R360-e829b21a6f8c9b70876ba0858053c04477534ef55a1706bf4c1112bbb242f0a2.sdkstatcache -output-file-map /Users/admin/builder/spi-builder-workspace/.derivedData/Build/Intermediates.noindex/swiftui-introspect.build/Debug-watchos/SwiftUIIntrospect-t.build/Objects-normal/arm64/SwiftUIIntrospect-OutputFileMap.json -save-temps -no-color-diagnostics -explicit-module-build -module-cache-path /Users/admin/builder/spi-builder-workspace/.derivedData/Build/Intermediates.noindex/SwiftExplicitPrecompiledModules -clang-scanner-module-cache-path /Users/admin/builder/spi-builder-workspace/.derivedData/ModuleCache.noindex -sdk-module-cache-path /Users/admin/builder/spi-builder-workspace/.derivedData/SDKExplicitPrecompiledModules -emit-dependencies -emit-module -emit-module-path /Users/admin/builder/spi-builder-workspace/.derivedData/Build/Intermediates.noindex/swiftui-introspect.build/Debug-watchos/SwiftUIIntrospect-t.build/Objects-normal/arm64/SwiftUIIntrospect.swiftmodule -serialize-diagnostics -dependency-scan-serialize-diagnostics-path /Users/admin/builder/spi-builder-workspace/.derivedData/Build/Intermediates.noindex/swiftui-introspect.build/Debug-watchos/SwiftUIIntrospect-t.build/Objects-normal/arm64/SwiftUIIntrospect-dependency-scan.dia -user-module-version 1.4.0 -validate-clang-modules-once -clang-build-session-file /Users/admin/builder/spi-builder-workspace/.derivedData/ModuleCache.noindex/Session.modulevalidation -Xcc -fmodules-prune-interval\=86400 -Xcc -fmodules-prune-after\=345600 -package-name swiftui_introspect -emit-const-values -const-gather-protocols-list /Users/admin/builder/spi-builder-workspace/.derivedData/Build/Intermediates.noindex/swiftui-introspect.build/Debug-watchos/SwiftUIIntrospect-t.build/Objects-normal/arm64/SwiftUIIntrospect_const_extract_protocols.json -Xcc -I/Users/admin/builder/spi-builder-workspace/.derivedData/Build/Products/Debug-watchos/include -Xcc -I/Users/admin/builder/spi-builder-workspace/.derivedData/Build/Intermediates.noindex/swiftui-introspect.build/Debug-watchos/SwiftUIIntrospect-t.build/DerivedSources-normal/arm64 -Xcc -I/Users/admin/builder/spi-builder-workspace/.derivedData/Build/Intermediates.noindex/swiftui-introspect.build/Debug-watchos/SwiftUIIntrospect-t.build/DerivedSources/arm64 -Xcc -I/Users/admin/builder/spi-builder-workspace/.derivedData/Build/Intermediates.noindex/swiftui-introspect.build/Debug-watchos/SwiftUIIntrospect-t.build/DerivedSources -Xcc -DSWIFT_PACKAGE -Xcc -DDEBUG\=1 -emit-objc-header -emit-objc-header-path /Users/admin/builder/spi-builder-workspace/.derivedData/Build/Intermediates.noindex/swiftui-introspect.build/Debug-watchos/SwiftUIIntrospect-t.build/Objects-normal/arm64/SwiftUIIntrospect-Swift.h -working-directory /Users/admin/builder/spi-builder-workspace/.swiftpm/xcode -experimental-emit-module-separately -disable-cmo
SwiftDriverJobDiscovery normal arm64_32 Emitting module for SwiftUIIntrospect (in target 'SwiftUIIntrospect' from project 'swiftui-introspect')
SwiftDriver\ Compilation\ Requirements SwiftUIIntrospect normal arm64_32 com.apple.xcode.tools.swift.compiler (in target 'SwiftUIIntrospect' from project 'swiftui-introspect')
cd /Users/admin/builder/spi-builder-workspace/.swiftpm/xcode
builtin-Swift-Compilation-Requirements -- /Applications/Xcode-27.0.0-Release.Candidate.app/Contents/Developer/Toolchains/XcodeDefault.xctoolchain/usr/bin/swiftc -parse-as-library -module-name SwiftUIIntrospect -Onone @/Users/admin/builder/spi-builder-workspace/.derivedData/Build/Intermediates.noindex/swiftui-introspect.build/Debug-watchos/SwiftUIIntrospect-t.build/Objects-normal/arm64_32/SwiftUIIntrospect.SwiftFileList -DSWIFT_PACKAGE -DDEBUG -DSWIFT_MODULE_RESOURCE_BUNDLE_UNAVAILABLE -DXcode -plugin-path /Applications/Xcode-27.0.0-Release.Candidate.app/Contents/Developer/Toolchains/XcodeDefault.xctoolchain/usr/lib/swift/host/plugins/testing -enable-experimental-feature DebugDescriptionMacro -sdk /Applications/Xcode-27.0.0-Release.Candidate.app/Contents/Developer/Platforms/WatchOS.platform/Developer/SDKs/WatchOS27.0.sdk -target arm64_32-apple-watchos9.0 -g -module-cache-path /Users/admin/builder/spi-builder-workspace/.derivedData/ModuleCache.noindex -Xfrontend -serialize-debugging-options -enable-testing -suppress-warnings -index-store-path /Users/admin/builder/spi-builder-workspace/.derivedData/Index.noindex/DataStore -Xcc -D_LIBCPP_HARDENING_MODE\=_LIBCPP_HARDENING_MODE_DEBUG -swift-version 6 -I /Users/admin/builder/spi-builder-workspace/.derivedData/Build/Products/Debug-watchos -Isystem /Applications/Xcode-27.0.0-Release.Candidate.app/Contents/Developer/Platforms/WatchOS.platform/Developer/usr/lib -F /Users/admin/builder/spi-builder-workspace/.derivedData/Build/Products/Debug-watchos -F /Applications/Xcode-27.0.0-Release.Candidate.app/Contents/Developer/Platforms/WatchOS.platform/Developer/Library/Frameworks -F /Applications/Xcode-27.0.0-Release.Candidate.app/Contents/Developer/Platforms/WatchOS.platform/Developer/SDKs/WatchOS27.0.sdk/Developer/Library/Frameworks -c -j10 -enable-batch-mode -incremental -Xcc -ivfsstatcache -Xcc /Users/admin/builder/spi-builder-workspace/.derivedData/SDKStatCaches.noindex/watchos27.0-24R360-e829b21a6f8c9b70876ba0858053c04477534ef55a1706bf4c1112bbb242f0a2.sdkstatcache -output-file-map /Users/admin/builder/spi-builder-workspace/.derivedData/Build/Intermediates.noindex/swiftui-introspect.build/Debug-watchos/SwiftUIIntrospect-t.build/Objects-normal/arm64_32/SwiftUIIntrospect-OutputFileMap.json -save-temps -no-color-diagnostics -explicit-module-build -module-cache-path /Users/admin/builder/spi-builder-workspace/.derivedData/Build/Intermediates.noindex/SwiftExplicitPrecompiledModules -clang-scanner-module-cache-path /Users/admin/builder/spi-builder-workspace/.derivedData/ModuleCache.noindex -sdk-module-cache-path /Users/admin/builder/spi-builder-workspace/.derivedData/SDKExplicitPrecompiledModules -emit-dependencies -emit-module -emit-module-path /Users/admin/builder/spi-builder-workspace/.derivedData/Build/Intermediates.noindex/swiftui-introspect.build/Debug-watchos/SwiftUIIntrospect-t.build/Objects-normal/arm64_32/SwiftUIIntrospect.swiftmodule -serialize-diagnostics -dependency-scan-serialize-diagnostics-path /Users/admin/builder/spi-builder-workspace/.derivedData/Build/Intermediates.noindex/swiftui-introspect.build/Debug-watchos/SwiftUIIntrospect-t.build/Objects-normal/arm64_32/SwiftUIIntrospect-dependency-scan.dia -user-module-version 1.4.0 -validate-clang-modules-once -clang-build-session-file /Users/admin/builder/spi-builder-workspace/.derivedData/ModuleCache.noindex/Session.modulevalidation -Xcc -fmodules-prune-interval\=86400 -Xcc -fmodules-prune-after\=345600 -package-name swiftui_introspect -emit-const-values -const-gather-protocols-list /Users/admin/builder/spi-builder-workspace/.derivedData/Build/Intermediates.noindex/swiftui-introspect.build/Debug-watchos/SwiftUIIntrospect-t.build/Objects-normal/arm64_32/SwiftUIIntrospect_const_extract_protocols.json -Xcc -I/Users/admin/builder/spi-builder-workspace/.derivedData/Build/Products/Debug-watchos/include -Xcc -I/Users/admin/builder/spi-builder-workspace/.derivedData/Build/Intermediates.noindex/swiftui-introspect.build/Debug-watchos/SwiftUIIntrospect-t.build/DerivedSources-normal/arm64_32 -Xcc -I/Users/admin/builder/spi-builder-workspace/.derivedData/Build/Intermediates.noindex/swiftui-introspect.build/Debug-watchos/SwiftUIIntrospect-t.build/DerivedSources/arm64_32 -Xcc -I/Users/admin/builder/spi-builder-workspace/.derivedData/Build/Intermediates.noindex/swiftui-introspect.build/Debug-watchos/SwiftUIIntrospect-t.build/DerivedSources -Xcc -DSWIFT_PACKAGE -Xcc -DDEBUG\=1 -emit-objc-header -emit-objc-header-path /Users/admin/builder/spi-builder-workspace/.derivedData/Build/Intermediates.noindex/swiftui-introspect.build/Debug-watchos/SwiftUIIntrospect-t.build/Objects-normal/arm64_32/SwiftUIIntrospect-Swift.h -working-directory /Users/admin/builder/spi-builder-workspace/.swiftpm/xcode -experimental-emit-module-separately -disable-cmo
Copy /Users/admin/builder/spi-builder-workspace/.derivedData/Build/Products/Debug-watchos/SwiftUIIntrospect.swiftmodule/arm64-apple-watchos.swiftmodule /Users/admin/builder/spi-builder-workspace/.derivedData/Build/Intermediates.noindex/swiftui-introspect.build/Debug-watchos/SwiftUIIntrospect-t.build/Objects-normal/arm64/SwiftUIIntrospect.swiftmodule (in target 'SwiftUIIntrospect' from project 'swiftui-introspect')
cd /Users/admin/builder/spi-builder-workspace/.dependencies/checkouts/SwiftUI-Introspect
builtin-copy -exclude .DS_Store -exclude CVS -exclude .svn -exclude .git -exclude .hg -resolve-src-symlinks -rename /Users/admin/builder/spi-builder-workspace/.derivedData/Build/Intermediates.noindex/swiftui-introspect.build/Debug-watchos/SwiftUIIntrospect-t.build/Objects-normal/arm64/SwiftUIIntrospect.swiftmodule /Users/admin/builder/spi-builder-workspace/.derivedData/Build/Products/Debug-watchos/SwiftUIIntrospect.swiftmodule/arm64-apple-watchos.swiftmodule
SwiftMergeGeneratedHeaders /Users/admin/builder/spi-builder-workspace/.derivedData/Build/Intermediates.noindex/GeneratedModuleMaps-watchos/SwiftUIIntrospect-Swift.h /Users/admin/builder/spi-builder-workspace/.derivedData/Build/Intermediates.noindex/swiftui-introspect.build/Debug-watchos/SwiftUIIntrospect-t.build/Objects-normal/arm64/SwiftUIIntrospect-Swift.h /Users/admin/builder/spi-builder-workspace/.derivedData/Build/Intermediates.noindex/swiftui-introspect.build/Debug-watchos/SwiftUIIntrospect-t.build/Objects-normal/arm64_32/SwiftUIIntrospect-Swift.h (in target 'SwiftUIIntrospect' from project 'swiftui-introspect')
cd /Users/admin/builder/spi-builder-workspace/.dependencies/checkouts/SwiftUI-Introspect
builtin-swiftHeaderTool -arch arm64 /Users/admin/builder/spi-builder-workspace/.derivedData/Build/Intermediates.noindex/swiftui-introspect.build/Debug-watchos/SwiftUIIntrospect-t.build/Objects-normal/arm64/SwiftUIIntrospect-Swift.h -arch arm64_32 /Users/admin/builder/spi-builder-workspace/.derivedData/Build/Intermediates.noindex/swiftui-introspect.build/Debug-watchos/SwiftUIIntrospect-t.build/Objects-normal/arm64_32/SwiftUIIntrospect-Swift.h -o /Users/admin/builder/spi-builder-workspace/.derivedData/Build/Intermediates.noindex/GeneratedModuleMaps-watchos/SwiftUIIntrospect-Swift.h
Copy /Users/admin/builder/spi-builder-workspace/.derivedData/Build/Products/Debug-watchos/SwiftUIIntrospect.swiftmodule/arm64_32-apple-watchos.swiftmodule /Users/admin/builder/spi-builder-workspace/.derivedData/Build/Intermediates.noindex/swiftui-introspect.build/Debug-watchos/SwiftUIIntrospect-t.build/Objects-normal/arm64_32/SwiftUIIntrospect.swiftmodule (in target 'SwiftUIIntrospect' from project 'swiftui-introspect')
cd /Users/admin/builder/spi-builder-workspace/.dependencies/checkouts/SwiftUI-Introspect
builtin-copy -exclude .DS_Store -exclude CVS -exclude .svn -exclude .git -exclude .hg -resolve-src-symlinks -rename /Users/admin/builder/spi-builder-workspace/.derivedData/Build/Intermediates.noindex/swiftui-introspect.build/Debug-watchos/SwiftUIIntrospect-t.build/Objects-normal/arm64_32/SwiftUIIntrospect.swiftmodule /Users/admin/builder/spi-builder-workspace/.derivedData/Build/Products/Debug-watchos/SwiftUIIntrospect.swiftmodule/arm64_32-apple-watchos.swiftmodule
Copy /Users/admin/builder/spi-builder-workspace/.derivedData/Build/Products/Debug-watchos/SwiftUIIntrospect.swiftmodule/arm64_32-apple-watchos.swiftdoc /Users/admin/builder/spi-builder-workspace/.derivedData/Build/Intermediates.noindex/swiftui-introspect.build/Debug-watchos/SwiftUIIntrospect-t.build/Objects-normal/arm64_32/SwiftUIIntrospect.swiftdoc (in target 'SwiftUIIntrospect' from project 'swiftui-introspect')
cd /Users/admin/builder/spi-builder-workspace/.dependencies/checkouts/SwiftUI-Introspect
builtin-copy -exclude .DS_Store -exclude CVS -exclude .svn -exclude .git -exclude .hg -resolve-src-symlinks -rename /Users/admin/builder/spi-builder-workspace/.derivedData/Build/Intermediates.noindex/swiftui-introspect.build/Debug-watchos/SwiftUIIntrospect-t.build/Objects-normal/arm64_32/SwiftUIIntrospect.swiftdoc /Users/admin/builder/spi-builder-workspace/.derivedData/Build/Products/Debug-watchos/SwiftUIIntrospect.swiftmodule/arm64_32-apple-watchos.swiftdoc
Copy /Users/admin/builder/spi-builder-workspace/.derivedData/Build/Products/Debug-watchos/SwiftUIIntrospect.swiftmodule/arm64_32-apple-watchos.abi.json /Users/admin/builder/spi-builder-workspace/.derivedData/Build/Intermediates.noindex/swiftui-introspect.build/Debug-watchos/SwiftUIIntrospect-t.build/Objects-normal/arm64_32/SwiftUIIntrospect.abi.json (in target 'SwiftUIIntrospect' from project 'swiftui-introspect')
cd /Users/admin/builder/spi-builder-workspace/.dependencies/checkouts/SwiftUI-Introspect
builtin-copy -exclude .DS_Store -exclude CVS -exclude .svn -exclude .git -exclude .hg -resolve-src-symlinks -rename /Users/admin/builder/spi-builder-workspace/.derivedData/Build/Intermediates.noindex/swiftui-introspect.build/Debug-watchos/SwiftUIIntrospect-t.build/Objects-normal/arm64_32/SwiftUIIntrospect.abi.json /Users/admin/builder/spi-builder-workspace/.derivedData/Build/Products/Debug-watchos/SwiftUIIntrospect.swiftmodule/arm64_32-apple-watchos.abi.json
Copy /Users/admin/builder/spi-builder-workspace/.derivedData/Build/Products/Debug-watchos/SwiftUIIntrospect.swiftmodule/arm64-apple-watchos.swiftdoc /Users/admin/builder/spi-builder-workspace/.derivedData/Build/Intermediates.noindex/swiftui-introspect.build/Debug-watchos/SwiftUIIntrospect-t.build/Objects-normal/arm64/SwiftUIIntrospect.swiftdoc (in target 'SwiftUIIntrospect' from project 'swiftui-introspect')
cd /Users/admin/builder/spi-builder-workspace/.dependencies/checkouts/SwiftUI-Introspect
builtin-copy -exclude .DS_Store -exclude CVS -exclude .svn -exclude .git -exclude .hg -resolve-src-symlinks -rename /Users/admin/builder/spi-builder-workspace/.derivedData/Build/Intermediates.noindex/swiftui-introspect.build/Debug-watchos/SwiftUIIntrospect-t.build/Objects-normal/arm64/SwiftUIIntrospect.swiftdoc /Users/admin/builder/spi-builder-workspace/.derivedData/Build/Products/Debug-watchos/SwiftUIIntrospect.swiftmodule/arm64-apple-watchos.swiftdoc
Copy /Users/admin/builder/spi-builder-workspace/.derivedData/Build/Products/Debug-watchos/SwiftUIIntrospect.swiftmodule/arm64-apple-watchos.abi.json /Users/admin/builder/spi-builder-workspace/.derivedData/Build/Intermediates.noindex/swiftui-introspect.build/Debug-watchos/SwiftUIIntrospect-t.build/Objects-normal/arm64/SwiftUIIntrospect.abi.json (in target 'SwiftUIIntrospect' from project 'swiftui-introspect')
cd /Users/admin/builder/spi-builder-workspace/.dependencies/checkouts/SwiftUI-Introspect
builtin-copy -exclude .DS_Store -exclude CVS -exclude .svn -exclude .git -exclude .hg -resolve-src-symlinks -rename /Users/admin/builder/spi-builder-workspace/.derivedData/Build/Intermediates.noindex/swiftui-introspect.build/Debug-watchos/SwiftUIIntrospect-t.build/Objects-normal/arm64/SwiftUIIntrospect.abi.json /Users/admin/builder/spi-builder-workspace/.derivedData/Build/Products/Debug-watchos/SwiftUIIntrospect.swiftmodule/arm64-apple-watchos.abi.json
Copy /Users/admin/builder/spi-builder-workspace/.derivedData/Build/Products/Debug-watchos/SwiftUIIntrospect.swiftmodule/Project/arm64_32-apple-watchos.swiftsourceinfo /Users/admin/builder/spi-builder-workspace/.derivedData/Build/Intermediates.noindex/swiftui-introspect.build/Debug-watchos/SwiftUIIntrospect-t.build/Objects-normal/arm64_32/SwiftUIIntrospect.swiftsourceinfo (in target 'SwiftUIIntrospect' from project 'swiftui-introspect')
cd /Users/admin/builder/spi-builder-workspace/.dependencies/checkouts/SwiftUI-Introspect
builtin-copy -exclude .DS_Store -exclude CVS -exclude .svn -exclude .git -exclude .hg -resolve-src-symlinks -rename /Users/admin/builder/spi-builder-workspace/.derivedData/Build/Intermediates.noindex/swiftui-introspect.build/Debug-watchos/SwiftUIIntrospect-t.build/Objects-normal/arm64_32/SwiftUIIntrospect.swiftsourceinfo /Users/admin/builder/spi-builder-workspace/.derivedData/Build/Products/Debug-watchos/SwiftUIIntrospect.swiftmodule/Project/arm64_32-apple-watchos.swiftsourceinfo
Copy /Users/admin/builder/spi-builder-workspace/.derivedData/Build/Products/Debug-watchos/SwiftUIIntrospect.swiftmodule/Project/arm64-apple-watchos.swiftsourceinfo /Users/admin/builder/spi-builder-workspace/.derivedData/Build/Intermediates.noindex/swiftui-introspect.build/Debug-watchos/SwiftUIIntrospect-t.build/Objects-normal/arm64/SwiftUIIntrospect.swiftsourceinfo (in target 'SwiftUIIntrospect' from project 'swiftui-introspect')
cd /Users/admin/builder/spi-builder-workspace/.dependencies/checkouts/SwiftUI-Introspect
builtin-copy -exclude .DS_Store -exclude CVS -exclude .svn -exclude .git -exclude .hg -resolve-src-symlinks -rename /Users/admin/builder/spi-builder-workspace/.derivedData/Build/Intermediates.noindex/swiftui-introspect.build/Debug-watchos/SwiftUIIntrospect-t.build/Objects-normal/arm64/SwiftUIIntrospect.swiftsourceinfo /Users/admin/builder/spi-builder-workspace/.derivedData/Build/Products/Debug-watchos/SwiftUIIntrospect.swiftmodule/Project/arm64-apple-watchos.swiftsourceinfo
SwiftCompile normal arm64_32 Compiling\ Introspect.swift,\ IntrospectableViewType.swift,\ IntrospectionSelector.swift,\ IntrospectionView.swift,\ PlatformVersion.swift,\ PlatformView.swift /Users/admin/builder/spi-builder-workspace/.dependencies/checkouts/SwiftUI-Introspect/Sources/Introspect.swift /Users/admin/builder/spi-builder-workspace/.dependencies/checkouts/SwiftUI-Introspect/Sources/IntrospectableViewType.swift /Users/admin/builder/spi-builder-workspace/.dependencies/checkouts/SwiftUI-Introspect/Sources/IntrospectionSelector.swift /Users/admin/builder/spi-builder-workspace/.dependencies/checkouts/SwiftUI-Introspect/Sources/IntrospectionView.swift /Users/admin/builder/spi-builder-workspace/.dependencies/checkouts/SwiftUI-Introspect/Sources/PlatformVersion.swift /Users/admin/builder/spi-builder-workspace/.dependencies/checkouts/SwiftUI-Introspect/Sources/PlatformView.swift (in target 'SwiftUIIntrospect' from project 'swiftui-introspect')
SwiftCompile normal arm64_32 /Users/admin/builder/spi-builder-workspace/.dependencies/checkouts/SwiftUI-Introspect/Sources/Introspect.swift (in target 'SwiftUIIntrospect' from project 'swiftui-introspect')
cd /Users/admin/builder/spi-builder-workspace/.swiftpm/xcode
builtin-SwiftPerFileCompile Introspect.swift
SwiftCompile normal arm64_32 /Users/admin/builder/spi-builder-workspace/.dependencies/checkouts/SwiftUI-Introspect/Sources/IntrospectableViewType.swift (in target 'SwiftUIIntrospect' from project 'swiftui-introspect')
cd /Users/admin/builder/spi-builder-workspace/.swiftpm/xcode
builtin-SwiftPerFileCompile IntrospectableViewType.swift
SwiftCompile normal arm64_32 /Users/admin/builder/spi-builder-workspace/.dependencies/checkouts/SwiftUI-Introspect/Sources/IntrospectionSelector.swift (in target 'SwiftUIIntrospect' from project 'swiftui-introspect')
cd /Users/admin/builder/spi-builder-workspace/.swiftpm/xcode
builtin-SwiftPerFileCompile IntrospectionSelector.swift
SwiftCompile normal arm64_32 /Users/admin/builder/spi-builder-workspace/.dependencies/checkouts/SwiftUI-Introspect/Sources/IntrospectionView.swift (in target 'SwiftUIIntrospect' from project 'swiftui-introspect')
cd /Users/admin/builder/spi-builder-workspace/.swiftpm/xcode
builtin-SwiftPerFileCompile IntrospectionView.swift
SwiftCompile normal arm64_32 /Users/admin/builder/spi-builder-workspace/.dependencies/checkouts/SwiftUI-Introspect/Sources/PlatformVersion.swift (in target 'SwiftUIIntrospect' from project 'swiftui-introspect')
cd /Users/admin/builder/spi-builder-workspace/.swiftpm/xcode
builtin-SwiftPerFileCompile PlatformVersion.swift
SwiftCompile normal arm64_32 /Users/admin/builder/spi-builder-workspace/.dependencies/checkouts/SwiftUI-Introspect/Sources/PlatformView.swift (in target 'SwiftUIIntrospect' from project 'swiftui-introspect')
cd /Users/admin/builder/spi-builder-workspace/.swiftpm/xcode
builtin-SwiftPerFileCompile PlatformView.swift
SwiftCompile normal arm64_32 Compiling\ SignInWithAppleButton.swift,\ Slider.swift,\ Stepper.swift,\ TabView.swift,\ TabViewWithPageStyle.swift,\ Table.swift /Users/admin/builder/spi-builder-workspace/.dependencies/checkouts/SwiftUI-Introspect/Sources/ViewTypes/SignInWithAppleButton.swift /Users/admin/builder/spi-builder-workspace/.dependencies/checkouts/SwiftUI-Introspect/Sources/ViewTypes/Slider.swift /Users/admin/builder/spi-builder-workspace/.dependencies/checkouts/SwiftUI-Introspect/Sources/ViewTypes/Stepper.swift /Users/admin/builder/spi-builder-workspace/.dependencies/checkouts/SwiftUI-Introspect/Sources/ViewTypes/TabView.swift /Users/admin/builder/spi-builder-workspace/.dependencies/checkouts/SwiftUI-Introspect/Sources/ViewTypes/TabViewWithPageStyle.swift /Users/admin/builder/spi-builder-workspace/.dependencies/checkouts/SwiftUI-Introspect/Sources/ViewTypes/Table.swift (in target 'SwiftUIIntrospect' from project 'swiftui-introspect')
SwiftCompile normal arm64_32 /Users/admin/builder/spi-builder-workspace/.dependencies/checkouts/SwiftUI-Introspect/Sources/ViewTypes/SignInWithAppleButton.swift (in target 'SwiftUIIntrospect' from project 'swiftui-introspect')
cd /Users/admin/builder/spi-builder-workspace/.swiftpm/xcode
builtin-SwiftPerFileCompile SignInWithAppleButton.swift
SwiftCompile normal arm64_32 /Users/admin/builder/spi-builder-workspace/.dependencies/checkouts/SwiftUI-Introspect/Sources/ViewTypes/Slider.swift (in target 'SwiftUIIntrospect' from project 'swiftui-introspect')
cd /Users/admin/builder/spi-builder-workspace/.swiftpm/xcode
builtin-SwiftPerFileCompile Slider.swift
SwiftCompile normal arm64_32 /Users/admin/builder/spi-builder-workspace/.dependencies/checkouts/SwiftUI-Introspect/Sources/ViewTypes/Stepper.swift (in target 'SwiftUIIntrospect' from project 'swiftui-introspect')
cd /Users/admin/builder/spi-builder-workspace/.swiftpm/xcode
builtin-SwiftPerFileCompile Stepper.swift
SwiftCompile normal arm64_32 /Users/admin/builder/spi-builder-workspace/.dependencies/checkouts/SwiftUI-Introspect/Sources/ViewTypes/TabView.swift (in target 'SwiftUIIntrospect' from project 'swiftui-introspect')
cd /Users/admin/builder/spi-builder-workspace/.swiftpm/xcode
builtin-SwiftPerFileCompile TabView.swift
SwiftCompile normal arm64_32 /Users/admin/builder/spi-builder-workspace/.dependencies/checkouts/SwiftUI-Introspect/Sources/ViewTypes/TabViewWithPageStyle.swift (in target 'SwiftUIIntrospect' from project 'swiftui-introspect')
cd /Users/admin/builder/spi-builder-workspace/.swiftpm/xcode
builtin-SwiftPerFileCompile TabViewWithPageStyle.swift
SwiftCompile normal arm64_32 /Users/admin/builder/spi-builder-workspace/.dependencies/checkouts/SwiftUI-Introspect/Sources/ViewTypes/Table.swift (in target 'SwiftUIIntrospect' from project 'swiftui-introspect')
cd /Users/admin/builder/spi-builder-workspace/.swiftpm/xcode
builtin-SwiftPerFileCompile Table.swift
SwiftDriverJobDiscovery normal arm64 Compiling ListWithInsetStyle.swift, ListWithSidebarStyle.swift, Map.swift, NavigationSplitView.swift, NavigationStack.swift, NavigationViewWithColumnsStyle.swift (in target 'SwiftUIIntrospect' from project 'swiftui-introspect')
SwiftDriverJobDiscovery normal arm64 Compiling DatePickerWithFieldStyle.swift, DatePickerWithGraphicalStyle.swift, DatePickerWithStepperFieldStyle.swift, DatePickerWithWheelStyle.swift, Form.swift, FormWithGroupedStyle.swift (in target 'SwiftUIIntrospect' from project 'swiftui-introspect')
SwiftCompile normal arm64_32 Compiling\ ProgressViewWithCircularStyle.swift,\ ProgressViewWithLinearStyle.swift,\ ScrollView.swift,\ SearchField.swift,\ SecureField.swift,\ Sheet.swift /Users/admin/builder/spi-builder-workspace/.dependencies/checkouts/SwiftUI-Introspect/Sources/ViewTypes/ProgressViewWithCircularStyle.swift /Users/admin/builder/spi-builder-workspace/.dependencies/checkouts/SwiftUI-Introspect/Sources/ViewTypes/ProgressViewWithLinearStyle.swift /Users/admin/builder/spi-builder-workspace/.dependencies/checkouts/SwiftUI-Introspect/Sources/ViewTypes/ScrollView.swift /Users/admin/builder/spi-builder-workspace/.dependencies/checkouts/SwiftUI-Introspect/Sources/ViewTypes/SearchField.swift /Users/admin/builder/spi-builder-workspace/.dependencies/checkouts/SwiftUI-Introspect/Sources/ViewTypes/SecureField.swift /Users/admin/builder/spi-builder-workspace/.dependencies/checkouts/SwiftUI-Introspect/Sources/ViewTypes/Sheet.swift (in target 'SwiftUIIntrospect' from project 'swiftui-introspect')
SwiftCompile normal arm64_32 /Users/admin/builder/spi-builder-workspace/.dependencies/checkouts/SwiftUI-Introspect/Sources/ViewTypes/ProgressViewWithCircularStyle.swift (in target 'SwiftUIIntrospect' from project 'swiftui-introspect')
cd /Users/admin/builder/spi-builder-workspace/.swiftpm/xcode
builtin-SwiftPerFileCompile ProgressViewWithCircularStyle.swift
SwiftCompile normal arm64_32 /Users/admin/builder/spi-builder-workspace/.dependencies/checkouts/SwiftUI-Introspect/Sources/ViewTypes/ProgressViewWithLinearStyle.swift (in target 'SwiftUIIntrospect' from project 'swiftui-introspect')
cd /Users/admin/builder/spi-builder-workspace/.swiftpm/xcode
builtin-SwiftPerFileCompile ProgressViewWithLinearStyle.swift
SwiftCompile normal arm64_32 /Users/admin/builder/spi-builder-workspace/.dependencies/checkouts/SwiftUI-Introspect/Sources/ViewTypes/ScrollView.swift (in target 'SwiftUIIntrospect' from project 'swiftui-introspect')
cd /Users/admin/builder/spi-builder-workspace/.swiftpm/xcode
builtin-SwiftPerFileCompile ScrollView.swift
SwiftCompile normal arm64_32 /Users/admin/builder/spi-builder-workspace/.dependencies/checkouts/SwiftUI-Introspect/Sources/ViewTypes/SearchField.swift (in target 'SwiftUIIntrospect' from project 'swiftui-introspect')
cd /Users/admin/builder/spi-builder-workspace/.swiftpm/xcode
builtin-SwiftPerFileCompile SearchField.swift
SwiftCompile normal arm64_32 /Users/admin/builder/spi-builder-workspace/.dependencies/checkouts/SwiftUI-Introspect/Sources/ViewTypes/SecureField.swift (in target 'SwiftUIIntrospect' from project 'swiftui-introspect')
cd /Users/admin/builder/spi-builder-workspace/.swiftpm/xcode
builtin-SwiftPerFileCompile SecureField.swift
SwiftCompile normal arm64_32 /Users/admin/builder/spi-builder-workspace/.dependencies/checkouts/SwiftUI-Introspect/Sources/ViewTypes/Sheet.swift (in target 'SwiftUIIntrospect' from project 'swiftui-introspect')
cd /Users/admin/builder/spi-builder-workspace/.swiftpm/xcode
builtin-SwiftPerFileCompile Sheet.swift
SwiftCompile normal arm64_32 Compiling\ TextEditor.swift,\ TextField.swift,\ TextFieldWithVerticalAxis.swift,\ Toggle.swift,\ ToggleWithButtonStyle.swift,\ ToggleWithCheckboxStyle.swift /Users/admin/builder/spi-builder-workspace/.dependencies/checkouts/SwiftUI-Introspect/Sources/ViewTypes/TextEditor.swift /Users/admin/builder/spi-builder-workspace/.dependencies/checkouts/SwiftUI-Introspect/Sources/ViewTypes/TextField.swift /Users/admin/builder/spi-builder-workspace/.dependencies/checkouts/SwiftUI-Introspect/Sources/ViewTypes/TextFieldWithVerticalAxis.swift /Users/admin/builder/spi-builder-workspace/.dependencies/checkouts/SwiftUI-Introspect/Sources/ViewTypes/Toggle.swift /Users/admin/builder/spi-builder-workspace/.dependencies/checkouts/SwiftUI-Introspect/Sources/ViewTypes/ToggleWithButtonStyle.swift /Users/admin/builder/spi-builder-workspace/.dependencies/checkouts/SwiftUI-Introspect/Sources/ViewTypes/ToggleWithCheckboxStyle.swift (in target 'SwiftUIIntrospect' from project 'swiftui-introspect')
SwiftCompile normal arm64_32 /Users/admin/builder/spi-builder-workspace/.dependencies/checkouts/SwiftUI-Introspect/Sources/ViewTypes/TextEditor.swift (in target 'SwiftUIIntrospect' from project 'swiftui-introspect')
cd /Users/admin/builder/spi-builder-workspace/.swiftpm/xcode
builtin-SwiftPerFileCompile TextEditor.swift
SwiftCompile normal arm64_32 /Users/admin/builder/spi-builder-workspace/.dependencies/checkouts/SwiftUI-Introspect/Sources/ViewTypes/TextField.swift (in target 'SwiftUIIntrospect' from project 'swiftui-introspect')
cd /Users/admin/builder/spi-builder-workspace/.swiftpm/xcode
builtin-SwiftPerFileCompile TextField.swift
SwiftCompile normal arm64_32 /Users/admin/builder/spi-builder-workspace/.dependencies/checkouts/SwiftUI-Introspect/Sources/ViewTypes/TextFieldWithVerticalAxis.swift (in target 'SwiftUIIntrospect' from project 'swiftui-introspect')
cd /Users/admin/builder/spi-builder-workspace/.swiftpm/xcode
builtin-SwiftPerFileCompile TextFieldWithVerticalAxis.swift
SwiftCompile normal arm64_32 /Users/admin/builder/spi-builder-workspace/.dependencies/checkouts/SwiftUI-Introspect/Sources/ViewTypes/Toggle.swift (in target 'SwiftUIIntrospect' from project 'swiftui-introspect')
cd /Users/admin/builder/spi-builder-workspace/.swiftpm/xcode
builtin-SwiftPerFileCompile Toggle.swift
SwiftCompile normal arm64_32 /Users/admin/builder/spi-builder-workspace/.dependencies/checkouts/SwiftUI-Introspect/Sources/ViewTypes/ToggleWithButtonStyle.swift (in target 'SwiftUIIntrospect' from project 'swiftui-introspect')
cd /Users/admin/builder/spi-builder-workspace/.swiftpm/xcode
builtin-SwiftPerFileCompile ToggleWithButtonStyle.swift
SwiftCompile normal arm64_32 /Users/admin/builder/spi-builder-workspace/.dependencies/checkouts/SwiftUI-Introspect/Sources/ViewTypes/ToggleWithCheckboxStyle.swift (in target 'SwiftUIIntrospect' from project 'swiftui-introspect')
cd /Users/admin/builder/spi-builder-workspace/.swiftpm/xcode
builtin-SwiftPerFileCompile ToggleWithCheckboxStyle.swift
SwiftCompile normal arm64_32 Compiling\ ListWithInsetStyle.swift,\ ListWithSidebarStyle.swift,\ Map.swift,\ NavigationSplitView.swift,\ NavigationStack.swift,\ NavigationViewWithColumnsStyle.swift /Users/admin/builder/spi-builder-workspace/.dependencies/checkouts/SwiftUI-Introspect/Sources/ViewTypes/ListWithInsetStyle.swift /Users/admin/builder/spi-builder-workspace/.dependencies/checkouts/SwiftUI-Introspect/Sources/ViewTypes/ListWithSidebarStyle.swift /Users/admin/builder/spi-builder-workspace/.dependencies/checkouts/SwiftUI-Introspect/Sources/ViewTypes/Map.swift /Users/admin/builder/spi-builder-workspace/.dependencies/checkouts/SwiftUI-Introspect/Sources/ViewTypes/NavigationSplitView.swift /Users/admin/builder/spi-builder-workspace/.dependencies/checkouts/SwiftUI-Introspect/Sources/ViewTypes/NavigationStack.swift /Users/admin/builder/spi-builder-workspace/.dependencies/checkouts/SwiftUI-Introspect/Sources/ViewTypes/NavigationViewWithColumnsStyle.swift (in target 'SwiftUIIntrospect' from project 'swiftui-introspect')
SwiftCompile normal arm64_32 /Users/admin/builder/spi-builder-workspace/.dependencies/checkouts/SwiftUI-Introspect/Sources/ViewTypes/ListWithInsetStyle.swift (in target 'SwiftUIIntrospect' from project 'swiftui-introspect')
cd /Users/admin/builder/spi-builder-workspace/.swiftpm/xcode
builtin-SwiftPerFileCompile ListWithInsetStyle.swift
SwiftCompile normal arm64_32 /Users/admin/builder/spi-builder-workspace/.dependencies/checkouts/SwiftUI-Introspect/Sources/ViewTypes/ListWithSidebarStyle.swift (in target 'SwiftUIIntrospect' from project 'swiftui-introspect')
cd /Users/admin/builder/spi-builder-workspace/.swiftpm/xcode
builtin-SwiftPerFileCompile ListWithSidebarStyle.swift
SwiftCompile normal arm64_32 /Users/admin/builder/spi-builder-workspace/.dependencies/checkouts/SwiftUI-Introspect/Sources/ViewTypes/Map.swift (in target 'SwiftUIIntrospect' from project 'swiftui-introspect')
cd /Users/admin/builder/spi-builder-workspace/.swiftpm/xcode
builtin-SwiftPerFileCompile Map.swift
SwiftCompile normal arm64_32 /Users/admin/builder/spi-builder-workspace/.dependencies/checkouts/SwiftUI-Introspect/Sources/ViewTypes/NavigationSplitView.swift (in target 'SwiftUIIntrospect' from project 'swiftui-introspect')
cd /Users/admin/builder/spi-builder-workspace/.swiftpm/xcode
builtin-SwiftPerFileCompile NavigationSplitView.swift
SwiftCompile normal arm64_32 /Users/admin/builder/spi-builder-workspace/.dependencies/checkouts/SwiftUI-Introspect/Sources/ViewTypes/NavigationStack.swift (in target 'SwiftUIIntrospect' from project 'swiftui-introspect')
cd /Users/admin/builder/spi-builder-workspace/.swiftpm/xcode
builtin-SwiftPerFileCompile NavigationStack.swift
SwiftCompile normal arm64_32 /Users/admin/builder/spi-builder-workspace/.dependencies/checkouts/SwiftUI-Introspect/Sources/ViewTypes/NavigationViewWithColumnsStyle.swift (in target 'SwiftUIIntrospect' from project 'swiftui-introspect')
cd /Users/admin/builder/spi-builder-workspace/.swiftpm/xcode
builtin-SwiftPerFileCompile NavigationViewWithColumnsStyle.swift
SwiftDriverJobDiscovery normal arm64 Compiling NavigationViewWithStackStyle.swift, PageControl.swift, PickerWithMenuStyle.swift, PickerWithSegmentedStyle.swift, PickerWithWheelStyle.swift, Popover.swift (in target 'SwiftUIIntrospect' from project 'swiftui-introspect')
SwiftCompile normal arm64_32 Compiling\ FullScreenCover.swift,\ List.swift,\ ListCell.swift,\ ListWithBorderedStyle.swift,\ ListWithGroupedStyle.swift,\ ListWithInsetGroupedStyle.swift /Users/admin/builder/spi-builder-workspace/.dependencies/checkouts/SwiftUI-Introspect/Sources/ViewTypes/FullScreenCover.swift /Users/admin/builder/spi-builder-workspace/.dependencies/checkouts/SwiftUI-Introspect/Sources/ViewTypes/List.swift /Users/admin/builder/spi-builder-workspace/.dependencies/checkouts/SwiftUI-Introspect/Sources/ViewTypes/ListCell.swift /Users/admin/builder/spi-builder-workspace/.dependencies/checkouts/SwiftUI-Introspect/Sources/ViewTypes/ListWithBorderedStyle.swift /Users/admin/builder/spi-builder-workspace/.dependencies/checkouts/SwiftUI-Introspect/Sources/ViewTypes/ListWithGroupedStyle.swift /Users/admin/builder/spi-builder-workspace/.dependencies/checkouts/SwiftUI-Introspect/Sources/ViewTypes/ListWithInsetGroupedStyle.swift (in target 'SwiftUIIntrospect' from project 'swiftui-introspect')
SwiftCompile normal arm64_32 /Users/admin/builder/spi-builder-workspace/.dependencies/checkouts/SwiftUI-Introspect/Sources/ViewTypes/FullScreenCover.swift (in target 'SwiftUIIntrospect' from project 'swiftui-introspect')
cd /Users/admin/builder/spi-builder-workspace/.swiftpm/xcode
builtin-SwiftPerFileCompile FullScreenCover.swift
SwiftCompile normal arm64_32 /Users/admin/builder/spi-builder-workspace/.dependencies/checkouts/SwiftUI-Introspect/Sources/ViewTypes/List.swift (in target 'SwiftUIIntrospect' from project 'swiftui-introspect')
cd /Users/admin/builder/spi-builder-workspace/.swiftpm/xcode
builtin-SwiftPerFileCompile List.swift
SwiftCompile normal arm64_32 /Users/admin/builder/spi-builder-workspace/.dependencies/checkouts/SwiftUI-Introspect/Sources/ViewTypes/ListCell.swift (in target 'SwiftUIIntrospect' from project 'swiftui-introspect')
cd /Users/admin/builder/spi-builder-workspace/.swiftpm/xcode
builtin-SwiftPerFileCompile ListCell.swift
SwiftCompile normal arm64_32 /Users/admin/builder/spi-builder-workspace/.dependencies/checkouts/SwiftUI-Introspect/Sources/ViewTypes/ListWithBorderedStyle.swift (in target 'SwiftUIIntrospect' from project 'swiftui-introspect')
cd /Users/admin/builder/spi-builder-workspace/.swiftpm/xcode
builtin-SwiftPerFileCompile ListWithBorderedStyle.swift
SwiftCompile normal arm64_32 /Users/admin/builder/spi-builder-workspace/.dependencies/checkouts/SwiftUI-Introspect/Sources/ViewTypes/ListWithGroupedStyle.swift (in target 'SwiftUIIntrospect' from project 'swiftui-introspect')
cd /Users/admin/builder/spi-builder-workspace/.swiftpm/xcode
builtin-SwiftPerFileCompile ListWithGroupedStyle.swift
SwiftCompile normal arm64_32 /Users/admin/builder/spi-builder-workspace/.dependencies/checkouts/SwiftUI-Introspect/Sources/ViewTypes/ListWithInsetGroupedStyle.swift (in target 'SwiftUIIntrospect' from project 'swiftui-introspect')
cd /Users/admin/builder/spi-builder-workspace/.swiftpm/xcode
builtin-SwiftPerFileCompile ListWithInsetGroupedStyle.swift
SwiftCompile normal arm64 Compiling\ ProgressViewWithCircularStyle.swift,\ ProgressViewWithLinearStyle.swift,\ ScrollView.swift,\ SearchField.swift,\ SecureField.swift,\ Sheet.swift /Users/admin/builder/spi-builder-workspace/.dependencies/checkouts/SwiftUI-Introspect/Sources/ViewTypes/ProgressViewWithCircularStyle.swift /Users/admin/builder/spi-builder-workspace/.dependencies/checkouts/SwiftUI-Introspect/Sources/ViewTypes/ProgressViewWithLinearStyle.swift /Users/admin/builder/spi-builder-workspace/.dependencies/checkouts/SwiftUI-Introspect/Sources/ViewTypes/ScrollView.swift /Users/admin/builder/spi-builder-workspace/.dependencies/checkouts/SwiftUI-Introspect/Sources/ViewTypes/SearchField.swift /Users/admin/builder/spi-builder-workspace/.dependencies/checkouts/SwiftUI-Introspect/Sources/ViewTypes/SecureField.swift /Users/admin/builder/spi-builder-workspace/.dependencies/checkouts/SwiftUI-Introspect/Sources/ViewTypes/Sheet.swift (in target 'SwiftUIIntrospect' from project 'swiftui-introspect')
SwiftCompile normal arm64 /Users/admin/builder/spi-builder-workspace/.dependencies/checkouts/SwiftUI-Introspect/Sources/ViewTypes/ProgressViewWithCircularStyle.swift (in target 'SwiftUIIntrospect' from project 'swiftui-introspect')
cd /Users/admin/builder/spi-builder-workspace/.swiftpm/xcode
builtin-SwiftPerFileCompile ProgressViewWithCircularStyle.swift
SwiftCompile normal arm64 /Users/admin/builder/spi-builder-workspace/.dependencies/checkouts/SwiftUI-Introspect/Sources/ViewTypes/ProgressViewWithLinearStyle.swift (in target 'SwiftUIIntrospect' from project 'swiftui-introspect')
cd /Users/admin/builder/spi-builder-workspace/.swiftpm/xcode
builtin-SwiftPerFileCompile ProgressViewWithLinearStyle.swift
SwiftCompile normal arm64 /Users/admin/builder/spi-builder-workspace/.dependencies/checkouts/SwiftUI-Introspect/Sources/ViewTypes/ScrollView.swift (in target 'SwiftUIIntrospect' from project 'swiftui-introspect')
cd /Users/admin/builder/spi-builder-workspace/.swiftpm/xcode
builtin-SwiftPerFileCompile ScrollView.swift
SwiftCompile normal arm64 /Users/admin/builder/spi-builder-workspace/.dependencies/checkouts/SwiftUI-Introspect/Sources/ViewTypes/SearchField.swift (in target 'SwiftUIIntrospect' from project 'swiftui-introspect')
cd /Users/admin/builder/spi-builder-workspace/.swiftpm/xcode
builtin-SwiftPerFileCompile SearchField.swift
SwiftCompile normal arm64 /Users/admin/builder/spi-builder-workspace/.dependencies/checkouts/SwiftUI-Introspect/Sources/ViewTypes/SecureField.swift (in target 'SwiftUIIntrospect' from project 'swiftui-introspect')
cd /Users/admin/builder/spi-builder-workspace/.swiftpm/xcode
builtin-SwiftPerFileCompile SecureField.swift
SwiftCompile normal arm64 /Users/admin/builder/spi-builder-workspace/.dependencies/checkouts/SwiftUI-Introspect/Sources/ViewTypes/Sheet.swift (in target 'SwiftUIIntrospect' from project 'swiftui-introspect')
cd /Users/admin/builder/spi-builder-workspace/.swiftpm/xcode
builtin-SwiftPerFileCompile Sheet.swift
SwiftCompile normal arm64_32 Compiling\ NavigationViewWithStackStyle.swift,\ PageControl.swift,\ PickerWithMenuStyle.swift,\ PickerWithSegmentedStyle.swift,\ PickerWithWheelStyle.swift,\ Popover.swift /Users/admin/builder/spi-builder-workspace/.dependencies/checkouts/SwiftUI-Introspect/Sources/ViewTypes/NavigationViewWithStackStyle.swift /Users/admin/builder/spi-builder-workspace/.dependencies/checkouts/SwiftUI-Introspect/Sources/ViewTypes/PageControl.swift /Users/admin/builder/spi-builder-workspace/.dependencies/checkouts/SwiftUI-Introspect/Sources/ViewTypes/PickerWithMenuStyle.swift /Users/admin/builder/spi-builder-workspace/.dependencies/checkouts/SwiftUI-Introspect/Sources/ViewTypes/PickerWithSegmentedStyle.swift /Users/admin/builder/spi-builder-workspace/.dependencies/checkouts/SwiftUI-Introspect/Sources/ViewTypes/PickerWithWheelStyle.swift /Users/admin/builder/spi-builder-workspace/.dependencies/checkouts/SwiftUI-Introspect/Sources/ViewTypes/Popover.swift (in target 'SwiftUIIntrospect' from project 'swiftui-introspect')
SwiftCompile normal arm64_32 /Users/admin/builder/spi-builder-workspace/.dependencies/checkouts/SwiftUI-Introspect/Sources/ViewTypes/NavigationViewWithStackStyle.swift (in target 'SwiftUIIntrospect' from project 'swiftui-introspect')
cd /Users/admin/builder/spi-builder-workspace/.swiftpm/xcode
builtin-SwiftPerFileCompile NavigationViewWithStackStyle.swift
SwiftCompile normal arm64_32 /Users/admin/builder/spi-builder-workspace/.dependencies/checkouts/SwiftUI-Introspect/Sources/ViewTypes/PageControl.swift (in target 'SwiftUIIntrospect' from project 'swiftui-introspect')
cd /Users/admin/builder/spi-builder-workspace/.swiftpm/xcode
builtin-SwiftPerFileCompile PageControl.swift
SwiftCompile normal arm64_32 /Users/admin/builder/spi-builder-workspace/.dependencies/checkouts/SwiftUI-Introspect/Sources/ViewTypes/PickerWithMenuStyle.swift (in target 'SwiftUIIntrospect' from project 'swiftui-introspect')
cd /Users/admin/builder/spi-builder-workspace/.swiftpm/xcode
builtin-SwiftPerFileCompile PickerWithMenuStyle.swift
SwiftCompile normal arm64_32 /Users/admin/builder/spi-builder-workspace/.dependencies/checkouts/SwiftUI-Introspect/Sources/ViewTypes/PickerWithSegmentedStyle.swift (in target 'SwiftUIIntrospect' from project 'swiftui-introspect')
cd /Users/admin/builder/spi-builder-workspace/.swiftpm/xcode
builtin-SwiftPerFileCompile PickerWithSegmentedStyle.swift
SwiftCompile normal arm64_32 /Users/admin/builder/spi-builder-workspace/.dependencies/checkouts/SwiftUI-Introspect/Sources/ViewTypes/PickerWithWheelStyle.swift (in target 'SwiftUIIntrospect' from project 'swiftui-introspect')
cd /Users/admin/builder/spi-builder-workspace/.swiftpm/xcode
builtin-SwiftPerFileCompile PickerWithWheelStyle.swift
SwiftCompile normal arm64_32 /Users/admin/builder/spi-builder-workspace/.dependencies/checkouts/SwiftUI-Introspect/Sources/ViewTypes/Popover.swift (in target 'SwiftUIIntrospect' from project 'swiftui-introspect')
cd /Users/admin/builder/spi-builder-workspace/.swiftpm/xcode
builtin-SwiftPerFileCompile Popover.swift
SwiftDriverJobDiscovery normal arm64 Compiling ToggleWithSwitchStyle.swift, VideoPlayer.swift, View.swift, ViewController.swift, Window.swift, Weak.swift (in target 'SwiftUIIntrospect' from project 'swiftui-introspect')
SwiftDriverJobDiscovery normal arm64 Compiling TextEditor.swift, TextField.swift, TextFieldWithVerticalAxis.swift, Toggle.swift, ToggleWithButtonStyle.swift, ToggleWithCheckboxStyle.swift (in target 'SwiftUIIntrospect' from project 'swiftui-introspect')
SwiftDriverJobDiscovery normal arm64 Compiling SignInWithAppleButton.swift, Slider.swift, Stepper.swift, TabView.swift, TabViewWithPageStyle.swift, Table.swift (in target 'SwiftUIIntrospect' from project 'swiftui-introspect')
SwiftDriverJobDiscovery normal arm64 Compiling FullScreenCover.swift, List.swift, ListCell.swift, ListWithBorderedStyle.swift, ListWithGroupedStyle.swift, ListWithInsetGroupedStyle.swift (in target 'SwiftUIIntrospect' from project 'swiftui-introspect')
SwiftDriverJobDiscovery normal arm64_32 Compiling ToggleWithSwitchStyle.swift, VideoPlayer.swift, View.swift, ViewController.swift, Window.swift, Weak.swift (in target 'SwiftUIIntrospect' from project 'swiftui-introspect')
SwiftCompile normal arm64 Compiling\ PlatformViewVersion.swift,\ Utils.swift,\ Button.swift,\ ColorPicker.swift,\ DatePicker.swift,\ DatePickerWithCompactStyle.swift /Users/admin/builder/spi-builder-workspace/.dependencies/checkouts/SwiftUI-Introspect/Sources/PlatformViewVersion.swift /Users/admin/builder/spi-builder-workspace/.dependencies/checkouts/SwiftUI-Introspect/Sources/Utils.swift /Users/admin/builder/spi-builder-workspace/.dependencies/checkouts/SwiftUI-Introspect/Sources/ViewTypes/Button.swift /Users/admin/builder/spi-builder-workspace/.dependencies/checkouts/SwiftUI-Introspect/Sources/ViewTypes/ColorPicker.swift /Users/admin/builder/spi-builder-workspace/.dependencies/checkouts/SwiftUI-Introspect/Sources/ViewTypes/DatePicker.swift /Users/admin/builder/spi-builder-workspace/.dependencies/checkouts/SwiftUI-Introspect/Sources/ViewTypes/DatePickerWithCompactStyle.swift (in target 'SwiftUIIntrospect' from project 'swiftui-introspect')
SwiftCompile normal arm64 /Users/admin/builder/spi-builder-workspace/.dependencies/checkouts/SwiftUI-Introspect/Sources/PlatformViewVersion.swift (in target 'SwiftUIIntrospect' from project 'swiftui-introspect')
cd /Users/admin/builder/spi-builder-workspace/.swiftpm/xcode
builtin-SwiftPerFileCompile PlatformViewVersion.swift
SwiftCompile normal arm64 /Users/admin/builder/spi-builder-workspace/.dependencies/checkouts/SwiftUI-Introspect/Sources/Utils.swift (in target 'SwiftUIIntrospect' from project 'swiftui-introspect')
cd /Users/admin/builder/spi-builder-workspace/.swiftpm/xcode
builtin-SwiftPerFileCompile Utils.swift
SwiftCompile normal arm64 /Users/admin/builder/spi-builder-workspace/.dependencies/checkouts/SwiftUI-Introspect/Sources/ViewTypes/Button.swift (in target 'SwiftUIIntrospect' from project 'swiftui-introspect')
cd /Users/admin/builder/spi-builder-workspace/.swiftpm/xcode
builtin-SwiftPerFileCompile Button.swift
SwiftCompile normal arm64 /Users/admin/builder/spi-builder-workspace/.dependencies/checkouts/SwiftUI-Introspect/Sources/ViewTypes/ColorPicker.swift (in target 'SwiftUIIntrospect' from project 'swiftui-introspect')
cd /Users/admin/builder/spi-builder-workspace/.swiftpm/xcode
builtin-SwiftPerFileCompile ColorPicker.swift
SwiftCompile normal arm64 /Users/admin/builder/spi-builder-workspace/.dependencies/checkouts/SwiftUI-Introspect/Sources/ViewTypes/DatePicker.swift (in target 'SwiftUIIntrospect' from project 'swiftui-introspect')
cd /Users/admin/builder/spi-builder-workspace/.swiftpm/xcode
builtin-SwiftPerFileCompile DatePicker.swift
SwiftCompile normal arm64 /Users/admin/builder/spi-builder-workspace/.dependencies/checkouts/SwiftUI-Introspect/Sources/ViewTypes/DatePickerWithCompactStyle.swift (in target 'SwiftUIIntrospect' from project 'swiftui-introspect')
cd /Users/admin/builder/spi-builder-workspace/.swiftpm/xcode
builtin-SwiftPerFileCompile DatePickerWithCompactStyle.swift
SwiftDriverJobDiscovery normal arm64_32 Compiling Introspect.swift, IntrospectableViewType.swift, IntrospectionSelector.swift, IntrospectionView.swift, PlatformVersion.swift, PlatformView.swift (in target 'SwiftUIIntrospect' from project 'swiftui-introspect')
SwiftCompile normal arm64_32 Compiling\ PlatformViewVersion.swift,\ Utils.swift,\ Button.swift,\ ColorPicker.swift,\ DatePicker.swift,\ DatePickerWithCompactStyle.swift /Users/admin/builder/spi-builder-workspace/.dependencies/checkouts/SwiftUI-Introspect/Sources/PlatformViewVersion.swift /Users/admin/builder/spi-builder-workspace/.dependencies/checkouts/SwiftUI-Introspect/Sources/Utils.swift /Users/admin/builder/spi-builder-workspace/.dependencies/checkouts/SwiftUI-Introspect/Sources/ViewTypes/Button.swift /Users/admin/builder/spi-builder-workspace/.dependencies/checkouts/SwiftUI-Introspect/Sources/ViewTypes/ColorPicker.swift /Users/admin/builder/spi-builder-workspace/.dependencies/checkouts/SwiftUI-Introspect/Sources/ViewTypes/DatePicker.swift /Users/admin/builder/spi-builder-workspace/.dependencies/checkouts/SwiftUI-Introspect/Sources/ViewTypes/DatePickerWithCompactStyle.swift (in target 'SwiftUIIntrospect' from project 'swiftui-introspect')
SwiftCompile normal arm64_32 /Users/admin/builder/spi-builder-workspace/.dependencies/checkouts/SwiftUI-Introspect/Sources/PlatformViewVersion.swift (in target 'SwiftUIIntrospect' from project 'swiftui-introspect')
cd /Users/admin/builder/spi-builder-workspace/.swiftpm/xcode
builtin-SwiftPerFileCompile PlatformViewVersion.swift
SwiftCompile normal arm64_32 /Users/admin/builder/spi-builder-workspace/.dependencies/checkouts/SwiftUI-Introspect/Sources/Utils.swift (in target 'SwiftUIIntrospect' from project 'swiftui-introspect')
cd /Users/admin/builder/spi-builder-workspace/.swiftpm/xcode
builtin-SwiftPerFileCompile Utils.swift
SwiftCompile normal arm64_32 /Users/admin/builder/spi-builder-workspace/.dependencies/checkouts/SwiftUI-Introspect/Sources/ViewTypes/Button.swift (in target 'SwiftUIIntrospect' from project 'swiftui-introspect')
cd /Users/admin/builder/spi-builder-workspace/.swiftpm/xcode
builtin-SwiftPerFileCompile Button.swift
SwiftCompile normal arm64_32 /Users/admin/builder/spi-builder-workspace/.dependencies/checkouts/SwiftUI-Introspect/Sources/ViewTypes/ColorPicker.swift (in target 'SwiftUIIntrospect' from project 'swiftui-introspect')
cd /Users/admin/builder/spi-builder-workspace/.swiftpm/xcode
builtin-SwiftPerFileCompile ColorPicker.swift
SwiftCompile normal arm64_32 /Users/admin/builder/spi-builder-workspace/.dependencies/checkouts/SwiftUI-Introspect/Sources/ViewTypes/DatePicker.swift (in target 'SwiftUIIntrospect' from project 'swiftui-introspect')
cd /Users/admin/builder/spi-builder-workspace/.swiftpm/xcode
builtin-SwiftPerFileCompile DatePicker.swift
SwiftCompile normal arm64_32 /Users/admin/builder/spi-builder-workspace/.dependencies/checkouts/SwiftUI-Introspect/Sources/ViewTypes/DatePickerWithCompactStyle.swift (in target 'SwiftUIIntrospect' from project 'swiftui-introspect')
cd /Users/admin/builder/spi-builder-workspace/.swiftpm/xcode
builtin-SwiftPerFileCompile DatePickerWithCompactStyle.swift
SwiftCompile normal arm64 Compiling\ Introspect.swift,\ IntrospectableViewType.swift,\ IntrospectionSelector.swift,\ IntrospectionView.swift,\ PlatformVersion.swift,\ PlatformView.swift /Users/admin/builder/spi-builder-workspace/.dependencies/checkouts/SwiftUI-Introspect/Sources/Introspect.swift /Users/admin/builder/spi-builder-workspace/.dependencies/checkouts/SwiftUI-Introspect/Sources/IntrospectableViewType.swift /Users/admin/builder/spi-builder-workspace/.dependencies/checkouts/SwiftUI-Introspect/Sources/IntrospectionSelector.swift /Users/admin/builder/spi-builder-workspace/.dependencies/checkouts/SwiftUI-Introspect/Sources/IntrospectionView.swift /Users/admin/builder/spi-builder-workspace/.dependencies/checkouts/SwiftUI-Introspect/Sources/PlatformVersion.swift /Users/admin/builder/spi-builder-workspace/.dependencies/checkouts/SwiftUI-Introspect/Sources/PlatformView.swift (in target 'SwiftUIIntrospect' from project 'swiftui-introspect')
SwiftCompile normal arm64 /Users/admin/builder/spi-builder-workspace/.dependencies/checkouts/SwiftUI-Introspect/Sources/Introspect.swift (in target 'SwiftUIIntrospect' from project 'swiftui-introspect')
cd /Users/admin/builder/spi-builder-workspace/.swiftpm/xcode
builtin-SwiftPerFileCompile Introspect.swift
SwiftCompile normal arm64 /Users/admin/builder/spi-builder-workspace/.dependencies/checkouts/SwiftUI-Introspect/Sources/IntrospectableViewType.swift (in target 'SwiftUIIntrospect' from project 'swiftui-introspect')
cd /Users/admin/builder/spi-builder-workspace/.swiftpm/xcode
builtin-SwiftPerFileCompile IntrospectableViewType.swift
SwiftCompile normal arm64 /Users/admin/builder/spi-builder-workspace/.dependencies/checkouts/SwiftUI-Introspect/Sources/IntrospectionSelector.swift (in target 'SwiftUIIntrospect' from project 'swiftui-introspect')
cd /Users/admin/builder/spi-builder-workspace/.swiftpm/xcode
builtin-SwiftPerFileCompile IntrospectionSelector.swift
SwiftCompile normal arm64 /Users/admin/builder/spi-builder-workspace/.dependencies/checkouts/SwiftUI-Introspect/Sources/IntrospectionView.swift (in target 'SwiftUIIntrospect' from project 'swiftui-introspect')
cd /Users/admin/builder/spi-builder-workspace/.swiftpm/xcode
builtin-SwiftPerFileCompile IntrospectionView.swift
SwiftCompile normal arm64 /Users/admin/builder/spi-builder-workspace/.dependencies/checkouts/SwiftUI-Introspect/Sources/PlatformVersion.swift (in target 'SwiftUIIntrospect' from project 'swiftui-introspect')
cd /Users/admin/builder/spi-builder-workspace/.swiftpm/xcode
builtin-SwiftPerFileCompile PlatformVersion.swift
SwiftCompile normal arm64 /Users/admin/builder/spi-builder-workspace/.dependencies/checkouts/SwiftUI-Introspect/Sources/PlatformView.swift (in target 'SwiftUIIntrospect' from project 'swiftui-introspect')
cd /Users/admin/builder/spi-builder-workspace/.swiftpm/xcode
builtin-SwiftPerFileCompile PlatformView.swift
SwiftDriverJobDiscovery normal arm64_32 Compiling DatePickerWithFieldStyle.swift, DatePickerWithGraphicalStyle.swift, DatePickerWithStepperFieldStyle.swift, DatePickerWithWheelStyle.swift, Form.swift, FormWithGroupedStyle.swift (in target 'SwiftUIIntrospect' from project 'swiftui-introspect')
SwiftDriverJobDiscovery normal arm64_32 Compiling SignInWithAppleButton.swift, Slider.swift, Stepper.swift, TabView.swift, TabViewWithPageStyle.swift, Table.swift (in target 'SwiftUIIntrospect' from project 'swiftui-introspect')
SwiftDriver SwiftUIIndexedList normal arm64_32 com.apple.xcode.tools.swift.compiler (in target 'SwiftUIIndexedList' from project 'SwiftUIIndexedList')
cd /Users/admin/builder/spi-builder-workspace/.swiftpm/xcode
builtin-SwiftDriver -- /Applications/Xcode-27.0.0-Release.Candidate.app/Contents/Developer/Toolchains/XcodeDefault.xctoolchain/usr/bin/swiftc -parse-as-library -module-name SwiftUIIndexedList -Onone @/Users/admin/builder/spi-builder-workspace/.derivedData/Build/Intermediates.noindex/SwiftUIIndexedList.build/Debug-watchos/SwiftUIIndexedList-t.build/Objects-normal/arm64_32/SwiftUIIndexedList.SwiftFileList -DSWIFT_PACKAGE -DDEBUG -DSWIFT_MODULE_RESOURCE_BUNDLE_UNAVAILABLE -DXcode -plugin-path /Applications/Xcode-27.0.0-Release.Candidate.app/Contents/Developer/Toolchains/XcodeDefault.xctoolchain/usr/lib/swift/host/plugins/testing -enable-experimental-feature DebugDescriptionMacro -sdk /Applications/Xcode-27.0.0-Release.Candidate.app/Contents/Developer/Platforms/WatchOS.platform/Developer/SDKs/WatchOS27.0.sdk -target arm64_32-apple-watchos9.0 -g -module-cache-path /Users/admin/builder/spi-builder-workspace/.derivedData/ModuleCache.noindex -Xfrontend -serialize-debugging-options -enable-testing -index-store-path /Users/admin/builder/spi-builder-workspace/.derivedData/Index.noindex/DataStore -Xcc -D_LIBCPP_HARDENING_MODE\=_LIBCPP_HARDENING_MODE_DEBUG -swift-version 5 -I /Users/admin/builder/spi-builder-workspace/.derivedData/Build/Products/Debug-watchos -Isystem /Applications/Xcode-27.0.0-Release.Candidate.app/Contents/Developer/Platforms/WatchOS.platform/Developer/usr/lib -F /Users/admin/builder/spi-builder-workspace/.derivedData/Build/Products/Debug-watchos/PackageFrameworks -F /Users/admin/builder/spi-builder-workspace/.derivedData/Build/Products/Debug-watchos -F /Applications/Xcode-27.0.0-Release.Candidate.app/Contents/Developer/Platforms/WatchOS.platform/Developer/Library/Frameworks -F /Applications/Xcode-27.0.0-Release.Candidate.app/Contents/Developer/Platforms/WatchOS.platform/Developer/SDKs/WatchOS27.0.sdk/Developer/Library/Frameworks -c -j10 -enable-batch-mode -incremental -Xcc -ivfsstatcache -Xcc /Users/admin/builder/spi-builder-workspace/.derivedData/SDKStatCaches.noindex/watchos27.0-24R360-e829b21a6f8c9b70876ba0858053c04477534ef55a1706bf4c1112bbb242f0a2.sdkstatcache -output-file-map /Users/admin/builder/spi-builder-workspace/.derivedData/Build/Intermediates.noindex/SwiftUIIndexedList.build/Debug-watchos/SwiftUIIndexedList-t.build/Objects-normal/arm64_32/SwiftUIIndexedList-OutputFileMap.json -save-temps -no-color-diagnostics -explicit-module-build -module-cache-path /Users/admin/builder/spi-builder-workspace/.derivedData/Build/Intermediates.noindex/SwiftExplicitPrecompiledModules -clang-scanner-module-cache-path /Users/admin/builder/spi-builder-workspace/.derivedData/ModuleCache.noindex -sdk-module-cache-path /Users/admin/builder/spi-builder-workspace/.derivedData/SDKExplicitPrecompiledModules -emit-dependencies -emit-module -emit-module-path /Users/admin/builder/spi-builder-workspace/.derivedData/Build/Intermediates.noindex/SwiftUIIndexedList.build/Debug-watchos/SwiftUIIndexedList-t.build/Objects-normal/arm64_32/SwiftUIIndexedList.swiftmodule -serialize-diagnostics -dependency-scan-serialize-diagnostics-path /Users/admin/builder/spi-builder-workspace/.derivedData/Build/Intermediates.noindex/SwiftUIIndexedList.build/Debug-watchos/SwiftUIIndexedList-t.build/Objects-normal/arm64_32/SwiftUIIndexedList-dependency-scan.dia -validate-clang-modules-once -clang-build-session-file /Users/admin/builder/spi-builder-workspace/.derivedData/ModuleCache.noindex/Session.modulevalidation -Xcc -fmodules-prune-interval\=86400 -Xcc -fmodules-prune-after\=345600 -package-name spi_builder_workspace -emit-const-values -const-gather-protocols-list /Users/admin/builder/spi-builder-workspace/.derivedData/Build/Intermediates.noindex/SwiftUIIndexedList.build/Debug-watchos/SwiftUIIndexedList-t.build/Objects-normal/arm64_32/SwiftUIIndexedList_const_extract_protocols.json -Xcc -I/Users/admin/builder/spi-builder-workspace/.derivedData/Build/Products/Debug-watchos/include -Xcc -I/Users/admin/builder/spi-builder-workspace/.derivedData/Build/Intermediates.noindex/SwiftUIIndexedList.build/Debug-watchos/SwiftUIIndexedList-t.build/DerivedSources-normal/arm64_32 -Xcc -I/Users/admin/builder/spi-builder-workspace/.derivedData/Build/Intermediates.noindex/SwiftUIIndexedList.build/Debug-watchos/SwiftUIIndexedList-t.build/DerivedSources/arm64_32 -Xcc -I/Users/admin/builder/spi-builder-workspace/.derivedData/Build/Intermediates.noindex/SwiftUIIndexedList.build/Debug-watchos/SwiftUIIndexedList-t.build/DerivedSources -Xcc -DSWIFT_PACKAGE -Xcc -DDEBUG\=1 -emit-objc-header -emit-objc-header-path /Users/admin/builder/spi-builder-workspace/.derivedData/Build/Intermediates.noindex/SwiftUIIndexedList.build/Debug-watchos/SwiftUIIndexedList-t.build/Objects-normal/arm64_32/SwiftUIIndexedList-Swift.h -working-directory /Users/admin/builder/spi-builder-workspace/.swiftpm/xcode -experimental-emit-module-separately -disable-cmo
SwiftDriver SwiftUIIndexedList normal arm64 com.apple.xcode.tools.swift.compiler (in target 'SwiftUIIndexedList' from project 'SwiftUIIndexedList')
cd /Users/admin/builder/spi-builder-workspace/.swiftpm/xcode
builtin-SwiftDriver -- /Applications/Xcode-27.0.0-Release.Candidate.app/Contents/Developer/Toolchains/XcodeDefault.xctoolchain/usr/bin/swiftc -parse-as-library -module-name SwiftUIIndexedList -Onone @/Users/admin/builder/spi-builder-workspace/.derivedData/Build/Intermediates.noindex/SwiftUIIndexedList.build/Debug-watchos/SwiftUIIndexedList-t.build/Objects-normal/arm64/SwiftUIIndexedList.SwiftFileList -DSWIFT_PACKAGE -DDEBUG -DSWIFT_MODULE_RESOURCE_BUNDLE_UNAVAILABLE -DXcode -plugin-path /Applications/Xcode-27.0.0-Release.Candidate.app/Contents/Developer/Toolchains/XcodeDefault.xctoolchain/usr/lib/swift/host/plugins/testing -enable-experimental-feature DebugDescriptionMacro -sdk /Applications/Xcode-27.0.0-Release.Candidate.app/Contents/Developer/Platforms/WatchOS.platform/Developer/SDKs/WatchOS27.0.sdk -target arm64-apple-watchos9.0 -g -module-cache-path /Users/admin/builder/spi-builder-workspace/.derivedData/ModuleCache.noindex -Xfrontend -serialize-debugging-options -enable-testing -index-store-path /Users/admin/builder/spi-builder-workspace/.derivedData/Index.noindex/DataStore -Xcc -D_LIBCPP_HARDENING_MODE\=_LIBCPP_HARDENING_MODE_DEBUG -swift-version 5 -I /Users/admin/builder/spi-builder-workspace/.derivedData/Build/Products/Debug-watchos -Isystem /Applications/Xcode-27.0.0-Release.Candidate.app/Contents/Developer/Platforms/WatchOS.platform/Developer/usr/lib -F /Users/admin/builder/spi-builder-workspace/.derivedData/Build/Products/Debug-watchos/PackageFrameworks -F /Users/admin/builder/spi-builder-workspace/.derivedData/Build/Products/Debug-watchos -F /Applications/Xcode-27.0.0-Release.Candidate.app/Contents/Developer/Platforms/WatchOS.platform/Developer/Library/Frameworks -F /Applications/Xcode-27.0.0-Release.Candidate.app/Contents/Developer/Platforms/WatchOS.platform/Developer/SDKs/WatchOS27.0.sdk/Developer/Library/Frameworks -c -j10 -enable-batch-mode -incremental -Xcc -ivfsstatcache -Xcc /Users/admin/builder/spi-builder-workspace/.derivedData/SDKStatCaches.noindex/watchos27.0-24R360-e829b21a6f8c9b70876ba0858053c04477534ef55a1706bf4c1112bbb242f0a2.sdkstatcache -output-file-map /Users/admin/builder/spi-builder-workspace/.derivedData/Build/Intermediates.noindex/SwiftUIIndexedList.build/Debug-watchos/SwiftUIIndexedList-t.build/Objects-normal/arm64/SwiftUIIndexedList-OutputFileMap.json -save-temps -no-color-diagnostics -explicit-module-build -module-cache-path /Users/admin/builder/spi-builder-workspace/.derivedData/Build/Intermediates.noindex/SwiftExplicitPrecompiledModules -clang-scanner-module-cache-path /Users/admin/builder/spi-builder-workspace/.derivedData/ModuleCache.noindex -sdk-module-cache-path /Users/admin/builder/spi-builder-workspace/.derivedData/SDKExplicitPrecompiledModules -emit-dependencies -emit-module -emit-module-path /Users/admin/builder/spi-builder-workspace/.derivedData/Build/Intermediates.noindex/SwiftUIIndexedList.build/Debug-watchos/SwiftUIIndexedList-t.build/Objects-normal/arm64/SwiftUIIndexedList.swiftmodule -serialize-diagnostics -dependency-scan-serialize-diagnostics-path /Users/admin/builder/spi-builder-workspace/.derivedData/Build/Intermediates.noindex/SwiftUIIndexedList.build/Debug-watchos/SwiftUIIndexedList-t.build/Objects-normal/arm64/SwiftUIIndexedList-dependency-scan.dia -validate-clang-modules-once -clang-build-session-file /Users/admin/builder/spi-builder-workspace/.derivedData/ModuleCache.noindex/Session.modulevalidation -Xcc -fmodules-prune-interval\=86400 -Xcc -fmodules-prune-after\=345600 -package-name spi_builder_workspace -emit-const-values -const-gather-protocols-list /Users/admin/builder/spi-builder-workspace/.derivedData/Build/Intermediates.noindex/SwiftUIIndexedList.build/Debug-watchos/SwiftUIIndexedList-t.build/Objects-normal/arm64/SwiftUIIndexedList_const_extract_protocols.json -Xcc -I/Users/admin/builder/spi-builder-workspace/.derivedData/Build/Products/Debug-watchos/include -Xcc -I/Users/admin/builder/spi-builder-workspace/.derivedData/Build/Intermediates.noindex/SwiftUIIndexedList.build/Debug-watchos/SwiftUIIndexedList-t.build/DerivedSources-normal/arm64 -Xcc -I/Users/admin/builder/spi-builder-workspace/.derivedData/Build/Intermediates.noindex/SwiftUIIndexedList.build/Debug-watchos/SwiftUIIndexedList-t.build/DerivedSources/arm64 -Xcc -I/Users/admin/builder/spi-builder-workspace/.derivedData/Build/Intermediates.noindex/SwiftUIIndexedList.build/Debug-watchos/SwiftUIIndexedList-t.build/DerivedSources -Xcc -DSWIFT_PACKAGE -Xcc -DDEBUG\=1 -emit-objc-header -emit-objc-header-path /Users/admin/builder/spi-builder-workspace/.derivedData/Build/Intermediates.noindex/SwiftUIIndexedList.build/Debug-watchos/SwiftUIIndexedList-t.build/Objects-normal/arm64/SwiftUIIndexedList-Swift.h -working-directory /Users/admin/builder/spi-builder-workspace/.swiftpm/xcode -experimental-emit-module-separately -disable-cmo
SwiftDriverJobDiscovery normal arm64_32 Compiling TextEditor.swift, TextField.swift, TextFieldWithVerticalAxis.swift, Toggle.swift, ToggleWithButtonStyle.swift, ToggleWithCheckboxStyle.swift (in target 'SwiftUIIntrospect' from project 'swiftui-introspect')
SwiftDriverJobDiscovery normal arm64_32 Compiling ProgressViewWithCircularStyle.swift, ProgressViewWithLinearStyle.swift, ScrollView.swift, SearchField.swift, SecureField.swift, Sheet.swift (in target 'SwiftUIIntrospect' from project 'swiftui-introspect')
SwiftDriverJobDiscovery normal arm64_32 Compiling ListWithInsetStyle.swift, ListWithSidebarStyle.swift, Map.swift, NavigationSplitView.swift, NavigationStack.swift, NavigationViewWithColumnsStyle.swift (in target 'SwiftUIIntrospect' from project 'swiftui-introspect')
SwiftDriverJobDiscovery normal arm64 Compiling ProgressViewWithCircularStyle.swift, ProgressViewWithLinearStyle.swift, ScrollView.swift, SearchField.swift, SecureField.swift, Sheet.swift (in target 'SwiftUIIntrospect' from project 'swiftui-introspect')
SwiftDriverJobDiscovery normal arm64_32 Compiling FullScreenCover.swift, List.swift, ListCell.swift, ListWithBorderedStyle.swift, ListWithGroupedStyle.swift, ListWithInsetGroupedStyle.swift (in target 'SwiftUIIntrospect' from project 'swiftui-introspect')
SwiftDriverJobDiscovery normal arm64_32 Compiling NavigationViewWithStackStyle.swift, PageControl.swift, PickerWithMenuStyle.swift, PickerWithSegmentedStyle.swift, PickerWithWheelStyle.swift, Popover.swift (in target 'SwiftUIIntrospect' from project 'swiftui-introspect')
SwiftDriverJobDiscovery normal arm64 Compiling Introspect.swift, IntrospectableViewType.swift, IntrospectionSelector.swift, IntrospectionView.swift, PlatformVersion.swift, PlatformView.swift (in target 'SwiftUIIntrospect' from project 'swiftui-introspect')
SwiftDriverJobDiscovery normal arm64 Compiling PlatformViewVersion.swift, Utils.swift, Button.swift, ColorPicker.swift, DatePicker.swift, DatePickerWithCompactStyle.swift (in target 'SwiftUIIntrospect' from project 'swiftui-introspect')
SwiftDriver\ Compilation SwiftUIIntrospect normal arm64 com.apple.xcode.tools.swift.compiler (in target 'SwiftUIIntrospect' from project 'swiftui-introspect')
cd /Users/admin/builder/spi-builder-workspace/.swiftpm/xcode
builtin-Swift-Compilation -- /Applications/Xcode-27.0.0-Release.Candidate.app/Contents/Developer/Toolchains/XcodeDefault.xctoolchain/usr/bin/swiftc -parse-as-library -module-name SwiftUIIntrospect -Onone @/Users/admin/builder/spi-builder-workspace/.derivedData/Build/Intermediates.noindex/swiftui-introspect.build/Debug-watchos/SwiftUIIntrospect-t.build/Objects-normal/arm64/SwiftUIIntrospect.SwiftFileList -DSWIFT_PACKAGE -DDEBUG -DSWIFT_MODULE_RESOURCE_BUNDLE_UNAVAILABLE -DXcode -plugin-path /Applications/Xcode-27.0.0-Release.Candidate.app/Contents/Developer/Toolchains/XcodeDefault.xctoolchain/usr/lib/swift/host/plugins/testing -enable-experimental-feature DebugDescriptionMacro -sdk /Applications/Xcode-27.0.0-Release.Candidate.app/Contents/Developer/Platforms/WatchOS.platform/Developer/SDKs/WatchOS27.0.sdk -target arm64-apple-watchos9.0 -g -module-cache-path /Users/admin/builder/spi-builder-workspace/.derivedData/ModuleCache.noindex -Xfrontend -serialize-debugging-options -enable-testing -suppress-warnings -index-store-path /Users/admin/builder/spi-builder-workspace/.derivedData/Index.noindex/DataStore -Xcc -D_LIBCPP_HARDENING_MODE\=_LIBCPP_HARDENING_MODE_DEBUG -swift-version 6 -I /Users/admin/builder/spi-builder-workspace/.derivedData/Build/Products/Debug-watchos -Isystem /Applications/Xcode-27.0.0-Release.Candidate.app/Contents/Developer/Platforms/WatchOS.platform/Developer/usr/lib -F /Users/admin/builder/spi-builder-workspace/.derivedData/Build/Products/Debug-watchos -F /Applications/Xcode-27.0.0-Release.Candidate.app/Contents/Developer/Platforms/WatchOS.platform/Developer/Library/Frameworks -F /Applications/Xcode-27.0.0-Release.Candidate.app/Contents/Developer/Platforms/WatchOS.platform/Developer/SDKs/WatchOS27.0.sdk/Developer/Library/Frameworks -c -j10 -enable-batch-mode -incremental -Xcc -ivfsstatcache -Xcc /Users/admin/builder/spi-builder-workspace/.derivedData/SDKStatCaches.noindex/watchos27.0-24R360-e829b21a6f8c9b70876ba0858053c04477534ef55a1706bf4c1112bbb242f0a2.sdkstatcache -output-file-map /Users/admin/builder/spi-builder-workspace/.derivedData/Build/Intermediates.noindex/swiftui-introspect.build/Debug-watchos/SwiftUIIntrospect-t.build/Objects-normal/arm64/SwiftUIIntrospect-OutputFileMap.json -save-temps -no-color-diagnostics -explicit-module-build -module-cache-path /Users/admin/builder/spi-builder-workspace/.derivedData/Build/Intermediates.noindex/SwiftExplicitPrecompiledModules -clang-scanner-module-cache-path /Users/admin/builder/spi-builder-workspace/.derivedData/ModuleCache.noindex -sdk-module-cache-path /Users/admin/builder/spi-builder-workspace/.derivedData/SDKExplicitPrecompiledModules -emit-dependencies -emit-module -emit-module-path /Users/admin/builder/spi-builder-workspace/.derivedData/Build/Intermediates.noindex/swiftui-introspect.build/Debug-watchos/SwiftUIIntrospect-t.build/Objects-normal/arm64/SwiftUIIntrospect.swiftmodule -serialize-diagnostics -dependency-scan-serialize-diagnostics-path /Users/admin/builder/spi-builder-workspace/.derivedData/Build/Intermediates.noindex/swiftui-introspect.build/Debug-watchos/SwiftUIIntrospect-t.build/Objects-normal/arm64/SwiftUIIntrospect-dependency-scan.dia -user-module-version 1.4.0 -validate-clang-modules-once -clang-build-session-file /Users/admin/builder/spi-builder-workspace/.derivedData/ModuleCache.noindex/Session.modulevalidation -Xcc -fmodules-prune-interval\=86400 -Xcc -fmodules-prune-after\=345600 -package-name swiftui_introspect -emit-const-values -const-gather-protocols-list /Users/admin/builder/spi-builder-workspace/.derivedData/Build/Intermediates.noindex/swiftui-introspect.build/Debug-watchos/SwiftUIIntrospect-t.build/Objects-normal/arm64/SwiftUIIntrospect_const_extract_protocols.json -Xcc -I/Users/admin/builder/spi-builder-workspace/.derivedData/Build/Products/Debug-watchos/include -Xcc -I/Users/admin/builder/spi-builder-workspace/.derivedData/Build/Intermediates.noindex/swiftui-introspect.build/Debug-watchos/SwiftUIIntrospect-t.build/DerivedSources-normal/arm64 -Xcc -I/Users/admin/builder/spi-builder-workspace/.derivedData/Build/Intermediates.noindex/swiftui-introspect.build/Debug-watchos/SwiftUIIntrospect-t.build/DerivedSources/arm64 -Xcc -I/Users/admin/builder/spi-builder-workspace/.derivedData/Build/Intermediates.noindex/swiftui-introspect.build/Debug-watchos/SwiftUIIntrospect-t.build/DerivedSources -Xcc -DSWIFT_PACKAGE -Xcc -DDEBUG\=1 -emit-objc-header -emit-objc-header-path /Users/admin/builder/spi-builder-workspace/.derivedData/Build/Intermediates.noindex/swiftui-introspect.build/Debug-watchos/SwiftUIIntrospect-t.build/Objects-normal/arm64/SwiftUIIntrospect-Swift.h -working-directory /Users/admin/builder/spi-builder-workspace/.swiftpm/xcode -experimental-emit-module-separately -disable-cmo
Ld /Users/admin/builder/spi-builder-workspace/.derivedData/Build/Intermediates.noindex/swiftui-introspect.build/Debug-watchos/SwiftUIIntrospect-t.build/Objects-normal/arm64/Binary/SwiftUIIntrospect.o normal arm64 (in target 'SwiftUIIntrospect' from project 'swiftui-introspect')
cd /Users/admin/builder/spi-builder-workspace/.dependencies/checkouts/SwiftUI-Introspect
/Applications/Xcode-27.0.0-Release.Candidate.app/Contents/Developer/Toolchains/XcodeDefault.xctoolchain/usr/bin/clang -Xlinker -reproducible -target arm64-apple-watchos9.0 -r -isysroot /Applications/Xcode-27.0.0-Release.Candidate.app/Contents/Developer/Platforms/WatchOS.platform/Developer/SDKs/WatchOS27.0.sdk -O0 -w -Xlinker -no_warn_duplicate_libraries -F/Users/admin/builder/spi-builder-workspace/.derivedData/Build/Intermediates.noindex/EagerLinkingTBDs/Debug-watchos -F/Users/admin/builder/spi-builder-workspace/.derivedData/Build/Products/Debug-watchos -iframework /Applications/Xcode-27.0.0-Release.Candidate.app/Contents/Developer/Platforms/WatchOS.platform/Developer/Library/Frameworks -iframework /Applications/Xcode-27.0.0-Release.Candidate.app/Contents/Developer/Platforms/WatchOS.platform/Developer/SDKs/WatchOS27.0.sdk/Developer/Library/Frameworks -filelist /Users/admin/builder/spi-builder-workspace/.derivedData/Build/Intermediates.noindex/swiftui-introspect.build/Debug-watchos/SwiftUIIntrospect-t.build/Objects-normal/arm64/SwiftUIIntrospect.LinkFileList -nostdlib -Xlinker -object_path_lto -Xlinker /Users/admin/builder/spi-builder-workspace/.derivedData/Build/Intermediates.noindex/swiftui-introspect.build/Debug-watchos/SwiftUIIntrospect-t.build/Objects-normal/arm64/SwiftUIIntrospect_lto.o -Xlinker -no_deduplicate -Xlinker -dependency_info -Xlinker /Users/admin/builder/spi-builder-workspace/.derivedData/Build/Intermediates.noindex/swiftui-introspect.build/Debug-watchos/SwiftUIIntrospect-t.build/Objects-normal/arm64/SwiftUIIntrospect_dependency_info.dat -fobjc-link-runtime -L/Applications/Xcode-27.0.0-Release.Candidate.app/Contents/Developer/Toolchains/XcodeDefault.xctoolchain/usr/lib/swift/watchos -L/usr/lib/swift -Xlinker -add_ast_path -Xlinker /Users/admin/builder/spi-builder-workspace/.derivedData/Build/Intermediates.noindex/swiftui-introspect.build/Debug-watchos/SwiftUIIntrospect-t.build/Objects-normal/arm64/SwiftUIIntrospect.swiftmodule -o /Users/admin/builder/spi-builder-workspace/.derivedData/Build/Intermediates.noindex/swiftui-introspect.build/Debug-watchos/SwiftUIIntrospect-t.build/Objects-normal/arm64/Binary/SwiftUIIntrospect.o
SwiftDriverJobDiscovery normal arm64_32 Compiling PlatformViewVersion.swift, Utils.swift, Button.swift, ColorPicker.swift, DatePicker.swift, DatePickerWithCompactStyle.swift (in target 'SwiftUIIntrospect' from project 'swiftui-introspect')
SwiftDriver\ Compilation SwiftUIIntrospect normal arm64_32 com.apple.xcode.tools.swift.compiler (in target 'SwiftUIIntrospect' from project 'swiftui-introspect')
cd /Users/admin/builder/spi-builder-workspace/.swiftpm/xcode
builtin-Swift-Compilation -- /Applications/Xcode-27.0.0-Release.Candidate.app/Contents/Developer/Toolchains/XcodeDefault.xctoolchain/usr/bin/swiftc -parse-as-library -module-name SwiftUIIntrospect -Onone @/Users/admin/builder/spi-builder-workspace/.derivedData/Build/Intermediates.noindex/swiftui-introspect.build/Debug-watchos/SwiftUIIntrospect-t.build/Objects-normal/arm64_32/SwiftUIIntrospect.SwiftFileList -DSWIFT_PACKAGE -DDEBUG -DSWIFT_MODULE_RESOURCE_BUNDLE_UNAVAILABLE -DXcode -plugin-path /Applications/Xcode-27.0.0-Release.Candidate.app/Contents/Developer/Toolchains/XcodeDefault.xctoolchain/usr/lib/swift/host/plugins/testing -enable-experimental-feature DebugDescriptionMacro -sdk /Applications/Xcode-27.0.0-Release.Candidate.app/Contents/Developer/Platforms/WatchOS.platform/Developer/SDKs/WatchOS27.0.sdk -target arm64_32-apple-watchos9.0 -g -module-cache-path /Users/admin/builder/spi-builder-workspace/.derivedData/ModuleCache.noindex -Xfrontend -serialize-debugging-options -enable-testing -suppress-warnings -index-store-path /Users/admin/builder/spi-builder-workspace/.derivedData/Index.noindex/DataStore -Xcc -D_LIBCPP_HARDENING_MODE\=_LIBCPP_HARDENING_MODE_DEBUG -swift-version 6 -I /Users/admin/builder/spi-builder-workspace/.derivedData/Build/Products/Debug-watchos -Isystem /Applications/Xcode-27.0.0-Release.Candidate.app/Contents/Developer/Platforms/WatchOS.platform/Developer/usr/lib -F /Users/admin/builder/spi-builder-workspace/.derivedData/Build/Products/Debug-watchos -F /Applications/Xcode-27.0.0-Release.Candidate.app/Contents/Developer/Platforms/WatchOS.platform/Developer/Library/Frameworks -F /Applications/Xcode-27.0.0-Release.Candidate.app/Contents/Developer/Platforms/WatchOS.platform/Developer/SDKs/WatchOS27.0.sdk/Developer/Library/Frameworks -c -j10 -enable-batch-mode -incremental -Xcc -ivfsstatcache -Xcc /Users/admin/builder/spi-builder-workspace/.derivedData/SDKStatCaches.noindex/watchos27.0-24R360-e829b21a6f8c9b70876ba0858053c04477534ef55a1706bf4c1112bbb242f0a2.sdkstatcache -output-file-map /Users/admin/builder/spi-builder-workspace/.derivedData/Build/Intermediates.noindex/swiftui-introspect.build/Debug-watchos/SwiftUIIntrospect-t.build/Objects-normal/arm64_32/SwiftUIIntrospect-OutputFileMap.json -save-temps -no-color-diagnostics -explicit-module-build -module-cache-path /Users/admin/builder/spi-builder-workspace/.derivedData/Build/Intermediates.noindex/SwiftExplicitPrecompiledModules -clang-scanner-module-cache-path /Users/admin/builder/spi-builder-workspace/.derivedData/ModuleCache.noindex -sdk-module-cache-path /Users/admin/builder/spi-builder-workspace/.derivedData/SDKExplicitPrecompiledModules -emit-dependencies -emit-module -emit-module-path /Users/admin/builder/spi-builder-workspace/.derivedData/Build/Intermediates.noindex/swiftui-introspect.build/Debug-watchos/SwiftUIIntrospect-t.build/Objects-normal/arm64_32/SwiftUIIntrospect.swiftmodule -serialize-diagnostics -dependency-scan-serialize-diagnostics-path /Users/admin/builder/spi-builder-workspace/.derivedData/Build/Intermediates.noindex/swiftui-introspect.build/Debug-watchos/SwiftUIIntrospect-t.build/Objects-normal/arm64_32/SwiftUIIntrospect-dependency-scan.dia -user-module-version 1.4.0 -validate-clang-modules-once -clang-build-session-file /Users/admin/builder/spi-builder-workspace/.derivedData/ModuleCache.noindex/Session.modulevalidation -Xcc -fmodules-prune-interval\=86400 -Xcc -fmodules-prune-after\=345600 -package-name swiftui_introspect -emit-const-values -const-gather-protocols-list /Users/admin/builder/spi-builder-workspace/.derivedData/Build/Intermediates.noindex/swiftui-introspect.build/Debug-watchos/SwiftUIIntrospect-t.build/Objects-normal/arm64_32/SwiftUIIntrospect_const_extract_protocols.json -Xcc -I/Users/admin/builder/spi-builder-workspace/.derivedData/Build/Products/Debug-watchos/include -Xcc -I/Users/admin/builder/spi-builder-workspace/.derivedData/Build/Intermediates.noindex/swiftui-introspect.build/Debug-watchos/SwiftUIIntrospect-t.build/DerivedSources-normal/arm64_32 -Xcc -I/Users/admin/builder/spi-builder-workspace/.derivedData/Build/Intermediates.noindex/swiftui-introspect.build/Debug-watchos/SwiftUIIntrospect-t.build/DerivedSources/arm64_32 -Xcc -I/Users/admin/builder/spi-builder-workspace/.derivedData/Build/Intermediates.noindex/swiftui-introspect.build/Debug-watchos/SwiftUIIntrospect-t.build/DerivedSources -Xcc -DSWIFT_PACKAGE -Xcc -DDEBUG\=1 -emit-objc-header -emit-objc-header-path /Users/admin/builder/spi-builder-workspace/.derivedData/Build/Intermediates.noindex/swiftui-introspect.build/Debug-watchos/SwiftUIIntrospect-t.build/Objects-normal/arm64_32/SwiftUIIntrospect-Swift.h -working-directory /Users/admin/builder/spi-builder-workspace/.swiftpm/xcode -experimental-emit-module-separately -disable-cmo
Ld /Users/admin/builder/spi-builder-workspace/.derivedData/Build/Intermediates.noindex/swiftui-introspect.build/Debug-watchos/SwiftUIIntrospect-t.build/Objects-normal/arm64_32/Binary/SwiftUIIntrospect.o normal arm64_32 (in target 'SwiftUIIntrospect' from project 'swiftui-introspect')
cd /Users/admin/builder/spi-builder-workspace/.dependencies/checkouts/SwiftUI-Introspect
/Applications/Xcode-27.0.0-Release.Candidate.app/Contents/Developer/Toolchains/XcodeDefault.xctoolchain/usr/bin/clang -Xlinker -reproducible -target arm64_32-apple-watchos9.0 -r -isysroot /Applications/Xcode-27.0.0-Release.Candidate.app/Contents/Developer/Platforms/WatchOS.platform/Developer/SDKs/WatchOS27.0.sdk -O0 -w -Xlinker -no_warn_duplicate_libraries -F/Users/admin/builder/spi-builder-workspace/.derivedData/Build/Intermediates.noindex/EagerLinkingTBDs/Debug-watchos -F/Users/admin/builder/spi-builder-workspace/.derivedData/Build/Products/Debug-watchos -iframework /Applications/Xcode-27.0.0-Release.Candidate.app/Contents/Developer/Platforms/WatchOS.platform/Developer/Library/Frameworks -iframework /Applications/Xcode-27.0.0-Release.Candidate.app/Contents/Developer/Platforms/WatchOS.platform/Developer/SDKs/WatchOS27.0.sdk/Developer/Library/Frameworks -filelist /Users/admin/builder/spi-builder-workspace/.derivedData/Build/Intermediates.noindex/swiftui-introspect.build/Debug-watchos/SwiftUIIntrospect-t.build/Objects-normal/arm64_32/SwiftUIIntrospect.LinkFileList -nostdlib -Xlinker -object_path_lto -Xlinker /Users/admin/builder/spi-builder-workspace/.derivedData/Build/Intermediates.noindex/swiftui-introspect.build/Debug-watchos/SwiftUIIntrospect-t.build/Objects-normal/arm64_32/SwiftUIIntrospect_lto.o -Xlinker -no_deduplicate -Xlinker -dependency_info -Xlinker /Users/admin/builder/spi-builder-workspace/.derivedData/Build/Intermediates.noindex/swiftui-introspect.build/Debug-watchos/SwiftUIIntrospect-t.build/Objects-normal/arm64_32/SwiftUIIntrospect_dependency_info.dat -fobjc-link-runtime -L/Applications/Xcode-27.0.0-Release.Candidate.app/Contents/Developer/Toolchains/XcodeDefault.xctoolchain/usr/lib/swift/watchos -L/usr/lib/swift -Xlinker -add_ast_path -Xlinker /Users/admin/builder/spi-builder-workspace/.derivedData/Build/Intermediates.noindex/swiftui-introspect.build/Debug-watchos/SwiftUIIntrospect-t.build/Objects-normal/arm64_32/SwiftUIIntrospect.swiftmodule -o /Users/admin/builder/spi-builder-workspace/.derivedData/Build/Intermediates.noindex/swiftui-introspect.build/Debug-watchos/SwiftUIIntrospect-t.build/Objects-normal/arm64_32/Binary/SwiftUIIntrospect.o
CreateUniversalBinary /Users/admin/builder/spi-builder-workspace/.derivedData/Build/Products/Debug-watchos/SwiftUIIntrospect.o normal arm64\ arm64_32 (in target 'SwiftUIIntrospect' from project 'swiftui-introspect')
cd /Users/admin/builder/spi-builder-workspace/.dependencies/checkouts/SwiftUI-Introspect
/Applications/Xcode-27.0.0-Release.Candidate.app/Contents/Developer/Toolchains/XcodeDefault.xctoolchain/usr/bin/lipo -create /Users/admin/builder/spi-builder-workspace/.derivedData/Build/Intermediates.noindex/swiftui-introspect.build/Debug-watchos/SwiftUIIntrospect-t.build/Objects-normal/arm64/Binary/SwiftUIIntrospect.o /Users/admin/builder/spi-builder-workspace/.derivedData/Build/Intermediates.noindex/swiftui-introspect.build/Debug-watchos/SwiftUIIntrospect-t.build/Objects-normal/arm64_32/Binary/SwiftUIIntrospect.o -output /Users/admin/builder/spi-builder-workspace/.derivedData/Build/Products/Debug-watchos/SwiftUIIntrospect.o
ExtractAppIntentsMetadata (in target 'SwiftUIIntrospect' from project 'swiftui-introspect')
cd /Users/admin/builder/spi-builder-workspace/.dependencies/checkouts/SwiftUI-Introspect
/Applications/Xcode-27.0.0-Release.Candidate.app/Contents/Developer/Toolchains/XcodeDefault.xctoolchain/usr/bin/appintentsmetadataprocessor --toolchain-dir /var/run/com.apple.security.cryptexd/mnt/com.apple.MobileAsset.MetalToolchain-v27.1.266.1.KJbmwB/Metal.xctoolchain --module-name SwiftUIIntrospect --sdk-root /Applications/Xcode-27.0.0-Release.Candidate.app/Contents/Developer/Platforms/WatchOS.platform/Developer/SDKs/WatchOS27.0.sdk --xcode-version 27A266a --platform-family watchOS --deployment-target 9.0 --bundle-identifier swiftui-introspect.SwiftUIIntrospect --output /Users/admin/builder/spi-builder-workspace/.derivedData/Build/Products/Debug-watchos/SwiftUIIntrospect.appintents --target-triple arm64-apple-watchos9.0 --target-triple arm64_32-apple-watchos9.0 --binary-file /Users/admin/builder/spi-builder-workspace/.derivedData/Build/Products/Debug-watchos/SwiftUIIntrospect.o --dependency-file /Users/admin/builder/spi-builder-workspace/.derivedData/Build/Intermediates.noindex/swiftui-introspect.build/Debug-watchos/SwiftUIIntrospect-t.build/Objects-normal/arm64/SwiftUIIntrospect_dependency_info.dat --dependency-file /Users/admin/builder/spi-builder-workspace/.derivedData/Build/Intermediates.noindex/swiftui-introspect.build/Debug-watchos/SwiftUIIntrospect-t.build/Objects-normal/arm64_32/SwiftUIIntrospect_dependency_info.dat --stringsdata-file /Users/admin/builder/spi-builder-workspace/.derivedData/Build/Intermediates.noindex/swiftui-introspect.build/Debug-watchos/SwiftUIIntrospect-t.build/Objects-normal/arm64/ExtractedAppShortcutsMetadata.stringsdata --stringsdata-file /Users/admin/builder/spi-builder-workspace/.derivedData/Build/Intermediates.noindex/swiftui-introspect.build/Debug-watchos/SwiftUIIntrospect-t.build/Objects-normal/arm64_32/ExtractedAppShortcutsMetadata.stringsdata --source-file-list /Users/admin/builder/spi-builder-workspace/.derivedData/Build/Intermediates.noindex/swiftui-introspect.build/Debug-watchos/SwiftUIIntrospect-t.build/Objects-normal/arm64/SwiftUIIntrospect.SwiftFileList --source-file-list /Users/admin/builder/spi-builder-workspace/.derivedData/Build/Intermediates.noindex/swiftui-introspect.build/Debug-watchos/SwiftUIIntrospect-t.build/Objects-normal/arm64_32/SwiftUIIntrospect.SwiftFileList --metadata-file-list /Users/admin/builder/spi-builder-workspace/.derivedData/Build/Intermediates.noindex/swiftui-introspect.build/Debug-watchos/SwiftUIIntrospect-t.build/SwiftUIIntrospect.DependencyMetadataFileList --static-metadata-file-list /Users/admin/builder/spi-builder-workspace/.derivedData/Build/Intermediates.noindex/swiftui-introspect.build/Debug-watchos/SwiftUIIntrospect-t.build/SwiftUIIntrospect.DependencyStaticMetadataFileList --swift-const-vals-list /Users/admin/builder/spi-builder-workspace/.derivedData/Build/Intermediates.noindex/swiftui-introspect.build/Debug-watchos/SwiftUIIntrospect-t.build/Objects-normal/arm64/SwiftUIIntrospect.SwiftConstValuesFileList --swift-const-vals-list /Users/admin/builder/spi-builder-workspace/.derivedData/Build/Intermediates.noindex/swiftui-introspect.build/Debug-watchos/SwiftUIIntrospect-t.build/Objects-normal/arm64_32/SwiftUIIntrospect.SwiftConstValuesFileList --force --compile-time-extraction --deployment-aware-processing --no-app-shortcuts-localization
2026-09-20 12:21:10.617 appintentsmetadataprocessor[775:4698] Starting appintentsmetadataprocessor export
2026-09-20 12:21:10.751 appintentsmetadataprocessor[775:4698] Extracted no relevant App Intents symbols, skipping writing output
SwiftExplicitDependencyGeneratePcm arm64_32 /Users/admin/builder/spi-builder-workspace/.derivedData/SDKExplicitPrecompiledModules/_Builtin_stdbool-A967K8W8YUYEC9SN52KJ7OO88.pcm
SwiftExplicitDependencyGeneratePcm arm64_32 /Users/admin/builder/spi-builder-workspace/.derivedData/SDKExplicitPrecompiledModules/_SwiftConcurrencyShims-6RTBPQ03V7BM9SPRK8SUE055H.pcm
SwiftExplicitDependencyGeneratePcm arm64_32 /Users/admin/builder/spi-builder-workspace/.derivedData/SDKExplicitPrecompiledModules/_Builtin_stddef-H44EFHQX6XSS5MZ7QP6YJZ76.pcm
SwiftExplicitDependencyGeneratePcm arm64_32 /Users/admin/builder/spi-builder-workspace/.derivedData/SDKExplicitPrecompiledModules/DeveloperToolsSupport-DZU5G1OCMNWU0AQRULIFHUJ1Z.pcm
SwiftExplicitDependencyGeneratePcm arm64_32 /Users/admin/builder/spi-builder-workspace/.derivedData/SDKExplicitPrecompiledModules/_Builtin_float-6KO8O3PEWRCA4WC6PPLOYO6WJ.pcm
SwiftExplicitDependencyGeneratePcm arm64_32 /Users/admin/builder/spi-builder-workspace/.derivedData/SDKExplicitPrecompiledModules/SwiftShims-9CQQGWTSNTN9EB5NSHDWUJICH.pcm
SwiftExplicitDependencyGeneratePcm arm64_32 /Users/admin/builder/spi-builder-workspace/.derivedData/SDKExplicitPrecompiledModules/_AvailabilityInternal-244WAN3Z1QBT7PIA64EZEFY1R.pcm
SwiftExplicitDependencyGeneratePcm arm64_32 /Users/admin/builder/spi-builder-workspace/.derivedData/SDKExplicitPrecompiledModules/ptrauth-BFXF358ME5AK535N5A9Z766WU.pcm
SwiftExplicitDependencyGeneratePcm arm64_32 /Users/admin/builder/spi-builder-workspace/.derivedData/SDKExplicitPrecompiledModules/ptrcheck-7ELIH9BTIGVKX3UBITM9N72WD.pcm
SwiftExplicitDependencyGeneratePcm arm64_32 /Users/admin/builder/spi-builder-workspace/.derivedData/SDKExplicitPrecompiledModules/_Builtin_stdarg-D305JG44A2WPI6CJY37X3QJE8.pcm
SwiftExplicitDependencyGeneratePcm arm64 /Users/admin/builder/spi-builder-workspace/.derivedData/SDKExplicitPrecompiledModules/SwiftShims-4MXFZPV6FEB0XBYXCGPWAMQGL.pcm
SwiftExplicitDependencyGeneratePcm arm64 /Users/admin/builder/spi-builder-workspace/.derivedData/SDKExplicitPrecompiledModules/_Builtin_stddef-1FU30Y8SWFB7OUUHMJQH5J6FM.pcm
SwiftExplicitDependencyGeneratePcm arm64 /Users/admin/builder/spi-builder-workspace/.derivedData/SDKExplicitPrecompiledModules/_Builtin_stdbool-83J96QSOFE9VX04AAS6310UAE.pcm
SwiftExplicitDependencyGeneratePcm arm64 /Users/admin/builder/spi-builder-workspace/.derivedData/SDKExplicitPrecompiledModules/_Builtin_float-C0CW5Q4HGBQYKE77TC42IAFB5.pcm
SwiftExplicitDependencyGeneratePcm arm64 /Users/admin/builder/spi-builder-workspace/.derivedData/SDKExplicitPrecompiledModules/_Builtin_stdarg-A7UU8LE6MP85SM26YO7PBZNUQ.pcm
SwiftExplicitDependencyGeneratePcm arm64 /Users/admin/builder/spi-builder-workspace/.derivedData/SDKExplicitPrecompiledModules/DeveloperToolsSupport-E7CNISCB36UE8XQ9IOHK9XDX1.pcm
SwiftExplicitDependencyGeneratePcm arm64 /Users/admin/builder/spi-builder-workspace/.derivedData/SDKExplicitPrecompiledModules/_AvailabilityInternal-BUNV3UXM65NT37THI4W1AM0SF.pcm
SwiftExplicitDependencyGeneratePcm arm64 /Users/admin/builder/spi-builder-workspace/.derivedData/SDKExplicitPrecompiledModules/_SwiftConcurrencyShims-659N52XSKR5F0QSB880BH2FJR.pcm
SwiftExplicitDependencyGeneratePcm arm64 /Users/admin/builder/spi-builder-workspace/.derivedData/SDKExplicitPrecompiledModules/ptrauth-3TZ9WJCGLYD25HQPWH4968ONX.pcm
SwiftExplicitDependencyGeneratePcm arm64 /Users/admin/builder/spi-builder-workspace/.derivedData/SDKExplicitPrecompiledModules/ptrcheck-AIF0NDOYZ8ORBNHQAQR5NNB8M.pcm
SwiftExplicitDependencyGeneratePcm arm64_32 /Users/admin/builder/spi-builder-workspace/.derivedData/SDKExplicitPrecompiledModules/_DarwinFoundation1-2GWF9RFMPLQW4PDHS3NARVI3G.pcm
SwiftExplicitDependencyGeneratePcm arm64 /Users/admin/builder/spi-builder-workspace/.derivedData/SDKExplicitPrecompiledModules/_DarwinFoundation1-7SPX3MD0HMP55E4OLNCPNDQ53.pcm
SwiftExplicitDependencyGeneratePcm arm64_32 /Users/admin/builder/spi-builder-workspace/.derivedData/SDKExplicitPrecompiledModules/_DarwinFoundation2-9MY8GOSYRO0M9MKNXF6D3MBNK.pcm
SwiftExplicitDependencyGeneratePcm arm64_32 /Users/admin/builder/spi-builder-workspace/.derivedData/SDKExplicitPrecompiledModules/_Builtin_limits-3VKBU2AFTD65PAJZ5CJ3LHFM2.pcm
SwiftExplicitDependencyGeneratePcm arm64 /Users/admin/builder/spi-builder-workspace/.derivedData/SDKExplicitPrecompiledModules/_DarwinFoundation2-D0XAPJU49S5E9XMKYOFGSTB1Q.pcm
SwiftExplicitDependencyGeneratePcm arm64 /Users/admin/builder/spi-builder-workspace/.derivedData/SDKExplicitPrecompiledModules/_Builtin_limits-9GWPA2B0H20DYUNYHYCWKABJG.pcm
SwiftExplicitDependencyGeneratePcm arm64_32 /Users/admin/builder/spi-builder-workspace/.derivedData/SDKExplicitPrecompiledModules/string_h-BFVLUQUSBZWYMLCU9QI7VZALW.pcm
SwiftExplicitDependencyGeneratePcm arm64_32 /Users/admin/builder/spi-builder-workspace/.derivedData/SDKExplicitPrecompiledModules/_Builtin_tgmath-23PGCKURCQILXMK0MYZRYDCOU.pcm
SwiftExplicitDependencyGeneratePcm arm64_32 /Users/admin/builder/spi-builder-workspace/.derivedData/SDKExplicitPrecompiledModules/_Builtin_stdint-1HMXWI3V0V4TXHRWZOMZGZ80Y.pcm
SwiftExplicitDependencyGeneratePcm arm64_32 /Users/admin/builder/spi-builder-workspace/.derivedData/SDKExplicitPrecompiledModules/sys_types-8TLLMW08ZJWDGIIPKOYFGHHZW.pcm
SwiftExplicitDependencyGeneratePcm arm64 /Users/admin/builder/spi-builder-workspace/.derivedData/SDKExplicitPrecompiledModules/_Builtin_tgmath-8NQ96OZ0YHXEC24JI95P01UF8.pcm
SwiftExplicitDependencyGeneratePcm arm64 /Users/admin/builder/spi-builder-workspace/.derivedData/SDKExplicitPrecompiledModules/_Builtin_stdint-8XMILLJZEGRN2XG7XZUXZ5RLX.pcm
SwiftExplicitDependencyGeneratePcm arm64 /Users/admin/builder/spi-builder-workspace/.derivedData/SDKExplicitPrecompiledModules/string_h-E6PRXK75PHIPCZFWOFCQ3QBMK.pcm
SwiftExplicitDependencyGeneratePcm arm64 /Users/admin/builder/spi-builder-workspace/.derivedData/SDKExplicitPrecompiledModules/sys_types-2KXQLI78OUCDP779AE68GZJ2.pcm
SwiftExplicitDependencyGeneratePcm arm64_32 /Users/admin/builder/spi-builder-workspace/.derivedData/SDKExplicitPrecompiledModules/_DarwinFoundation3-3DUTYQDQSD9HUAAVY947NMWOI.pcm
SwiftExplicitDependencyGeneratePcm arm64_32 /Users/admin/builder/spi-builder-workspace/.derivedData/SDKExplicitPrecompiledModules/_Builtin_intrinsics-196IIAKDQVU42DLOZP9OQCV76.pcm
SwiftExplicitDependencyGeneratePcm arm64_32 /Users/admin/builder/spi-builder-workspace/.derivedData/SDKExplicitPrecompiledModules/_Builtin_stdatomic-1TY035TURL76BF2U98PZPPZRX.pcm
SwiftExplicitDependencyGeneratePcm arm64 /Users/admin/builder/spi-builder-workspace/.derivedData/SDKExplicitPrecompiledModules/_Builtin_intrinsics-75960HIPCIYA06IUW8FIIPQT.pcm
SwiftExplicitDependencyGeneratePcm arm64 /Users/admin/builder/spi-builder-workspace/.derivedData/SDKExplicitPrecompiledModules/_Builtin_stdatomic-7JEFA3KBJJJN6TKJWY3OG1VG5.pcm
SwiftExplicitDependencyGeneratePcm arm64 /Users/admin/builder/spi-builder-workspace/.derivedData/SDKExplicitPrecompiledModules/_DarwinFoundation3-B97LRG0E9GON2NUE65TVG81HU.pcm
SwiftExplicitDependencyGeneratePcm arm64_32 /Users/admin/builder/spi-builder-workspace/.derivedData/SDKExplicitPrecompiledModules/_Builtin_inttypes-D2KPCR4PEX9AQA33NGLUT5SBR.pcm
SwiftExplicitDependencyGeneratePcm arm64 /Users/admin/builder/spi-builder-workspace/.derivedData/SDKExplicitPrecompiledModules/_Builtin_inttypes-3UQSCM7WNM9EK4HZML8TY5J3D.pcm
SwiftExplicitDependencyGeneratePcm arm64_32 /Users/admin/builder/spi-builder-workspace/.derivedData/SDKExplicitPrecompiledModules/Darwin-3FVT1SKLN2ZQ5RVOABMTQBB34.pcm
SwiftExplicitDependencyGeneratePcm arm64 /Users/admin/builder/spi-builder-workspace/.derivedData/SDKExplicitPrecompiledModules/Darwin-3984OXKFNSPE77NT743WK8SEX.pcm
SwiftExplicitDependencyGeneratePcm arm64_32 /Users/admin/builder/spi-builder-workspace/.derivedData/SDKExplicitPrecompiledModules/simd-21UNWYOBUZI1LVSQ99S1XBLMO.pcm
SwiftExplicitDependencyGeneratePcm arm64 /Users/admin/builder/spi-builder-workspace/.derivedData/SDKExplicitPrecompiledModules/simd-EH08NODU6574T74ZKU61VP9BW.pcm
SwiftExplicitDependencyGeneratePcm arm64_32 /Users/admin/builder/spi-builder-workspace/.derivedData/SDKExplicitPrecompiledModules/ObjectiveC-6IJNELR2E80E7LUKESVCP2KET.pcm
SwiftExplicitDependencyGeneratePcm arm64_32 /Users/admin/builder/spi-builder-workspace/.derivedData/SDKExplicitPrecompiledModules/MachO-56838ZJ0NC1EBAJ0O6O8QMPDX.pcm
SwiftExplicitDependencyGeneratePcm arm64 /Users/admin/builder/spi-builder-workspace/.derivedData/SDKExplicitPrecompiledModules/ObjectiveC-72IVD3VS2RS8Q28D9PIMY0KQP.pcm
SwiftExplicitDependencyGeneratePcm arm64 /Users/admin/builder/spi-builder-workspace/.derivedData/SDKExplicitPrecompiledModules/MachO-2U90NNSAQILBNBPS1SA4F8TYP.pcm
SwiftExplicitDependencyGeneratePcm arm64_32 /Users/admin/builder/spi-builder-workspace/.derivedData/SDKExplicitPrecompiledModules/os_object-5YWTC6L4756IWSTPGXS5NM0D0.pcm
SwiftExplicitDependencyGeneratePcm arm64 /Users/admin/builder/spi-builder-workspace/.derivedData/SDKExplicitPrecompiledModules/os_object-3SDKD7F87FTZ26OON37DRYT6O.pcm
SwiftExplicitDependencyGeneratePcm arm64_32 /Users/admin/builder/spi-builder-workspace/.derivedData/SDKExplicitPrecompiledModules/os_workgroup-5JHTPDMNBUNHLJI8LPHKQK1JK.pcm
SwiftExplicitDependencyGeneratePcm arm64 /Users/admin/builder/spi-builder-workspace/.derivedData/SDKExplicitPrecompiledModules/os_workgroup-89GG5G7YC2D0ZTK6AZXXQ20DH.pcm
SwiftExplicitDependencyGeneratePcm arm64_32 /Users/admin/builder/spi-builder-workspace/.derivedData/SDKExplicitPrecompiledModules/Dispatch-2P62F1T4XV63S4P99TUDTOK2Q.pcm
SwiftExplicitDependencyGeneratePcm arm64 /Users/admin/builder/spi-builder-workspace/.derivedData/SDKExplicitPrecompiledModules/Dispatch-1NLJOVAK60XP0DUB05XA59EIM.pcm
SwiftExplicitDependencyGeneratePcm arm64_32 /Users/admin/builder/spi-builder-workspace/.derivedData/SDKExplicitPrecompiledModules/Spatial-CWVWNML3T0NXVHZDKVLD3X1YZ.pcm
SwiftExplicitDependencyGeneratePcm arm64 /Users/admin/builder/spi-builder-workspace/.derivedData/SDKExplicitPrecompiledModules/Spatial-44FJGYXFAT2AQAW9Z6T7YS02U.pcm
SwiftExplicitDependencyGeneratePcm arm64_32 /Users/admin/builder/spi-builder-workspace/.derivedData/SDKExplicitPrecompiledModules/XPC-81Y45QFY96XYYFCW2GT6FY8S4.pcm
SwiftExplicitDependencyGeneratePcm arm64_32 /Users/admin/builder/spi-builder-workspace/.derivedData/SDKExplicitPrecompiledModules/CoreFoundation-8E6Y4BA3EXYKUGJ24GT9LGV3N.pcm
SwiftExplicitDependencyGeneratePcm arm64 /Users/admin/builder/spi-builder-workspace/.derivedData/SDKExplicitPrecompiledModules/CoreFoundation-8T2L24YC5NU7WO6WQJWRY7W08.pcm
SwiftExplicitDependencyGeneratePcm arm64 /Users/admin/builder/spi-builder-workspace/.derivedData/SDKExplicitPrecompiledModules/XPC-40DR0X1DHKGCV4J1IOLFS8MOU.pcm
SwiftExplicitDependencyGeneratePcm arm64 /Users/admin/builder/spi-builder-workspace/.derivedData/SDKExplicitPrecompiledModules/os-5DIL6Z9LFIGLMZAHM7X2T5435.pcm
SwiftExplicitDependencyGeneratePcm arm64_32 /Users/admin/builder/spi-builder-workspace/.derivedData/SDKExplicitPrecompiledModules/os-E5IGB442IA6SBB25TTCOLK2OC.pcm
SwiftExplicitDependencyGeneratePcm arm64_32 /Users/admin/builder/spi-builder-workspace/.derivedData/SDKExplicitPrecompiledModules/CoreGraphics-9FDXYX6BKBUT6TJ2VF819E7T5.pcm
SwiftExplicitDependencyGeneratePcm arm64_32 /Users/admin/builder/spi-builder-workspace/.derivedData/SDKExplicitPrecompiledModules/Security-D7TOWF88VWF67TB9HAFP5UWB1.pcm
SwiftExplicitDependencyGeneratePcm arm64_32 /Users/admin/builder/spi-builder-workspace/.derivedData/SDKExplicitPrecompiledModules/CoreAudioTypes-9GVB1DHA32M46R4A9NWSI3I2K.pcm
SwiftExplicitDependencyGeneratePcm arm64 /Users/admin/builder/spi-builder-workspace/.derivedData/SDKExplicitPrecompiledModules/CoreAudioTypes-A9MF7N5LT63G21HNFVM6BT14B.pcm
SwiftExplicitDependencyGeneratePcm arm64 /Users/admin/builder/spi-builder-workspace/.derivedData/SDKExplicitPrecompiledModules/Security-6RZ6YBRU8WCUHRFFRVUK5WKMM.pcm
SwiftExplicitDependencyGeneratePcm arm64 /Users/admin/builder/spi-builder-workspace/.derivedData/SDKExplicitPrecompiledModules/CoreGraphics-DWNZ73GEH98SBJXZ7DEXB420K.pcm
SwiftExplicitDependencyGeneratePcm arm64_32 /Users/admin/builder/spi-builder-workspace/.derivedData/SDKExplicitPrecompiledModules/CoreAudio-5W6MX6OUPWBMUR8VD5LHT1PZF.pcm
SwiftExplicitDependencyGeneratePcm arm64 /Users/admin/builder/spi-builder-workspace/.derivedData/SDKExplicitPrecompiledModules/CoreAudio-1B79RJJTP71GE6UY9WLESAN3C.pcm
SwiftExplicitDependencyGeneratePcm arm64_32 /Users/admin/builder/spi-builder-workspace/.derivedData/SDKExplicitPrecompiledModules/Foundation-BJ2VQGI3OGR34500MEQ1VKHPH.pcm
SwiftExplicitDependencyGeneratePcm arm64 /Users/admin/builder/spi-builder-workspace/.derivedData/SDKExplicitPrecompiledModules/Foundation-DLBKUSGXN8QHAT8W0OARR9S8A.pcm
SwiftExplicitDependencyGeneratePcm arm64_32 /Users/admin/builder/spi-builder-workspace/.derivedData/SDKExplicitPrecompiledModules/CoreText-C9X2REPZN2V5BSU4G80FCETDR.pcm
SwiftExplicitDependencyGeneratePcm arm64_32 /Users/admin/builder/spi-builder-workspace/.derivedData/SDKExplicitPrecompiledModules/CoreVideo-2P8HI0403J99LBDPKNFJ5D4DL.pcm
SwiftExplicitDependencyGeneratePcm arm64 /Users/admin/builder/spi-builder-workspace/.derivedData/SDKExplicitPrecompiledModules/CoreText-970YJN6NIYGK1316L35Z0O8QT.pcm
SwiftExplicitDependencyGeneratePcm arm64 /Users/admin/builder/spi-builder-workspace/.derivedData/SDKExplicitPrecompiledModules/CoreVideo-8MRR5MNWUOAW2DBPGUQ8FKK4.pcm
SwiftExplicitDependencyGeneratePcm arm64 /Users/admin/builder/spi-builder-workspace/.derivedData/SDKExplicitPrecompiledModules/CoreMedia-1AJVCUZNAO74KIKMFVFUUHWDI.pcm
SwiftExplicitDependencyGeneratePcm arm64_32 /Users/admin/builder/spi-builder-workspace/.derivedData/SDKExplicitPrecompiledModules/CoreMedia-AO387T8CHWTTZODD1DGT0UAFA.pcm
SwiftExplicitDependencyGeneratePcm arm64_32 /Users/admin/builder/spi-builder-workspace/.derivedData/SDKExplicitPrecompiledModules/OSLog-D9AVFY0KWO7RVBIQ73CBIJVCN.pcm
SwiftExplicitDependencyGeneratePcm arm64_32 /Users/admin/builder/spi-builder-workspace/.derivedData/SDKExplicitPrecompiledModules/QuartzCore-6375NPYACK5NYVHPMC1QQ8MC2.pcm
SwiftExplicitDependencyGeneratePcm arm64_32 /Users/admin/builder/spi-builder-workspace/.derivedData/SDKExplicitPrecompiledModules/SceneKit-DKNLHKM5FJBQ79LSNMSSMBUBR.pcm
SwiftExplicitDependencyGeneratePcm arm64_32 /Users/admin/builder/spi-builder-workspace/.derivedData/SDKExplicitPrecompiledModules/UniformTypeIdentifiers-CJZ3NTHPSBH4XWX5EVOG56UZS.pcm
SwiftExplicitDependencyGeneratePcm arm64_32 /Users/admin/builder/spi-builder-workspace/.derivedData/SDKExplicitPrecompiledModules/CoreTransferable-5D4IR6X37682FPHJ5CBPTKQV6.pcm
SwiftExplicitDependencyGeneratePcm arm64_32 /Users/admin/builder/spi-builder-workspace/.derivedData/SDKExplicitPrecompiledModules/CoreData-7AU1AFQWUH88EAPDKVMLJPKVD.pcm
SwiftExplicitDependencyGeneratePcm arm64_32 /Users/admin/builder/spi-builder-workspace/.derivedData/SDKExplicitPrecompiledModules/UserNotifications-6TBN8TEAKO014N1T2QD926XED.pcm
SwiftExplicitDependencyGeneratePcm arm64_32 /Users/admin/builder/spi-builder-workspace/.derivedData/SDKExplicitPrecompiledModules/Accessibility-F385OMZ5GYBUY5O4QAJB4NRII.pcm
SwiftExplicitDependencyGeneratePcm arm64_32 /Users/admin/builder/spi-builder-workspace/.derivedData/SDKExplicitPrecompiledModules/_LocationEssentials-AQ1OL9QKC3LQLY5CNSRM1HB53.pcm
SwiftExplicitDependencyGeneratePcm arm64_32 /Users/admin/builder/spi-builder-workspace/.derivedData/SDKExplicitPrecompiledModules/DataDetection-U9BF7WHFVA6BZGFXXXP272PS.pcm
SwiftExplicitDependencyGeneratePcm arm64 /Users/admin/builder/spi-builder-workspace/.derivedData/SDKExplicitPrecompiledModules/CoreData-9JFJC4UET8BAO5IPV2JU6W9V8.pcm
SwiftExplicitDependencyGeneratePcm arm64 /Users/admin/builder/spi-builder-workspace/.derivedData/SDKExplicitPrecompiledModules/UserNotifications-ARAH8MEQ0C2L0FBO39HITJMAO.pcm
SwiftExplicitDependencyGeneratePcm arm64 /Users/admin/builder/spi-builder-workspace/.derivedData/SDKExplicitPrecompiledModules/Symbols-3EFABTJ9L5PQDJ7RQCYQWEJMM.pcm
SwiftExplicitDependencyGeneratePcm arm64 /Users/admin/builder/spi-builder-workspace/.derivedData/SDKExplicitPrecompiledModules/CoreTransferable-9PPG3SLJ55T4LITIFYX2M0NOZ.pcm
SwiftExplicitDependencyGeneratePcm arm64 /Users/admin/builder/spi-builder-workspace/.derivedData/SDKExplicitPrecompiledModules/OSLog-B7VGO357Y3GJG35TST7DKDSI3.pcm
SwiftExplicitDependencyGeneratePcm arm64 /Users/admin/builder/spi-builder-workspace/.derivedData/SDKExplicitPrecompiledModules/_LocationEssentials-5ZZDGDXB6HLQUC72SJW7YJ7MK.pcm
SwiftExplicitDependencyGeneratePcm arm64 /Users/admin/builder/spi-builder-workspace/.derivedData/SDKExplicitPrecompiledModules/UIUtilities-IR7RNW23VAUKYI9MLCS9NL9A.pcm
SwiftExplicitDependencyGeneratePcm arm64 /Users/admin/builder/spi-builder-workspace/.derivedData/SDKExplicitPrecompiledModules/UniformTypeIdentifiers-8L08Q8DQJV8C4AW84YVGFGTRN.pcm
SwiftExplicitDependencyGeneratePcm arm64_32 /Users/admin/builder/spi-builder-workspace/.derivedData/SDKExplicitPrecompiledModules/SwiftUICore-3Q7WLRD8MR9R3NGIPUBQCP6F6.pcm
SwiftExplicitDependencyGeneratePcm arm64 /Users/admin/builder/spi-builder-workspace/.derivedData/SDKExplicitPrecompiledModules/QuartzCore-94KFMWNOU7ZLUZNB4T5DLZC9D.pcm
SwiftExplicitDependencyGeneratePcm arm64 /Users/admin/builder/spi-builder-workspace/.derivedData/SDKExplicitPrecompiledModules/Accessibility-27QMG6ZQ1NKYTNBYFPM1XKNFC.pcm
SwiftExplicitDependencyGeneratePcm arm64_32 /Users/admin/builder/spi-builder-workspace/.derivedData/SDKExplicitPrecompiledModules/CoreLocation-8XU5YMYM4P11RQMYCQAG65ITK.pcm
SwiftExplicitDependencyGeneratePcm arm64 /Users/admin/builder/spi-builder-workspace/.derivedData/SDKExplicitPrecompiledModules/DataDetection-7BNVI1SZW5ISQL5SX4WL2X7I5.pcm
SwiftExplicitDependencyGeneratePcm arm64_32 /Users/admin/builder/spi-builder-workspace/.derivedData/SDKExplicitPrecompiledModules/UIUtilities-9YFVNIMRC5HRVOIARNWHP1E3H.pcm
SwiftExplicitDependencyGeneratePcm arm64 /Users/admin/builder/spi-builder-workspace/.derivedData/SDKExplicitPrecompiledModules/CoreLocation-ACKJ9K7ABI14F97Y46Y6SRR17.pcm
SwiftExplicitDependencyGeneratePcm arm64_32 /Users/admin/builder/spi-builder-workspace/.derivedData/SDKExplicitPrecompiledModules/Symbols-1H97WMG76HU94F5VGJR19PXFY.pcm
SwiftExplicitDependencyGeneratePcm arm64 /Users/admin/builder/spi-builder-workspace/.derivedData/SDKExplicitPrecompiledModules/SceneKit-5HZKIL7XETTTD8TOHYPN8JKRJ.pcm
SwiftExplicitDependencyGeneratePcm arm64_32 /Users/admin/builder/spi-builder-workspace/.derivedData/SDKExplicitPrecompiledModules/CoreMotion-1XGTVTE5PP32UHME8AC63TL6.pcm
SwiftExplicitDependencyGeneratePcm arm64 /Users/admin/builder/spi-builder-workspace/.derivedData/SDKExplicitPrecompiledModules/SwiftUICore-C1DST1IX2Z0PTH5SJJZ1IULRB.pcm
SwiftExplicitDependencyGeneratePcm arm64 /Users/admin/builder/spi-builder-workspace/.derivedData/SDKExplicitPrecompiledModules/CoreMotion-6RD5K48QT1F4L9CATNFD2O7YB.pcm
SwiftExplicitDependencyGeneratePcm arm64_32 /Users/admin/builder/spi-builder-workspace/.derivedData/SDKExplicitPrecompiledModules/UIKit-6PPV7YPZ89CZPHYAP072QH8B6.pcm
SwiftExplicitDependencyGeneratePcm arm64 /Users/admin/builder/spi-builder-workspace/.derivedData/SDKExplicitPrecompiledModules/UIKit-27R3P1YMV4C6JLDT661G3MRIA.pcm
SwiftExplicitDependencyGeneratePcm arm64_32 /Users/admin/builder/spi-builder-workspace/.derivedData/SDKExplicitPrecompiledModules/MapKit-CWGB4YMP1VX1NYQN5FULFD5DR.pcm
SwiftExplicitDependencyGeneratePcm arm64_32 /Users/admin/builder/spi-builder-workspace/.derivedData/SDKExplicitPrecompiledModules/HomeKit-DUDZOMSN3UK8GNTNBNMPIWJRN.pcm
SwiftExplicitDependencyGeneratePcm arm64 /Users/admin/builder/spi-builder-workspace/.derivedData/SDKExplicitPrecompiledModules/MapKit-EJJWC7IL56MPLQMI93GJRE5OG.pcm
SwiftExplicitDependencyGeneratePcm arm64 /Users/admin/builder/spi-builder-workspace/.derivedData/SDKExplicitPrecompiledModules/HomeKit-DTS1N4AWILAL1URZ5IOXV5221.pcm
SwiftExplicitDependencyGeneratePcm arm64_32 /Users/admin/builder/spi-builder-workspace/.derivedData/SDKExplicitPrecompiledModules/WatchKit-FHF6WTKLC2APGK3LA2XJ6516.pcm
SwiftExplicitDependencyGeneratePcm arm64 /Users/admin/builder/spi-builder-workspace/.derivedData/SDKExplicitPrecompiledModules/WatchKit-3VT3K8YON6FJ6OWSUFJMFMP8J.pcm
SwiftExplicitDependencyGeneratePcm arm64 /Users/admin/builder/spi-builder-workspace/.derivedData/SDKExplicitPrecompiledModules/SwiftUI-APXDH8ULYLM6FD17YRA73TULO.pcm
SwiftExplicitDependencyGeneratePcm arm64_32 /Users/admin/builder/spi-builder-workspace/.derivedData/SDKExplicitPrecompiledModules/SwiftUI-9AYG9OCT5VOJK7V4MX1WYR86T.pcm
SwiftCompile normal arm64 Compiling\ IndexBarBackground.swift /Users/admin/builder/spi-builder-workspace/Sources/SwiftUIIndexedList/Internal/IndexBarBackground.swift (in target 'SwiftUIIndexedList' from project 'SwiftUIIndexedList')
SwiftCompile normal arm64 /Users/admin/builder/spi-builder-workspace/Sources/SwiftUIIndexedList/Internal/IndexBarBackground.swift (in target 'SwiftUIIndexedList' from project 'SwiftUIIndexedList')
cd /Users/admin/builder/spi-builder-workspace/.swiftpm/xcode
builtin-SwiftPerFileCompile IndexBarBackground.swift
SwiftEmitModule normal arm64 Emitting\ module\ for\ SwiftUIIndexedList (in target 'SwiftUIIndexedList' from project 'SwiftUIIndexedList')
/Users/admin/builder/spi-builder-workspace/Sources/SwiftUIIndexedList/Internal/IndexBar.swift:222:42: error: 'UISelectionFeedbackGenerator' is unavailable in watchOS
220 |
221 |
222 | private let selectionFeedbackGenerator = UISelectionFeedbackGenerator()
| `- error: 'UISelectionFeedbackGenerator' is unavailable in watchOS
223 |
224 |
/Applications/Xcode-27.0.0-Release.Candidate.app/Contents/Developer/Platforms/WatchOS.platform/Developer/SDKs/WatchOS27.0.sdk/System/Library/Frameworks/UIKit.framework/Headers/UISelectionFeedbackGenerator.h:15:12: note: 'UISelectionFeedbackGenerator' has been explicitly marked unavailable here
13 | // UISelectionFeedbackGenerator is used to give user feedback when a selection changes
14 | UIKIT_EXTERN API_AVAILABLE(ios(10.0)) API_UNAVAILABLE(visionos, tvos) API_UNAVAILABLE(watchos) NS_SWIFT_UI_ACTOR
15 | @interface UISelectionFeedbackGenerator : UIFeedbackGenerator
| `- note: 'UISelectionFeedbackGenerator' has been explicitly marked unavailable here
16 |
17 | /// call when the selection changes (not on initial selection)
Failed frontend command:
/Applications/Xcode-27.0.0-Release.Candidate.app/Contents/Developer/Toolchains/XcodeDefault.xctoolchain/usr/bin/swift-frontend -frontend -emit-module -experimental-skip-non-inlinable-function-bodies-without-types /Users/admin/builder/spi-builder-workspace/Sources/SwiftUIIndexedList/API/Index.swift /Users/admin/builder/spi-builder-workspace/Sources/SwiftUIIndexedList/API/IndexBarInsets.swift /Users/admin/builder/spi-builder-workspace/Sources/SwiftUIIndexedList/API/Indexable.swift /Users/admin/builder/spi-builder-workspace/Sources/SwiftUIIndexedList/API/IndexedList.swift /Users/admin/builder/spi-builder-workspace/Sources/SwiftUIIndexedList/API/IndexedScrollView.swift /Users/admin/builder/spi-builder-workspace/Sources/SwiftUIIndexedList/API/ScrollAccessory.swift /Users/admin/builder/spi-builder-workspace/Sources/SwiftUIIndexedList/API/View+Extensions.swift /Users/admin/builder/spi-builder-workspace/Sources/SwiftUIIndexedList/Examples/ExampleA.swift /Users/admin/builder/spi-builder-workspace/Sources/SwiftUIIndexedList/Examples/ExampleB.swift /Users/admin/builder/spi-builder-workspace/Sources/SwiftUIIndexedList/Internal/Extensions.swift /Users/admin/builder/spi-builder-workspace/Sources/SwiftUIIndexedList/Internal/IndexBar.swift /Users/admin/builder/spi-builder-workspace/Sources/SwiftUIIndexedList/Internal/IndexBarBackground.swift -target arm64-apple-watchos9.0 -disable-cross-import-overlay-search -load-resolved-plugin /Applications/Xcode-27.0.0-Release.Candidate.app/Contents/Developer/Platforms/WatchOS.platform/Developer/usr/lib/swift/host/plugins/libFoundationMacros.dylib\#/Applications/Xcode-27.0.0-Release.Candidate.app/Contents/Developer/Platforms/WatchOS.platform/Developer/usr/bin/swift-plugin-server\#FoundationMacros -load-resolved-plugin /Applications/Xcode-27.0.0-Release.Candidate.app/Contents/Developer/Platforms/WatchOS.platform/Developer/usr/lib/swift/host/plugins/libObservationMacros.dylib\#/Applications/Xcode-27.0.0-Release.Candidate.app/Contents/Developer/Platforms/WatchOS.platform/Developer/usr/bin/swift-plugin-server\#ObservationMacros -load-resolved-plugin /Applications/Xcode-27.0.0-Release.Candidate.app/Contents/Developer/Platforms/WatchOS.platform/Developer/usr/lib/swift/host/plugins/libPreviewsMacros.dylib\#/Applications/Xcode-27.0.0-Release.Candidate.app/Contents/Developer/Platforms/WatchOS.platform/Developer/usr/bin/swift-plugin-server\#PreviewsMacros -load-resolved-plugin /Applications/Xcode-27.0.0-Release.Candidate.app/Contents/Developer/Platforms/WatchOS.platform/Developer/usr/lib/swift/host/plugins/libSwiftMacros.dylib\#/Applications/Xcode-27.0.0-Release.Candidate.app/Contents/Developer/Platforms/WatchOS.platform/Developer/usr/bin/swift-plugin-server\#SwiftMacros -load-resolved-plugin /Applications/Xcode-27.0.0-Release.Candidate.app/Contents/Developer/Platforms/WatchOS.platform/Developer/usr/lib/swift/host/plugins/libSwiftUIMacros.dylib\#/Applications/Xcode-27.0.0-Release.Candidate.app/Contents/Developer/Platforms/WatchOS.platform/Developer/usr/bin/swift-plugin-server\#SwiftUIMacros -disable-implicit-swift-modules -Xcc -fno-implicit-modules -Xcc -fno-implicit-module-maps -explicit-swift-module-map-file /Users/admin/builder/spi-builder-workspace/.derivedData/Build/Intermediates.noindex/SwiftUIIndexedList.build/Debug-watchos/SwiftUIIndexedList-t.build/Objects-normal/arm64/SwiftUIIndexedList-dependencies-2.json -Xllvm -aarch64-use-tbi -enable-objc-interop -stack-check -sdk /Applications/Xcode-27.0.0-Release.Candidate.app/Contents/Developer/Platforms/WatchOS.platform/Developer/SDKs/WatchOS27.0.sdk -I /Users/admin/builder/spi-builder-workspace/.derivedData/Build/Products/Debug-watchos -Isystem /Applications/Xcode-27.0.0-Release.Candidate.app/Contents/Developer/Platforms/WatchOS.platform/Developer/usr/lib -F /Users/admin/builder/spi-builder-workspace/.derivedData/Build/Products/Debug-watchos/PackageFrameworks -F /Users/admin/builder/spi-builder-workspace/.derivedData/Build/Products/Debug-watchos -F /Applications/Xcode-27.0.0-Release.Candidate.app/Contents/Developer/Platforms/WatchOS.platform/Developer/Library/Frameworks -F /Applications/Xcode-27.0.0-Release.Candidate.app/Contents/Developer/Platforms/WatchOS.platform/Developer/SDKs/WatchOS27.0.sdk/Developer/Library/Frameworks -module-cache-path /Users/admin/builder/spi-builder-workspace/.derivedData/Build/Intermediates.noindex/SwiftExplicitPrecompiledModules -no-color-diagnostics -Xcc -fno-color-diagnostics -enable-testing -g -debug-info-format\=dwarf -dwarf-version\=4 -swift-version 5 -Onone -D SWIFT_PACKAGE -D DEBUG -D SWIFT_MODULE_RESOURCE_BUNDLE_UNAVAILABLE -D Xcode -serialize-debugging-options -enable-experimental-feature DebugDescriptionMacro -empty-abi-descriptor -validate-clang-modules-once -clang-build-session-file /Users/admin/builder/spi-builder-workspace/.derivedData/ModuleCache.noindex/Session.modulevalidation -Xcc -working-directory -Xcc /Users/admin/builder/spi-builder-workspace/.swiftpm/xcode -enable-anonymous-context-mangled-names -file-compilation-dir /Users/admin/builder/spi-builder-workspace/.swiftpm/xcode -Xcc -D_LIBCPP_HARDENING_MODE\=_LIBCPP_HARDENING_MODE_DEBUG -Xcc -ivfsstatcache -Xcc /Users/admin/builder/spi-builder-workspace/.derivedData/SDKStatCaches.noindex/watchos27.0-24R360-e829b21a6f8c9b70876ba0858053c04477534ef55a1706bf4c1112bbb242f0a2.sdkstatcache -Xcc -fmodules-prune-interval\=86400 -Xcc -fmodules-prune-after\=345600 -Xcc -I/Users/admin/builder/spi-builder-workspace/.derivedData/Build/Products/Debug-watchos/include -Xcc -I/Users/admin/builder/spi-builder-workspace/.derivedData/Build/Intermediates.noindex/SwiftUIIndexedList.build/Debug-watchos/SwiftUIIndexedList-t.build/DerivedSources-normal/arm64 -Xcc -I/Users/admin/builder/spi-builder-workspace/.derivedData/Build/Intermediates.noindex/SwiftUIIndexedList.build/Debug-watchos/SwiftUIIndexedList-t.build/DerivedSources/arm64 -Xcc -I/Users/admin/builder/spi-builder-workspace/.derivedData/Build/Intermediates.noindex/SwiftUIIndexedList.build/Debug-watchos/SwiftUIIndexedList-t.build/DerivedSources -Xcc -DSWIFT_PACKAGE -Xcc -DDEBUG\=1 -no-auto-bridging-header-chaining -module-name SwiftUIIndexedList -package-name spi_builder_workspace -const-gather-protocols-file /Users/admin/builder/spi-builder-workspace/.derivedData/Build/Intermediates.noindex/SwiftUIIndexedList.build/Debug-watchos/SwiftUIIndexedList-t.build/Objects-normal/arm64/SwiftUIIndexedList_const_extract_protocols.json -disable-clang-spi -clang-target arm64-apple-watchos27.0 -target-sdk-version 27.0 -target-sdk-name watchos27.0 -in-process-plugin-server-path /Applications/Xcode-27.0.0-Release.Candidate.app/Contents/Developer/Toolchains/XcodeDefault.xctoolchain/usr/lib/swift/host/libSwiftInProcPluginServer.dylib -emit-module-doc-path /Users/admin/builder/spi-builder-workspace/.derivedData/Build/Intermediates.noindex/SwiftUIIndexedList.build/Debug-watchos/SwiftUIIndexedList-t.build/Objects-normal/arm64/SwiftUIIndexedList.swiftdoc -emit-module-source-info-path /Users/admin/builder/spi-builder-workspace/.derivedData/Build/Intermediates.noindex/SwiftUIIndexedList.build/Debug-watchos/SwiftUIIndexedList-t.build/Objects-normal/arm64/SwiftUIIndexedList.swiftsourceinfo -emit-objc-header-path /Users/admin/builder/spi-builder-workspace/.derivedData/Build/Intermediates.noindex/SwiftUIIndexedList.build/Debug-watchos/SwiftUIIndexedList-t.build/Objects-normal/arm64/SwiftUIIndexedList-Swift.h -serialize-diagnostics-path /Users/admin/builder/spi-builder-workspace/.derivedData/Build/Intermediates.noindex/SwiftUIIndexedList.build/Debug-watchos/SwiftUIIndexedList-t.build/Objects-normal/arm64/SwiftUIIndexedList-primary-emit-module.dia -emit-dependencies-path /Users/admin/builder/spi-builder-workspace/.derivedData/Build/Intermediates.noindex/SwiftUIIndexedList.build/Debug-watchos/SwiftUIIndexedList-t.build/Objects-normal/arm64/SwiftUIIndexedList-primary-emit-module.d -parse-as-library -o /Users/admin/builder/spi-builder-workspace/.derivedData/Build/Intermediates.noindex/SwiftUIIndexedList.build/Debug-watchos/SwiftUIIndexedList-t.build/Objects-normal/arm64/SwiftUIIndexedList.swiftmodule -emit-abi-descriptor-path /Users/admin/builder/spi-builder-workspace/.derivedData/Build/Intermediates.noindex/SwiftUIIndexedList.build/Debug-watchos/SwiftUIIndexedList-t.build/Objects-normal/arm64/SwiftUIIndexedList.abi.json
SwiftCompile normal arm64 (in target 'SwiftUIIndexedList' from project 'SwiftUIIndexedList')
cd /Users/admin/builder/spi-builder-workspace/.swiftpm/xcode
SwiftCompile normal arm64 Compiling\ IndexBar.swift /Users/admin/builder/spi-builder-workspace/Sources/SwiftUIIndexedList/Internal/IndexBar.swift (in target 'SwiftUIIndexedList' from project 'SwiftUIIndexedList')
/Users/admin/builder/spi-builder-workspace/Sources/SwiftUIIndexedList/Internal/IndexBar.swift:222:42: error: 'UISelectionFeedbackGenerator' is unavailable in watchOS
220 |
221 |
222 | private let selectionFeedbackGenerator = UISelectionFeedbackGenerator()
| `- error: 'UISelectionFeedbackGenerator' is unavailable in watchOS
223 |
224 |
/Applications/Xcode-27.0.0-Release.Candidate.app/Contents/Developer/Platforms/WatchOS.platform/Developer/SDKs/WatchOS27.0.sdk/System/Library/Frameworks/UIKit.framework/Headers/UISelectionFeedbackGenerator.h:15:12: note: 'UISelectionFeedbackGenerator' has been explicitly marked unavailable here
13 | // UISelectionFeedbackGenerator is used to give user feedback when a selection changes
14 | UIKIT_EXTERN API_AVAILABLE(ios(10.0)) API_UNAVAILABLE(visionos, tvos) API_UNAVAILABLE(watchos) NS_SWIFT_UI_ACTOR
15 | @interface UISelectionFeedbackGenerator : UIFeedbackGenerator
| `- note: 'UISelectionFeedbackGenerator' has been explicitly marked unavailable here
16 |
17 | /// call when the selection changes (not on initial selection)
/Users/admin/builder/spi-builder-workspace/Sources/SwiftUIIndexedList/Internal/IndexBar.swift:226:12: error: 'UIDevice' is unavailable in watchOS
224 |
225 | private var labelSize: CGSize {
226 | switch UIDevice.current.userInterfaceIdiom {
| `- error: 'UIDevice' is unavailable in watchOS
227 | case .phone: CGSize(width: 15, height: 14)
228 | case .pad, .mac: CGSize(width: 30, height: 24)
/Applications/Xcode-27.0.0-Release.Candidate.app/Contents/Developer/Platforms/WatchOS.platform/Developer/SDKs/WatchOS27.0.sdk/System/Library/Frameworks/UIKit.framework/Headers/UIDevice.h:35:12: note: 'UIDevice' has been explicitly marked unavailable here
33 |
34 | UIKIT_EXTERN API_AVAILABLE(ios(2.0)) API_UNAVAILABLE(watchos) NS_SWIFT_UI_ACTOR
35 | @interface UIDevice : NSObject
| `- note: 'UIDevice' has been explicitly marked unavailable here
36 |
37 | @property(class, nonatomic, readonly) UIDevice *currentDevice;
/Users/admin/builder/spi-builder-workspace/Sources/SwiftUIIndexedList/Internal/IndexBar.swift:229:59: error: 'UIDevice' is unavailable in watchOS
227 | case .phone: CGSize(width: 15, height: 14)
228 | case .pad, .mac: CGSize(width: 30, height: 24)
229 | default: fatalError("Unsupported UserInterfaceIdiom \(UIDevice.current.userInterfaceIdiom).")
| `- error: 'UIDevice' is unavailable in watchOS
230 | }
231 | }
/Applications/Xcode-27.0.0-Release.Candidate.app/Contents/Developer/Platforms/WatchOS.platform/Developer/SDKs/WatchOS27.0.sdk/System/Library/Frameworks/UIKit.framework/Headers/UIDevice.h:35:12: note: 'UIDevice' has been explicitly marked unavailable here
33 |
34 | UIKIT_EXTERN API_AVAILABLE(ios(2.0)) API_UNAVAILABLE(watchos) NS_SWIFT_UI_ACTOR
35 | @interface UIDevice : NSObject
| `- note: 'UIDevice' has been explicitly marked unavailable here
36 |
37 | @property(class, nonatomic, readonly) UIDevice *currentDevice;
/Users/admin/builder/spi-builder-workspace/Sources/SwiftUIIndexedList/Internal/IndexBar.swift:233:12: error: 'UIDevice' is unavailable in watchOS
231 | }
232 | private var stackPadding: CGFloat {
233 | switch UIDevice.current.userInterfaceIdiom {
| `- error: 'UIDevice' is unavailable in watchOS
234 | case .phone: 3
235 | case .pad, .mac: 6
/Applications/Xcode-27.0.0-Release.Candidate.app/Contents/Developer/Platforms/WatchOS.platform/Developer/SDKs/WatchOS27.0.sdk/System/Library/Frameworks/UIKit.framework/Headers/UIDevice.h:35:12: note: 'UIDevice' has been explicitly marked unavailable here
33 |
34 | UIKIT_EXTERN API_AVAILABLE(ios(2.0)) API_UNAVAILABLE(watchos) NS_SWIFT_UI_ACTOR
35 | @interface UIDevice : NSObject
| `- note: 'UIDevice' has been explicitly marked unavailable here
36 |
37 | @property(class, nonatomic, readonly) UIDevice *currentDevice;
SwiftCompile normal arm64 /Users/admin/builder/spi-builder-workspace/Sources/SwiftUIIndexedList/Internal/IndexBar.swift (in target 'SwiftUIIndexedList' from project 'SwiftUIIndexedList')
cd /Users/admin/builder/spi-builder-workspace/.swiftpm/xcode
builtin-SwiftPerFileCompile IndexBar.swift
SwiftCompile normal arm64 Compiling\ Extensions.swift /Users/admin/builder/spi-builder-workspace/Sources/SwiftUIIndexedList/Internal/Extensions.swift (in target 'SwiftUIIndexedList' from project 'SwiftUIIndexedList')
/Users/admin/builder/spi-builder-workspace/Sources/SwiftUIIndexedList/Internal/Extensions.swift:44:34: error: 'init(selection:content:)' is only available in watchOS 10.0 or newer
31 |
32 |
33 | internal extension IndexedList {
| `- note: add '@available' attribute to enclosing extension
34 | enum Selection {
35 | case none
:
39 |
40 | @ViewBuilder
41 | func listContent() -> some View {
| `- note: add '@available' attribute to enclosing instance method
42 | switch selection {
43 | case .none: List(content: content)
44 | case let .single(value): List(selection: value, content: content)
| |- error: 'init(selection:content:)' is only available in watchOS 10.0 or newer
| `- note: add 'if #available' version check
45 | case let .multiple(value): List(selection: value, content: content)
46 | }
/Users/admin/builder/spi-builder-workspace/Sources/SwiftUIIndexedList/Internal/Extensions.swift:45:36: error: 'init(selection:content:)' is unavailable in watchOS
43 | case .none: List(content: content)
44 | case let .single(value): List(selection: value, content: content)
45 | case let .multiple(value): List(selection: value, content: content)
| `- error: 'init(selection:content:)' is unavailable in watchOS
46 | }
47 | }
SwiftUI.List.init:3:22: note: 'init(selection:content:)' has been explicitly marked unavailable here
1 | generic struct List {
2 | @available(watchOS, unavailable)
3 | nonisolated public init(selection: Binding<Set<SelectionValue>>?, @ContentBuilder content: () -> Content)}
| `- note: 'init(selection:content:)' has been explicitly marked unavailable here
4 |
SwiftCompile normal arm64 /Users/admin/builder/spi-builder-workspace/Sources/SwiftUIIndexedList/Internal/Extensions.swift (in target 'SwiftUIIndexedList' from project 'SwiftUIIndexedList')
cd /Users/admin/builder/spi-builder-workspace/.swiftpm/xcode
builtin-SwiftPerFileCompile Extensions.swift
SwiftCompile normal arm64 Compiling\ ExampleA.swift /Users/admin/builder/spi-builder-workspace/Sources/SwiftUIIndexedList/Examples/ExampleA.swift (in target 'SwiftUIIndexedList' from project 'SwiftUIIndexedList')
SwiftCompile normal arm64 /Users/admin/builder/spi-builder-workspace/Sources/SwiftUIIndexedList/Examples/ExampleA.swift (in target 'SwiftUIIndexedList' from project 'SwiftUIIndexedList')
cd /Users/admin/builder/spi-builder-workspace/.swiftpm/xcode
builtin-SwiftPerFileCompile ExampleA.swift
SwiftCompile normal arm64 Compiling\ ExampleB.swift /Users/admin/builder/spi-builder-workspace/Sources/SwiftUIIndexedList/Examples/ExampleB.swift (in target 'SwiftUIIndexedList' from project 'SwiftUIIndexedList')
SwiftCompile normal arm64 /Users/admin/builder/spi-builder-workspace/Sources/SwiftUIIndexedList/Examples/ExampleB.swift (in target 'SwiftUIIndexedList' from project 'SwiftUIIndexedList')
cd /Users/admin/builder/spi-builder-workspace/.swiftpm/xcode
builtin-SwiftPerFileCompile ExampleB.swift
SwiftCompile normal arm64_32 Compiling\ ExampleA.swift /Users/admin/builder/spi-builder-workspace/Sources/SwiftUIIndexedList/Examples/ExampleA.swift (in target 'SwiftUIIndexedList' from project 'SwiftUIIndexedList')
SwiftCompile normal arm64_32 /Users/admin/builder/spi-builder-workspace/Sources/SwiftUIIndexedList/Examples/ExampleA.swift (in target 'SwiftUIIndexedList' from project 'SwiftUIIndexedList')
cd /Users/admin/builder/spi-builder-workspace/.swiftpm/xcode
builtin-SwiftPerFileCompile ExampleA.swift
SwiftCompile normal arm64 Compiling\ Index.swift,\ IndexBarInsets.swift /Users/admin/builder/spi-builder-workspace/Sources/SwiftUIIndexedList/API/Index.swift /Users/admin/builder/spi-builder-workspace/Sources/SwiftUIIndexedList/API/IndexBarInsets.swift (in target 'SwiftUIIndexedList' from project 'SwiftUIIndexedList')
SwiftCompile normal arm64 /Users/admin/builder/spi-builder-workspace/Sources/SwiftUIIndexedList/API/Index.swift (in target 'SwiftUIIndexedList' from project 'SwiftUIIndexedList')
cd /Users/admin/builder/spi-builder-workspace/.swiftpm/xcode
builtin-SwiftPerFileCompile Index.swift
SwiftCompile normal arm64 /Users/admin/builder/spi-builder-workspace/Sources/SwiftUIIndexedList/API/IndexBarInsets.swift (in target 'SwiftUIIndexedList' from project 'SwiftUIIndexedList')
cd /Users/admin/builder/spi-builder-workspace/.swiftpm/xcode
builtin-SwiftPerFileCompile IndexBarInsets.swift
SwiftEmitModule normal arm64_32 Emitting\ module\ for\ SwiftUIIndexedList (in target 'SwiftUIIndexedList' from project 'SwiftUIIndexedList')
/Users/admin/builder/spi-builder-workspace/Sources/SwiftUIIndexedList/Internal/IndexBar.swift:222:42: error: 'UISelectionFeedbackGenerator' is unavailable in watchOS
220 |
221 |
222 | private let selectionFeedbackGenerator = UISelectionFeedbackGenerator()
| `- error: 'UISelectionFeedbackGenerator' is unavailable in watchOS
223 |
224 |
/Applications/Xcode-27.0.0-Release.Candidate.app/Contents/Developer/Platforms/WatchOS.platform/Developer/SDKs/WatchOS27.0.sdk/System/Library/Frameworks/UIKit.framework/Headers/UISelectionFeedbackGenerator.h:15:12: note: 'UISelectionFeedbackGenerator' has been explicitly marked unavailable here
13 | // UISelectionFeedbackGenerator is used to give user feedback when a selection changes
14 | UIKIT_EXTERN API_AVAILABLE(ios(10.0)) API_UNAVAILABLE(visionos, tvos) API_UNAVAILABLE(watchos) NS_SWIFT_UI_ACTOR
15 | @interface UISelectionFeedbackGenerator : UIFeedbackGenerator
| `- note: 'UISelectionFeedbackGenerator' has been explicitly marked unavailable here
16 |
17 | /// call when the selection changes (not on initial selection)
Failed frontend command:
/Applications/Xcode-27.0.0-Release.Candidate.app/Contents/Developer/Toolchains/XcodeDefault.xctoolchain/usr/bin/swift-frontend -frontend -emit-module -experimental-skip-non-inlinable-function-bodies-without-types /Users/admin/builder/spi-builder-workspace/Sources/SwiftUIIndexedList/API/Index.swift /Users/admin/builder/spi-builder-workspace/Sources/SwiftUIIndexedList/API/IndexBarInsets.swift /Users/admin/builder/spi-builder-workspace/Sources/SwiftUIIndexedList/API/Indexable.swift /Users/admin/builder/spi-builder-workspace/Sources/SwiftUIIndexedList/API/IndexedList.swift /Users/admin/builder/spi-builder-workspace/Sources/SwiftUIIndexedList/API/IndexedScrollView.swift /Users/admin/builder/spi-builder-workspace/Sources/SwiftUIIndexedList/API/ScrollAccessory.swift /Users/admin/builder/spi-builder-workspace/Sources/SwiftUIIndexedList/API/View+Extensions.swift /Users/admin/builder/spi-builder-workspace/Sources/SwiftUIIndexedList/Examples/ExampleA.swift /Users/admin/builder/spi-builder-workspace/Sources/SwiftUIIndexedList/Examples/ExampleB.swift /Users/admin/builder/spi-builder-workspace/Sources/SwiftUIIndexedList/Internal/Extensions.swift /Users/admin/builder/spi-builder-workspace/Sources/SwiftUIIndexedList/Internal/IndexBar.swift /Users/admin/builder/spi-builder-workspace/Sources/SwiftUIIndexedList/Internal/IndexBarBackground.swift -target arm64_32-apple-watchos9.0 -disable-cross-import-overlay-search -load-resolved-plugin /Applications/Xcode-27.0.0-Release.Candidate.app/Contents/Developer/Platforms/WatchOS.platform/Developer/usr/lib/swift/host/plugins/libFoundationMacros.dylib\#/Applications/Xcode-27.0.0-Release.Candidate.app/Contents/Developer/Platforms/WatchOS.platform/Developer/usr/bin/swift-plugin-server\#FoundationMacros -load-resolved-plugin /Applications/Xcode-27.0.0-Release.Candidate.app/Contents/Developer/Platforms/WatchOS.platform/Developer/usr/lib/swift/host/plugins/libObservationMacros.dylib\#/Applications/Xcode-27.0.0-Release.Candidate.app/Contents/Developer/Platforms/WatchOS.platform/Developer/usr/bin/swift-plugin-server\#ObservationMacros -load-resolved-plugin /Applications/Xcode-27.0.0-Release.Candidate.app/Contents/Developer/Platforms/WatchOS.platform/Developer/usr/lib/swift/host/plugins/libPreviewsMacros.dylib\#/Applications/Xcode-27.0.0-Release.Candidate.app/Contents/Developer/Platforms/WatchOS.platform/Developer/usr/bin/swift-plugin-server\#PreviewsMacros -load-resolved-plugin /Applications/Xcode-27.0.0-Release.Candidate.app/Contents/Developer/Platforms/WatchOS.platform/Developer/usr/lib/swift/host/plugins/libSwiftMacros.dylib\#/Applications/Xcode-27.0.0-Release.Candidate.app/Contents/Developer/Platforms/WatchOS.platform/Developer/usr/bin/swift-plugin-server\#SwiftMacros -load-resolved-plugin /Applications/Xcode-27.0.0-Release.Candidate.app/Contents/Developer/Platforms/WatchOS.platform/Developer/usr/lib/swift/host/plugins/libSwiftUIMacros.dylib\#/Applications/Xcode-27.0.0-Release.Candidate.app/Contents/Developer/Platforms/WatchOS.platform/Developer/usr/bin/swift-plugin-server\#SwiftUIMacros -disable-implicit-swift-modules -Xcc -fno-implicit-modules -Xcc -fno-implicit-module-maps -explicit-swift-module-map-file /Users/admin/builder/spi-builder-workspace/.derivedData/Build/Intermediates.noindex/SwiftUIIndexedList.build/Debug-watchos/SwiftUIIndexedList-t.build/Objects-normal/arm64_32/SwiftUIIndexedList-dependencies-1.json -enable-objc-interop -sdk /Applications/Xcode-27.0.0-Release.Candidate.app/Contents/Developer/Platforms/WatchOS.platform/Developer/SDKs/WatchOS27.0.sdk -I /Users/admin/builder/spi-builder-workspace/.derivedData/Build/Products/Debug-watchos -Isystem /Applications/Xcode-27.0.0-Release.Candidate.app/Contents/Developer/Platforms/WatchOS.platform/Developer/usr/lib -F /Users/admin/builder/spi-builder-workspace/.derivedData/Build/Products/Debug-watchos/PackageFrameworks -F /Users/admin/builder/spi-builder-workspace/.derivedData/Build/Products/Debug-watchos -F /Applications/Xcode-27.0.0-Release.Candidate.app/Contents/Developer/Platforms/WatchOS.platform/Developer/Library/Frameworks -F /Applications/Xcode-27.0.0-Release.Candidate.app/Contents/Developer/Platforms/WatchOS.platform/Developer/SDKs/WatchOS27.0.sdk/Developer/Library/Frameworks -module-cache-path /Users/admin/builder/spi-builder-workspace/.derivedData/Build/Intermediates.noindex/SwiftExplicitPrecompiledModules -no-color-diagnostics -Xcc -fno-color-diagnostics -enable-testing -g -debug-info-format\=dwarf -dwarf-version\=4 -swift-version 5 -Onone -D SWIFT_PACKAGE -D DEBUG -D SWIFT_MODULE_RESOURCE_BUNDLE_UNAVAILABLE -D Xcode -serialize-debugging-options -enable-experimental-feature DebugDescriptionMacro -empty-abi-descriptor -validate-clang-modules-once -clang-build-session-file /Users/admin/builder/spi-builder-workspace/.derivedData/ModuleCache.noindex/Session.modulevalidation -Xcc -working-directory -Xcc /Users/admin/builder/spi-builder-workspace/.swiftpm/xcode -enable-anonymous-context-mangled-names -file-compilation-dir /Users/admin/builder/spi-builder-workspace/.swiftpm/xcode -Xcc -D_LIBCPP_HARDENING_MODE\=_LIBCPP_HARDENING_MODE_DEBUG -Xcc -ivfsstatcache -Xcc /Users/admin/builder/spi-builder-workspace/.derivedData/SDKStatCaches.noindex/watchos27.0-24R360-e829b21a6f8c9b70876ba0858053c04477534ef55a1706bf4c1112bbb242f0a2.sdkstatcache -Xcc -fmodules-prune-interval\=86400 -Xcc -fmodules-prune-after\=345600 -Xcc -I/Users/admin/builder/spi-builder-workspace/.derivedData/Build/Products/Debug-watchos/include -Xcc -I/Users/admin/builder/spi-builder-workspace/.derivedData/Build/Intermediates.noindex/SwiftUIIndexedList.build/Debug-watchos/SwiftUIIndexedList-t.build/DerivedSources-normal/arm64_32 -Xcc -I/Users/admin/builder/spi-builder-workspace/.derivedData/Build/Intermediates.noindex/SwiftUIIndexedList.build/Debug-watchos/SwiftUIIndexedList-t.build/DerivedSources/arm64_32 -Xcc -I/Users/admin/builder/spi-builder-workspace/.derivedData/Build/Intermediates.noindex/SwiftUIIndexedList.build/Debug-watchos/SwiftUIIndexedList-t.build/DerivedSources -Xcc -DSWIFT_PACKAGE -Xcc -DDEBUG\=1 -no-auto-bridging-header-chaining -module-name SwiftUIIndexedList -package-name spi_builder_workspace -const-gather-protocols-file /Users/admin/builder/spi-builder-workspace/.derivedData/Build/Intermediates.noindex/SwiftUIIndexedList.build/Debug-watchos/SwiftUIIndexedList-t.build/Objects-normal/arm64_32/SwiftUIIndexedList_const_extract_protocols.json -disable-clang-spi -clang-target arm64_32-apple-watchos27.0 -target-sdk-version 27.0 -target-sdk-name watchos27.0 -in-process-plugin-server-path /Applications/Xcode-27.0.0-Release.Candidate.app/Contents/Developer/Toolchains/XcodeDefault.xctoolchain/usr/lib/swift/host/libSwiftInProcPluginServer.dylib -emit-module-doc-path /Users/admin/builder/spi-builder-workspace/.derivedData/Build/Intermediates.noindex/SwiftUIIndexedList.build/Debug-watchos/SwiftUIIndexedList-t.build/Objects-normal/arm64_32/SwiftUIIndexedList.swiftdoc -emit-module-source-info-path /Users/admin/builder/spi-builder-workspace/.derivedData/Build/Intermediates.noindex/SwiftUIIndexedList.build/Debug-watchos/SwiftUIIndexedList-t.build/Objects-normal/arm64_32/SwiftUIIndexedList.swiftsourceinfo -emit-objc-header-path /Users/admin/builder/spi-builder-workspace/.derivedData/Build/Intermediates.noindex/SwiftUIIndexedList.build/Debug-watchos/SwiftUIIndexedList-t.build/Objects-normal/arm64_32/SwiftUIIndexedList-Swift.h -serialize-diagnostics-path /Users/admin/builder/spi-builder-workspace/.derivedData/Build/Intermediates.noindex/SwiftUIIndexedList.build/Debug-watchos/SwiftUIIndexedList-t.build/Objects-normal/arm64_32/SwiftUIIndexedList-primary-emit-module.dia -emit-dependencies-path /Users/admin/builder/spi-builder-workspace/.derivedData/Build/Intermediates.noindex/SwiftUIIndexedList.build/Debug-watchos/SwiftUIIndexedList-t.build/Objects-normal/arm64_32/SwiftUIIndexedList-primary-emit-module.d -parse-as-library -o /Users/admin/builder/spi-builder-workspace/.derivedData/Build/Intermediates.noindex/SwiftUIIndexedList.build/Debug-watchos/SwiftUIIndexedList-t.build/Objects-normal/arm64_32/SwiftUIIndexedList.swiftmodule -emit-abi-descriptor-path /Users/admin/builder/spi-builder-workspace/.derivedData/Build/Intermediates.noindex/SwiftUIIndexedList.build/Debug-watchos/SwiftUIIndexedList-t.build/Objects-normal/arm64_32/SwiftUIIndexedList.abi.json
SwiftCompile normal arm64_32 (in target 'SwiftUIIndexedList' from project 'SwiftUIIndexedList')
cd /Users/admin/builder/spi-builder-workspace/.swiftpm/xcode
SwiftCompile normal arm64_32 Compiling\ IndexBar.swift /Users/admin/builder/spi-builder-workspace/Sources/SwiftUIIndexedList/Internal/IndexBar.swift (in target 'SwiftUIIndexedList' from project 'SwiftUIIndexedList')
/Users/admin/builder/spi-builder-workspace/Sources/SwiftUIIndexedList/Internal/IndexBar.swift:222:42: error: 'UISelectionFeedbackGenerator' is unavailable in watchOS
220 |
221 |
222 | private let selectionFeedbackGenerator = UISelectionFeedbackGenerator()
| `- error: 'UISelectionFeedbackGenerator' is unavailable in watchOS
223 |
224 |
/Applications/Xcode-27.0.0-Release.Candidate.app/Contents/Developer/Platforms/WatchOS.platform/Developer/SDKs/WatchOS27.0.sdk/System/Library/Frameworks/UIKit.framework/Headers/UISelectionFeedbackGenerator.h:15:12: note: 'UISelectionFeedbackGenerator' has been explicitly marked unavailable here
13 | // UISelectionFeedbackGenerator is used to give user feedback when a selection changes
14 | UIKIT_EXTERN API_AVAILABLE(ios(10.0)) API_UNAVAILABLE(visionos, tvos) API_UNAVAILABLE(watchos) NS_SWIFT_UI_ACTOR
15 | @interface UISelectionFeedbackGenerator : UIFeedbackGenerator
| `- note: 'UISelectionFeedbackGenerator' has been explicitly marked unavailable here
16 |
17 | /// call when the selection changes (not on initial selection)
/Users/admin/builder/spi-builder-workspace/Sources/SwiftUIIndexedList/Internal/IndexBar.swift:226:12: error: 'UIDevice' is unavailable in watchOS
224 |
225 | private var labelSize: CGSize {
226 | switch UIDevice.current.userInterfaceIdiom {
| `- error: 'UIDevice' is unavailable in watchOS
227 | case .phone: CGSize(width: 15, height: 14)
228 | case .pad, .mac: CGSize(width: 30, height: 24)
/Applications/Xcode-27.0.0-Release.Candidate.app/Contents/Developer/Platforms/WatchOS.platform/Developer/SDKs/WatchOS27.0.sdk/System/Library/Frameworks/UIKit.framework/Headers/UIDevice.h:35:12: note: 'UIDevice' has been explicitly marked unavailable here
33 |
34 | UIKIT_EXTERN API_AVAILABLE(ios(2.0)) API_UNAVAILABLE(watchos) NS_SWIFT_UI_ACTOR
35 | @interface UIDevice : NSObject
| `- note: 'UIDevice' has been explicitly marked unavailable here
36 |
37 | @property(class, nonatomic, readonly) UIDevice *currentDevice;
/Users/admin/builder/spi-builder-workspace/Sources/SwiftUIIndexedList/Internal/IndexBar.swift:229:59: error: 'UIDevice' is unavailable in watchOS
227 | case .phone: CGSize(width: 15, height: 14)
228 | case .pad, .mac: CGSize(width: 30, height: 24)
229 | default: fatalError("Unsupported UserInterfaceIdiom \(UIDevice.current.userInterfaceIdiom).")
| `- error: 'UIDevice' is unavailable in watchOS
230 | }
231 | }
/Applications/Xcode-27.0.0-Release.Candidate.app/Contents/Developer/Platforms/WatchOS.platform/Developer/SDKs/WatchOS27.0.sdk/System/Library/Frameworks/UIKit.framework/Headers/UIDevice.h:35:12: note: 'UIDevice' has been explicitly marked unavailable here
33 |
34 | UIKIT_EXTERN API_AVAILABLE(ios(2.0)) API_UNAVAILABLE(watchos) NS_SWIFT_UI_ACTOR
35 | @interface UIDevice : NSObject
| `- note: 'UIDevice' has been explicitly marked unavailable here
36 |
37 | @property(class, nonatomic, readonly) UIDevice *currentDevice;
/Users/admin/builder/spi-builder-workspace/Sources/SwiftUIIndexedList/Internal/IndexBar.swift:233:12: error: 'UIDevice' is unavailable in watchOS
231 | }
232 | private var stackPadding: CGFloat {
233 | switch UIDevice.current.userInterfaceIdiom {
| `- error: 'UIDevice' is unavailable in watchOS
234 | case .phone: 3
235 | case .pad, .mac: 6
/Applications/Xcode-27.0.0-Release.Candidate.app/Contents/Developer/Platforms/WatchOS.platform/Developer/SDKs/WatchOS27.0.sdk/System/Library/Frameworks/UIKit.framework/Headers/UIDevice.h:35:12: note: 'UIDevice' has been explicitly marked unavailable here
33 |
34 | UIKIT_EXTERN API_AVAILABLE(ios(2.0)) API_UNAVAILABLE(watchos) NS_SWIFT_UI_ACTOR
35 | @interface UIDevice : NSObject
| `- note: 'UIDevice' has been explicitly marked unavailable here
36 |
37 | @property(class, nonatomic, readonly) UIDevice *currentDevice;
SwiftCompile normal arm64_32 /Users/admin/builder/spi-builder-workspace/Sources/SwiftUIIndexedList/Internal/IndexBar.swift (in target 'SwiftUIIndexedList' from project 'SwiftUIIndexedList')
cd /Users/admin/builder/spi-builder-workspace/.swiftpm/xcode
builtin-SwiftPerFileCompile IndexBar.swift
SwiftCompile normal arm64_32 Compiling\ IndexBarBackground.swift /Users/admin/builder/spi-builder-workspace/Sources/SwiftUIIndexedList/Internal/IndexBarBackground.swift (in target 'SwiftUIIndexedList' from project 'SwiftUIIndexedList')
SwiftCompile normal arm64_32 /Users/admin/builder/spi-builder-workspace/Sources/SwiftUIIndexedList/Internal/IndexBarBackground.swift (in target 'SwiftUIIndexedList' from project 'SwiftUIIndexedList')
cd /Users/admin/builder/spi-builder-workspace/.swiftpm/xcode
builtin-SwiftPerFileCompile IndexBarBackground.swift
PruneExplicitPrecompiledModules /Users/admin/builder/spi-builder-workspace/.derivedData/Build/Intermediates.noindex/ExplicitPrecompiledModules
PruneExplicitPrecompiledModules /Users/admin/builder/spi-builder-workspace/.derivedData/Build/Intermediates.noindex/SwiftExplicitPrecompiledModules
PruneExplicitPrecompiledModules /Users/admin/builder/spi-builder-workspace/.derivedData/SDKExplicitPrecompiledModules
2026-09-20 12:21:08.024 xcodebuild[721:4321] [MT] IDERunDestination: Supported platforms for the buildables in the current scheme is empty.
** BUILD FAILED **
The following build commands failed:
SwiftEmitModule normal arm64 Emitting\ module\ for\ SwiftUIIndexedList (in target 'SwiftUIIndexedList' from project 'SwiftUIIndexedList')
SwiftCompile normal arm64 (in target 'SwiftUIIndexedList' from project 'SwiftUIIndexedList')
SwiftEmitModule normal arm64_32 Emitting\ module\ for\ SwiftUIIndexedList (in target 'SwiftUIIndexedList' from project 'SwiftUIIndexedList')
SwiftCompile normal arm64_32 (in target 'SwiftUIIndexedList' from project 'SwiftUIIndexedList')
Building workspace SwiftUIIndexedList with scheme SwiftUIIndexedList
(5 failures)
Command line invocation:
/Applications/Xcode-27.0.0-Release.Candidate.app/Contents/Developer/usr/bin/xcodebuild -IDEClonedSourcePackagesDirPathOverride=/Users/admin/builder/spi-builder-workspace/.dependencies -resolvePackageDependencies
Resolve Package Graph
Resolved source packages:
swiftui-introspect: https://github.com/siteline/SwiftUI-Introspect @ 1.4.0
SwiftUIIndexedList: /Users/admin/builder/spi-builder-workspace
resolved source packages: swiftui-introspect, SwiftUIIndexedList
2026-09-20 12:21:15.585 xcodebuild[909:5138] [MT] IDERunDestination: Supported platforms for the buildables in the current scheme is empty.
{
"dependencies" : [
{
"identity" : "swiftui-introspect",
"requirement" : {
"range" : [
{
"lower_bound" : "1.0.0",
"upper_bound" : "2.0.0"
}
]
},
"type" : "sourceControl",
"url" : "https://github.com/siteline/SwiftUI-Introspect"
}
],
"manifest_display_name" : "SwiftUIIndexedList",
"name" : "SwiftUIIndexedList",
"path" : "/Users/admin/builder/spi-builder-workspace",
"platforms" : [
{
"name" : "ios",
"version" : "14.0"
},
{
"name" : "maccatalyst",
"version" : "14.0"
}
],
"products" : [
{
"name" : "SwiftUIIndexedList",
"targets" : [
"SwiftUIIndexedList"
],
"type" : {
"library" : [
"automatic"
]
}
}
],
"targets" : [
{
"c99name" : "SwiftUIIndexedList",
"module_type" : "SwiftTarget",
"name" : "SwiftUIIndexedList",
"path" : "Sources/SwiftUIIndexedList",
"product_dependencies" : [
"SwiftUIIntrospect"
],
"product_memberships" : [
"SwiftUIIndexedList"
],
"sources" : [
"API/Index.swift",
"API/IndexBarInsets.swift",
"API/Indexable.swift",
"API/IndexedList.swift",
"API/IndexedScrollView.swift",
"API/ScrollAccessory.swift",
"API/View+Extensions.swift",
"Examples/ExampleA.swift",
"Examples/ExampleB.swift",
"Internal/Extensions.swift",
"Internal/IndexBar.swift",
"Internal/IndexBarBackground.swift"
],
"type" : "library"
}
],
"tools_version" : "5.10"
}
{
"workspace" : {
"name" : "SwiftUIIndexedList",
"schemes" : [
"SwiftUIIndexedList"
]
}
}
2026-09-20 12:21:16.864 xcodebuild[917:5208] [MT] IDERunDestination: Supported platforms for the buildables in the current scheme is empty.
Running build ...
env DEVELOPER_DIR=/Applications/Xcode-27.0.0-Release.Candidate.app xcrun xcodebuild -IDEClonedSourcePackagesDirPathOverride=$PWD/.dependencies -skipMacroValidation -skipPackagePluginValidation -derivedDataPath $PWD/.derivedData build -scheme SwiftUIIndexedList -destination generic/platform=watchOS
Command line invocation:
/Applications/Xcode-27.0.0-Release.Candidate.app/Contents/Developer/usr/bin/xcodebuild -IDEClonedSourcePackagesDirPathOverride=/Users/admin/builder/spi-builder-workspace/.dependencies -skipMacroValidation -skipPackagePluginValidation -derivedDataPath /Users/admin/builder/spi-builder-workspace/.derivedData build -scheme SwiftUIIndexedList -destination generic/platform=watchOS
Resolve Package Graph
Resolved source packages:
swiftui-introspect: https://github.com/siteline/SwiftUI-Introspect @ 1.4.0
SwiftUIIndexedList: /Users/admin/builder/spi-builder-workspace
ComputePackagePrebuildTargetDependencyGraph
Prepare packages
CreateBuildRequest
SendProjectDescription
CreateBuildOperation
ComputeTargetDependencyGraph
note: Building targets in dependency order
note: Target dependency graph (4 targets)
Target 'SwiftUIIndexedList-product' in project 'SwiftUIIndexedList'
➜ Explicit dependency on target 'SwiftUIIndexedList' in project 'SwiftUIIndexedList'
➜ Explicit dependency on target 'SwiftUIIntrospect-product' in project 'swiftui-introspect'
Target 'SwiftUIIndexedList' in project 'SwiftUIIndexedList'
➜ Explicit dependency on target 'SwiftUIIntrospect-product' in project 'swiftui-introspect'
Target 'SwiftUIIntrospect-product' in project 'swiftui-introspect'
➜ Explicit dependency on target 'SwiftUIIntrospect' in project 'swiftui-introspect'
Target 'SwiftUIIntrospect' in project 'swiftui-introspect' (no dependencies)
GatherProvisioningInputs
CreateBuildDescription
ClangStatCache /Applications/Xcode-27.0.0-Release.Candidate.app/Contents/Developer/Toolchains/XcodeDefault.xctoolchain/usr/bin/clang-stat-cache /Applications/Xcode-27.0.0-Release.Candidate.app/Contents/Developer/Platforms/WatchOS.platform/Developer/SDKs/WatchOS27.0.sdk /Users/admin/builder/spi-builder-workspace/.derivedData/SDKStatCaches.noindex/watchos27.0-24R360-e829b21a6f8c9b70876ba0858053c04477534ef55a1706bf4c1112bbb242f0a2.sdkstatcache
cd /Users/admin/builder/spi-builder-workspace/.swiftpm/xcode
/Applications/Xcode-27.0.0-Release.Candidate.app/Contents/Developer/Toolchains/XcodeDefault.xctoolchain/usr/bin/clang-stat-cache /Applications/Xcode-27.0.0-Release.Candidate.app/Contents/Developer/Platforms/WatchOS.platform/Developer/SDKs/WatchOS27.0.sdk -o /Users/admin/builder/spi-builder-workspace/.derivedData/SDKStatCaches.noindex/watchos27.0-24R360-e829b21a6f8c9b70876ba0858053c04477534ef55a1706bf4c1112bbb242f0a2.sdkstatcache
SwiftDriver SwiftUIIndexedList normal arm64_32 com.apple.xcode.tools.swift.compiler (in target 'SwiftUIIndexedList' from project 'SwiftUIIndexedList')
cd /Users/admin/builder/spi-builder-workspace/.swiftpm/xcode
builtin-SwiftDriver -- /Applications/Xcode-27.0.0-Release.Candidate.app/Contents/Developer/Toolchains/XcodeDefault.xctoolchain/usr/bin/swiftc -parse-as-library -module-name SwiftUIIndexedList -Onone @/Users/admin/builder/spi-builder-workspace/.derivedData/Build/Intermediates.noindex/SwiftUIIndexedList.build/Debug-watchos/SwiftUIIndexedList-t.build/Objects-normal/arm64_32/SwiftUIIndexedList.SwiftFileList -DSWIFT_PACKAGE -DDEBUG -DSWIFT_MODULE_RESOURCE_BUNDLE_UNAVAILABLE -DXcode -plugin-path /Applications/Xcode-27.0.0-Release.Candidate.app/Contents/Developer/Toolchains/XcodeDefault.xctoolchain/usr/lib/swift/host/plugins/testing -enable-experimental-feature DebugDescriptionMacro -sdk /Applications/Xcode-27.0.0-Release.Candidate.app/Contents/Developer/Platforms/WatchOS.platform/Developer/SDKs/WatchOS27.0.sdk -target arm64_32-apple-watchos9.0 -g -module-cache-path /Users/admin/builder/spi-builder-workspace/.derivedData/ModuleCache.noindex -Xfrontend -serialize-debugging-options -enable-testing -index-store-path /Users/admin/builder/spi-builder-workspace/.derivedData/Index.noindex/DataStore -Xcc -D_LIBCPP_HARDENING_MODE\=_LIBCPP_HARDENING_MODE_DEBUG -swift-version 5 -I /Users/admin/builder/spi-builder-workspace/.derivedData/Build/Products/Debug-watchos -Isystem /Applications/Xcode-27.0.0-Release.Candidate.app/Contents/Developer/Platforms/WatchOS.platform/Developer/usr/lib -F /Users/admin/builder/spi-builder-workspace/.derivedData/Build/Products/Debug-watchos/PackageFrameworks -F /Users/admin/builder/spi-builder-workspace/.derivedData/Build/Products/Debug-watchos -F /Applications/Xcode-27.0.0-Release.Candidate.app/Contents/Developer/Platforms/WatchOS.platform/Developer/Library/Frameworks -F /Applications/Xcode-27.0.0-Release.Candidate.app/Contents/Developer/Platforms/WatchOS.platform/Developer/SDKs/WatchOS27.0.sdk/Developer/Library/Frameworks -c -j10 -enable-batch-mode -incremental -Xcc -ivfsstatcache -Xcc /Users/admin/builder/spi-builder-workspace/.derivedData/SDKStatCaches.noindex/watchos27.0-24R360-e829b21a6f8c9b70876ba0858053c04477534ef55a1706bf4c1112bbb242f0a2.sdkstatcache -output-file-map /Users/admin/builder/spi-builder-workspace/.derivedData/Build/Intermediates.noindex/SwiftUIIndexedList.build/Debug-watchos/SwiftUIIndexedList-t.build/Objects-normal/arm64_32/SwiftUIIndexedList-OutputFileMap.json -save-temps -no-color-diagnostics -explicit-module-build -module-cache-path /Users/admin/builder/spi-builder-workspace/.derivedData/Build/Intermediates.noindex/SwiftExplicitPrecompiledModules -clang-scanner-module-cache-path /Users/admin/builder/spi-builder-workspace/.derivedData/ModuleCache.noindex -sdk-module-cache-path /Users/admin/builder/spi-builder-workspace/.derivedData/SDKExplicitPrecompiledModules -emit-dependencies -emit-module -emit-module-path /Users/admin/builder/spi-builder-workspace/.derivedData/Build/Intermediates.noindex/SwiftUIIndexedList.build/Debug-watchos/SwiftUIIndexedList-t.build/Objects-normal/arm64_32/SwiftUIIndexedList.swiftmodule -serialize-diagnostics -dependency-scan-serialize-diagnostics-path /Users/admin/builder/spi-builder-workspace/.derivedData/Build/Intermediates.noindex/SwiftUIIndexedList.build/Debug-watchos/SwiftUIIndexedList-t.build/Objects-normal/arm64_32/SwiftUIIndexedList-dependency-scan.dia -validate-clang-modules-once -clang-build-session-file /Users/admin/builder/spi-builder-workspace/.derivedData/ModuleCache.noindex/Session.modulevalidation -Xcc -fmodules-prune-interval\=86400 -Xcc -fmodules-prune-after\=345600 -package-name spi_builder_workspace -emit-const-values -const-gather-protocols-list /Users/admin/builder/spi-builder-workspace/.derivedData/Build/Intermediates.noindex/SwiftUIIndexedList.build/Debug-watchos/SwiftUIIndexedList-t.build/Objects-normal/arm64_32/SwiftUIIndexedList_const_extract_protocols.json -Xcc -I/Users/admin/builder/spi-builder-workspace/.derivedData/Build/Products/Debug-watchos/include -Xcc -I/Users/admin/builder/spi-builder-workspace/.derivedData/Build/Intermediates.noindex/SwiftUIIndexedList.build/Debug-watchos/SwiftUIIndexedList-t.build/DerivedSources-normal/arm64_32 -Xcc -I/Users/admin/builder/spi-builder-workspace/.derivedData/Build/Intermediates.noindex/SwiftUIIndexedList.build/Debug-watchos/SwiftUIIndexedList-t.build/DerivedSources/arm64_32 -Xcc -I/Users/admin/builder/spi-builder-workspace/.derivedData/Build/Intermediates.noindex/SwiftUIIndexedList.build/Debug-watchos/SwiftUIIndexedList-t.build/DerivedSources -Xcc -DSWIFT_PACKAGE -Xcc -DDEBUG\=1 -emit-objc-header -emit-objc-header-path /Users/admin/builder/spi-builder-workspace/.derivedData/Build/Intermediates.noindex/SwiftUIIndexedList.build/Debug-watchos/SwiftUIIndexedList-t.build/Objects-normal/arm64_32/SwiftUIIndexedList-Swift.h -working-directory /Users/admin/builder/spi-builder-workspace/.swiftpm/xcode -experimental-emit-module-separately -disable-cmo
SwiftDriver SwiftUIIndexedList normal arm64 com.apple.xcode.tools.swift.compiler (in target 'SwiftUIIndexedList' from project 'SwiftUIIndexedList')
cd /Users/admin/builder/spi-builder-workspace/.swiftpm/xcode
builtin-SwiftDriver -- /Applications/Xcode-27.0.0-Release.Candidate.app/Contents/Developer/Toolchains/XcodeDefault.xctoolchain/usr/bin/swiftc -parse-as-library -module-name SwiftUIIndexedList -Onone @/Users/admin/builder/spi-builder-workspace/.derivedData/Build/Intermediates.noindex/SwiftUIIndexedList.build/Debug-watchos/SwiftUIIndexedList-t.build/Objects-normal/arm64/SwiftUIIndexedList.SwiftFileList -DSWIFT_PACKAGE -DDEBUG -DSWIFT_MODULE_RESOURCE_BUNDLE_UNAVAILABLE -DXcode -plugin-path /Applications/Xcode-27.0.0-Release.Candidate.app/Contents/Developer/Toolchains/XcodeDefault.xctoolchain/usr/lib/swift/host/plugins/testing -enable-experimental-feature DebugDescriptionMacro -sdk /Applications/Xcode-27.0.0-Release.Candidate.app/Contents/Developer/Platforms/WatchOS.platform/Developer/SDKs/WatchOS27.0.sdk -target arm64-apple-watchos9.0 -g -module-cache-path /Users/admin/builder/spi-builder-workspace/.derivedData/ModuleCache.noindex -Xfrontend -serialize-debugging-options -enable-testing -index-store-path /Users/admin/builder/spi-builder-workspace/.derivedData/Index.noindex/DataStore -Xcc -D_LIBCPP_HARDENING_MODE\=_LIBCPP_HARDENING_MODE_DEBUG -swift-version 5 -I /Users/admin/builder/spi-builder-workspace/.derivedData/Build/Products/Debug-watchos -Isystem /Applications/Xcode-27.0.0-Release.Candidate.app/Contents/Developer/Platforms/WatchOS.platform/Developer/usr/lib -F /Users/admin/builder/spi-builder-workspace/.derivedData/Build/Products/Debug-watchos/PackageFrameworks -F /Users/admin/builder/spi-builder-workspace/.derivedData/Build/Products/Debug-watchos -F /Applications/Xcode-27.0.0-Release.Candidate.app/Contents/Developer/Platforms/WatchOS.platform/Developer/Library/Frameworks -F /Applications/Xcode-27.0.0-Release.Candidate.app/Contents/Developer/Platforms/WatchOS.platform/Developer/SDKs/WatchOS27.0.sdk/Developer/Library/Frameworks -c -j10 -enable-batch-mode -incremental -Xcc -ivfsstatcache -Xcc /Users/admin/builder/spi-builder-workspace/.derivedData/SDKStatCaches.noindex/watchos27.0-24R360-e829b21a6f8c9b70876ba0858053c04477534ef55a1706bf4c1112bbb242f0a2.sdkstatcache -output-file-map /Users/admin/builder/spi-builder-workspace/.derivedData/Build/Intermediates.noindex/SwiftUIIndexedList.build/Debug-watchos/SwiftUIIndexedList-t.build/Objects-normal/arm64/SwiftUIIndexedList-OutputFileMap.json -save-temps -no-color-diagnostics -explicit-module-build -module-cache-path /Users/admin/builder/spi-builder-workspace/.derivedData/Build/Intermediates.noindex/SwiftExplicitPrecompiledModules -clang-scanner-module-cache-path /Users/admin/builder/spi-builder-workspace/.derivedData/ModuleCache.noindex -sdk-module-cache-path /Users/admin/builder/spi-builder-workspace/.derivedData/SDKExplicitPrecompiledModules -emit-dependencies -emit-module -emit-module-path /Users/admin/builder/spi-builder-workspace/.derivedData/Build/Intermediates.noindex/SwiftUIIndexedList.build/Debug-watchos/SwiftUIIndexedList-t.build/Objects-normal/arm64/SwiftUIIndexedList.swiftmodule -serialize-diagnostics -dependency-scan-serialize-diagnostics-path /Users/admin/builder/spi-builder-workspace/.derivedData/Build/Intermediates.noindex/SwiftUIIndexedList.build/Debug-watchos/SwiftUIIndexedList-t.build/Objects-normal/arm64/SwiftUIIndexedList-dependency-scan.dia -validate-clang-modules-once -clang-build-session-file /Users/admin/builder/spi-builder-workspace/.derivedData/ModuleCache.noindex/Session.modulevalidation -Xcc -fmodules-prune-interval\=86400 -Xcc -fmodules-prune-after\=345600 -package-name spi_builder_workspace -emit-const-values -const-gather-protocols-list /Users/admin/builder/spi-builder-workspace/.derivedData/Build/Intermediates.noindex/SwiftUIIndexedList.build/Debug-watchos/SwiftUIIndexedList-t.build/Objects-normal/arm64/SwiftUIIndexedList_const_extract_protocols.json -Xcc -I/Users/admin/builder/spi-builder-workspace/.derivedData/Build/Products/Debug-watchos/include -Xcc -I/Users/admin/builder/spi-builder-workspace/.derivedData/Build/Intermediates.noindex/SwiftUIIndexedList.build/Debug-watchos/SwiftUIIndexedList-t.build/DerivedSources-normal/arm64 -Xcc -I/Users/admin/builder/spi-builder-workspace/.derivedData/Build/Intermediates.noindex/SwiftUIIndexedList.build/Debug-watchos/SwiftUIIndexedList-t.build/DerivedSources/arm64 -Xcc -I/Users/admin/builder/spi-builder-workspace/.derivedData/Build/Intermediates.noindex/SwiftUIIndexedList.build/Debug-watchos/SwiftUIIndexedList-t.build/DerivedSources -Xcc -DSWIFT_PACKAGE -Xcc -DDEBUG\=1 -emit-objc-header -emit-objc-header-path /Users/admin/builder/spi-builder-workspace/.derivedData/Build/Intermediates.noindex/SwiftUIIndexedList.build/Debug-watchos/SwiftUIIndexedList-t.build/Objects-normal/arm64/SwiftUIIndexedList-Swift.h -working-directory /Users/admin/builder/spi-builder-workspace/.swiftpm/xcode -experimental-emit-module-separately -disable-cmo
SwiftCompile normal arm64 Compiling\ Index.swift,\ IndexBarInsets.swift /Users/admin/builder/spi-builder-workspace/Sources/SwiftUIIndexedList/API/Index.swift /Users/admin/builder/spi-builder-workspace/Sources/SwiftUIIndexedList/API/IndexBarInsets.swift (in target 'SwiftUIIndexedList' from project 'SwiftUIIndexedList')
SwiftCompile normal arm64 /Users/admin/builder/spi-builder-workspace/Sources/SwiftUIIndexedList/API/Index.swift (in target 'SwiftUIIndexedList' from project 'SwiftUIIndexedList')
cd /Users/admin/builder/spi-builder-workspace/.swiftpm/xcode
builtin-SwiftPerFileCompile Index.swift
SwiftCompile normal arm64 /Users/admin/builder/spi-builder-workspace/Sources/SwiftUIIndexedList/API/IndexBarInsets.swift (in target 'SwiftUIIndexedList' from project 'SwiftUIIndexedList')
cd /Users/admin/builder/spi-builder-workspace/.swiftpm/xcode
builtin-SwiftPerFileCompile IndexBarInsets.swift
SwiftCompile normal arm64 Compiling\ Indexable.swift,\ IndexedList.swift /Users/admin/builder/spi-builder-workspace/Sources/SwiftUIIndexedList/API/Indexable.swift /Users/admin/builder/spi-builder-workspace/Sources/SwiftUIIndexedList/API/IndexedList.swift (in target 'SwiftUIIndexedList' from project 'SwiftUIIndexedList')
SwiftCompile normal arm64 /Users/admin/builder/spi-builder-workspace/Sources/SwiftUIIndexedList/API/Indexable.swift (in target 'SwiftUIIndexedList' from project 'SwiftUIIndexedList')
cd /Users/admin/builder/spi-builder-workspace/.swiftpm/xcode
builtin-SwiftPerFileCompile Indexable.swift
SwiftCompile normal arm64 /Users/admin/builder/spi-builder-workspace/Sources/SwiftUIIndexedList/API/IndexedList.swift (in target 'SwiftUIIndexedList' from project 'SwiftUIIndexedList')
cd /Users/admin/builder/spi-builder-workspace/.swiftpm/xcode
builtin-SwiftPerFileCompile IndexedList.swift
SwiftCompile normal arm64 Compiling\ IndexedScrollView.swift /Users/admin/builder/spi-builder-workspace/Sources/SwiftUIIndexedList/API/IndexedScrollView.swift (in target 'SwiftUIIndexedList' from project 'SwiftUIIndexedList')
SwiftCompile normal arm64 /Users/admin/builder/spi-builder-workspace/Sources/SwiftUIIndexedList/API/IndexedScrollView.swift (in target 'SwiftUIIndexedList' from project 'SwiftUIIndexedList')
cd /Users/admin/builder/spi-builder-workspace/.swiftpm/xcode
builtin-SwiftPerFileCompile IndexedScrollView.swift
SwiftCompile normal arm64 Compiling\ ExampleA.swift /Users/admin/builder/spi-builder-workspace/Sources/SwiftUIIndexedList/Examples/ExampleA.swift (in target 'SwiftUIIndexedList' from project 'SwiftUIIndexedList')
SwiftCompile normal arm64 /Users/admin/builder/spi-builder-workspace/Sources/SwiftUIIndexedList/Examples/ExampleA.swift (in target 'SwiftUIIndexedList' from project 'SwiftUIIndexedList')
cd /Users/admin/builder/spi-builder-workspace/.swiftpm/xcode
builtin-SwiftPerFileCompile ExampleA.swift
SwiftCompile normal arm64 Compiling\ Extensions.swift /Users/admin/builder/spi-builder-workspace/Sources/SwiftUIIndexedList/Internal/Extensions.swift (in target 'SwiftUIIndexedList' from project 'SwiftUIIndexedList')
/Users/admin/builder/spi-builder-workspace/Sources/SwiftUIIndexedList/Internal/Extensions.swift:44:34: error: 'init(selection:content:)' is only available in watchOS 10.0 or newer
31 |
32 |
33 | internal extension IndexedList {
| `- note: add '@available' attribute to enclosing extension
34 | enum Selection {
35 | case none
:
39 |
40 | @ViewBuilder
41 | func listContent() -> some View {
| `- note: add '@available' attribute to enclosing instance method
42 | switch selection {
43 | case .none: List(content: content)
44 | case let .single(value): List(selection: value, content: content)
| |- error: 'init(selection:content:)' is only available in watchOS 10.0 or newer
| `- note: add 'if #available' version check
45 | case let .multiple(value): List(selection: value, content: content)
46 | }
/Users/admin/builder/spi-builder-workspace/Sources/SwiftUIIndexedList/Internal/Extensions.swift:45:36: error: 'init(selection:content:)' is unavailable in watchOS
43 | case .none: List(content: content)
44 | case let .single(value): List(selection: value, content: content)
45 | case let .multiple(value): List(selection: value, content: content)
| `- error: 'init(selection:content:)' is unavailable in watchOS
46 | }
47 | }
SwiftUI.List.init:3:22: note: 'init(selection:content:)' has been explicitly marked unavailable here
1 | generic struct List {
2 | @available(watchOS, unavailable)
3 | nonisolated public init(selection: Binding<Set<SelectionValue>>?, @ContentBuilder content: () -> Content)}
| `- note: 'init(selection:content:)' has been explicitly marked unavailable here
4 |
SwiftCompile normal arm64 /Users/admin/builder/spi-builder-workspace/Sources/SwiftUIIndexedList/Internal/Extensions.swift (in target 'SwiftUIIndexedList' from project 'SwiftUIIndexedList')
cd /Users/admin/builder/spi-builder-workspace/.swiftpm/xcode
builtin-SwiftPerFileCompile Extensions.swift
SwiftCompile normal arm64 Compiling\ ExampleB.swift /Users/admin/builder/spi-builder-workspace/Sources/SwiftUIIndexedList/Examples/ExampleB.swift (in target 'SwiftUIIndexedList' from project 'SwiftUIIndexedList')
SwiftCompile normal arm64 /Users/admin/builder/spi-builder-workspace/Sources/SwiftUIIndexedList/Examples/ExampleB.swift (in target 'SwiftUIIndexedList' from project 'SwiftUIIndexedList')
cd /Users/admin/builder/spi-builder-workspace/.swiftpm/xcode
builtin-SwiftPerFileCompile ExampleB.swift
SwiftCompile normal arm64 Compiling\ ScrollAccessory.swift /Users/admin/builder/spi-builder-workspace/Sources/SwiftUIIndexedList/API/ScrollAccessory.swift (in target 'SwiftUIIndexedList' from project 'SwiftUIIndexedList')
SwiftCompile normal arm64 /Users/admin/builder/spi-builder-workspace/Sources/SwiftUIIndexedList/API/ScrollAccessory.swift (in target 'SwiftUIIndexedList' from project 'SwiftUIIndexedList')
cd /Users/admin/builder/spi-builder-workspace/.swiftpm/xcode
builtin-SwiftPerFileCompile ScrollAccessory.swift
SwiftCompile normal arm64 Compiling\ IndexBar.swift /Users/admin/builder/spi-builder-workspace/Sources/SwiftUIIndexedList/Internal/IndexBar.swift (in target 'SwiftUIIndexedList' from project 'SwiftUIIndexedList')
/Users/admin/builder/spi-builder-workspace/Sources/SwiftUIIndexedList/Internal/IndexBar.swift:222:42: error: 'UISelectionFeedbackGenerator' is unavailable in watchOS
220 |
221 |
222 | private let selectionFeedbackGenerator = UISelectionFeedbackGenerator()
| `- error: 'UISelectionFeedbackGenerator' is unavailable in watchOS
223 |
224 |
/Applications/Xcode-27.0.0-Release.Candidate.app/Contents/Developer/Platforms/WatchOS.platform/Developer/SDKs/WatchOS27.0.sdk/System/Library/Frameworks/UIKit.framework/Headers/UISelectionFeedbackGenerator.h:15:12: note: 'UISelectionFeedbackGenerator' has been explicitly marked unavailable here
13 | // UISelectionFeedbackGenerator is used to give user feedback when a selection changes
14 | UIKIT_EXTERN API_AVAILABLE(ios(10.0)) API_UNAVAILABLE(visionos, tvos) API_UNAVAILABLE(watchos) NS_SWIFT_UI_ACTOR
15 | @interface UISelectionFeedbackGenerator : UIFeedbackGenerator
| `- note: 'UISelectionFeedbackGenerator' has been explicitly marked unavailable here
16 |
17 | /// call when the selection changes (not on initial selection)
/Users/admin/builder/spi-builder-workspace/Sources/SwiftUIIndexedList/Internal/IndexBar.swift:226:12: error: 'UIDevice' is unavailable in watchOS
224 |
225 | private var labelSize: CGSize {
226 | switch UIDevice.current.userInterfaceIdiom {
| `- error: 'UIDevice' is unavailable in watchOS
227 | case .phone: CGSize(width: 15, height: 14)
228 | case .pad, .mac: CGSize(width: 30, height: 24)
/Applications/Xcode-27.0.0-Release.Candidate.app/Contents/Developer/Platforms/WatchOS.platform/Developer/SDKs/WatchOS27.0.sdk/System/Library/Frameworks/UIKit.framework/Headers/UIDevice.h:35:12: note: 'UIDevice' has been explicitly marked unavailable here
33 |
34 | UIKIT_EXTERN API_AVAILABLE(ios(2.0)) API_UNAVAILABLE(watchos) NS_SWIFT_UI_ACTOR
35 | @interface UIDevice : NSObject
| `- note: 'UIDevice' has been explicitly marked unavailable here
36 |
37 | @property(class, nonatomic, readonly) UIDevice *currentDevice;
/Users/admin/builder/spi-builder-workspace/Sources/SwiftUIIndexedList/Internal/IndexBar.swift:229:59: error: 'UIDevice' is unavailable in watchOS
227 | case .phone: CGSize(width: 15, height: 14)
228 | case .pad, .mac: CGSize(width: 30, height: 24)
229 | default: fatalError("Unsupported UserInterfaceIdiom \(UIDevice.current.userInterfaceIdiom).")
| `- error: 'UIDevice' is unavailable in watchOS
230 | }
231 | }
/Applications/Xcode-27.0.0-Release.Candidate.app/Contents/Developer/Platforms/WatchOS.platform/Developer/SDKs/WatchOS27.0.sdk/System/Library/Frameworks/UIKit.framework/Headers/UIDevice.h:35:12: note: 'UIDevice' has been explicitly marked unavailable here
33 |
34 | UIKIT_EXTERN API_AVAILABLE(ios(2.0)) API_UNAVAILABLE(watchos) NS_SWIFT_UI_ACTOR
35 | @interface UIDevice : NSObject
| `- note: 'UIDevice' has been explicitly marked unavailable here
36 |
37 | @property(class, nonatomic, readonly) UIDevice *currentDevice;
/Users/admin/builder/spi-builder-workspace/Sources/SwiftUIIndexedList/Internal/IndexBar.swift:233:12: error: 'UIDevice' is unavailable in watchOS
231 | }
232 | private var stackPadding: CGFloat {
233 | switch UIDevice.current.userInterfaceIdiom {
| `- error: 'UIDevice' is unavailable in watchOS
234 | case .phone: 3
235 | case .pad, .mac: 6
/Applications/Xcode-27.0.0-Release.Candidate.app/Contents/Developer/Platforms/WatchOS.platform/Developer/SDKs/WatchOS27.0.sdk/System/Library/Frameworks/UIKit.framework/Headers/UIDevice.h:35:12: note: 'UIDevice' has been explicitly marked unavailable here
33 |
34 | UIKIT_EXTERN API_AVAILABLE(ios(2.0)) API_UNAVAILABLE(watchos) NS_SWIFT_UI_ACTOR
35 | @interface UIDevice : NSObject
| `- note: 'UIDevice' has been explicitly marked unavailable here
36 |
37 | @property(class, nonatomic, readonly) UIDevice *currentDevice;
SwiftCompile normal arm64 /Users/admin/builder/spi-builder-workspace/Sources/SwiftUIIndexedList/Internal/IndexBar.swift (in target 'SwiftUIIndexedList' from project 'SwiftUIIndexedList')
cd /Users/admin/builder/spi-builder-workspace/.swiftpm/xcode
builtin-SwiftPerFileCompile IndexBar.swift
SwiftEmitModule normal arm64_32 Emitting\ module\ for\ SwiftUIIndexedList (in target 'SwiftUIIndexedList' from project 'SwiftUIIndexedList')
/Users/admin/builder/spi-builder-workspace/Sources/SwiftUIIndexedList/Internal/IndexBar.swift:222:42: error: 'UISelectionFeedbackGenerator' is unavailable in watchOS
220 |
221 |
222 | private let selectionFeedbackGenerator = UISelectionFeedbackGenerator()
| `- error: 'UISelectionFeedbackGenerator' is unavailable in watchOS
223 |
224 |
/Applications/Xcode-27.0.0-Release.Candidate.app/Contents/Developer/Platforms/WatchOS.platform/Developer/SDKs/WatchOS27.0.sdk/System/Library/Frameworks/UIKit.framework/Headers/UISelectionFeedbackGenerator.h:15:12: note: 'UISelectionFeedbackGenerator' has been explicitly marked unavailable here
13 | // UISelectionFeedbackGenerator is used to give user feedback when a selection changes
14 | UIKIT_EXTERN API_AVAILABLE(ios(10.0)) API_UNAVAILABLE(visionos, tvos) API_UNAVAILABLE(watchos) NS_SWIFT_UI_ACTOR
15 | @interface UISelectionFeedbackGenerator : UIFeedbackGenerator
| `- note: 'UISelectionFeedbackGenerator' has been explicitly marked unavailable here
16 |
17 | /// call when the selection changes (not on initial selection)
Failed frontend command:
/Applications/Xcode-27.0.0-Release.Candidate.app/Contents/Developer/Toolchains/XcodeDefault.xctoolchain/usr/bin/swift-frontend -frontend -emit-module -experimental-skip-non-inlinable-function-bodies-without-types /Users/admin/builder/spi-builder-workspace/Sources/SwiftUIIndexedList/API/Index.swift /Users/admin/builder/spi-builder-workspace/Sources/SwiftUIIndexedList/API/IndexBarInsets.swift /Users/admin/builder/spi-builder-workspace/Sources/SwiftUIIndexedList/API/Indexable.swift /Users/admin/builder/spi-builder-workspace/Sources/SwiftUIIndexedList/API/IndexedList.swift /Users/admin/builder/spi-builder-workspace/Sources/SwiftUIIndexedList/API/IndexedScrollView.swift /Users/admin/builder/spi-builder-workspace/Sources/SwiftUIIndexedList/API/ScrollAccessory.swift /Users/admin/builder/spi-builder-workspace/Sources/SwiftUIIndexedList/API/View+Extensions.swift /Users/admin/builder/spi-builder-workspace/Sources/SwiftUIIndexedList/Examples/ExampleA.swift /Users/admin/builder/spi-builder-workspace/Sources/SwiftUIIndexedList/Examples/ExampleB.swift /Users/admin/builder/spi-builder-workspace/Sources/SwiftUIIndexedList/Internal/Extensions.swift /Users/admin/builder/spi-builder-workspace/Sources/SwiftUIIndexedList/Internal/IndexBar.swift /Users/admin/builder/spi-builder-workspace/Sources/SwiftUIIndexedList/Internal/IndexBarBackground.swift -target arm64_32-apple-watchos9.0 -disable-cross-import-overlay-search -load-resolved-plugin /Applications/Xcode-27.0.0-Release.Candidate.app/Contents/Developer/Platforms/WatchOS.platform/Developer/usr/lib/swift/host/plugins/libFoundationMacros.dylib\#/Applications/Xcode-27.0.0-Release.Candidate.app/Contents/Developer/Platforms/WatchOS.platform/Developer/usr/bin/swift-plugin-server\#FoundationMacros -load-resolved-plugin /Applications/Xcode-27.0.0-Release.Candidate.app/Contents/Developer/Platforms/WatchOS.platform/Developer/usr/lib/swift/host/plugins/libObservationMacros.dylib\#/Applications/Xcode-27.0.0-Release.Candidate.app/Contents/Developer/Platforms/WatchOS.platform/Developer/usr/bin/swift-plugin-server\#ObservationMacros -load-resolved-plugin /Applications/Xcode-27.0.0-Release.Candidate.app/Contents/Developer/Platforms/WatchOS.platform/Developer/usr/lib/swift/host/plugins/libPreviewsMacros.dylib\#/Applications/Xcode-27.0.0-Release.Candidate.app/Contents/Developer/Platforms/WatchOS.platform/Developer/usr/bin/swift-plugin-server\#PreviewsMacros -load-resolved-plugin /Applications/Xcode-27.0.0-Release.Candidate.app/Contents/Developer/Platforms/WatchOS.platform/Developer/usr/lib/swift/host/plugins/libSwiftMacros.dylib\#/Applications/Xcode-27.0.0-Release.Candidate.app/Contents/Developer/Platforms/WatchOS.platform/Developer/usr/bin/swift-plugin-server\#SwiftMacros -load-resolved-plugin /Applications/Xcode-27.0.0-Release.Candidate.app/Contents/Developer/Platforms/WatchOS.platform/Developer/usr/lib/swift/host/plugins/libSwiftUIMacros.dylib\#/Applications/Xcode-27.0.0-Release.Candidate.app/Contents/Developer/Platforms/WatchOS.platform/Developer/usr/bin/swift-plugin-server\#SwiftUIMacros -disable-implicit-swift-modules -Xcc -fno-implicit-modules -Xcc -fno-implicit-module-maps -explicit-swift-module-map-file /Users/admin/builder/spi-builder-workspace/.derivedData/Build/Intermediates.noindex/SwiftUIIndexedList.build/Debug-watchos/SwiftUIIndexedList-t.build/Objects-normal/arm64_32/SwiftUIIndexedList-dependencies-1.json -enable-objc-interop -sdk /Applications/Xcode-27.0.0-Release.Candidate.app/Contents/Developer/Platforms/WatchOS.platform/Developer/SDKs/WatchOS27.0.sdk -I /Users/admin/builder/spi-builder-workspace/.derivedData/Build/Products/Debug-watchos -Isystem /Applications/Xcode-27.0.0-Release.Candidate.app/Contents/Developer/Platforms/WatchOS.platform/Developer/usr/lib -F /Users/admin/builder/spi-builder-workspace/.derivedData/Build/Products/Debug-watchos/PackageFrameworks -F /Users/admin/builder/spi-builder-workspace/.derivedData/Build/Products/Debug-watchos -F /Applications/Xcode-27.0.0-Release.Candidate.app/Contents/Developer/Platforms/WatchOS.platform/Developer/Library/Frameworks -F /Applications/Xcode-27.0.0-Release.Candidate.app/Contents/Developer/Platforms/WatchOS.platform/Developer/SDKs/WatchOS27.0.sdk/Developer/Library/Frameworks -module-cache-path /Users/admin/builder/spi-builder-workspace/.derivedData/Build/Intermediates.noindex/SwiftExplicitPrecompiledModules -no-color-diagnostics -Xcc -fno-color-diagnostics -enable-testing -g -debug-info-format\=dwarf -dwarf-version\=4 -swift-version 5 -Onone -D SWIFT_PACKAGE -D DEBUG -D SWIFT_MODULE_RESOURCE_BUNDLE_UNAVAILABLE -D Xcode -serialize-debugging-options -enable-experimental-feature DebugDescriptionMacro -empty-abi-descriptor -validate-clang-modules-once -clang-build-session-file /Users/admin/builder/spi-builder-workspace/.derivedData/ModuleCache.noindex/Session.modulevalidation -Xcc -working-directory -Xcc /Users/admin/builder/spi-builder-workspace/.swiftpm/xcode -enable-anonymous-context-mangled-names -file-compilation-dir /Users/admin/builder/spi-builder-workspace/.swiftpm/xcode -Xcc -D_LIBCPP_HARDENING_MODE\=_LIBCPP_HARDENING_MODE_DEBUG -Xcc -ivfsstatcache -Xcc /Users/admin/builder/spi-builder-workspace/.derivedData/SDKStatCaches.noindex/watchos27.0-24R360-e829b21a6f8c9b70876ba0858053c04477534ef55a1706bf4c1112bbb242f0a2.sdkstatcache -Xcc -fmodules-prune-interval\=86400 -Xcc -fmodules-prune-after\=345600 -Xcc -I/Users/admin/builder/spi-builder-workspace/.derivedData/Build/Products/Debug-watchos/include -Xcc -I/Users/admin/builder/spi-builder-workspace/.derivedData/Build/Intermediates.noindex/SwiftUIIndexedList.build/Debug-watchos/SwiftUIIndexedList-t.build/DerivedSources-normal/arm64_32 -Xcc -I/Users/admin/builder/spi-builder-workspace/.derivedData/Build/Intermediates.noindex/SwiftUIIndexedList.build/Debug-watchos/SwiftUIIndexedList-t.build/DerivedSources/arm64_32 -Xcc -I/Users/admin/builder/spi-builder-workspace/.derivedData/Build/Intermediates.noindex/SwiftUIIndexedList.build/Debug-watchos/SwiftUIIndexedList-t.build/DerivedSources -Xcc -DSWIFT_PACKAGE -Xcc -DDEBUG\=1 -no-auto-bridging-header-chaining -module-name SwiftUIIndexedList -package-name spi_builder_workspace -const-gather-protocols-file /Users/admin/builder/spi-builder-workspace/.derivedData/Build/Intermediates.noindex/SwiftUIIndexedList.build/Debug-watchos/SwiftUIIndexedList-t.build/Objects-normal/arm64_32/SwiftUIIndexedList_const_extract_protocols.json -disable-clang-spi -clang-target arm64_32-apple-watchos27.0 -target-sdk-version 27.0 -target-sdk-name watchos27.0 -in-process-plugin-server-path /Applications/Xcode-27.0.0-Release.Candidate.app/Contents/Developer/Toolchains/XcodeDefault.xctoolchain/usr/lib/swift/host/libSwiftInProcPluginServer.dylib -emit-module-doc-path /Users/admin/builder/spi-builder-workspace/.derivedData/Build/Intermediates.noindex/SwiftUIIndexedList.build/Debug-watchos/SwiftUIIndexedList-t.build/Objects-normal/arm64_32/SwiftUIIndexedList.swiftdoc -emit-module-source-info-path /Users/admin/builder/spi-builder-workspace/.derivedData/Build/Intermediates.noindex/SwiftUIIndexedList.build/Debug-watchos/SwiftUIIndexedList-t.build/Objects-normal/arm64_32/SwiftUIIndexedList.swiftsourceinfo -emit-objc-header-path /Users/admin/builder/spi-builder-workspace/.derivedData/Build/Intermediates.noindex/SwiftUIIndexedList.build/Debug-watchos/SwiftUIIndexedList-t.build/Objects-normal/arm64_32/SwiftUIIndexedList-Swift.h -serialize-diagnostics-path /Users/admin/builder/spi-builder-workspace/.derivedData/Build/Intermediates.noindex/SwiftUIIndexedList.build/Debug-watchos/SwiftUIIndexedList-t.build/Objects-normal/arm64_32/SwiftUIIndexedList-primary-emit-module.dia -emit-dependencies-path /Users/admin/builder/spi-builder-workspace/.derivedData/Build/Intermediates.noindex/SwiftUIIndexedList.build/Debug-watchos/SwiftUIIndexedList-t.build/Objects-normal/arm64_32/SwiftUIIndexedList-primary-emit-module.d -parse-as-library -o /Users/admin/builder/spi-builder-workspace/.derivedData/Build/Intermediates.noindex/SwiftUIIndexedList.build/Debug-watchos/SwiftUIIndexedList-t.build/Objects-normal/arm64_32/SwiftUIIndexedList.swiftmodule -emit-abi-descriptor-path /Users/admin/builder/spi-builder-workspace/.derivedData/Build/Intermediates.noindex/SwiftUIIndexedList.build/Debug-watchos/SwiftUIIndexedList-t.build/Objects-normal/arm64_32/SwiftUIIndexedList.abi.json
SwiftCompile normal arm64_32 (in target 'SwiftUIIndexedList' from project 'SwiftUIIndexedList')
cd /Users/admin/builder/spi-builder-workspace/.swiftpm/xcode
SwiftEmitModule normal arm64 Emitting\ module\ for\ SwiftUIIndexedList (in target 'SwiftUIIndexedList' from project 'SwiftUIIndexedList')
/Users/admin/builder/spi-builder-workspace/Sources/SwiftUIIndexedList/Internal/IndexBar.swift:222:42: error: 'UISelectionFeedbackGenerator' is unavailable in watchOS
220 |
221 |
222 | private let selectionFeedbackGenerator = UISelectionFeedbackGenerator()
| `- error: 'UISelectionFeedbackGenerator' is unavailable in watchOS
223 |
224 |
/Applications/Xcode-27.0.0-Release.Candidate.app/Contents/Developer/Platforms/WatchOS.platform/Developer/SDKs/WatchOS27.0.sdk/System/Library/Frameworks/UIKit.framework/Headers/UISelectionFeedbackGenerator.h:15:12: note: 'UISelectionFeedbackGenerator' has been explicitly marked unavailable here
13 | // UISelectionFeedbackGenerator is used to give user feedback when a selection changes
14 | UIKIT_EXTERN API_AVAILABLE(ios(10.0)) API_UNAVAILABLE(visionos, tvos) API_UNAVAILABLE(watchos) NS_SWIFT_UI_ACTOR
15 | @interface UISelectionFeedbackGenerator : UIFeedbackGenerator
| `- note: 'UISelectionFeedbackGenerator' has been explicitly marked unavailable here
16 |
17 | /// call when the selection changes (not on initial selection)
Failed frontend command:
/Applications/Xcode-27.0.0-Release.Candidate.app/Contents/Developer/Toolchains/XcodeDefault.xctoolchain/usr/bin/swift-frontend -frontend -emit-module -experimental-skip-non-inlinable-function-bodies-without-types /Users/admin/builder/spi-builder-workspace/Sources/SwiftUIIndexedList/API/Index.swift /Users/admin/builder/spi-builder-workspace/Sources/SwiftUIIndexedList/API/IndexBarInsets.swift /Users/admin/builder/spi-builder-workspace/Sources/SwiftUIIndexedList/API/Indexable.swift /Users/admin/builder/spi-builder-workspace/Sources/SwiftUIIndexedList/API/IndexedList.swift /Users/admin/builder/spi-builder-workspace/Sources/SwiftUIIndexedList/API/IndexedScrollView.swift /Users/admin/builder/spi-builder-workspace/Sources/SwiftUIIndexedList/API/ScrollAccessory.swift /Users/admin/builder/spi-builder-workspace/Sources/SwiftUIIndexedList/API/View+Extensions.swift /Users/admin/builder/spi-builder-workspace/Sources/SwiftUIIndexedList/Examples/ExampleA.swift /Users/admin/builder/spi-builder-workspace/Sources/SwiftUIIndexedList/Examples/ExampleB.swift /Users/admin/builder/spi-builder-workspace/Sources/SwiftUIIndexedList/Internal/Extensions.swift /Users/admin/builder/spi-builder-workspace/Sources/SwiftUIIndexedList/Internal/IndexBar.swift /Users/admin/builder/spi-builder-workspace/Sources/SwiftUIIndexedList/Internal/IndexBarBackground.swift -target arm64-apple-watchos9.0 -disable-cross-import-overlay-search -load-resolved-plugin /Applications/Xcode-27.0.0-Release.Candidate.app/Contents/Developer/Platforms/WatchOS.platform/Developer/usr/lib/swift/host/plugins/libFoundationMacros.dylib\#/Applications/Xcode-27.0.0-Release.Candidate.app/Contents/Developer/Platforms/WatchOS.platform/Developer/usr/bin/swift-plugin-server\#FoundationMacros -load-resolved-plugin /Applications/Xcode-27.0.0-Release.Candidate.app/Contents/Developer/Platforms/WatchOS.platform/Developer/usr/lib/swift/host/plugins/libObservationMacros.dylib\#/Applications/Xcode-27.0.0-Release.Candidate.app/Contents/Developer/Platforms/WatchOS.platform/Developer/usr/bin/swift-plugin-server\#ObservationMacros -load-resolved-plugin /Applications/Xcode-27.0.0-Release.Candidate.app/Contents/Developer/Platforms/WatchOS.platform/Developer/usr/lib/swift/host/plugins/libPreviewsMacros.dylib\#/Applications/Xcode-27.0.0-Release.Candidate.app/Contents/Developer/Platforms/WatchOS.platform/Developer/usr/bin/swift-plugin-server\#PreviewsMacros -load-resolved-plugin /Applications/Xcode-27.0.0-Release.Candidate.app/Contents/Developer/Platforms/WatchOS.platform/Developer/usr/lib/swift/host/plugins/libSwiftMacros.dylib\#/Applications/Xcode-27.0.0-Release.Candidate.app/Contents/Developer/Platforms/WatchOS.platform/Developer/usr/bin/swift-plugin-server\#SwiftMacros -load-resolved-plugin /Applications/Xcode-27.0.0-Release.Candidate.app/Contents/Developer/Platforms/WatchOS.platform/Developer/usr/lib/swift/host/plugins/libSwiftUIMacros.dylib\#/Applications/Xcode-27.0.0-Release.Candidate.app/Contents/Developer/Platforms/WatchOS.platform/Developer/usr/bin/swift-plugin-server\#SwiftUIMacros -disable-implicit-swift-modules -Xcc -fno-implicit-modules -Xcc -fno-implicit-module-maps -explicit-swift-module-map-file /Users/admin/builder/spi-builder-workspace/.derivedData/Build/Intermediates.noindex/SwiftUIIndexedList.build/Debug-watchos/SwiftUIIndexedList-t.build/Objects-normal/arm64/SwiftUIIndexedList-dependencies-2.json -Xllvm -aarch64-use-tbi -enable-objc-interop -stack-check -sdk /Applications/Xcode-27.0.0-Release.Candidate.app/Contents/Developer/Platforms/WatchOS.platform/Developer/SDKs/WatchOS27.0.sdk -I /Users/admin/builder/spi-builder-workspace/.derivedData/Build/Products/Debug-watchos -Isystem /Applications/Xcode-27.0.0-Release.Candidate.app/Contents/Developer/Platforms/WatchOS.platform/Developer/usr/lib -F /Users/admin/builder/spi-builder-workspace/.derivedData/Build/Products/Debug-watchos/PackageFrameworks -F /Users/admin/builder/spi-builder-workspace/.derivedData/Build/Products/Debug-watchos -F /Applications/Xcode-27.0.0-Release.Candidate.app/Contents/Developer/Platforms/WatchOS.platform/Developer/Library/Frameworks -F /Applications/Xcode-27.0.0-Release.Candidate.app/Contents/Developer/Platforms/WatchOS.platform/Developer/SDKs/WatchOS27.0.sdk/Developer/Library/Frameworks -module-cache-path /Users/admin/builder/spi-builder-workspace/.derivedData/Build/Intermediates.noindex/SwiftExplicitPrecompiledModules -no-color-diagnostics -Xcc -fno-color-diagnostics -enable-testing -g -debug-info-format\=dwarf -dwarf-version\=4 -swift-version 5 -Onone -D SWIFT_PACKAGE -D DEBUG -D SWIFT_MODULE_RESOURCE_BUNDLE_UNAVAILABLE -D Xcode -serialize-debugging-options -enable-experimental-feature DebugDescriptionMacro -empty-abi-descriptor -validate-clang-modules-once -clang-build-session-file /Users/admin/builder/spi-builder-workspace/.derivedData/ModuleCache.noindex/Session.modulevalidation -Xcc -working-directory -Xcc /Users/admin/builder/spi-builder-workspace/.swiftpm/xcode -enable-anonymous-context-mangled-names -file-compilation-dir /Users/admin/builder/spi-builder-workspace/.swiftpm/xcode -Xcc -D_LIBCPP_HARDENING_MODE\=_LIBCPP_HARDENING_MODE_DEBUG -Xcc -ivfsstatcache -Xcc /Users/admin/builder/spi-builder-workspace/.derivedData/SDKStatCaches.noindex/watchos27.0-24R360-e829b21a6f8c9b70876ba0858053c04477534ef55a1706bf4c1112bbb242f0a2.sdkstatcache -Xcc -fmodules-prune-interval\=86400 -Xcc -fmodules-prune-after\=345600 -Xcc -I/Users/admin/builder/spi-builder-workspace/.derivedData/Build/Products/Debug-watchos/include -Xcc -I/Users/admin/builder/spi-builder-workspace/.derivedData/Build/Intermediates.noindex/SwiftUIIndexedList.build/Debug-watchos/SwiftUIIndexedList-t.build/DerivedSources-normal/arm64 -Xcc -I/Users/admin/builder/spi-builder-workspace/.derivedData/Build/Intermediates.noindex/SwiftUIIndexedList.build/Debug-watchos/SwiftUIIndexedList-t.build/DerivedSources/arm64 -Xcc -I/Users/admin/builder/spi-builder-workspace/.derivedData/Build/Intermediates.noindex/SwiftUIIndexedList.build/Debug-watchos/SwiftUIIndexedList-t.build/DerivedSources -Xcc -DSWIFT_PACKAGE -Xcc -DDEBUG\=1 -no-auto-bridging-header-chaining -module-name SwiftUIIndexedList -package-name spi_builder_workspace -const-gather-protocols-file /Users/admin/builder/spi-builder-workspace/.derivedData/Build/Intermediates.noindex/SwiftUIIndexedList.build/Debug-watchos/SwiftUIIndexedList-t.build/Objects-normal/arm64/SwiftUIIndexedList_const_extract_protocols.json -disable-clang-spi -clang-target arm64-apple-watchos27.0 -target-sdk-version 27.0 -target-sdk-name watchos27.0 -in-process-plugin-server-path /Applications/Xcode-27.0.0-Release.Candidate.app/Contents/Developer/Toolchains/XcodeDefault.xctoolchain/usr/lib/swift/host/libSwiftInProcPluginServer.dylib -emit-module-doc-path /Users/admin/builder/spi-builder-workspace/.derivedData/Build/Intermediates.noindex/SwiftUIIndexedList.build/Debug-watchos/SwiftUIIndexedList-t.build/Objects-normal/arm64/SwiftUIIndexedList.swiftdoc -emit-module-source-info-path /Users/admin/builder/spi-builder-workspace/.derivedData/Build/Intermediates.noindex/SwiftUIIndexedList.build/Debug-watchos/SwiftUIIndexedList-t.build/Objects-normal/arm64/SwiftUIIndexedList.swiftsourceinfo -emit-objc-header-path /Users/admin/builder/spi-builder-workspace/.derivedData/Build/Intermediates.noindex/SwiftUIIndexedList.build/Debug-watchos/SwiftUIIndexedList-t.build/Objects-normal/arm64/SwiftUIIndexedList-Swift.h -serialize-diagnostics-path /Users/admin/builder/spi-builder-workspace/.derivedData/Build/Intermediates.noindex/SwiftUIIndexedList.build/Debug-watchos/SwiftUIIndexedList-t.build/Objects-normal/arm64/SwiftUIIndexedList-primary-emit-module.dia -emit-dependencies-path /Users/admin/builder/spi-builder-workspace/.derivedData/Build/Intermediates.noindex/SwiftUIIndexedList.build/Debug-watchos/SwiftUIIndexedList-t.build/Objects-normal/arm64/SwiftUIIndexedList-primary-emit-module.d -parse-as-library -o /Users/admin/builder/spi-builder-workspace/.derivedData/Build/Intermediates.noindex/SwiftUIIndexedList.build/Debug-watchos/SwiftUIIndexedList-t.build/Objects-normal/arm64/SwiftUIIndexedList.swiftmodule -emit-abi-descriptor-path /Users/admin/builder/spi-builder-workspace/.derivedData/Build/Intermediates.noindex/SwiftUIIndexedList.build/Debug-watchos/SwiftUIIndexedList-t.build/Objects-normal/arm64/SwiftUIIndexedList.abi.json
SwiftCompile normal arm64 (in target 'SwiftUIIndexedList' from project 'SwiftUIIndexedList')
cd /Users/admin/builder/spi-builder-workspace/.swiftpm/xcode
SwiftCompile normal arm64_32 Compiling\ IndexBarBackground.swift /Users/admin/builder/spi-builder-workspace/Sources/SwiftUIIndexedList/Internal/IndexBarBackground.swift (in target 'SwiftUIIndexedList' from project 'SwiftUIIndexedList')
SwiftCompile normal arm64_32 /Users/admin/builder/spi-builder-workspace/Sources/SwiftUIIndexedList/Internal/IndexBarBackground.swift (in target 'SwiftUIIndexedList' from project 'SwiftUIIndexedList')
cd /Users/admin/builder/spi-builder-workspace/.swiftpm/xcode
builtin-SwiftPerFileCompile IndexBarBackground.swift
PruneExplicitPrecompiledModules /Users/admin/builder/spi-builder-workspace/.derivedData/SDKExplicitPrecompiledModules
PruneExplicitPrecompiledModules /Users/admin/builder/spi-builder-workspace/.derivedData/Build/Intermediates.noindex/ExplicitPrecompiledModules
PruneExplicitPrecompiledModules /Users/admin/builder/spi-builder-workspace/.derivedData/Build/Intermediates.noindex/SwiftExplicitPrecompiledModules
2026-09-20 12:21:17.834 xcodebuild[918:5233] [MT] IDERunDestination: Supported platforms for the buildables in the current scheme is empty.
** BUILD FAILED **
The following build commands failed:
SwiftEmitModule normal arm64_32 Emitting\ module\ for\ SwiftUIIndexedList (in target 'SwiftUIIndexedList' from project 'SwiftUIIndexedList')
SwiftCompile normal arm64_32 (in target 'SwiftUIIndexedList' from project 'SwiftUIIndexedList')
SwiftEmitModule normal arm64 Emitting\ module\ for\ SwiftUIIndexedList (in target 'SwiftUIIndexedList' from project 'SwiftUIIndexedList')
SwiftCompile normal arm64 (in target 'SwiftUIIndexedList' from project 'SwiftUIIndexedList')
Building workspace SwiftUIIndexedList with scheme SwiftUIIndexedList
(5 failures)
BUILD FAILURE 6.4 watchOS