Build Information
Failed to build ReactiveCollectionsKit, reference main (9a2668), with Swift 6.2 for macOS (SPM) on 11 Jul 2026 15:36:20 UTC.
Build Command
env DEVELOPER_DIR=/Applications/Xcode-26.3.0.app xcrun swift build --arch arm64Build Log
========================================
RunAll
========================================
Builder version: undefined version: run 'make version' to update
Interrupt handler set up.
========================================
Checkout
========================================
Clone URL: https://github.com/jessesquires/ReactiveCollectionsKit.git
Reference: main
Initialized empty Git repository in /Users/admin/builder/spi-builder-workspace/.git/
From https://github.com/jessesquires/ReactiveCollectionsKit
* branch main -> FETCH_HEAD
* [new branch] main -> origin/main
HEAD is now at 9a2668e Bump actions/checkout from 6 to 7 (#161)
Cloned https://github.com/jessesquires/ReactiveCollectionsKit.git
Revision (git rev-parse @):
9a2668e8518387defdb88f4c133eb02bd9ea9076
SPI manifest file found: $PWD/.spi.yml
SUCCESS checkout https://github.com/jessesquires/ReactiveCollectionsKit.git at main
========================================
Build
========================================
Selected platform: macosSpm
Swift version: 6.2
Building package at path: $PWD
https://github.com/jessesquires/ReactiveCollectionsKit.git
Running build ...
env DEVELOPER_DIR=/Applications/Xcode-26.3.0.app xcrun swift build --arch arm64
Building for debugging...
[0/2] Write sources
[1/2] Write swift-version--3CB7CFEC50E0D141.txt
[3/23] Compiling ReactiveCollectionsKit DiffableDataSource.swift
/Users/admin/builder/spi-builder-workspace/Sources/CellEventCoordinator.swift:15:8: error: no such module 'UIKit'
13 |
14 | import Foundation
15 | import UIKit
| `- error: no such module 'UIKit'
16 |
17 | /// Conforming objects are responsible for handling various cell events.
[4/23] Compiling ReactiveCollectionsKit DiffableSnapshot.swift
/Users/admin/builder/spi-builder-workspace/Sources/CellEventCoordinator.swift:15:8: error: no such module 'UIKit'
13 |
14 | import Foundation
15 | import UIKit
| `- error: no such module 'UIKit'
16 |
17 | /// Conforming objects are responsible for handling various cell events.
[5/23] Compiling ReactiveCollectionsKit CollectionViewModel.swift
/Users/admin/builder/spi-builder-workspace/Sources/CellEventCoordinator.swift:15:8: error: no such module 'UIKit'
13 |
14 | import Foundation
15 | import UIKit
| `- error: no such module 'UIKit'
16 |
17 | /// Conforming objects are responsible for handling various cell events.
[6/23] Compiling ReactiveCollectionsKit DebugDescriptions.swift
/Users/admin/builder/spi-builder-workspace/Sources/CellEventCoordinator.swift:15:8: error: no such module 'UIKit'
13 |
14 | import Foundation
15 | import UIKit
| `- error: no such module 'UIKit'
16 |
17 | /// Conforming objects are responsible for handling various cell events.
error: emit-module command failed with exit code 1 (use -v to see invocation)
[7/23] Emitting module ReactiveCollectionsKit
/Users/admin/builder/spi-builder-workspace/Sources/CellEventCoordinator.swift:15:8: error: no such module 'UIKit'
13 |
14 | import Foundation
15 | import UIKit
| `- error: no such module 'UIKit'
16 |
17 | /// Conforming objects are responsible for handling various cell events.
[8/25] Compiling ReactiveCollectionsKit Logger.swift
/Users/admin/builder/spi-builder-workspace/Sources/CellEventCoordinator.swift:15:8: error: no such module 'UIKit'
13 |
14 | import Foundation
15 | import UIKit
| `- error: no such module 'UIKit'
16 |
17 | /// Conforming objects are responsible for handling various cell events.
[9/25] Compiling ReactiveCollectionsKit SectionViewModel.swift
/Users/admin/builder/spi-builder-workspace/Sources/CellEventCoordinator.swift:15:8: error: no such module 'UIKit'
13 |
14 | import Foundation
15 | import UIKit
| `- error: no such module 'UIKit'
16 |
17 | /// Conforming objects are responsible for handling various cell events.
[10/25] Compiling ReactiveCollectionsKit SupplementaryFooterViewModel.swift
/Users/admin/builder/spi-builder-workspace/Sources/CellEventCoordinator.swift:15:8: error: no such module 'UIKit'
13 |
14 | import Foundation
15 | import UIKit
| `- error: no such module 'UIKit'
16 |
17 | /// Conforming objects are responsible for handling various cell events.
[11/25] Compiling ReactiveCollectionsKit SupplementaryHeaderViewModel.swift
/Users/admin/builder/spi-builder-workspace/Sources/CellEventCoordinator.swift:15:8: error: no such module 'UIKit'
13 |
14 | import Foundation
15 | import UIKit
| `- error: no such module 'UIKit'
16 |
17 | /// Conforming objects are responsible for handling various cell events.
[12/25] Compiling ReactiveCollectionsKit DiffableViewModel.swift
/Users/admin/builder/spi-builder-workspace/Sources/CellEventCoordinator.swift:15:8: error: no such module 'UIKit'
13 |
14 | import Foundation
15 | import UIKit
| `- error: no such module 'UIKit'
16 |
17 | /// Conforming objects are responsible for handling various cell events.
[13/25] Compiling ReactiveCollectionsKit EmptyViewProvider.swift
/Users/admin/builder/spi-builder-workspace/Sources/CellEventCoordinator.swift:15:8: error: no such module 'UIKit'
13 |
14 | import Foundation
15 | import UIKit
| `- error: no such module 'UIKit'
16 |
17 | /// Conforming objects are responsible for handling various cell events.
[14/25] Compiling ReactiveCollectionsKit SupplementaryViewModel.swift
/Users/admin/builder/spi-builder-workspace/Sources/CellEventCoordinator.swift:15:8: error: no such module 'UIKit'
13 |
14 | import Foundation
15 | import UIKit
| `- error: no such module 'UIKit'
16 |
17 | /// Conforming objects are responsible for handling various cell events.
[15/25] Compiling ReactiveCollectionsKit UICollectionView+Extensions.swift
/Users/admin/builder/spi-builder-workspace/Sources/CellEventCoordinator.swift:15:8: error: no such module 'UIKit'
13 |
14 | import Foundation
15 | import UIKit
| `- error: no such module 'UIKit'
16 |
17 | /// Conforming objects are responsible for handling various cell events.
[16/25] Compiling ReactiveCollectionsKit ViewRegistrationProvider.swift
/Users/admin/builder/spi-builder-workspace/Sources/CellEventCoordinator.swift:15:8: error: no such module 'UIKit'
13 |
14 | import Foundation
15 | import UIKit
| `- error: no such module 'UIKit'
16 |
17 | /// Conforming objects are responsible for handling various cell events.
[17/25] Compiling ReactiveCollectionsKit ViewRegistrationViewType.swift
/Users/admin/builder/spi-builder-workspace/Sources/CellEventCoordinator.swift:15:8: error: no such module 'UIKit'
13 |
14 | import Foundation
15 | import UIKit
| `- error: no such module 'UIKit'
16 |
17 | /// Conforming objects are responsible for handling various cell events.
[18/25] Compiling ReactiveCollectionsKit ViewRegistration.swift
/Users/admin/builder/spi-builder-workspace/Sources/CellEventCoordinator.swift:15:8: error: no such module 'UIKit'
13 |
14 | import Foundation
15 | import UIKit
| `- error: no such module 'UIKit'
16 |
17 | /// Conforming objects are responsible for handling various cell events.
[19/25] Compiling ReactiveCollectionsKit ViewRegistrationMethod.swift
/Users/admin/builder/spi-builder-workspace/Sources/CellEventCoordinator.swift:15:8: error: no such module 'UIKit'
13 |
14 | import Foundation
15 | import UIKit
| `- error: no such module 'UIKit'
16 |
17 | /// Conforming objects are responsible for handling various cell events.
[20/25] Compiling ReactiveCollectionsKit CollectionViewConstants.swift
/Users/admin/builder/spi-builder-workspace/Sources/CellEventCoordinator.swift:15:8: error: no such module 'UIKit'
13 |
14 | import Foundation
15 | import UIKit
| `- error: no such module 'UIKit'
16 |
17 | /// Conforming objects are responsible for handling various cell events.
[21/25] Compiling ReactiveCollectionsKit CollectionViewDriver.swift
/Users/admin/builder/spi-builder-workspace/Sources/CellEventCoordinator.swift:15:8: error: no such module 'UIKit'
13 |
14 | import Foundation
15 | import UIKit
| `- error: no such module 'UIKit'
16 |
17 | /// Conforming objects are responsible for handling various cell events.
[22/25] Compiling ReactiveCollectionsKit CollectionViewDriverOptions.swift
/Users/admin/builder/spi-builder-workspace/Sources/CellEventCoordinator.swift:15:8: error: no such module 'UIKit'
13 |
14 | import Foundation
15 | import UIKit
| `- error: no such module 'UIKit'
16 |
17 | /// Conforming objects are responsible for handling various cell events.
[23/25] Compiling ReactiveCollectionsKit CellEventCoordinator.swift
/Users/admin/builder/spi-builder-workspace/Sources/CellEventCoordinator.swift:15:8: error: no such module 'UIKit'
13 |
14 | import Foundation
15 | import UIKit
| `- error: no such module 'UIKit'
16 |
17 | /// Conforming objects are responsible for handling various cell events.
[24/25] Compiling ReactiveCollectionsKit CellViewModel.swift
/Users/admin/builder/spi-builder-workspace/Sources/CellEventCoordinator.swift:15:8: error: no such module 'UIKit'
13 |
14 | import Foundation
15 | import UIKit
| `- error: no such module 'UIKit'
16 |
17 | /// Conforming objects are responsible for handling various cell events.
[25/25] Compiling ReactiveCollectionsKit Collection+Extensions.swift
/Users/admin/builder/spi-builder-workspace/Sources/CellEventCoordinator.swift:15:8: error: no such module 'UIKit'
13 |
14 | import Foundation
15 | import UIKit
| `- error: no such module 'UIKit'
16 |
17 | /// Conforming objects are responsible for handling various cell events.
BUILD FAILURE 6.2 macosSpm