The Swift Package Index logo.Swift Package Index

Build Information

Failed to build graphql-generator, reference 1.2.6 (87427f), with Swift 6.3 for Wasm on 25 Oct 2026 06:23:05 UTC.

Build Command

bash -c docker run --pull=always --rm -v "checkouts-53886770-0":/host -w "$PWD" -e JAVA_HOME="/root/.sdkman/candidates/java/current" -e SPI_BUILD="1" -e SPI_PROCESSING="1" registry.gitlab.com/saguaro1/spi-images:wasm-6.3-latest swift build --swift-sdk swift-6.3.2-RELEASE_wasm 2>&1

Build Log

========================================
RunAll
========================================
Builder version: 5.1.3
Interrupt handler set up.
========================================
Checkout
========================================
Clone URL: https://github.com/GraphQLSwift/graphql-generator.git
Reference: 1.2.6
Initialized empty Git repository in /host/spi-builder-workspace/.git/
hint: Using 'master' as the name for the initial branch. This default branch name
hint: is subject to change. To configure the initial branch name to use in all
hint: of your new repositories, which will suppress this warning, call:
hint:
hint: 	git config --global init.defaultBranch <name>
hint:
hint: Names commonly chosen instead of 'master' are 'main', 'trunk' and
hint: 'development'. The just-created branch can be renamed via this command:
hint:
hint: 	git branch -m <name>
From https://github.com/GraphQLSwift/graphql-generator
 * tag               1.2.6      -> FETCH_HEAD
HEAD is now at 87427ff Merge pull request #19 from GraphQLSwift/fix/issue-18
Cloned https://github.com/GraphQLSwift/graphql-generator.git
Revision (git rev-parse @):
87427ff05722c20b5be4aec6434be7b64e8e6c6a
SUCCESS checkout https://github.com/GraphQLSwift/graphql-generator.git at 1.2.6
========================================
Build
========================================
Selected platform:         wasm
Swift version:             6.3
Building package at path:  $PWD
https://github.com/GraphQLSwift/graphql-generator.git
Running build ...
bash -c docker run --pull=always --rm -v "checkouts-53886770-0":/host -w "$PWD" -e JAVA_HOME="/root/.sdkman/candidates/java/current" -e SPI_BUILD="1" -e SPI_PROCESSING="1" registry.gitlab.com/saguaro1/spi-images:wasm-6.3-latest swift build --swift-sdk swift-6.3.2-RELEASE_wasm 2>&1
wasm-6.3-latest: Pulling from saguaro1/spi-images
Digest: sha256:eea66feda95ad8894091082dbcb77ec1fc917891d37888fd1938b0b68455d992
Status: Image is up to date for registry.gitlab.com/saguaro1/spi-images:wasm-6.3-latest
Fetching https://github.com/swiftlang/swift-syntax.git
Fetching https://github.com/apple/swift-argument-parser.git
Fetching https://github.com/jpsim/Yams.git
Fetching https://github.com/GraphQLSwift/GraphQL.git
[1/11878] Fetching yams
[595/17931] Fetching yams, graphql
[2587/37237] Fetching yams, graphql, swift-argument-parser
Fetched https://github.com/GraphQLSwift/GraphQL.git from cache (0.62s)
[10766/31184] Fetching yams, swift-argument-parser
Fetched https://github.com/apple/swift-argument-parser.git from cache (0.96s)
Fetched https://github.com/jpsim/Yams.git from cache (0.97s)
[1/81082] Fetching swift-syntax
Fetched https://github.com/swiftlang/swift-syntax.git from cache (3.36s)
Computing version for https://github.com/GraphQLSwift/GraphQL.git
Computed https://github.com/GraphQLSwift/GraphQL.git at 4.3.0 (3.52s)
Fetching https://github.com/apple/swift-collections
[1/29301] Fetching swift-collections
Fetched https://github.com/apple/swift-collections from cache (1.25s)
Computing version for https://github.com/swiftlang/swift-syntax.git
Computed https://github.com/swiftlang/swift-syntax.git at 602.0.0 (2.21s)
Computing version for https://github.com/apple/swift-argument-parser.git
Computed https://github.com/apple/swift-argument-parser.git at 1.8.2 (0.15s)
Computing version for https://github.com/apple/swift-collections
Computed https://github.com/apple/swift-collections at 1.7.4 (0.23s)
Computing version for https://github.com/jpsim/Yams.git
Computed https://github.com/jpsim/Yams.git at 6.2.2 (0.13s)
Creating working copy for https://github.com/apple/swift-collections
Working copy of https://github.com/apple/swift-collections resolved at 1.7.4
Creating working copy for https://github.com/GraphQLSwift/GraphQL.git
Working copy of https://github.com/GraphQLSwift/GraphQL.git resolved at 4.3.0
Creating working copy for https://github.com/jpsim/Yams.git
Working copy of https://github.com/jpsim/Yams.git resolved at 6.2.2
Creating working copy for https://github.com/swiftlang/swift-syntax.git
Working copy of https://github.com/swiftlang/swift-syntax.git resolved at 602.0.0
Creating working copy for https://github.com/apple/swift-argument-parser.git
Working copy of https://github.com/apple/swift-argument-parser.git resolved at 1.8.2
Downloading package prebuilt https://download.swift.org/prebuilts/swift-syntax/602.0.0/swift-6.3.2-RELEASE-ubuntu_noble_x86_64-MacroSupport.tar.gz
Downloaded https://download.swift.org/prebuilts/swift-syntax/602.0.0/swift-6.3.2-RELEASE-ubuntu_noble_x86_64-MacroSupport.tar.gz (0.18s)
[1/1] Compiling plugin GraphQLGeneratorPlugin
[2/2] Compiling plugin GenerateManual
[3/3] Compiling plugin GenerateDoccReference
Building for debugging...
[3/58] Write sources
[20/58] Compiling writer.c
[20/58] Compiling reader.c
[22/58] Compiling parser.c
[23/58] Write swift-version-24593BA9C3E375BF.txt
[24/58] Compiling writer.c
[25/58] Compiling api.c
[26/58] Compiling reader.c
[27/58] Compiling emitter.c
[28/86] Compiling scanner.c
[29/107] Compiling parser.c
[30/128] Compiling emitter.c
[31/135] Write sources
[33/138] Compiling scanner.c
[34/140] Compiling api.c
[36/160] Emitting module InternalCollectionsUtilities
[38/166] Emitting module Yams
[40/170] Compiling Yams Node.Sequence.swift
[41/170] Compiling Yams Node.swift
[42/170] Compiling Yams Tag.swift
[43/170] Compiling Yams YamlAnchorProviding.swift
[44/170] Emitting module GraphQLGeneratorMacrosBackend
[45/170] Compiling GraphQLGeneratorMacrosBackend GraphQLResolverMacro.swift
[47/171] Compiling Yams Parser.swift
[48/171] Compiling Yams RedundancyAliasingStrategy.swift
[49/171] Compiling Yams Representer.swift
[53/171] Compiling Yams String+Yams.swift
[54/171] Compiling Yams Decoder.swift
[55/171] Compiling Yams Emitter.swift
[56/171] Compiling Yams Encoder.swift
[60/171] Compiling Yams YamlError.swift
[61/171] Compiling Yams AliasDereferencingStrategy.swift
[62/171] Compiling Yams Anchor.swift
[63/171] Compiling Yams Constructor.swift
[64/171] Compiling Yams Resolver.swift
[64/171] Wrapping AST for GraphQLGeneratorMacrosBackend for debugging
[69/171] Write Objects.LinkFileList
[71/171] Compiling InternalCollectionsUtilities Strideable+LimitHelpers.swift
[72/171] Compiling InternalCollectionsUtilities String+Padding.swift
[73/171] Compiling InternalCollectionsUtilities TemporaryAllocation.swift
[74/171] Compiling InternalCollectionsUtilities _UnsafeBitSet+Index.swift
[75/171] Compiling InternalCollectionsUtilities UnsafeRawBufferPointer+Extras.swift
[76/171] Compiling InternalCollectionsUtilities _SortedCollection.swift
[77/171] Compiling InternalCollectionsUtilities _UniqueCollection.swift
[78/171] Compiling Yams Mark.swift
[79/171] Compiling Yams Node.Alias.swift
[80/171] Compiling Yams Node.Mapping.swift
[81/171] Compiling Yams Node.Scalar.swift
[91/171] Compiling Yams YamlTagProviding.swift
[92/171] Compiling InternalCollectionsUtilities LifetimeOverride.swift
[93/171] Compiling InternalCollectionsUtilities MutableRef.swift
[109/173] Wrapping AST for InternalCollectionsUtilities for debugging
[112/287] Emitting module ArgumentParserToolInfo
[113/287] Compiling ArgumentParserToolInfo ToolInfo.swift
[114/288] Wrapping AST for ArgumentParserToolInfo for debugging
[115/288] Linking GraphQLGeneratorMacrosBackend-tool
[117/294] Emitting module ArgumentParserToolInfo
[118/296] Compiling ArgumentParserToolInfo ToolInfo.swift
[119/314] Compiling OrderedCollections OrderedSet+Partial SetAlgebra isSuperset.swift
[120/314] Compiling OrderedCollections OrderedSet+Partial SetAlgebra subtract.swift
[121/314] Compiling OrderedCollections OrderedSet+Partial SetAlgebra subtracting.swift
[122/314] Compiling OrderedCollections OrderedSet+Partial SetAlgebra symmetricDifference.swift
[123/314] Compiling OrderedCollections OrderedSet+Partial SetAlgebra union.swift
[124/315] Compiling OrderedCollections OrderedSet+Partial SetAlgebra+Basics.swift
[125/315] Compiling OrderedCollections OrderedSet+RandomAccessCollection.swift
[126/315] Compiling OrderedCollections OrderedSet+ReserveCapacity.swift
[128/345] Compiling GraphQLGeneratorMacros GraphQLGeneratorMacros.swift
[129/345] Emitting module GraphQLGeneratorMacros
Internal Error: DecodingError.dataCorrupted: Data was corrupted. Debug description: Corrupted JSON. Underlying error: unexpected end of file
[129/346] Wrapping AST for ArgumentParserToolInfo for debugging
[132/393] Compiling ArgumentParser CompletionKind.swift
[133/393] Compiling ArgumentParser Errors.swift
[134/393] Compiling ArgumentParser Flag.swift
[135/393] Compiling ArgumentParser NameSpecification.swift
[136/393] Compiling ArgumentParser Option.swift
[137/393] Compiling ArgumentParser OptionGroup.swift
[138/393] Compiling ArgumentParser ParentCommand.swift
[139/393] Compiling ArgumentParser AsyncParsableCommand.swift
[140/393] Compiling ArgumentParser Mutex.swift
[141/393] Compiling ArgumentParser Platform.swift
[142/393] Compiling ArgumentParser SequenceExtensions.swift
[143/393] Compiling ArgumentParser StringExtensions.swift
[144/393] Compiling ArgumentParser SwiftExtensions.swift
[145/393] Compiling ArgumentParser Tree.swift
[146/393] Compiling OrderedCollections OrderedSet+Equatable.swift
[147/393] Compiling OrderedCollections OrderedSet+ExpressibleByArrayLiteral.swift
[148/400] Compiling ArgumentParser CommandConfiguration.swift
[149/400] Compiling ArgumentParser CommandGroup.swift
[150/400] Compiling ArgumentParser EnumerableFlag.swift
[151/400] Compiling ArgumentParser ExpressibleByArgument.swift
[152/400] Compiling ArgumentParser ParsableArguments.swift
[153/400] Compiling ArgumentParser Name.swift
[154/400] Compiling ArgumentParser Parsed.swift
[155/400] Compiling ArgumentParser ParsedValues.swift
[166/400] Compiling OrderedCollections OrderedSet+Hashable.swift
[167/400] Compiling OrderedCollections OrderedSet+Initializers.swift
[168/400] Compiling OrderedCollections OrderedSet+Insertions.swift
[169/400] Compiling OrderedCollections OrderedSet+Invariants.swift
[170/400] Compiling OrderedCollections OrderedSet+Move.swift
[171/400] Compiling OrderedCollections OrderedSet+Partial MutableCollection.swift
[172/400] Compiling OrderedCollections OrderedSet+Partial RangeReplaceableCollection.swift
[173/400] Compiling OrderedCollections OrderedSet+Partial SetAlgebra formIntersection.swift
/host/spi-builder-workspace/.build/checkouts/Yams/Sources/Yams/Representer.swift:342:45: error: cannot find 'DBL_DECIMAL_DIG' in scope
340 |         // Since `NumberFormatter` creates a string with insufficient precision for Decode,
341 |         // it uses with `String(format:...)`
342 |         let string = String(format: "%.*g", DBL_DECIMAL_DIG, self)
    |                                             `- error: cannot find 'DBL_DECIMAL_DIG' in scope
343 |         // "%*.g" does not use scientific notation if the exponent is less than –4.
344 |         // So fallback to using `NumberFormatter` if string does not uses scientific notation.
/host/spi-builder-workspace/.build/checkouts/Yams/Sources/Yams/Representer.swift:342:45: error: cannot find 'DBL_DECIMAL_DIG' in scope
340 |         // Since `NumberFormatter` creates a string with insufficient precision for Decode,
341 |         // it uses with `String(format:...)`
342 |         let string = String(format: "%.*g", DBL_DECIMAL_DIG, self)
    |                                             `- error: cannot find 'DBL_DECIMAL_DIG' in scope
343 |         // "%*.g" does not use scientific notation if the exponent is less than –4.
344 |         // So fallback to using `NumberFormatter` if string does not uses scientific notation.
/host/spi-builder-workspace/.build/checkouts/Yams/Sources/Yams/Representer.swift:342:45: error: cannot find 'DBL_DECIMAL_DIG' in scope
340 |         // Since `NumberFormatter` creates a string with insufficient precision for Decode,
341 |         // it uses with `String(format:...)`
342 |         let string = String(format: "%.*g", DBL_DECIMAL_DIG, self)
    |                                             `- error: cannot find 'DBL_DECIMAL_DIG' in scope
343 |         // "%*.g" does not use scientific notation if the exponent is less than –4.
344 |         // So fallback to using `NumberFormatter` if string does not uses scientific notation.
[177/400] Compiling ArgumentParser BashCompletionsGenerator.swift
[178/400] Compiling ArgumentParser CompletionsGenerator.swift
[179/400] Compiling ArgumentParser FishCompletionsGenerator.swift
[188/400] Compiling ArgumentParser ZshCompletionsGenerator.swift
[189/400] Compiling ArgumentParser Argument.swift
[190/400] Compiling ArgumentParser ArgumentDiscussion.swift
[191/400] Compiling ArgumentParser ArgumentHelp.swift
[192/400] Compiling ArgumentParser ArgumentVisibility.swift
BUILD FAILURE 6.3 wasm