The Swift Package Index logo.Swift Package Index

Build Information

Failed to build OrangeDesignSystem, reference qualif (117005), with Swift 6.4 for macOS (SPM) on 22 Sep 2026 10:19:52 UTC.

Build Command

env DEVELOPER_DIR=/Applications/Xcode-27.0.0-Release.Candidate.app xcrun swift build --arch arm64

Build Log

========================================
RunAll
========================================
Builder version: 5.1.0
Interrupt handler set up.
========================================
Checkout
========================================
Clone URL: https://github.com/Orange-OpenSource/ods-ios.git
Reference: qualif
Initialized empty Git repository in /Users/admin/builder/spi-builder-workspace/.git/
From https://github.com/Orange-OpenSource/ods-ios
 * branch            qualif     -> FETCH_HEAD
 * [new branch]      qualif     -> origin/qualif
HEAD is now at 1170052 Prepare version 1.4.0
Cloned https://github.com/Orange-OpenSource/ods-ios.git
Revision (git rev-parse @):
11700524e78dee687f2559b972268f58864e3bb5
SUCCESS checkout https://github.com/Orange-OpenSource/ods-ios.git at qualif
========================================
Build
========================================
Selected platform:         macosSpm
Swift version:             6.4
Building package at path:  $PWD
https://github.com/Orange-OpenSource/ods-ios.git
Running build ...
env DEVELOPER_DIR=/Applications/Xcode-27.0.0-Release.Candidate.app xcrun swift build --arch arm64
Building for debugging...
[Computing dependencies]
[Pre-planning 1 / 417]
[Planning deferred tasks]
[11 / 200] OrangeTheme
[116 / 200] OrangeDesignSystem_InnovationCupTheme
[121 / 200] BottomSheet
[121 / 200] DeclarationAccessibility_DeclarationAccessibility
[131 / 200] OrangeDesignSystem_OrangeTheme
[136 / 200] OrangeDesignSystem_OrangeDesignSystem
[141 / 200]
[144 / 203] Flow
[154 / 302]
[157 / 302]
[165 / 302]
[167 / 302]
[168 / 302]
[173 / 302]
[176 / 302]
[180 / 302]
[186 / 302]
[189 / 302]
[191 / 302]
[192 / 302]
[204 / 302]
[206 / 302]
[207 / 302]
[210 / 302]
[212 / 302]
[224 / 302] Flow
[226 / 302] Flow
Fetching https://github.com/tevelee/SwiftUI-Flow
Fetching https://github.com/Orange-OpenSource/accessibility-statement-lib-ios.git
Fetching https://github.com/lucaszischka/BottomSheet
[1/4093] Fetching bottomsheet
[42/5770] Fetching bottomsheet, accessibility-statement-lib-ios
[93/7773] Fetching bottomsheet, accessibility-statement-lib-ios, swiftui-flow
Fetched https://github.com/tevelee/SwiftUI-Flow (2.28s)
Fetched https://github.com/Orange-OpenSource/accessibility-statement-lib-ios.git (2.28s)
[419/4093] Fetching bottomsheet
Fetched https://github.com/lucaszischka/BottomSheet (12.47s)
Computing version for https://github.com/Orange-OpenSource/accessibility-statement-lib-ios.git
Computed https://github.com/Orange-OpenSource/accessibility-statement-lib-ios.git at 1.3.0 (13.16s)
Computing version for https://github.com/lucaszischka/BottomSheet
Computed https://github.com/lucaszischka/BottomSheet at 3.1.1 (0.65s)
Computing version for https://github.com/tevelee/SwiftUI-Flow
Computed https://github.com/tevelee/SwiftUI-Flow at 1.2.0 (0.66s)
Fetching https://github.com/apple/swift-argument-parser
[1/18918] Fetching swift-argument-parser
Fetched https://github.com/apple/swift-argument-parser (2.13s)
Computing version for https://github.com/apple/swift-argument-parser
Computed https://github.com/apple/swift-argument-parser at 1.8.2 (2.77s)
Creating working copy for https://github.com/Orange-OpenSource/accessibility-statement-lib-ios.git
Working copy of https://github.com/Orange-OpenSource/accessibility-statement-lib-ios.git resolved at 1.3.0
Creating working copy for https://github.com/apple/swift-argument-parser
Working copy of https://github.com/apple/swift-argument-parser resolved at 1.8.2
Creating working copy for https://github.com/lucaszischka/BottomSheet
Working copy of https://github.com/lucaszischka/BottomSheet resolved at 3.1.1
Creating working copy for https://github.com/tevelee/SwiftUI-Flow
Working copy of https://github.com/tevelee/SwiftUI-Flow resolved at 1.2.0
error: SwiftCompile normal arm64 failed with a nonzero exit code. Command line:     cd /Users/admin/builder

/Users/admin/builder/spi-builder-workspace/.build/checkouts/accessibility-statement-lib-ios/Sources/DeclarationAccessibility/Utils/EASEWebView.swift:36:30: error: cannot find type 'Context' in scope
34 |
35 |     @MainActor
36 |     func makeUIView(context: Context) -> WKWebView {
   |                              `- error: cannot find type 'Context' in scope
37 |         WKWebView()
38 |     }
/Users/admin/builder/spi-builder-workspace/.build/checkouts/accessibility-statement-lib-ios/Sources/DeclarationAccessibility/Utils/EASEWebView.swift:41:54: error: cannot find type 'Context' in scope
39 |
40 |     @MainActor
41 |     func updateUIView(_ webView: WKWebView, context: Context) {
   |                                                      `- error: cannot find type 'Context' in scope
42 |         switch source {
43 |         case let .url(url):
/Users/admin/builder/spi-builder-workspace/.build/checkouts/accessibility-statement-lib-ios/Sources/DeclarationAccessibility/Utils/EASEWebView.swift:12:21: error: cannot find type 'UIViewRepresentable' in scope
10 | import WebKit
11 |
12 | struct EASEWebView: UIViewRepresentable {
   |                     `- error: cannot find type 'UIViewRepresentable' in scope
13 |
14 |     enum ContentSource {
Failed frontend command:
/Applications/Xcode-27.0.0-Release.Candidate.app/Contents/Developer/Toolchains/XcodeDefault.xctoolchain/usr/bin/swift-frontend -frontend -emit-module -experimental-skip-non-inlinable-function-bodies-without-types /Users/admin/builder/spi-builder-workspace/.build/out/Intermediates.noindex/DeclarationAccessibility.build/Debug/DeclarationAccessibility-t.build/DerivedSources/resource_bundle_accessor.swift /Users/admin/builder/spi-builder-workspace/.build/checkouts/accessibility-statement-lib-ios/Sources/DeclarationAccessibility/Model/Declaration.swift /Users/admin/builder/spi-builder-workspace/.build/checkouts/accessibility-statement-lib-ios/Sources/DeclarationAccessibility/Model/DeclarationDataParser.swift /Users/admin/builder/spi-builder-workspace/.build/checkouts/accessibility-statement-lib-ios/Sources/DeclarationAccessibility/Utils/EASEBundle+extension.swift /Users/admin/builder/spi-builder-workspace/.build/checkouts/accessibility-statement-lib-ios/Sources/DeclarationAccessibility/Utils/EASEWebView.swift /Users/admin/builder/spi-builder-workspace/.build/checkouts/accessibility-statement-lib-ios/Sources/DeclarationAccessibility/Utils/Log.swift /Users/admin/builder/spi-builder-workspace/.build/checkouts/accessibility-statement-lib-ios/Sources/DeclarationAccessibility/Utils/Theme.swift /Users/admin/builder/spi-builder-workspace/.build/checkouts/accessibility-statement-lib-ios/Sources/DeclarationAccessibility/View/CircularProgressView.swift /Users/admin/builder/spi-builder-workspace/.build/checkouts/accessibility-statement-lib-ios/Sources/DeclarationAccessibility/View/DeclarationView.swift /Users/admin/builder/spi-builder-workspace/.build/checkouts/accessibility-statement-lib-ios/Sources/DeclarationAccessibility/View/InformationView.swift /Users/admin/builder/spi-builder-workspace/.build/out/Intermediates.noindex/DeclarationAccessibility.build/Debug/DeclarationAccessibility-t.build/DerivedSources/GeneratedAssetSymbols.swift -target arm64-apple-macos12.0 -module-can-import-version AppKit 2775.10.103.1 2775.10.103 -module-can-import-version DeveloperToolsSupport 24.0.24 24.0.24 -module-can-import-version SwiftUI 8.0.84.1 8.0.84 -disable-cross-import-overlay-search -swift-module-cross-import WebKit /Applications/Xcode-27.0.0-Release.Candidate.app/Contents/Developer/Platforms/MacOSX.platform/Developer/SDKs/MacOSX.sdk/System/Cryptexes/OS/System/Library/Frameworks/WebKit.framework/Modules/WebKit.swiftcrossimport/SwiftUI.swiftoverlay -swift-module-cross-import WebKit /Applications/Xcode-27.0.0-Release.Candidate.app/Contents/Developer/Platforms/MacOSX.platform/Developer/SDKs/MacOSX27.0.sdk/System/Library/Frameworks/WebKit.framework/Modules/WebKit.swiftcrossimport/SwiftUI.swiftoverlay -load-resolved-plugin /Applications/Xcode-27.0.0-Release.Candidate.app/Contents/Developer/Platforms/MacOSX.platform/Developer/usr/lib/swift/host/plugins/libFoundationMacros.dylib\#/Applications/Xcode-27.0.0-Release.Candidate.app/Contents/Developer/Platforms/MacOSX.platform/Developer/usr/bin/swift-plugin-server\#FoundationMacros -load-resolved-plugin /Applications/Xcode-27.0.0-Release.Candidate.app/Contents/Developer/Platforms/MacOSX.platform/Developer/usr/lib/swift/host/plugins/libObservationMacros.dylib\#/Applications/Xcode-27.0.0-Release.Candidate.app/Contents/Developer/Platforms/MacOSX.platform/Developer/usr/bin/swift-plugin-server\#ObservationMacros -load-resolved-plugin /Applications/Xcode-27.0.0-Release.Candidate.app/Contents/Developer/Platforms/MacOSX.platform/Developer/usr/lib/swift/host/plugins/libPreviewsMacros.dylib\#/Applications/Xcode-27.0.0-Release.Candidate.app/Contents/Developer/Platforms/MacOSX.platform/Developer/usr/bin/swift-plugin-server\#PreviewsMacros -load-resolved-plugin /Applications/Xcode-27.0.0-Release.Candidate.app/Contents/Developer/Platforms/MacOSX.platform/Developer/usr/lib/swift/host/plugins/libSwiftMacros.dylib\#/Applications/Xcode-27.0.0-Release.Candidate.app/Contents/Developer/Platforms/MacOSX.platform/Developer/usr/bin/swift-plugin-server\#SwiftMacros -load-resolved-plugin /Applications/Xcode-27.0.0-Release.Candidate.app/Contents/Developer/Platforms/MacOSX.platform/Developer/usr/lib/swift/host/plugins/libSwiftUIMacros.dylib\#/Applications/Xcode-27.0.0-Release.Candidate.app/Contents/Developer/Platforms/MacOSX.platform/Developer/usr/bin/swift-plugin-server\#SwiftUIMacros -disable-implicit-swift-modules -Xcc -fno-implicit-modules -Xcc -fno-implicit-module-maps -explicit-swift-module-map-file /Users/admin/builder/spi-builder-workspace/.build/out/Intermediates.noindex/DeclarationAccessibility.build/Debug/DeclarationAccessibility-t.build/Objects-normal/arm64/DeclarationAccessibility-dependencies-1.json -Xllvm -aarch64-use-tbi -enable-objc-interop -stack-check -sdk /Applications/Xcode-27.0.0-Release.Candidate.app/Contents/Developer/Platforms/MacOSX.platform/Developer/SDKs/MacOSX27.0.sdk -I /Users/admin/builder/spi-builder-workspace/.build/out/Products/Debug -Isystem /Applications/Xcode-27.0.0-Release.Candidate.app/Contents/Developer/Platforms/MacOSX.platform/Developer/usr/lib -F /Users/admin/builder/spi-builder-workspace/.build/out/Products/Debug -F /Applications/Xcode-27.0.0-Release.Candidate.app/Contents/Developer/Platforms/MacOSX.platform/Developer/Library/Frameworks -module-cache-path /Users/admin/builder/spi-builder-workspace/.build/out/Intermediates.noindex/SwiftExplicitPrecompiledModules -color-diagnostics -Xcc -fcolor-diagnostics -enable-testing -g -debug-info-format\=dwarf -dwarf-version\=4 -suppress-warnings -swift-version 5 -Onone -D SWIFT_PACKAGE -D DEBUG -D SWIFT_MODULE_RESOURCE_BUNDLE_AVAILABLE -D Xcode -serialize-debugging-options -enable-experimental-feature DebugDescriptionMacro -empty-abi-descriptor -validate-clang-modules-once -clang-build-session-file /Users/admin/builder/spi-builder-workspace/.build/out/ModuleCache.noindex/Session.modulevalidation -Xcc -working-directory -Xcc /Users/admin/builder -enable-anonymous-context-mangled-names -file-compilation-dir /Users/admin/builder -Xcc -D_LIBCPP_HARDENING_MODE\=_LIBCPP_HARDENING_MODE_DEBUG -Xcc -ivfsstatcache -Xcc /Users/admin/builder/spi-builder-workspace/.build/out/SDKStatCaches.noindex/macosx27.0-26A425-80c5bbf1d171475443272936d42f90a36a22442a12e9d48fe1a705f55a1adfc4.sdkstatcache -Xcc -fmodules-prune-interval\=86400 -Xcc -fmodules-prune-after\=345600 -Xcc -I/Users/admin/builder/spi-builder-workspace/.build/out/Products/Debug/include -Xcc -I/Users/admin/builder/spi-builder-workspace/.build/out/Intermediates.noindex/DeclarationAccessibility.build/Debug/DeclarationAccessibility-t.build/DerivedSources-normal/arm64 -Xcc -I/Users/admin/builder/spi-builder-workspace/.build/out/Intermediates.noindex/DeclarationAccessibility.build/Debug/DeclarationAccessibility-t.build/DerivedSources/arm64 -Xcc -I/Users/admin/builder/spi-builder-workspace/.build/out/Intermediates.noindex/DeclarationAccessibility.build/Debug/DeclarationAccessibility-t.build/DerivedSources -Xcc -DSWIFT_PACKAGE -Xcc -DDEBUG\=1 -no-auto-bridging-header-chaining -module-name DeclarationAccessibility -const-gather-protocols-file /Users/admin/builder/spi-builder-workspace/.build/out/Intermediates.noindex/DeclarationAccessibility.build/Debug/DeclarationAccessibility-t.build/Objects-normal/arm64/DeclarationAccessibility_const_extract_protocols.json -disable-clang-spi -clang-target arm64-apple-macos27.0 -target-sdk-version 27.0 -target-sdk-name macosx27.0 -in-process-plugin-server-path /Applications/Xcode-27.0.0-Release.Candidate.app/Contents/Developer/Toolchains/XcodeDefault.xctoolchain/usr/lib/swift/host/libSwiftInProcPluginServer.dylib -emit-module-doc-path /Users/admin/builder/spi-builder-workspace/.build/out/Intermediates.noindex/DeclarationAccessibility.build/Debug/DeclarationAccessibility-t.build/Objects-normal/arm64/DeclarationAccessibility.swiftdoc -emit-module-source-info-path /Users/admin/builder/spi-builder-workspace/.build/out/Intermediates.noindex/DeclarationAccessibility.build/Debug/DeclarationAccessibility-t.build/Objects-normal/arm64/DeclarationAccessibility.swiftsourceinfo -emit-objc-header-path /Users/admin/builder/spi-builder-workspace/.build/out/Intermediates.noindex/DeclarationAccessibility.build/Debug/DeclarationAccessibility-t.build/Objects-normal/arm64/DeclarationAccessibility-Swift.h -serialize-diagnostics-path /Users/admin/builder/spi-builder-workspace/.build/out/Intermediates.noindex/DeclarationAccessibility.build/Debug/DeclarationAccessibility-t.build/Objects-normal/arm64/DeclarationAccessibility-primary-emit-module.dia -emit-dependencies-path /Users/admin/builder/spi-builder-workspace/.build/out/Intermediates.noindex/DeclarationAccessibility.build/Debug/DeclarationAccessibility-t.build/Objects-normal/arm64/DeclarationAccessibility-primary-emit-module.d -parse-as-library -o /Users/admin/builder/spi-builder-workspace/.build/out/Intermediates.noindex/DeclarationAccessibility.build/Debug/DeclarationAccessibility-t.build/Objects-normal/arm64/DeclarationAccessibility.swiftmodule -emit-abi-descriptor-path /Users/admin/builder/spi-builder-workspace/.build/out/Intermediates.noindex/DeclarationAccessibility.build/Debug/DeclarationAccessibility-t.build/Objects-normal/arm64/DeclarationAccessibility.abi.json
error: Build failed
BUILD FAILURE 6.4 macosSpm